{"id":9500,"date":"2026-04-26T09:13:26","date_gmt":"2026-04-26T09:13:26","guid":{"rendered":""},"modified":"2026-04-26T09:13:26","modified_gmt":"2026-04-26T09:13:26","slug":"znackovy-stachema-peneco-nano-extra-hloubkova-penetrace-5-l-9500","status":"publish","type":"product","link":"https:\/\/www.koupelnapro.com\/index.php\/produkt\/znackovy-stachema-peneco-nano-extra-hloubkova-penetrace-5-l-9500\/","title":{"rendered":"Zna\u010dkov\u00fd Stachema PENECO NANO &#8211; extra hloubkov\u00e1 penetrace (5 l)"},"content":{"rendered":"<div class=\"tmc_edt\">\n<ul>\n<li><font face=\"Segoe UI\">Nanopenetr\u00e1tor <strong>PENECO NANO<\/strong> je po na\u0159ed\u011bn\u00ed ur\u010den pro penetraci v\u0161ech anorganick\u00fdch poklad\u016f.<\/font><\/li>\n<li><font face=\"Segoe UI\"><strong>Lze jej u\u017e\u00edt samostatn\u011b <\/strong>pro zamezen\u00ed pr\u016fniku vody do beton\u016f a jin\u00fdch anorganick\u00fdch porvch\u016f, ke zv\u00fdrazn\u011bn\u00ed ,,mokr\u00e9ho&#8220; vzhledu p\u0159\u00edrodn\u00edch i um\u011bl\u00fdch kamen\u016f, cihel, ciheln\u00fdch a jin\u00fdch sav\u00fdch povrch\u016f.<\/font><\/li>\n<li><font face=\"Segoe UI\">Pro svou vysokou pronikac\u00ed schopnost je disperzn\u00ed nanopenetr\u00e1tor <strong>PENECO<\/strong> <strong>NANO<\/strong> ur\u010den jako z\u00e1kladn\u00ed n\u00e1t\u011br v\u0161ech betonov\u00fdch povrch\u016f pod ochrann\u00e9 barvy na betonov\u00e9 konstrukce <strong>ECOLOR BKH FLEX<\/strong>, <strong>EOLOR BKH<\/strong>, samonivela\u010dn\u00ed st\u011brky a izola\u010dn\u00ed st\u011brky. <\/font><\/li>\n<li><font face=\"Segoe UI\"><strong>N\u00e1t\u011br je hydrofobn\u00ed a m\u016f\u017ee b\u00fdt pou\u017eit pro p\u0159\u00edpravu povrch\u016f pod ve\u0161ker\u00e9 akryl\u00e1tov\u00e9 barvy.<\/strong><\/font><\/li>\n<\/ul><\/div>\n<\/p><\/div>\n","protected":false},"excerpt":{"rendered":"<p>Nanopenetr\u00e1tor PENECO NANO je po na\u0159ed\u011bn\u00ed ur\u010den pro penetraci v\u0161ech anorganick\u00fdch poklad\u016f. Lze jej u\u017e\u00edt samostatn\u011b pro zamezen\u00ed pr\u016fniku vody do beton\u016f a jin\u00fdch anorganick\u00fdch porvch\u016f, ke zv\u00fdrazn\u011bn\u00ed ,,mokr\u00e9ho&#8220; vzhledu p\u0159\u00edrodn\u00edch i um\u011bl\u00fdch kamen\u016f, cihel, ciheln\u00fdch a jin\u00fdch sav\u00fdch povrch\u016f. Pro svou vysokou pronikac\u00ed schopnost je disperzn\u00ed nanopenetr\u00e1tor PENECO NANO ur\u010den jako z\u00e1kladn\u00ed n\u00e1t\u011br v\u0161ech [&hellip;]<\/p>\n","protected":false},"featured_media":9600,"comment_status":"open","ping_status":"open","template":"","meta":[],"product_brand":[],"product_cat":[62],"product_tag":[],"class_list":{"0":"post-9500","1":"product","2":"type-product","3":"status-publish","4":"has-post-thumbnail","6":"product_cat-stavebni-chemie","8":"first","9":"instock","10":"sale","11":"shipping-taxable","12":"purchasable","13":"product-type-simple"},"yoast_head":"<!-- This site is optimized with the Yoast SEO plugin v26.8 - https:\/\/yoast.com\/product\/yoast-seo-wordpress\/ -->\n<title>Zna\u010dkov\u00fd Stachema PENECO NANO - extra hloubkov\u00e1 penetrace (5 l) -<\/title>\n<meta name=\"robots\" content=\"index, follow, max-snippet:-1, max-image-preview:large, max-video-preview:-1\" \/>\n<link rel=\"canonical\" href=\"https:\/\/www.koupelnapro.com\/index.php\/produkt\/znackovy-stachema-peneco-nano-extra-hloubkova-penetrace-5-l-9500\/\" \/>\n<meta property=\"og:locale\" content=\"cs_CZ\" \/>\n<meta property=\"og:type\" content=\"article\" \/>\n<meta property=\"og:title\" content=\"Zna\u010dkov\u00fd Stachema PENECO NANO - extra hloubkov\u00e1 penetrace (5 l) -\" \/>\n<meta property=\"og:description\" content=\"Nanopenetr\u00e1tor PENECO NANO je po na\u0159ed\u011bn\u00ed ur\u010den pro penetraci v\u0161ech anorganick\u00fdch poklad\u016f. Lze jej u\u017e\u00edt samostatn\u011b pro zamezen\u00ed pr\u016fniku vody do beton\u016f a jin\u00fdch anorganick\u00fdch porvch\u016f, ke zv\u00fdrazn\u011bn\u00ed ,,mokr\u00e9ho&#8220; vzhledu p\u0159\u00edrodn\u00edch i um\u011bl\u00fdch kamen\u016f, cihel, ciheln\u00fdch a jin\u00fdch sav\u00fdch povrch\u016f. Pro svou vysokou pronikac\u00ed schopnost je disperzn\u00ed nanopenetr\u00e1tor PENECO NANO ur\u010den jako z\u00e1kladn\u00ed n\u00e1t\u011br v\u0161ech [&hellip;]\" \/>\n<meta property=\"og:url\" content=\"https:\/\/www.koupelnapro.com\/index.php\/produkt\/znackovy-stachema-peneco-nano-extra-hloubkova-penetrace-5-l-9500\/\" \/>\n<meta property=\"og:image\" content=\"https:\/\/www.koupelnapro.com\/wp-content\/uploads\/2026\/SK0003071-CZ20260425-091813-0-1777079894-gall_a8f47c50-906f-4a25-a714-0808b4fddbfd34680-peneco-nano..webp\" \/>\n\t<meta property=\"og:image:width\" content=\"420\" \/>\n\t<meta property=\"og:image:height\" content=\"233\" \/>\n\t<meta property=\"og:image:type\" content=\"image\/webp\" \/>\n<meta name=\"twitter:card\" content=\"summary_large_image\" \/>\n<meta name=\"twitter:label1\" content=\"Odhadovan\u00e1 doba \u010dten\u00ed\" \/>\n\t<meta name=\"twitter:data1\" content=\"1 minuta\" \/>\n<script type=\"application\/ld+json\" class=\"yoast-schema-graph\">{\"@context\":\"https:\/\/schema.org\",\"@graph\":[{\"@type\":\"WebPage\",\"@id\":\"https:\/\/www.koupelnapro.com\/index.php\/produkt\/znackovy-stachema-peneco-nano-extra-hloubkova-penetrace-5-l-9500\/\",\"url\":\"https:\/\/www.koupelnapro.com\/index.php\/produkt\/znackovy-stachema-peneco-nano-extra-hloubkova-penetrace-5-l-9500\/\",\"name\":\"Zna\u010dkov\u00fd Stachema PENECO NANO - extra hloubkov\u00e1 penetrace (5 l) -\",\"isPartOf\":{\"@id\":\"https:\/\/www.koupelnapro.com\/#website\"},\"primaryImageOfPage\":{\"@id\":\"https:\/\/www.koupelnapro.com\/index.php\/produkt\/znackovy-stachema-peneco-nano-extra-hloubkova-penetrace-5-l-9500\/#primaryimage\"},\"image\":{\"@id\":\"https:\/\/www.koupelnapro.com\/index.php\/produkt\/znackovy-stachema-peneco-nano-extra-hloubkova-penetrace-5-l-9500\/#primaryimage\"},\"thumbnailUrl\":\"https:\/\/www.koupelnapro.com\/wp-content\/uploads\/2026\/SK0003071-CZ20260425-091813-0-1777079894-gall_a8f47c50-906f-4a25-a714-0808b4fddbfd34680-peneco-nano..webp\",\"datePublished\":\"2026-04-26T09:13:26+00:00\",\"breadcrumb\":{\"@id\":\"https:\/\/www.koupelnapro.com\/index.php\/produkt\/znackovy-stachema-peneco-nano-extra-hloubkova-penetrace-5-l-9500\/#breadcrumb\"},\"inLanguage\":\"cs\",\"potentialAction\":[{\"@type\":\"ReadAction\",\"target\":[\"https:\/\/www.koupelnapro.com\/index.php\/produkt\/znackovy-stachema-peneco-nano-extra-hloubkova-penetrace-5-l-9500\/\"]}]},{\"@type\":\"ImageObject\",\"inLanguage\":\"cs\",\"@id\":\"https:\/\/www.koupelnapro.com\/index.php\/produkt\/znackovy-stachema-peneco-nano-extra-hloubkova-penetrace-5-l-9500\/#primaryimage\",\"url\":\"https:\/\/www.koupelnapro.com\/wp-content\/uploads\/2026\/SK0003071-CZ20260425-091813-0-1777079894-gall_a8f47c50-906f-4a25-a714-0808b4fddbfd34680-peneco-nano..webp\",\"contentUrl\":\"https:\/\/www.koupelnapro.com\/wp-content\/uploads\/2026\/SK0003071-CZ20260425-091813-0-1777079894-gall_a8f47c50-906f-4a25-a714-0808b4fddbfd34680-peneco-nano..webp\",\"width\":420,\"height\":233},{\"@type\":\"BreadcrumbList\",\"@id\":\"https:\/\/www.koupelnapro.com\/index.php\/produkt\/znackovy-stachema-peneco-nano-extra-hloubkova-penetrace-5-l-9500\/#breadcrumb\",\"itemListElement\":[{\"@type\":\"ListItem\",\"position\":1,\"name\":\"Home\",\"item\":\"https:\/\/www.koupelnapro.com\/\"},{\"@type\":\"ListItem\",\"position\":2,\"name\":\"Products\",\"item\":\"https:\/\/www.koupelnapro.com\/index.php\/products\/\"},{\"@type\":\"ListItem\",\"position\":3,\"name\":\"Zna\u010dkov\u00fd Stachema PENECO NANO &#8211; extra hloubkov\u00e1 penetrace (5 l)\"}]},{\"@type\":\"WebSite\",\"@id\":\"https:\/\/www.koupelnapro.com\/#website\",\"url\":\"https:\/\/www.koupelnapro.com\/\",\"name\":\"\",\"description\":\"\",\"potentialAction\":[{\"@type\":\"SearchAction\",\"target\":{\"@type\":\"EntryPoint\",\"urlTemplate\":\"https:\/\/www.koupelnapro.com\/?s={search_term_string}\"},\"query-input\":{\"@type\":\"PropertyValueSpecification\",\"valueRequired\":true,\"valueName\":\"search_term_string\"}}],\"inLanguage\":\"cs\"}]}<\/script>\n<!-- \/ Yoast SEO plugin. -->","yoast_head_json":{"title":"Zna\u010dkov\u00fd Stachema PENECO NANO - extra hloubkov\u00e1 penetrace (5 l) -","robots":{"index":"index","follow":"follow","max-snippet":"max-snippet:-1","max-image-preview":"max-image-preview:large","max-video-preview":"max-video-preview:-1"},"canonical":"https:\/\/www.koupelnapro.com\/index.php\/produkt\/znackovy-stachema-peneco-nano-extra-hloubkova-penetrace-5-l-9500\/","og_locale":"cs_CZ","og_type":"article","og_title":"Zna\u010dkov\u00fd Stachema PENECO NANO - extra hloubkov\u00e1 penetrace (5 l) -","og_description":"Nanopenetr\u00e1tor PENECO NANO je po na\u0159ed\u011bn\u00ed ur\u010den pro penetraci v\u0161ech anorganick\u00fdch poklad\u016f. Lze jej u\u017e\u00edt samostatn\u011b pro zamezen\u00ed pr\u016fniku vody do beton\u016f a jin\u00fdch anorganick\u00fdch porvch\u016f, ke zv\u00fdrazn\u011bn\u00ed ,,mokr\u00e9ho&#8220; vzhledu p\u0159\u00edrodn\u00edch i um\u011bl\u00fdch kamen\u016f, cihel, ciheln\u00fdch a jin\u00fdch sav\u00fdch povrch\u016f. Pro svou vysokou pronikac\u00ed schopnost je disperzn\u00ed nanopenetr\u00e1tor PENECO NANO ur\u010den jako z\u00e1kladn\u00ed n\u00e1t\u011br v\u0161ech [&hellip;]","og_url":"https:\/\/www.koupelnapro.com\/index.php\/produkt\/znackovy-stachema-peneco-nano-extra-hloubkova-penetrace-5-l-9500\/","og_image":[{"width":420,"height":233,"url":"https:\/\/www.koupelnapro.com\/wp-content\/uploads\/2026\/SK0003071-CZ20260425-091813-0-1777079894-gall_a8f47c50-906f-4a25-a714-0808b4fddbfd34680-peneco-nano..webp","type":"image\/webp"}],"twitter_card":"summary_large_image","twitter_misc":{"Odhadovan\u00e1 doba \u010dten\u00ed":"1 minuta"},"schema":{"@context":"https:\/\/schema.org","@graph":[{"@type":"WebPage","@id":"https:\/\/www.koupelnapro.com\/index.php\/produkt\/znackovy-stachema-peneco-nano-extra-hloubkova-penetrace-5-l-9500\/","url":"https:\/\/www.koupelnapro.com\/index.php\/produkt\/znackovy-stachema-peneco-nano-extra-hloubkova-penetrace-5-l-9500\/","name":"Zna\u010dkov\u00fd Stachema PENECO NANO - extra hloubkov\u00e1 penetrace (5 l) -","isPartOf":{"@id":"https:\/\/www.koupelnapro.com\/#website"},"primaryImageOfPage":{"@id":"https:\/\/www.koupelnapro.com\/index.php\/produkt\/znackovy-stachema-peneco-nano-extra-hloubkova-penetrace-5-l-9500\/#primaryimage"},"image":{"@id":"https:\/\/www.koupelnapro.com\/index.php\/produkt\/znackovy-stachema-peneco-nano-extra-hloubkova-penetrace-5-l-9500\/#primaryimage"},"thumbnailUrl":"https:\/\/www.koupelnapro.com\/wp-content\/uploads\/2026\/SK0003071-CZ20260425-091813-0-1777079894-gall_a8f47c50-906f-4a25-a714-0808b4fddbfd34680-peneco-nano..webp","datePublished":"2026-04-26T09:13:26+00:00","breadcrumb":{"@id":"https:\/\/www.koupelnapro.com\/index.php\/produkt\/znackovy-stachema-peneco-nano-extra-hloubkova-penetrace-5-l-9500\/#breadcrumb"},"inLanguage":"cs","potentialAction":[{"@type":"ReadAction","target":["https:\/\/www.koupelnapro.com\/index.php\/produkt\/znackovy-stachema-peneco-nano-extra-hloubkova-penetrace-5-l-9500\/"]}]},{"@type":"ImageObject","inLanguage":"cs","@id":"https:\/\/www.koupelnapro.com\/index.php\/produkt\/znackovy-stachema-peneco-nano-extra-hloubkova-penetrace-5-l-9500\/#primaryimage","url":"https:\/\/www.koupelnapro.com\/wp-content\/uploads\/2026\/SK0003071-CZ20260425-091813-0-1777079894-gall_a8f47c50-906f-4a25-a714-0808b4fddbfd34680-peneco-nano..webp","contentUrl":"https:\/\/www.koupelnapro.com\/wp-content\/uploads\/2026\/SK0003071-CZ20260425-091813-0-1777079894-gall_a8f47c50-906f-4a25-a714-0808b4fddbfd34680-peneco-nano..webp","width":420,"height":233},{"@type":"BreadcrumbList","@id":"https:\/\/www.koupelnapro.com\/index.php\/produkt\/znackovy-stachema-peneco-nano-extra-hloubkova-penetrace-5-l-9500\/#breadcrumb","itemListElement":[{"@type":"ListItem","position":1,"name":"Home","item":"https:\/\/www.koupelnapro.com\/"},{"@type":"ListItem","position":2,"name":"Products","item":"https:\/\/www.koupelnapro.com\/index.php\/products\/"},{"@type":"ListItem","position":3,"name":"Zna\u010dkov\u00fd Stachema PENECO NANO &#8211; extra hloubkov\u00e1 penetrace (5 l)"}]},{"@type":"WebSite","@id":"https:\/\/www.koupelnapro.com\/#website","url":"https:\/\/www.koupelnapro.com\/","name":"","description":"","potentialAction":[{"@type":"SearchAction","target":{"@type":"EntryPoint","urlTemplate":"https:\/\/www.koupelnapro.com\/?s={search_term_string}"},"query-input":{"@type":"PropertyValueSpecification","valueRequired":true,"valueName":"search_term_string"}}],"inLanguage":"cs"}]}},"_links":{"self":[{"href":"https:\/\/www.koupelnapro.com\/index.php\/wp-json\/wp\/v2\/product\/9500","targetHints":{"allow":["GET"]}}],"collection":[{"href":"https:\/\/www.koupelnapro.com\/index.php\/wp-json\/wp\/v2\/product"}],"about":[{"href":"https:\/\/www.koupelnapro.com\/index.php\/wp-json\/wp\/v2\/types\/product"}],"replies":[{"embeddable":true,"href":"https:\/\/www.koupelnapro.com\/index.php\/wp-json\/wp\/v2\/comments?post=9500"}],"wp:featuredmedia":[{"embeddable":true,"href":"https:\/\/www.koupelnapro.com\/index.php\/wp-json\/wp\/v2\/media\/9600"}],"wp:attachment":[{"href":"https:\/\/www.koupelnapro.com\/index.php\/wp-json\/wp\/v2\/media?parent=9500"}],"wp:term":[{"taxonomy":"product_brand","embeddable":true,"href":"https:\/\/www.koupelnapro.com\/index.php\/wp-json\/wp\/v2\/product_brand?post=9500"},{"taxonomy":"product_cat","embeddable":true,"href":"https:\/\/www.koupelnapro.com\/index.php\/wp-json\/wp\/v2\/product_cat?post=9500"},{"taxonomy":"product_tag","embeddable":true,"href":"https:\/\/www.koupelnapro.com\/index.php\/wp-json\/wp\/v2\/product_tag?post=9500"}],"curies":[{"name":"wp","href":"https:\/\/api.w.org\/{rel}","templated":true}]}}