{"id":9339,"date":"2026-04-26T09:13:25","date_gmt":"2026-04-26T09:13:25","guid":{"rendered":""},"modified":"2026-04-26T09:13:25","modified_gmt":"2026-04-26T09:13:25","slug":"odeslani-ihned-denbraven-akryl-exterier-bily-280-ml-9339","status":"publish","type":"product","link":"https:\/\/www.koupelnapro.com\/index.php\/produkt\/odeslani-ihned-denbraven-akryl-exterier-bily-280-ml-9339\/","title":{"rendered":"Odesl\u00e1n\u00ed Ihned DenBraven Akryl Exteri\u00e9r &#8211; b\u00edl\u00fd &#8211; 280 ml"},"content":{"rendered":"<div class=\"tmc_edt\">\n<ul>\n<li>Mrazuvzdorn\u00fd s antikorozn\u00ed ochranou;<\/li>\n<li>Odoln\u00fd vlhku, vod\u011b a pov\u011btrnostn\u00edm vliv\u016fm;<\/li>\n<li>Snadn\u00e1 aplikace, p\u0159et\u00edrateln\u00fd akryl\u00e1tov\u00fdmi a disperzn\u00edmi barvami;<\/li>\n<li>Vysok\u00e1 p\u0159ilnavost na r\u016fzn\u00e9 stavebn\u00ed mat., v kombinaci sav\u00fd \u2013 nesav\u00fd, (beton, zdivo, d\u0159evo, eloxovan\u00fd hlin\u00edk, uPVC, apod.);<\/li>\n<\/ul><\/div>\n<\/p><\/div>\n","protected":false},"excerpt":{"rendered":"<p>Mrazuvzdorn\u00fd s antikorozn\u00ed ochranou; Odoln\u00fd vlhku, vod\u011b a pov\u011btrnostn\u00edm vliv\u016fm; Snadn\u00e1 aplikace, p\u0159et\u00edrateln\u00fd akryl\u00e1tov\u00fdmi a disperzn\u00edmi barvami; Vysok\u00e1 p\u0159ilnavost na r\u016fzn\u00e9 stavebn\u00ed mat., v kombinaci sav\u00fd \u2013 nesav\u00fd, (beton, zdivo, d\u0159evo, eloxovan\u00fd hlin\u00edk, uPVC, apod.);<\/p>\n","protected":false},"featured_media":9439,"comment_status":"open","ping_status":"open","template":"","meta":[],"product_brand":[],"product_cat":[62],"product_tag":[],"class_list":{"0":"post-9339","1":"product","2":"type-product","3":"status-publish","4":"has-post-thumbnail","6":"product_cat-stavebni-chemie","8":"first","9":"instock","10":"sale","11":"shipping-taxable","12":"purchasable","13":"product-type-simple"},"yoast_head":"<!-- This site is optimized with the Yoast SEO plugin v26.8 - https:\/\/yoast.com\/product\/yoast-seo-wordpress\/ -->\n<title>Odesl\u00e1n\u00ed Ihned DenBraven Akryl Exteri\u00e9r - b\u00edl\u00fd - 280 ml -<\/title>\n<meta name=\"robots\" content=\"index, follow, max-snippet:-1, max-image-preview:large, max-video-preview:-1\" \/>\n<link rel=\"canonical\" href=\"https:\/\/www.koupelnapro.com\/index.php\/produkt\/odeslani-ihned-denbraven-akryl-exterier-bily-280-ml-9339\/\" \/>\n<meta property=\"og:locale\" content=\"cs_CZ\" \/>\n<meta property=\"og:type\" content=\"article\" \/>\n<meta property=\"og:title\" content=\"Odesl\u00e1n\u00ed Ihned DenBraven Akryl Exteri\u00e9r - b\u00edl\u00fd - 280 ml -\" \/>\n<meta property=\"og:description\" content=\"Mrazuvzdorn\u00fd s antikorozn\u00ed ochranou; Odoln\u00fd vlhku, vod\u011b a pov\u011btrnostn\u00edm vliv\u016fm; Snadn\u00e1 aplikace, p\u0159et\u00edrateln\u00fd akryl\u00e1tov\u00fdmi a disperzn\u00edmi barvami; Vysok\u00e1 p\u0159ilnavost na r\u016fzn\u00e9 stavebn\u00ed mat., v kombinaci sav\u00fd \u2013 nesav\u00fd, (beton, zdivo, d\u0159evo, eloxovan\u00fd hlin\u00edk, uPVC, apod.);\" \/>\n<meta property=\"og:url\" content=\"https:\/\/www.koupelnapro.com\/index.php\/produkt\/odeslani-ihned-denbraven-akryl-exterier-bily-280-ml-9339\/\" \/>\n<meta property=\"og:image\" content=\"https:\/\/www.koupelnapro.com\/wp-content\/uploads\/2026\/SK0003008-CZ20260425-091813-0-1777079894-gall_d1569eb4-d559-4ec6-ba31-ed04a2d05ed031998-denbraven-ak.webp\" \/>\n\t<meta property=\"og:image:width\" content=\"420\" \/>\n\t<meta property=\"og:image:height\" content=\"420\" \/>\n\t<meta property=\"og:image:type\" content=\"image\/webp\" \/>\n<meta name=\"twitter:card\" content=\"summary_large_image\" \/>\n<script type=\"application\/ld+json\" class=\"yoast-schema-graph\">{\"@context\":\"https:\/\/schema.org\",\"@graph\":[{\"@type\":\"WebPage\",\"@id\":\"https:\/\/www.koupelnapro.com\/index.php\/produkt\/odeslani-ihned-denbraven-akryl-exterier-bily-280-ml-9339\/\",\"url\":\"https:\/\/www.koupelnapro.com\/index.php\/produkt\/odeslani-ihned-denbraven-akryl-exterier-bily-280-ml-9339\/\",\"name\":\"Odesl\u00e1n\u00ed Ihned DenBraven Akryl Exteri\u00e9r - b\u00edl\u00fd - 280 ml -\",\"isPartOf\":{\"@id\":\"https:\/\/www.koupelnapro.com\/#website\"},\"primaryImageOfPage\":{\"@id\":\"https:\/\/www.koupelnapro.com\/index.php\/produkt\/odeslani-ihned-denbraven-akryl-exterier-bily-280-ml-9339\/#primaryimage\"},\"image\":{\"@id\":\"https:\/\/www.koupelnapro.com\/index.php\/produkt\/odeslani-ihned-denbraven-akryl-exterier-bily-280-ml-9339\/#primaryimage\"},\"thumbnailUrl\":\"https:\/\/www.koupelnapro.com\/wp-content\/uploads\/2026\/SK0003008-CZ20260425-091813-0-1777079894-gall_d1569eb4-d559-4ec6-ba31-ed04a2d05ed031998-denbraven-ak.webp\",\"datePublished\":\"2026-04-26T09:13:25+00:00\",\"breadcrumb\":{\"@id\":\"https:\/\/www.koupelnapro.com\/index.php\/produkt\/odeslani-ihned-denbraven-akryl-exterier-bily-280-ml-9339\/#breadcrumb\"},\"inLanguage\":\"cs\",\"potentialAction\":[{\"@type\":\"ReadAction\",\"target\":[\"https:\/\/www.koupelnapro.com\/index.php\/produkt\/odeslani-ihned-denbraven-akryl-exterier-bily-280-ml-9339\/\"]}]},{\"@type\":\"ImageObject\",\"inLanguage\":\"cs\",\"@id\":\"https:\/\/www.koupelnapro.com\/index.php\/produkt\/odeslani-ihned-denbraven-akryl-exterier-bily-280-ml-9339\/#primaryimage\",\"url\":\"https:\/\/www.koupelnapro.com\/wp-content\/uploads\/2026\/SK0003008-CZ20260425-091813-0-1777079894-gall_d1569eb4-d559-4ec6-ba31-ed04a2d05ed031998-denbraven-ak.webp\",\"contentUrl\":\"https:\/\/www.koupelnapro.com\/wp-content\/uploads\/2026\/SK0003008-CZ20260425-091813-0-1777079894-gall_d1569eb4-d559-4ec6-ba31-ed04a2d05ed031998-denbraven-ak.webp\",\"width\":420,\"height\":420},{\"@type\":\"BreadcrumbList\",\"@id\":\"https:\/\/www.koupelnapro.com\/index.php\/produkt\/odeslani-ihned-denbraven-akryl-exterier-bily-280-ml-9339\/#breadcrumb\",\"itemListElement\":[{\"@type\":\"ListItem\",\"position\":1,\"name\":\"Home\",\"item\":\"https:\/\/www.koupelnapro.com\/\"},{\"@type\":\"ListItem\",\"position\":2,\"name\":\"Products\",\"item\":\"https:\/\/www.koupelnapro.com\/index.php\/products\/\"},{\"@type\":\"ListItem\",\"position\":3,\"name\":\"Odesl\u00e1n\u00ed Ihned DenBraven Akryl Exteri\u00e9r &#8211; b\u00edl\u00fd &#8211; 280 ml\"}]},{\"@type\":\"WebSite\",\"@id\":\"https:\/\/www.koupelnapro.com\/#website\",\"url\":\"https:\/\/www.koupelnapro.com\/\",\"name\":\"\",\"description\":\"\",\"potentialAction\":[{\"@type\":\"SearchAction\",\"target\":{\"@type\":\"EntryPoint\",\"urlTemplate\":\"https:\/\/www.koupelnapro.com\/?s={search_term_string}\"},\"query-input\":{\"@type\":\"PropertyValueSpecification\",\"valueRequired\":true,\"valueName\":\"search_term_string\"}}],\"inLanguage\":\"cs\"}]}<\/script>\n<!-- \/ Yoast SEO plugin. -->","yoast_head_json":{"title":"Odesl\u00e1n\u00ed Ihned DenBraven Akryl Exteri\u00e9r - b\u00edl\u00fd - 280 ml -","robots":{"index":"index","follow":"follow","max-snippet":"max-snippet:-1","max-image-preview":"max-image-preview:large","max-video-preview":"max-video-preview:-1"},"canonical":"https:\/\/www.koupelnapro.com\/index.php\/produkt\/odeslani-ihned-denbraven-akryl-exterier-bily-280-ml-9339\/","og_locale":"cs_CZ","og_type":"article","og_title":"Odesl\u00e1n\u00ed Ihned DenBraven Akryl Exteri\u00e9r - b\u00edl\u00fd - 280 ml -","og_description":"Mrazuvzdorn\u00fd s antikorozn\u00ed ochranou; Odoln\u00fd vlhku, vod\u011b a pov\u011btrnostn\u00edm vliv\u016fm; Snadn\u00e1 aplikace, p\u0159et\u00edrateln\u00fd akryl\u00e1tov\u00fdmi a disperzn\u00edmi barvami; Vysok\u00e1 p\u0159ilnavost na r\u016fzn\u00e9 stavebn\u00ed mat., v kombinaci sav\u00fd \u2013 nesav\u00fd, (beton, zdivo, d\u0159evo, eloxovan\u00fd hlin\u00edk, uPVC, apod.);","og_url":"https:\/\/www.koupelnapro.com\/index.php\/produkt\/odeslani-ihned-denbraven-akryl-exterier-bily-280-ml-9339\/","og_image":[{"width":420,"height":420,"url":"https:\/\/www.koupelnapro.com\/wp-content\/uploads\/2026\/SK0003008-CZ20260425-091813-0-1777079894-gall_d1569eb4-d559-4ec6-ba31-ed04a2d05ed031998-denbraven-ak.webp","type":"image\/webp"}],"twitter_card":"summary_large_image","schema":{"@context":"https:\/\/schema.org","@graph":[{"@type":"WebPage","@id":"https:\/\/www.koupelnapro.com\/index.php\/produkt\/odeslani-ihned-denbraven-akryl-exterier-bily-280-ml-9339\/","url":"https:\/\/www.koupelnapro.com\/index.php\/produkt\/odeslani-ihned-denbraven-akryl-exterier-bily-280-ml-9339\/","name":"Odesl\u00e1n\u00ed Ihned DenBraven Akryl Exteri\u00e9r - b\u00edl\u00fd - 280 ml -","isPartOf":{"@id":"https:\/\/www.koupelnapro.com\/#website"},"primaryImageOfPage":{"@id":"https:\/\/www.koupelnapro.com\/index.php\/produkt\/odeslani-ihned-denbraven-akryl-exterier-bily-280-ml-9339\/#primaryimage"},"image":{"@id":"https:\/\/www.koupelnapro.com\/index.php\/produkt\/odeslani-ihned-denbraven-akryl-exterier-bily-280-ml-9339\/#primaryimage"},"thumbnailUrl":"https:\/\/www.koupelnapro.com\/wp-content\/uploads\/2026\/SK0003008-CZ20260425-091813-0-1777079894-gall_d1569eb4-d559-4ec6-ba31-ed04a2d05ed031998-denbraven-ak.webp","datePublished":"2026-04-26T09:13:25+00:00","breadcrumb":{"@id":"https:\/\/www.koupelnapro.com\/index.php\/produkt\/odeslani-ihned-denbraven-akryl-exterier-bily-280-ml-9339\/#breadcrumb"},"inLanguage":"cs","potentialAction":[{"@type":"ReadAction","target":["https:\/\/www.koupelnapro.com\/index.php\/produkt\/odeslani-ihned-denbraven-akryl-exterier-bily-280-ml-9339\/"]}]},{"@type":"ImageObject","inLanguage":"cs","@id":"https:\/\/www.koupelnapro.com\/index.php\/produkt\/odeslani-ihned-denbraven-akryl-exterier-bily-280-ml-9339\/#primaryimage","url":"https:\/\/www.koupelnapro.com\/wp-content\/uploads\/2026\/SK0003008-CZ20260425-091813-0-1777079894-gall_d1569eb4-d559-4ec6-ba31-ed04a2d05ed031998-denbraven-ak.webp","contentUrl":"https:\/\/www.koupelnapro.com\/wp-content\/uploads\/2026\/SK0003008-CZ20260425-091813-0-1777079894-gall_d1569eb4-d559-4ec6-ba31-ed04a2d05ed031998-denbraven-ak.webp","width":420,"height":420},{"@type":"BreadcrumbList","@id":"https:\/\/www.koupelnapro.com\/index.php\/produkt\/odeslani-ihned-denbraven-akryl-exterier-bily-280-ml-9339\/#breadcrumb","itemListElement":[{"@type":"ListItem","position":1,"name":"Home","item":"https:\/\/www.koupelnapro.com\/"},{"@type":"ListItem","position":2,"name":"Products","item":"https:\/\/www.koupelnapro.com\/index.php\/products\/"},{"@type":"ListItem","position":3,"name":"Odesl\u00e1n\u00ed Ihned DenBraven Akryl Exteri\u00e9r &#8211; b\u00edl\u00fd &#8211; 280 ml"}]},{"@type":"WebSite","@id":"https:\/\/www.koupelnapro.com\/#website","url":"https:\/\/www.koupelnapro.com\/","name":"","description":"","potentialAction":[{"@type":"SearchAction","target":{"@type":"EntryPoint","urlTemplate":"https:\/\/www.koupelnapro.com\/?s={search_term_string}"},"query-input":{"@type":"PropertyValueSpecification","valueRequired":true,"valueName":"search_term_string"}}],"inLanguage":"cs"}]}},"_links":{"self":[{"href":"https:\/\/www.koupelnapro.com\/index.php\/wp-json\/wp\/v2\/product\/9339","targetHints":{"allow":["GET"]}}],"collection":[{"href":"https:\/\/www.koupelnapro.com\/index.php\/wp-json\/wp\/v2\/product"}],"about":[{"href":"https:\/\/www.koupelnapro.com\/index.php\/wp-json\/wp\/v2\/types\/product"}],"replies":[{"embeddable":true,"href":"https:\/\/www.koupelnapro.com\/index.php\/wp-json\/wp\/v2\/comments?post=9339"}],"wp:featuredmedia":[{"embeddable":true,"href":"https:\/\/www.koupelnapro.com\/index.php\/wp-json\/wp\/v2\/media\/9439"}],"wp:attachment":[{"href":"https:\/\/www.koupelnapro.com\/index.php\/wp-json\/wp\/v2\/media?parent=9339"}],"wp:term":[{"taxonomy":"product_brand","embeddable":true,"href":"https:\/\/www.koupelnapro.com\/index.php\/wp-json\/wp\/v2\/product_brand?post=9339"},{"taxonomy":"product_cat","embeddable":true,"href":"https:\/\/www.koupelnapro.com\/index.php\/wp-json\/wp\/v2\/product_cat?post=9339"},{"taxonomy":"product_tag","embeddable":true,"href":"https:\/\/www.koupelnapro.com\/index.php\/wp-json\/wp\/v2\/product_tag?post=9339"}],"curies":[{"name":"wp","href":"https:\/\/api.w.org\/{rel}","templated":true}]}}

Odeslání Ihned DenBraven Akryl Exteriér &#8211; bílý &#8211; 280 ml

<div class="tmc_edt">
<ul>
<li>Mrazuvzdorný s antikorozní ochranou;</li>
<li>Odolný vlhku, vodě a povětrnostním vlivům;</li>
<li>Snadná aplikace, přetíratelný akrylátovými a disperzními barvami;</li>
<li>Vysoká přilnavost na různé stavební mat., v kombinaci savý – nesavý, (beton, zdivo, dřevo, eloxovaný hliník, uPVC, apod.);</li>
</ul></div>
</p></div>

<p>Mrazuvzdorný s antikorozní ochranou; Odolný vlhku, vodě a povětrnostním vlivům; Snadná aplikace, přetíratelný akrylátovými a disperzními barvami; Vysoká přilnavost na různé stavební mat., v kombinaci savý – nesavý, (beton, zdivo, dřevo, eloxovaný hliník, uPVC, apod.);</p>

<!-- This site is optimized with the Yoast SEO plugin v26.8 - https://yoast.com/product/yoast-seo-wordpress/ -->
<title>Odeslání Ihned DenBraven Akryl Exteriér - bílý - 280 ml -</title>
<meta name="robots" content="index, follow, max-snippet:-1, max-image-preview:large, max-video-preview:-1" />
<link rel="canonical" href="https://www.koupelnapro.com/index.php/produkt/odeslani-ihned-denbraven-akryl-exterier-bily-280-ml-9339/" />
<meta property="og:locale" content="cs_CZ" />
<meta property="og:type" content="article" />
<meta property="og:title" content="Odeslání Ihned DenBraven Akryl Exteriér - bílý - 280 ml -" />
<meta property="og:description" content="Mrazuvzdorný s antikorozní ochranou; Odolný vlhku, vodě a povětrnostním vlivům; Snadná aplikace, přetíratelný akrylátovými a disperzními barvami; Vysoká přilnavost na různé stavební mat., v kombinaci savý – nesavý, (beton, zdivo, dřevo, eloxovaný hliník, uPVC, apod.);" />
<meta property="og:url" content="https://www.koupelnapro.com/index.php/produkt/odeslani-ihned-denbraven-akryl-exterier-bily-280-ml-9339/" />
<meta property="og:image" content="https://www.koupelnapro.com/wp-content/uploads/2026/SK0003008-CZ20260425-091813-0-1777079894-gall_d1569eb4-d559-4ec6-ba31-ed04a2d05ed031998-denbraven-ak.webp" />
	<meta property="og:image:width" content="420" />
	<meta property="og:image:height" content="420" />
	<meta property="og:image:type" content="image/webp" />
<meta name="twitter:card" content="summary_large_image" />
<script type="application/ld+json" class="yoast-schema-graph">{"@context":"https://schema.org","@graph":[{"@type":"WebPage","@id":"https://www.koupelnapro.com/index.php/produkt/odeslani-ihned-denbraven-akryl-exterier-bily-280-ml-9339/","url":"https://www.koupelnapro.com/index.php/produkt/odeslani-ihned-denbraven-akryl-exterier-bily-280-ml-9339/","name":"Odeslání Ihned DenBraven Akryl Exteriér - bílý - 280 ml -","isPartOf":{"@id":"https://www.koupelnapro.com/#website"},"primaryImageOfPage":{"@id":"https://www.koupelnapro.com/index.php/produkt/odeslani-ihned-denbraven-akryl-exterier-bily-280-ml-9339/#primaryimage"},"image":{"@id":"https://www.koupelnapro.com/index.php/produkt/odeslani-ihned-denbraven-akryl-exterier-bily-280-ml-9339/#primaryimage"},"thumbnailUrl":"https://www.koupelnapro.com/wp-content/uploads/2026/SK0003008-CZ20260425-091813-0-1777079894-gall_d1569eb4-d559-4ec6-ba31-ed04a2d05ed031998-denbraven-ak.webp","datePublished":"2026-04-26T09:13:25+00:00","breadcrumb":{"@id":"https://www.koupelnapro.com/index.php/produkt/odeslani-ihned-denbraven-akryl-exterier-bily-280-ml-9339/#breadcrumb"},"inLanguage":"cs","potentialAction":[{"@type":"ReadAction","target":["https://www.koupelnapro.com/index.php/produkt/odeslani-ihned-denbraven-akryl-exterier-bily-280-ml-9339/"]}]},{"@type":"ImageObject","inLanguage":"cs","@id":"https://www.koupelnapro.com/index.php/produkt/odeslani-ihned-denbraven-akryl-exterier-bily-280-ml-9339/#primaryimage","url":"https://www.koupelnapro.com/wp-content/uploads/2026/SK0003008-CZ20260425-091813-0-1777079894-gall_d1569eb4-d559-4ec6-ba31-ed04a2d05ed031998-denbraven-ak.webp","contentUrl":"https://www.koupelnapro.com/wp-content/uploads/2026/SK0003008-CZ20260425-091813-0-1777079894-gall_d1569eb4-d559-4ec6-ba31-ed04a2d05ed031998-denbraven-ak.webp","width":420,"height":420},{"@type":"BreadcrumbList","@id":"https://www.koupelnapro.com/index.php/produkt/odeslani-ihned-denbraven-akryl-exterier-bily-280-ml-9339/#breadcrumb","itemListElement":[{"@type":"ListItem","position":1,"name":"Home","item":"https://www.koupelnapro.com/"},{"@type":"ListItem","position":2,"name":"Products","item":"https://www.koupelnapro.com/index.php/products/"},{"@type":"ListItem","position":3,"name":"Odeslání Ihned DenBraven Akryl Exteriér &#8211; bílý &#8211; 280 ml"}]},{"@type":"WebSite","@id":"https://www.koupelnapro.com/#website","url":"https://www.koupelnapro.com/","name":"","description":"","potentialAction":[{"@type":"SearchAction","target":{"@type":"EntryPoint","urlTemplate":"https://www.koupelnapro.com/?s={search_term_string}"},"query-input":{"@type":"PropertyValueSpecification","valueRequired":true,"valueName":"search_term_string"}}],"inLanguage":"cs"}]}</script>
<!-- / Yoast SEO plugin. -->

Odeslání Ihned DenBraven Akryl Exteriér - bílý - 280 ml -

Mrazuvzdorný s antikorozní ochranou; Odolný vlhku, vodě a povětrnostním vlivům; Snadná aplikace, přetíratelný akrylátovými a disperzními barvami; Vysoká přilnavost na různé stavební mat., v kombinaci savý – nesavý, (beton, zdivo, dřevo, eloxovaný hliník, uPVC, apod.);
