{"id":9304,"date":"2026-04-26T09:13:25","date_gmt":"2026-04-26T09:13:25","guid":{"rendered":""},"modified":"2026-04-26T09:13:25","modified_gmt":"2026-04-26T09:13:25","slug":"caparol-capalac-direkt-auf-rost-ral-9005-0-75-l-levny-9304","status":"publish","type":"product","link":"https:\/\/www.koupelnapro.com\/index.php\/produkt\/caparol-capalac-direkt-auf-rost-ral-9005-0-75-l-levny-9304\/","title":{"rendered":"Caparol Capalac Direkt auf Rost RAL 9005  0,75 l Levn\u00fd"},"content":{"rendered":"<div class=\"tmc_edt\">\n<ul>\n<li><font face=\"Segoe UI\">Kvalitn\u00ed lakov\u00e1 vrstva na barevn\u00e9 lakov\u00e1n\u00ed a jako ochrann\u00fd n\u00e1t\u011br \u017eeleza, oceli, zinku, hlin\u00edku, m\u011bdi, star\u00fdch n\u00e1t\u011br\u016f a ostatn\u00edch problematick\u00fdch kovov\u00fdch podklad\u016f.<br \/><\/font><\/li>\n<li><font face=\"Segoe UI\">Extr\u00e9mn\u00ed ochrana proti korozi u \u017eeleza a oceli. <\/font><\/li>\n<li><font face=\"Segoe UI\"><strong>Nehod\u00ed se na materi\u00e1ly st\u0159e\u0161n\u00edch plocha na eloxovan\u00fd hlin\u00edk. <\/strong><\/font><\/li>\n<li><font face=\"Segoe UI\">B\u00edl\u00e9 odst\u00edny nepou\u017e\u00edvejte na topn\u00e1 t\u011blesa, proto\u017ee m\u016f\u017ee doch\u00e1zet ke \u017eloutnut\u00ed (pou\u017eijte lak na topn\u00e1 t\u011blesa).<br \/><\/font><\/li>\n<li><font face=\"Segoe UI\"><strong>Ochrann\u00fd lak proti korozi&nbsp;<\/strong>vytv\u00e1\u0159ej\u00edc\u00ed silnou vrstvu s vysokou kryc\u00ed schopnost\u00eda maxim\u00e1ln\u00ed odolnost\u00ed proti pov\u011btrnostn\u00edm vliv\u016fm. <\/font><\/li>\n<li><font face=\"Segoe UI\">Odpuzuje ne\u010distoty, vyzna\u010duje se zna\u010dnou povrchovou tvrdost\u00ed&nbsp;a m\u00e1 dlouhodovou \u017eivotnost.<br \/><\/font><\/li>\n<li><font face=\"Segoe UI\"><strong>Z\u00e1kladn\u00ed, ochrann\u00fd a fin\u00e1ln\u00ed n\u00e1t\u011br v jednom.<\/strong><\/font><\/li>\n<\/ul><\/div>\n<\/p><\/div>\n","protected":false},"excerpt":{"rendered":"<p>Kvalitn\u00ed lakov\u00e1 vrstva na barevn\u00e9 lakov\u00e1n\u00ed a jako ochrann\u00fd n\u00e1t\u011br \u017eeleza, oceli, zinku, hlin\u00edku, m\u011bdi, star\u00fdch n\u00e1t\u011br\u016f a ostatn\u00edch problematick\u00fdch kovov\u00fdch podklad\u016f. Extr\u00e9mn\u00ed ochrana proti korozi u \u017eeleza a oceli. Nehod\u00ed se na materi\u00e1ly st\u0159e\u0161n\u00edch plocha na eloxovan\u00fd hlin\u00edk. B\u00edl\u00e9 odst\u00edny nepou\u017e\u00edvejte na topn\u00e1 t\u011blesa, proto\u017ee m\u016f\u017ee doch\u00e1zet ke \u017eloutnut\u00ed (pou\u017eijte lak na topn\u00e1 t\u011blesa). [&hellip;]<\/p>\n","protected":false},"featured_media":9404,"comment_status":"open","ping_status":"open","template":"","meta":[],"product_brand":[],"product_cat":[62],"product_tag":[],"class_list":{"0":"post-9304","1":"product","2":"type-product","3":"status-publish","4":"has-post-thumbnail","6":"product_cat-stavebni-chemie","8":"first","9":"instock","10":"sale","11":"shipping-taxable","12":"purchasable","13":"product-type-simple"},"yoast_head":"<!-- This site is optimized with the Yoast SEO plugin v26.8 - https:\/\/yoast.com\/product\/yoast-seo-wordpress\/ -->\n<title>Caparol Capalac Direkt auf Rost RAL 9005 0,75 l Levn\u00fd -<\/title>\n<meta name=\"robots\" content=\"index, follow, max-snippet:-1, max-image-preview:large, max-video-preview:-1\" \/>\n<link rel=\"canonical\" href=\"https:\/\/www.koupelnapro.com\/index.php\/produkt\/caparol-capalac-direkt-auf-rost-ral-9005-0-75-l-levny-9304\/\" \/>\n<meta property=\"og:locale\" content=\"cs_CZ\" \/>\n<meta property=\"og:type\" content=\"article\" \/>\n<meta property=\"og:title\" content=\"Caparol Capalac Direkt auf Rost RAL 9005 0,75 l Levn\u00fd -\" \/>\n<meta property=\"og:description\" content=\"Kvalitn\u00ed lakov\u00e1 vrstva na barevn\u00e9 lakov\u00e1n\u00ed a jako ochrann\u00fd n\u00e1t\u011br \u017eeleza, oceli, zinku, hlin\u00edku, m\u011bdi, star\u00fdch n\u00e1t\u011br\u016f a ostatn\u00edch problematick\u00fdch kovov\u00fdch podklad\u016f. Extr\u00e9mn\u00ed ochrana proti korozi u \u017eeleza a oceli. Nehod\u00ed se na materi\u00e1ly st\u0159e\u0161n\u00edch plocha na eloxovan\u00fd hlin\u00edk. B\u00edl\u00e9 odst\u00edny nepou\u017e\u00edvejte na topn\u00e1 t\u011blesa, proto\u017ee m\u016f\u017ee doch\u00e1zet ke \u017eloutnut\u00ed (pou\u017eijte lak na topn\u00e1 t\u011blesa). [&hellip;]\" \/>\n<meta property=\"og:url\" content=\"https:\/\/www.koupelnapro.com\/index.php\/produkt\/caparol-capalac-direkt-auf-rost-ral-9005-0-75-l-levny-9304\/\" \/>\n<meta property=\"og:image\" content=\"https:\/\/www.koupelnapro.com\/wp-content\/uploads\/2026\/SK0002973-CZ20260425-091813-0-1777079894-gall_4e4c91ac-647f-41e9-906c-df55ea1eaa6830496-capalac-dire.webp\" \/>\n\t<meta property=\"og:image:width\" content=\"420\" \/>\n\t<meta property=\"og:image:height\" content=\"262\" \/>\n\t<meta property=\"og:image:type\" content=\"image\/webp\" \/>\n<meta name=\"twitter:card\" content=\"summary_large_image\" \/>\n<meta name=\"twitter:label1\" content=\"Odhadovan\u00e1 doba \u010dten\u00ed\" \/>\n\t<meta name=\"twitter:data1\" content=\"1 minuta\" \/>\n<script type=\"application\/ld+json\" class=\"yoast-schema-graph\">{\"@context\":\"https:\/\/schema.org\",\"@graph\":[{\"@type\":\"WebPage\",\"@id\":\"https:\/\/www.koupelnapro.com\/index.php\/produkt\/caparol-capalac-direkt-auf-rost-ral-9005-0-75-l-levny-9304\/\",\"url\":\"https:\/\/www.koupelnapro.com\/index.php\/produkt\/caparol-capalac-direkt-auf-rost-ral-9005-0-75-l-levny-9304\/\",\"name\":\"Caparol Capalac Direkt auf Rost RAL 9005 0,75 l Levn\u00fd -\",\"isPartOf\":{\"@id\":\"https:\/\/www.koupelnapro.com\/#website\"},\"primaryImageOfPage\":{\"@id\":\"https:\/\/www.koupelnapro.com\/index.php\/produkt\/caparol-capalac-direkt-auf-rost-ral-9005-0-75-l-levny-9304\/#primaryimage\"},\"image\":{\"@id\":\"https:\/\/www.koupelnapro.com\/index.php\/produkt\/caparol-capalac-direkt-auf-rost-ral-9005-0-75-l-levny-9304\/#primaryimage\"},\"thumbnailUrl\":\"https:\/\/www.koupelnapro.com\/wp-content\/uploads\/2026\/SK0002973-CZ20260425-091813-0-1777079894-gall_4e4c91ac-647f-41e9-906c-df55ea1eaa6830496-capalac-dire.webp\",\"datePublished\":\"2026-04-26T09:13:25+00:00\",\"breadcrumb\":{\"@id\":\"https:\/\/www.koupelnapro.com\/index.php\/produkt\/caparol-capalac-direkt-auf-rost-ral-9005-0-75-l-levny-9304\/#breadcrumb\"},\"inLanguage\":\"cs\",\"potentialAction\":[{\"@type\":\"ReadAction\",\"target\":[\"https:\/\/www.koupelnapro.com\/index.php\/produkt\/caparol-capalac-direkt-auf-rost-ral-9005-0-75-l-levny-9304\/\"]}]},{\"@type\":\"ImageObject\",\"inLanguage\":\"cs\",\"@id\":\"https:\/\/www.koupelnapro.com\/index.php\/produkt\/caparol-capalac-direkt-auf-rost-ral-9005-0-75-l-levny-9304\/#primaryimage\",\"url\":\"https:\/\/www.koupelnapro.com\/wp-content\/uploads\/2026\/SK0002973-CZ20260425-091813-0-1777079894-gall_4e4c91ac-647f-41e9-906c-df55ea1eaa6830496-capalac-dire.webp\",\"contentUrl\":\"https:\/\/www.koupelnapro.com\/wp-content\/uploads\/2026\/SK0002973-CZ20260425-091813-0-1777079894-gall_4e4c91ac-647f-41e9-906c-df55ea1eaa6830496-capalac-dire.webp\",\"width\":420,\"height\":262},{\"@type\":\"BreadcrumbList\",\"@id\":\"https:\/\/www.koupelnapro.com\/index.php\/produkt\/caparol-capalac-direkt-auf-rost-ral-9005-0-75-l-levny-9304\/#breadcrumb\",\"itemListElement\":[{\"@type\":\"ListItem\",\"position\":1,\"name\":\"Home\",\"item\":\"https:\/\/www.koupelnapro.com\/\"},{\"@type\":\"ListItem\",\"position\":2,\"name\":\"Products\",\"item\":\"https:\/\/www.koupelnapro.com\/index.php\/products\/\"},{\"@type\":\"ListItem\",\"position\":3,\"name\":\"Caparol Capalac Direkt auf Rost RAL 9005 0,75 l Levn\u00fd\"}]},{\"@type\":\"WebSite\",\"@id\":\"https:\/\/www.koupelnapro.com\/#website\",\"url\":\"https:\/\/www.koupelnapro.com\/\",\"name\":\"\",\"description\":\"\",\"potentialAction\":[{\"@type\":\"SearchAction\",\"target\":{\"@type\":\"EntryPoint\",\"urlTemplate\":\"https:\/\/www.koupelnapro.com\/?s={search_term_string}\"},\"query-input\":{\"@type\":\"PropertyValueSpecification\",\"valueRequired\":true,\"valueName\":\"search_term_string\"}}],\"inLanguage\":\"cs\"}]}<\/script>\n<!-- \/ Yoast SEO plugin. -->","yoast_head_json":{"title":"Caparol Capalac Direkt auf Rost RAL 9005 0,75 l Levn\u00fd -","robots":{"index":"index","follow":"follow","max-snippet":"max-snippet:-1","max-image-preview":"max-image-preview:large","max-video-preview":"max-video-preview:-1"},"canonical":"https:\/\/www.koupelnapro.com\/index.php\/produkt\/caparol-capalac-direkt-auf-rost-ral-9005-0-75-l-levny-9304\/","og_locale":"cs_CZ","og_type":"article","og_title":"Caparol Capalac Direkt auf Rost RAL 9005 0,75 l Levn\u00fd -","og_description":"Kvalitn\u00ed lakov\u00e1 vrstva na barevn\u00e9 lakov\u00e1n\u00ed a jako ochrann\u00fd n\u00e1t\u011br \u017eeleza, oceli, zinku, hlin\u00edku, m\u011bdi, star\u00fdch n\u00e1t\u011br\u016f a ostatn\u00edch problematick\u00fdch kovov\u00fdch podklad\u016f. Extr\u00e9mn\u00ed ochrana proti korozi u \u017eeleza a oceli. Nehod\u00ed se na materi\u00e1ly st\u0159e\u0161n\u00edch plocha na eloxovan\u00fd hlin\u00edk. B\u00edl\u00e9 odst\u00edny nepou\u017e\u00edvejte na topn\u00e1 t\u011blesa, proto\u017ee m\u016f\u017ee doch\u00e1zet ke \u017eloutnut\u00ed (pou\u017eijte lak na topn\u00e1 t\u011blesa). [&hellip;]","og_url":"https:\/\/www.koupelnapro.com\/index.php\/produkt\/caparol-capalac-direkt-auf-rost-ral-9005-0-75-l-levny-9304\/","og_image":[{"width":420,"height":262,"url":"https:\/\/www.koupelnapro.com\/wp-content\/uploads\/2026\/SK0002973-CZ20260425-091813-0-1777079894-gall_4e4c91ac-647f-41e9-906c-df55ea1eaa6830496-capalac-dire.webp","type":"image\/webp"}],"twitter_card":"summary_large_image","twitter_misc":{"Odhadovan\u00e1 doba \u010dten\u00ed":"1 minuta"},"schema":{"@context":"https:\/\/schema.org","@graph":[{"@type":"WebPage","@id":"https:\/\/www.koupelnapro.com\/index.php\/produkt\/caparol-capalac-direkt-auf-rost-ral-9005-0-75-l-levny-9304\/","url":"https:\/\/www.koupelnapro.com\/index.php\/produkt\/caparol-capalac-direkt-auf-rost-ral-9005-0-75-l-levny-9304\/","name":"Caparol Capalac Direkt auf Rost RAL 9005 0,75 l Levn\u00fd -","isPartOf":{"@id":"https:\/\/www.koupelnapro.com\/#website"},"primaryImageOfPage":{"@id":"https:\/\/www.koupelnapro.com\/index.php\/produkt\/caparol-capalac-direkt-auf-rost-ral-9005-0-75-l-levny-9304\/#primaryimage"},"image":{"@id":"https:\/\/www.koupelnapro.com\/index.php\/produkt\/caparol-capalac-direkt-auf-rost-ral-9005-0-75-l-levny-9304\/#primaryimage"},"thumbnailUrl":"https:\/\/www.koupelnapro.com\/wp-content\/uploads\/2026\/SK0002973-CZ20260425-091813-0-1777079894-gall_4e4c91ac-647f-41e9-906c-df55ea1eaa6830496-capalac-dire.webp","datePublished":"2026-04-26T09:13:25+00:00","breadcrumb":{"@id":"https:\/\/www.koupelnapro.com\/index.php\/produkt\/caparol-capalac-direkt-auf-rost-ral-9005-0-75-l-levny-9304\/#breadcrumb"},"inLanguage":"cs","potentialAction":[{"@type":"ReadAction","target":["https:\/\/www.koupelnapro.com\/index.php\/produkt\/caparol-capalac-direkt-auf-rost-ral-9005-0-75-l-levny-9304\/"]}]},{"@type":"ImageObject","inLanguage":"cs","@id":"https:\/\/www.koupelnapro.com\/index.php\/produkt\/caparol-capalac-direkt-auf-rost-ral-9005-0-75-l-levny-9304\/#primaryimage","url":"https:\/\/www.koupelnapro.com\/wp-content\/uploads\/2026\/SK0002973-CZ20260425-091813-0-1777079894-gall_4e4c91ac-647f-41e9-906c-df55ea1eaa6830496-capalac-dire.webp","contentUrl":"https:\/\/www.koupelnapro.com\/wp-content\/uploads\/2026\/SK0002973-CZ20260425-091813-0-1777079894-gall_4e4c91ac-647f-41e9-906c-df55ea1eaa6830496-capalac-dire.webp","width":420,"height":262},{"@type":"BreadcrumbList","@id":"https:\/\/www.koupelnapro.com\/index.php\/produkt\/caparol-capalac-direkt-auf-rost-ral-9005-0-75-l-levny-9304\/#breadcrumb","itemListElement":[{"@type":"ListItem","position":1,"name":"Home","item":"https:\/\/www.koupelnapro.com\/"},{"@type":"ListItem","position":2,"name":"Products","item":"https:\/\/www.koupelnapro.com\/index.php\/products\/"},{"@type":"ListItem","position":3,"name":"Caparol Capalac Direkt auf Rost RAL 9005 0,75 l Levn\u00fd"}]},{"@type":"WebSite","@id":"https:\/\/www.koupelnapro.com\/#website","url":"https:\/\/www.koupelnapro.com\/","name":"","description":"","potentialAction":[{"@type":"SearchAction","target":{"@type":"EntryPoint","urlTemplate":"https:\/\/www.koupelnapro.com\/?s={search_term_string}"},"query-input":{"@type":"PropertyValueSpecification","valueRequired":true,"valueName":"search_term_string"}}],"inLanguage":"cs"}]}},"_links":{"self":[{"href":"https:\/\/www.koupelnapro.com\/index.php\/wp-json\/wp\/v2\/product\/9304","targetHints":{"allow":["GET"]}}],"collection":[{"href":"https:\/\/www.koupelnapro.com\/index.php\/wp-json\/wp\/v2\/product"}],"about":[{"href":"https:\/\/www.koupelnapro.com\/index.php\/wp-json\/wp\/v2\/types\/product"}],"replies":[{"embeddable":true,"href":"https:\/\/www.koupelnapro.com\/index.php\/wp-json\/wp\/v2\/comments?post=9304"}],"wp:featuredmedia":[{"embeddable":true,"href":"https:\/\/www.koupelnapro.com\/index.php\/wp-json\/wp\/v2\/media\/9404"}],"wp:attachment":[{"href":"https:\/\/www.koupelnapro.com\/index.php\/wp-json\/wp\/v2\/media?parent=9304"}],"wp:term":[{"taxonomy":"product_brand","embeddable":true,"href":"https:\/\/www.koupelnapro.com\/index.php\/wp-json\/wp\/v2\/product_brand?post=9304"},{"taxonomy":"product_cat","embeddable":true,"href":"https:\/\/www.koupelnapro.com\/index.php\/wp-json\/wp\/v2\/product_cat?post=9304"},{"taxonomy":"product_tag","embeddable":true,"href":"https:\/\/www.koupelnapro.com\/index.php\/wp-json\/wp\/v2\/product_tag?post=9304"}],"curies":[{"name":"wp","href":"https:\/\/api.w.org\/{rel}","templated":true}]}}