{"id":9301,"date":"2026-04-26T09:13:25","date_gmt":"2026-04-26T09:13:25","guid":{"rendered":""},"modified":"2026-04-26T09:13:25","modified_gmt":"2026-04-26T09:13:25","slug":"nova-kolekce-caparol-capalac-direkt-auf-rost-ral-3000-2-5-l-9301","status":"publish","type":"product","link":"https:\/\/www.koupelnapro.com\/index.php\/produkt\/nova-kolekce-caparol-capalac-direkt-auf-rost-ral-3000-2-5-l-9301\/","title":{"rendered":"Nov\u00e1 Kolekce Caparol Capalac Direkt auf Rost RAL 3000  2,5 l"},"content":{"rendered":"<div class=\"tmc_edt\">\n<ul>\n<li><font face=\"Segoe UI\">Kvalitn\u00ed lakov\u00e1 vrstva na barevn\u00e9 lakov\u00e1n\u00ed a jako ochrann\u00fd n\u00e1t\u011br \u017eeleza, oceli, zinku, hlin\u00edku, m\u011bdi, star\u00fdch n\u00e1t\u011br\u016f a ostatn\u00edch problematick\u00fdch kovov\u00fdch podklad\u016f.<br \/><\/font><\/li>\n<li><font face=\"Segoe UI\">Extr\u00e9mn\u00ed ochrana proti korozi u \u017eeleza a oceli. <\/font><\/li>\n<li><font face=\"Segoe UI\"><strong>Nehod\u00ed se na materi\u00e1ly st\u0159e\u0161n\u00edch plocha na eloxovan\u00fd hlin\u00edk. <\/strong><\/font><\/li>\n<li><font face=\"Segoe UI\">B\u00edl\u00e9 odst\u00edny nepou\u017e\u00edvejte na topn\u00e1 t\u011blesa, proto\u017ee m\u016f\u017ee doch\u00e1zet ke \u017eloutnut\u00ed (pou\u017eijte lak na topn\u00e1 t\u011blesa).<br \/><\/font><\/li>\n<li><font face=\"Segoe UI\"><strong>Ochrann\u00fd lak proti korozi&nbsp;<\/strong>vytv\u00e1\u0159ej\u00edc\u00ed silnou vrstvu s vysokou kryc\u00ed schopnost\u00eda maxim\u00e1ln\u00ed odolnost\u00ed proti pov\u011btrnostn\u00edm vliv\u016fm. <\/font><\/li>\n<li><font face=\"Segoe UI\">Odpuzuje ne\u010distoty, vyzna\u010duje se zna\u010dnou povrchovou tvrdost\u00ed&nbsp;a m\u00e1 dlouhodovou \u017eivotnost.<br \/><\/font><\/li>\n<li><font face=\"Segoe UI\"><strong>Z\u00e1kladn\u00ed, ochrann\u00fd a fin\u00e1ln\u00ed n\u00e1t\u011br v jednom.<\/strong><\/font><\/li>\n<\/ul>\n<p><font face=\"Segoe UI\"><strong><font face=\"Segoe UI\"><strong>Vhodn\u00e9 podkladov\u00e9 materi\u00e1ly<\/strong><\/font><\/strong><\/font><\/p>\n<ul>\n<li><font face=\"Segoe UI\">\u017delezo, ocel, zinek, hlin\u00edk, nosn\u00e9  star\u00e9 n\u00e1t\u011br a ostatn\u00ed problematick\u00e9 kovov\u00e9 podklady. <\/font><\/li>\n<li><font face=\"Segoe UI\">Podklad mus\u00ed b\u00fdt  \u010dist\u00fd, nosn\u00fd, such\u00fd a zbaven\u00fd l\u00e1tek s odpuzuj\u00edc\u00edmi \u00fa\u010dinky. <\/font><\/li>\n<li><font face=\"Segoe UI\">Nepou\u017e\u00edvejte  na n\u00e1t\u011bry st\u0159e\u0161n\u00edch ploch a eloxovan\u00fd hlin\u00edk.<\/font><\/li>\n<\/ul>\n<p><font face=\"Segoe UI\"><strong>\u00daprava podkladov\u00e9ho materi\u00e1lu<\/strong><\/font><\/p>\n<ul>\n<li><font face=\"Segoe UI\"><strong>\u017delezo a ocel:<\/strong> zbavte koroze<br \/><font face=\"Segoe UI\"><strong><\/strong><\/font><\/font><\/li>\n<li><font face=\"Segoe UI\"><font face=\"Segoe UI\"><strong>Zinek, pozinkovan\u00e1 ocel:<\/strong> o\u010dist\u011bte \u010dpavkovou vodou s obsahem sm\u00e1\u010dedla (\u010distidlo na zinek) brusnou houbou.<\/font><\/font><\/li>\n<li><font face=\"Segoe UI\"><strong>Hlin\u00edk:<\/strong> o\u010dist\u011bte nitro\u0159edidlem nebo \u010dist\u00edc\u00edm prost\u0159edkem na b\u00e1zi kyseliny fosfore\u010dn\u00e9 brusnou houbou.<br \/><\/font><\/li>\n<li><font face=\"Segoe UI\"><strong>Star\u00e9 n\u00e1t\u011bry: <\/strong>obruste a odstra\u0148te louhem. <\/font><\/li>\n<li><font face=\"Segoe UI\">Nenosn\u00e9 n\u00e1t\u011bry odstra\u0148te.<\/font><\/li>\n<\/ul><\/div>\n<\/p><\/div>\n","protected":false},"excerpt":{"rendered":"<p>Kvalitn\u00ed lakov\u00e1 vrstva na barevn\u00e9 lakov\u00e1n\u00ed a jako ochrann\u00fd n\u00e1t\u011br \u017eeleza, oceli, zinku, hlin\u00edku, m\u011bdi, star\u00fdch n\u00e1t\u011br\u016f a ostatn\u00edch problematick\u00fdch kovov\u00fdch podklad\u016f. Extr\u00e9mn\u00ed ochrana proti korozi u \u017eeleza a oceli. Nehod\u00ed se na materi\u00e1ly st\u0159e\u0161n\u00edch plocha na eloxovan\u00fd hlin\u00edk. B\u00edl\u00e9 odst\u00edny nepou\u017e\u00edvejte na topn\u00e1 t\u011blesa, proto\u017ee m\u016f\u017ee doch\u00e1zet ke \u017eloutnut\u00ed (pou\u017eijte lak na topn\u00e1 t\u011blesa). [&hellip;]<\/p>\n","protected":false},"featured_media":9401,"comment_status":"open","ping_status":"open","template":"","meta":[],"product_brand":[],"product_cat":[62],"product_tag":[],"class_list":{"0":"post-9301","1":"product","2":"type-product","3":"status-publish","4":"has-post-thumbnail","6":"product_cat-stavebni-chemie","8":"first","9":"instock","10":"sale","11":"shipping-taxable","12":"purchasable","13":"product-type-simple"},"yoast_head":"<!-- This site is optimized with the Yoast SEO plugin v26.8 - https:\/\/yoast.com\/product\/yoast-seo-wordpress\/ -->\n<title>Nov\u00e1 Kolekce Caparol Capalac Direkt auf Rost RAL 3000 2,5 l -<\/title>\n<meta name=\"robots\" content=\"index, follow, max-snippet:-1, max-image-preview:large, max-video-preview:-1\" \/>\n<link rel=\"canonical\" href=\"https:\/\/www.koupelnapro.com\/index.php\/produkt\/nova-kolekce-caparol-capalac-direkt-auf-rost-ral-3000-2-5-l-9301\/\" \/>\n<meta property=\"og:locale\" content=\"cs_CZ\" \/>\n<meta property=\"og:type\" content=\"article\" \/>\n<meta property=\"og:title\" content=\"Nov\u00e1 Kolekce Caparol Capalac Direkt auf Rost RAL 3000 2,5 l -\" \/>\n<meta property=\"og:description\" content=\"Kvalitn\u00ed lakov\u00e1 vrstva na barevn\u00e9 lakov\u00e1n\u00ed a jako ochrann\u00fd n\u00e1t\u011br \u017eeleza, oceli, zinku, hlin\u00edku, m\u011bdi, star\u00fdch n\u00e1t\u011br\u016f a ostatn\u00edch problematick\u00fdch kovov\u00fdch podklad\u016f. Extr\u00e9mn\u00ed ochrana proti korozi u \u017eeleza a oceli. Nehod\u00ed se na materi\u00e1ly st\u0159e\u0161n\u00edch plocha na eloxovan\u00fd hlin\u00edk. B\u00edl\u00e9 odst\u00edny nepou\u017e\u00edvejte na topn\u00e1 t\u011blesa, proto\u017ee m\u016f\u017ee doch\u00e1zet ke \u017eloutnut\u00ed (pou\u017eijte lak na topn\u00e1 t\u011blesa). [&hellip;]\" \/>\n<meta property=\"og:url\" content=\"https:\/\/www.koupelnapro.com\/index.php\/produkt\/nova-kolekce-caparol-capalac-direkt-auf-rost-ral-3000-2-5-l-9301\/\" \/>\n<meta property=\"og:image\" content=\"https:\/\/www.koupelnapro.com\/wp-content\/uploads\/2026\/SK0002970-CZ20260425-091813-0-1777079894-gall_0ecd565c-d352-4f92-87d7-ccff439f3dc430491-capalac-dire.webp\" \/>\n\t<meta property=\"og:image:width\" content=\"420\" \/>\n\t<meta property=\"og:image:height\" content=\"262\" \/>\n\t<meta property=\"og:image:type\" content=\"image\/webp\" \/>\n<meta name=\"twitter:card\" content=\"summary_large_image\" \/>\n<meta name=\"twitter:label1\" content=\"Odhadovan\u00e1 doba \u010dten\u00ed\" \/>\n\t<meta name=\"twitter:data1\" content=\"1 minuta\" \/>\n<script type=\"application\/ld+json\" class=\"yoast-schema-graph\">{\"@context\":\"https:\/\/schema.org\",\"@graph\":[{\"@type\":\"WebPage\",\"@id\":\"https:\/\/www.koupelnapro.com\/index.php\/produkt\/nova-kolekce-caparol-capalac-direkt-auf-rost-ral-3000-2-5-l-9301\/\",\"url\":\"https:\/\/www.koupelnapro.com\/index.php\/produkt\/nova-kolekce-caparol-capalac-direkt-auf-rost-ral-3000-2-5-l-9301\/\",\"name\":\"Nov\u00e1 Kolekce Caparol Capalac Direkt auf Rost RAL 3000 2,5 l -\",\"isPartOf\":{\"@id\":\"https:\/\/www.koupelnapro.com\/#website\"},\"primaryImageOfPage\":{\"@id\":\"https:\/\/www.koupelnapro.com\/index.php\/produkt\/nova-kolekce-caparol-capalac-direkt-auf-rost-ral-3000-2-5-l-9301\/#primaryimage\"},\"image\":{\"@id\":\"https:\/\/www.koupelnapro.com\/index.php\/produkt\/nova-kolekce-caparol-capalac-direkt-auf-rost-ral-3000-2-5-l-9301\/#primaryimage\"},\"thumbnailUrl\":\"https:\/\/www.koupelnapro.com\/wp-content\/uploads\/2026\/SK0002970-CZ20260425-091813-0-1777079894-gall_0ecd565c-d352-4f92-87d7-ccff439f3dc430491-capalac-dire.webp\",\"datePublished\":\"2026-04-26T09:13:25+00:00\",\"breadcrumb\":{\"@id\":\"https:\/\/www.koupelnapro.com\/index.php\/produkt\/nova-kolekce-caparol-capalac-direkt-auf-rost-ral-3000-2-5-l-9301\/#breadcrumb\"},\"inLanguage\":\"cs\",\"potentialAction\":[{\"@type\":\"ReadAction\",\"target\":[\"https:\/\/www.koupelnapro.com\/index.php\/produkt\/nova-kolekce-caparol-capalac-direkt-auf-rost-ral-3000-2-5-l-9301\/\"]}]},{\"@type\":\"ImageObject\",\"inLanguage\":\"cs\",\"@id\":\"https:\/\/www.koupelnapro.com\/index.php\/produkt\/nova-kolekce-caparol-capalac-direkt-auf-rost-ral-3000-2-5-l-9301\/#primaryimage\",\"url\":\"https:\/\/www.koupelnapro.com\/wp-content\/uploads\/2026\/SK0002970-CZ20260425-091813-0-1777079894-gall_0ecd565c-d352-4f92-87d7-ccff439f3dc430491-capalac-dire.webp\",\"contentUrl\":\"https:\/\/www.koupelnapro.com\/wp-content\/uploads\/2026\/SK0002970-CZ20260425-091813-0-1777079894-gall_0ecd565c-d352-4f92-87d7-ccff439f3dc430491-capalac-dire.webp\",\"width\":420,\"height\":262},{\"@type\":\"BreadcrumbList\",\"@id\":\"https:\/\/www.koupelnapro.com\/index.php\/produkt\/nova-kolekce-caparol-capalac-direkt-auf-rost-ral-3000-2-5-l-9301\/#breadcrumb\",\"itemListElement\":[{\"@type\":\"ListItem\",\"position\":1,\"name\":\"Home\",\"item\":\"https:\/\/www.koupelnapro.com\/\"},{\"@type\":\"ListItem\",\"position\":2,\"name\":\"Products\",\"item\":\"https:\/\/www.koupelnapro.com\/index.php\/products\/\"},{\"@type\":\"ListItem\",\"position\":3,\"name\":\"Nov\u00e1 Kolekce Caparol Capalac Direkt auf Rost RAL 3000 2,5 l\"}]},{\"@type\":\"WebSite\",\"@id\":\"https:\/\/www.koupelnapro.com\/#website\",\"url\":\"https:\/\/www.koupelnapro.com\/\",\"name\":\"\",\"description\":\"\",\"potentialAction\":[{\"@type\":\"SearchAction\",\"target\":{\"@type\":\"EntryPoint\",\"urlTemplate\":\"https:\/\/www.koupelnapro.com\/?s={search_term_string}\"},\"query-input\":{\"@type\":\"PropertyValueSpecification\",\"valueRequired\":true,\"valueName\":\"search_term_string\"}}],\"inLanguage\":\"cs\"}]}<\/script>\n<!-- \/ Yoast SEO plugin. -->","yoast_head_json":{"title":"Nov\u00e1 Kolekce Caparol Capalac Direkt auf Rost RAL 3000 2,5 l -","robots":{"index":"index","follow":"follow","max-snippet":"max-snippet:-1","max-image-preview":"max-image-preview:large","max-video-preview":"max-video-preview:-1"},"canonical":"https:\/\/www.koupelnapro.com\/index.php\/produkt\/nova-kolekce-caparol-capalac-direkt-auf-rost-ral-3000-2-5-l-9301\/","og_locale":"cs_CZ","og_type":"article","og_title":"Nov\u00e1 Kolekce Caparol Capalac Direkt auf Rost RAL 3000 2,5 l -","og_description":"Kvalitn\u00ed lakov\u00e1 vrstva na barevn\u00e9 lakov\u00e1n\u00ed a jako ochrann\u00fd n\u00e1t\u011br \u017eeleza, oceli, zinku, hlin\u00edku, m\u011bdi, star\u00fdch n\u00e1t\u011br\u016f a ostatn\u00edch problematick\u00fdch kovov\u00fdch podklad\u016f. Extr\u00e9mn\u00ed ochrana proti korozi u \u017eeleza a oceli. Nehod\u00ed se na materi\u00e1ly st\u0159e\u0161n\u00edch plocha na eloxovan\u00fd hlin\u00edk. B\u00edl\u00e9 odst\u00edny nepou\u017e\u00edvejte na topn\u00e1 t\u011blesa, proto\u017ee m\u016f\u017ee doch\u00e1zet ke \u017eloutnut\u00ed (pou\u017eijte lak na topn\u00e1 t\u011blesa). [&hellip;]","og_url":"https:\/\/www.koupelnapro.com\/index.php\/produkt\/nova-kolekce-caparol-capalac-direkt-auf-rost-ral-3000-2-5-l-9301\/","og_image":[{"width":420,"height":262,"url":"https:\/\/www.koupelnapro.com\/wp-content\/uploads\/2026\/SK0002970-CZ20260425-091813-0-1777079894-gall_0ecd565c-d352-4f92-87d7-ccff439f3dc430491-capalac-dire.webp","type":"image\/webp"}],"twitter_card":"summary_large_image","twitter_misc":{"Odhadovan\u00e1 doba \u010dten\u00ed":"1 minuta"},"schema":{"@context":"https:\/\/schema.org","@graph":[{"@type":"WebPage","@id":"https:\/\/www.koupelnapro.com\/index.php\/produkt\/nova-kolekce-caparol-capalac-direkt-auf-rost-ral-3000-2-5-l-9301\/","url":"https:\/\/www.koupelnapro.com\/index.php\/produkt\/nova-kolekce-caparol-capalac-direkt-auf-rost-ral-3000-2-5-l-9301\/","name":"Nov\u00e1 Kolekce Caparol Capalac Direkt auf Rost RAL 3000 2,5 l -","isPartOf":{"@id":"https:\/\/www.koupelnapro.com\/#website"},"primaryImageOfPage":{"@id":"https:\/\/www.koupelnapro.com\/index.php\/produkt\/nova-kolekce-caparol-capalac-direkt-auf-rost-ral-3000-2-5-l-9301\/#primaryimage"},"image":{"@id":"https:\/\/www.koupelnapro.com\/index.php\/produkt\/nova-kolekce-caparol-capalac-direkt-auf-rost-ral-3000-2-5-l-9301\/#primaryimage"},"thumbnailUrl":"https:\/\/www.koupelnapro.com\/wp-content\/uploads\/2026\/SK0002970-CZ20260425-091813-0-1777079894-gall_0ecd565c-d352-4f92-87d7-ccff439f3dc430491-capalac-dire.webp","datePublished":"2026-04-26T09:13:25+00:00","breadcrumb":{"@id":"https:\/\/www.koupelnapro.com\/index.php\/produkt\/nova-kolekce-caparol-capalac-direkt-auf-rost-ral-3000-2-5-l-9301\/#breadcrumb"},"inLanguage":"cs","potentialAction":[{"@type":"ReadAction","target":["https:\/\/www.koupelnapro.com\/index.php\/produkt\/nova-kolekce-caparol-capalac-direkt-auf-rost-ral-3000-2-5-l-9301\/"]}]},{"@type":"ImageObject","inLanguage":"cs","@id":"https:\/\/www.koupelnapro.com\/index.php\/produkt\/nova-kolekce-caparol-capalac-direkt-auf-rost-ral-3000-2-5-l-9301\/#primaryimage","url":"https:\/\/www.koupelnapro.com\/wp-content\/uploads\/2026\/SK0002970-CZ20260425-091813-0-1777079894-gall_0ecd565c-d352-4f92-87d7-ccff439f3dc430491-capalac-dire.webp","contentUrl":"https:\/\/www.koupelnapro.com\/wp-content\/uploads\/2026\/SK0002970-CZ20260425-091813-0-1777079894-gall_0ecd565c-d352-4f92-87d7-ccff439f3dc430491-capalac-dire.webp","width":420,"height":262},{"@type":"BreadcrumbList","@id":"https:\/\/www.koupelnapro.com\/index.php\/produkt\/nova-kolekce-caparol-capalac-direkt-auf-rost-ral-3000-2-5-l-9301\/#breadcrumb","itemListElement":[{"@type":"ListItem","position":1,"name":"Home","item":"https:\/\/www.koupelnapro.com\/"},{"@type":"ListItem","position":2,"name":"Products","item":"https:\/\/www.koupelnapro.com\/index.php\/products\/"},{"@type":"ListItem","position":3,"name":"Nov\u00e1 Kolekce Caparol Capalac Direkt auf Rost RAL 3000 2,5 l"}]},{"@type":"WebSite","@id":"https:\/\/www.koupelnapro.com\/#website","url":"https:\/\/www.koupelnapro.com\/","name":"","description":"","potentialAction":[{"@type":"SearchAction","target":{"@type":"EntryPoint","urlTemplate":"https:\/\/www.koupelnapro.com\/?s={search_term_string}"},"query-input":{"@type":"PropertyValueSpecification","valueRequired":true,"valueName":"search_term_string"}}],"inLanguage":"cs"}]}},"_links":{"self":[{"href":"https:\/\/www.koupelnapro.com\/index.php\/wp-json\/wp\/v2\/product\/9301","targetHints":{"allow":["GET"]}}],"collection":[{"href":"https:\/\/www.koupelnapro.com\/index.php\/wp-json\/wp\/v2\/product"}],"about":[{"href":"https:\/\/www.koupelnapro.com\/index.php\/wp-json\/wp\/v2\/types\/product"}],"replies":[{"embeddable":true,"href":"https:\/\/www.koupelnapro.com\/index.php\/wp-json\/wp\/v2\/comments?post=9301"}],"wp:featuredmedia":[{"embeddable":true,"href":"https:\/\/www.koupelnapro.com\/index.php\/wp-json\/wp\/v2\/media\/9401"}],"wp:attachment":[{"href":"https:\/\/www.koupelnapro.com\/index.php\/wp-json\/wp\/v2\/media?parent=9301"}],"wp:term":[{"taxonomy":"product_brand","embeddable":true,"href":"https:\/\/www.koupelnapro.com\/index.php\/wp-json\/wp\/v2\/product_brand?post=9301"},{"taxonomy":"product_cat","embeddable":true,"href":"https:\/\/www.koupelnapro.com\/index.php\/wp-json\/wp\/v2\/product_cat?post=9301"},{"taxonomy":"product_tag","embeddable":true,"href":"https:\/\/www.koupelnapro.com\/index.php\/wp-json\/wp\/v2\/product_tag?post=9301"}],"curies":[{"name":"wp","href":"https:\/\/api.w.org\/{rel}","templated":true}]}}