{"id":9149,"date":"2026-04-26T09:13:24","date_gmt":"2026-04-26T09:13:24","guid":{"rendered":""},"modified":"2026-04-26T09:13:24","modified_gmt":"2026-04-26T09:13:24","slug":"finalni-vyprodej-stachema-pool-laguna-ph-plus-0-9-kg-9149","status":"publish","type":"product","link":"https:\/\/www.koupelnapro.com\/index.php\/produkt\/finalni-vyprodej-stachema-pool-laguna-ph-plus-0-9-kg-9149\/","title":{"rendered":"Fin\u00e1ln\u00ed V\u00fdprodej Stachema POOL-LAGUNA pH plus 0,9 kg"},"content":{"rendered":"<div class=\"tmc_edt\">\n<ul>\n<li><font face=\"Segoe UI\">P\u0159\u00edpravek&nbsp;<strong>je&nbsp;ur\u010den ke&nbsp;zv\u00fd\u0161en\u00ed&nbsp;hodnoty pH&nbsp;baz\u00e9nov\u00e9 vody. <\/strong><\/font><\/li>\n<li><font face=\"Segoe UI\"><strong>Doporu\u010den\u00e1 hodnota pH <\/strong>baz\u00e9nov\u00e9 vody se pohybuje v rozmez\u00ed 6,8\u20137,6. <\/font><\/li>\n<li><font face=\"Segoe UI\">V tomto rozsahu je d\u00e1no nejv\u011bt\u0161\u00ed p\u016fsoben\u00ed chloru bez vedlej\u0161\u00edch vliv\u016f. <\/font><\/li>\n<li><font face=\"Segoe UI\">Na hodnot\u011b pH z\u00e1vis\u00ed p\u0159\u00edjemn\u00fd pocit p\u0159i koup\u00e1n\u00ed, spr\u00e1vn\u00e1 funkce za\u0159\u00edzen\u00ed apod. <\/font><\/li>\n<li><font face=\"Segoe UI\">Kontrola pH mus\u00ed b\u00fdt prov\u00e1d\u011bna <strong>minim\u00e1ln\u011b 1x t\u00fddn\u011b <\/strong>pomoc\u00ed testovac\u00ed soupravy. <\/font><\/li>\n<li><font face=\"Segoe UI\">P\u0159i pH pod 6,8 m\u016f\u017ee doch\u00e1zet ke zv\u00fd\u0161en\u00e9 korozi kovu a betonu, blednut\u00ed barev baz\u00e9nu a tak\u00e9 k podr\u00e1\u017ed\u011bn\u00ed o\u010d\u00ed a poko\u017eky. <\/font><\/li>\n<li><font face=\"Segoe UI\"><strong>N\u00e1vod k pou\u017eit\u00ed:&nbsp;&nbsp;&nbsp; <\/strong>P\u0159\u00edpravek se d\u00e1vkuje pro zv\u00fd\u0161en\u00ed hodnoty pH do rozmez\u00ed hodnot 6,8\u20137,6. <\/font><\/li>\n<li><font face=\"Segoe UI\"><strong>D\u00e1vkuje se po rozpu\u0161t\u011bn\u00ed v n\u00e1dob\u011b p\u0159\u00edmo do baz\u00e9nu p\u0159i zapnut\u00e9m filtra\u010dn\u00edm za\u0159\u00edzen\u00ed. <\/strong><\/font><\/li>\n<\/ul><\/div>\n<\/p><\/div>\n","protected":false},"excerpt":{"rendered":"<p>P\u0159\u00edpravek&nbsp;je&nbsp;ur\u010den ke&nbsp;zv\u00fd\u0161en\u00ed&nbsp;hodnoty pH&nbsp;baz\u00e9nov\u00e9 vody. Doporu\u010den\u00e1 hodnota pH baz\u00e9nov\u00e9 vody se pohybuje v rozmez\u00ed 6,8\u20137,6. V tomto rozsahu je d\u00e1no nejv\u011bt\u0161\u00ed p\u016fsoben\u00ed chloru bez vedlej\u0161\u00edch vliv\u016f. Na hodnot\u011b pH z\u00e1vis\u00ed p\u0159\u00edjemn\u00fd pocit p\u0159i koup\u00e1n\u00ed, spr\u00e1vn\u00e1 funkce za\u0159\u00edzen\u00ed apod. Kontrola pH mus\u00ed b\u00fdt prov\u00e1d\u011bna minim\u00e1ln\u011b 1x t\u00fddn\u011b pomoc\u00ed testovac\u00ed soupravy. P\u0159i pH pod 6,8 m\u016f\u017ee doch\u00e1zet ke [&hellip;]<\/p>\n","protected":false},"featured_media":9249,"comment_status":"open","ping_status":"open","template":"","meta":[],"product_brand":[],"product_cat":[61],"product_tag":[],"class_list":{"0":"post-9149","1":"product","2":"type-product","3":"status-publish","4":"has-post-thumbnail","6":"product_cat-dum-a-zahrada","8":"first","9":"instock","10":"sale","11":"shipping-taxable","12":"purchasable","13":"product-type-simple"},"yoast_head":"<!-- This site is optimized with the Yoast SEO plugin v26.8 - https:\/\/yoast.com\/product\/yoast-seo-wordpress\/ -->\n<title>Fin\u00e1ln\u00ed V\u00fdprodej Stachema POOL-LAGUNA pH plus 0,9 kg -<\/title>\n<meta name=\"robots\" content=\"index, follow, max-snippet:-1, max-image-preview:large, max-video-preview:-1\" \/>\n<link rel=\"canonical\" href=\"https:\/\/www.koupelnapro.com\/index.php\/produkt\/finalni-vyprodej-stachema-pool-laguna-ph-plus-0-9-kg-9149\/\" \/>\n<meta property=\"og:locale\" content=\"cs_CZ\" \/>\n<meta property=\"og:type\" content=\"article\" \/>\n<meta property=\"og:title\" content=\"Fin\u00e1ln\u00ed V\u00fdprodej Stachema POOL-LAGUNA pH plus 0,9 kg -\" \/>\n<meta property=\"og:description\" content=\"P\u0159\u00edpravek&nbsp;je&nbsp;ur\u010den ke&nbsp;zv\u00fd\u0161en\u00ed&nbsp;hodnoty pH&nbsp;baz\u00e9nov\u00e9 vody. Doporu\u010den\u00e1 hodnota pH baz\u00e9nov\u00e9 vody se pohybuje v rozmez\u00ed 6,8\u20137,6. V tomto rozsahu je d\u00e1no nejv\u011bt\u0161\u00ed p\u016fsoben\u00ed chloru bez vedlej\u0161\u00edch vliv\u016f. Na hodnot\u011b pH z\u00e1vis\u00ed p\u0159\u00edjemn\u00fd pocit p\u0159i koup\u00e1n\u00ed, spr\u00e1vn\u00e1 funkce za\u0159\u00edzen\u00ed apod. Kontrola pH mus\u00ed b\u00fdt prov\u00e1d\u011bna minim\u00e1ln\u011b 1x t\u00fddn\u011b pomoc\u00ed testovac\u00ed soupravy. P\u0159i pH pod 6,8 m\u016f\u017ee doch\u00e1zet ke [&hellip;]\" \/>\n<meta property=\"og:url\" content=\"https:\/\/www.koupelnapro.com\/index.php\/produkt\/finalni-vyprodej-stachema-pool-laguna-ph-plus-0-9-kg-9149\/\" \/>\n<meta property=\"og:image\" content=\"https:\/\/www.koupelnapro.com\/wp-content\/uploads\/2026\/SK0002915-CZ20260425-091813-0-1777079894-gall_842991ed-0d2f-4e26-a5fe-219710df7a6028961-stachema-poo.webp\" \/>\n\t<meta property=\"og:image:width\" content=\"420\" \/>\n\t<meta property=\"og:image:height\" content=\"233\" \/>\n\t<meta property=\"og:image:type\" content=\"image\/webp\" \/>\n<meta name=\"twitter:card\" content=\"summary_large_image\" \/>\n<meta name=\"twitter:label1\" content=\"Odhadovan\u00e1 doba \u010dten\u00ed\" \/>\n\t<meta name=\"twitter:data1\" content=\"1 minuta\" \/>\n<script type=\"application\/ld+json\" class=\"yoast-schema-graph\">{\"@context\":\"https:\/\/schema.org\",\"@graph\":[{\"@type\":\"WebPage\",\"@id\":\"https:\/\/www.koupelnapro.com\/index.php\/produkt\/finalni-vyprodej-stachema-pool-laguna-ph-plus-0-9-kg-9149\/\",\"url\":\"https:\/\/www.koupelnapro.com\/index.php\/produkt\/finalni-vyprodej-stachema-pool-laguna-ph-plus-0-9-kg-9149\/\",\"name\":\"Fin\u00e1ln\u00ed V\u00fdprodej Stachema POOL-LAGUNA pH plus 0,9 kg -\",\"isPartOf\":{\"@id\":\"https:\/\/www.koupelnapro.com\/#website\"},\"primaryImageOfPage\":{\"@id\":\"https:\/\/www.koupelnapro.com\/index.php\/produkt\/finalni-vyprodej-stachema-pool-laguna-ph-plus-0-9-kg-9149\/#primaryimage\"},\"image\":{\"@id\":\"https:\/\/www.koupelnapro.com\/index.php\/produkt\/finalni-vyprodej-stachema-pool-laguna-ph-plus-0-9-kg-9149\/#primaryimage\"},\"thumbnailUrl\":\"https:\/\/www.koupelnapro.com\/wp-content\/uploads\/2026\/SK0002915-CZ20260425-091813-0-1777079894-gall_842991ed-0d2f-4e26-a5fe-219710df7a6028961-stachema-poo.webp\",\"datePublished\":\"2026-04-26T09:13:24+00:00\",\"breadcrumb\":{\"@id\":\"https:\/\/www.koupelnapro.com\/index.php\/produkt\/finalni-vyprodej-stachema-pool-laguna-ph-plus-0-9-kg-9149\/#breadcrumb\"},\"inLanguage\":\"cs\",\"potentialAction\":[{\"@type\":\"ReadAction\",\"target\":[\"https:\/\/www.koupelnapro.com\/index.php\/produkt\/finalni-vyprodej-stachema-pool-laguna-ph-plus-0-9-kg-9149\/\"]}]},{\"@type\":\"ImageObject\",\"inLanguage\":\"cs\",\"@id\":\"https:\/\/www.koupelnapro.com\/index.php\/produkt\/finalni-vyprodej-stachema-pool-laguna-ph-plus-0-9-kg-9149\/#primaryimage\",\"url\":\"https:\/\/www.koupelnapro.com\/wp-content\/uploads\/2026\/SK0002915-CZ20260425-091813-0-1777079894-gall_842991ed-0d2f-4e26-a5fe-219710df7a6028961-stachema-poo.webp\",\"contentUrl\":\"https:\/\/www.koupelnapro.com\/wp-content\/uploads\/2026\/SK0002915-CZ20260425-091813-0-1777079894-gall_842991ed-0d2f-4e26-a5fe-219710df7a6028961-stachema-poo.webp\",\"width\":420,\"height\":233},{\"@type\":\"BreadcrumbList\",\"@id\":\"https:\/\/www.koupelnapro.com\/index.php\/produkt\/finalni-vyprodej-stachema-pool-laguna-ph-plus-0-9-kg-9149\/#breadcrumb\",\"itemListElement\":[{\"@type\":\"ListItem\",\"position\":1,\"name\":\"Home\",\"item\":\"https:\/\/www.koupelnapro.com\/\"},{\"@type\":\"ListItem\",\"position\":2,\"name\":\"Products\",\"item\":\"https:\/\/www.koupelnapro.com\/index.php\/products\/\"},{\"@type\":\"ListItem\",\"position\":3,\"name\":\"Fin\u00e1ln\u00ed V\u00fdprodej Stachema POOL-LAGUNA pH plus 0,9 kg\"}]},{\"@type\":\"WebSite\",\"@id\":\"https:\/\/www.koupelnapro.com\/#website\",\"url\":\"https:\/\/www.koupelnapro.com\/\",\"name\":\"\",\"description\":\"\",\"potentialAction\":[{\"@type\":\"SearchAction\",\"target\":{\"@type\":\"EntryPoint\",\"urlTemplate\":\"https:\/\/www.koupelnapro.com\/?s={search_term_string}\"},\"query-input\":{\"@type\":\"PropertyValueSpecification\",\"valueRequired\":true,\"valueName\":\"search_term_string\"}}],\"inLanguage\":\"cs\"}]}<\/script>\n<!-- \/ Yoast SEO plugin. -->","yoast_head_json":{"title":"Fin\u00e1ln\u00ed V\u00fdprodej Stachema POOL-LAGUNA pH plus 0,9 kg -","robots":{"index":"index","follow":"follow","max-snippet":"max-snippet:-1","max-image-preview":"max-image-preview:large","max-video-preview":"max-video-preview:-1"},"canonical":"https:\/\/www.koupelnapro.com\/index.php\/produkt\/finalni-vyprodej-stachema-pool-laguna-ph-plus-0-9-kg-9149\/","og_locale":"cs_CZ","og_type":"article","og_title":"Fin\u00e1ln\u00ed V\u00fdprodej Stachema POOL-LAGUNA pH plus 0,9 kg -","og_description":"P\u0159\u00edpravek&nbsp;je&nbsp;ur\u010den ke&nbsp;zv\u00fd\u0161en\u00ed&nbsp;hodnoty pH&nbsp;baz\u00e9nov\u00e9 vody. Doporu\u010den\u00e1 hodnota pH baz\u00e9nov\u00e9 vody se pohybuje v rozmez\u00ed 6,8\u20137,6. V tomto rozsahu je d\u00e1no nejv\u011bt\u0161\u00ed p\u016fsoben\u00ed chloru bez vedlej\u0161\u00edch vliv\u016f. Na hodnot\u011b pH z\u00e1vis\u00ed p\u0159\u00edjemn\u00fd pocit p\u0159i koup\u00e1n\u00ed, spr\u00e1vn\u00e1 funkce za\u0159\u00edzen\u00ed apod. Kontrola pH mus\u00ed b\u00fdt prov\u00e1d\u011bna minim\u00e1ln\u011b 1x t\u00fddn\u011b pomoc\u00ed testovac\u00ed soupravy. P\u0159i pH pod 6,8 m\u016f\u017ee doch\u00e1zet ke [&hellip;]","og_url":"https:\/\/www.koupelnapro.com\/index.php\/produkt\/finalni-vyprodej-stachema-pool-laguna-ph-plus-0-9-kg-9149\/","og_image":[{"width":420,"height":233,"url":"https:\/\/www.koupelnapro.com\/wp-content\/uploads\/2026\/SK0002915-CZ20260425-091813-0-1777079894-gall_842991ed-0d2f-4e26-a5fe-219710df7a6028961-stachema-poo.webp","type":"image\/webp"}],"twitter_card":"summary_large_image","twitter_misc":{"Odhadovan\u00e1 doba \u010dten\u00ed":"1 minuta"},"schema":{"@context":"https:\/\/schema.org","@graph":[{"@type":"WebPage","@id":"https:\/\/www.koupelnapro.com\/index.php\/produkt\/finalni-vyprodej-stachema-pool-laguna-ph-plus-0-9-kg-9149\/","url":"https:\/\/www.koupelnapro.com\/index.php\/produkt\/finalni-vyprodej-stachema-pool-laguna-ph-plus-0-9-kg-9149\/","name":"Fin\u00e1ln\u00ed V\u00fdprodej Stachema POOL-LAGUNA pH plus 0,9 kg -","isPartOf":{"@id":"https:\/\/www.koupelnapro.com\/#website"},"primaryImageOfPage":{"@id":"https:\/\/www.koupelnapro.com\/index.php\/produkt\/finalni-vyprodej-stachema-pool-laguna-ph-plus-0-9-kg-9149\/#primaryimage"},"image":{"@id":"https:\/\/www.koupelnapro.com\/index.php\/produkt\/finalni-vyprodej-stachema-pool-laguna-ph-plus-0-9-kg-9149\/#primaryimage"},"thumbnailUrl":"https:\/\/www.koupelnapro.com\/wp-content\/uploads\/2026\/SK0002915-CZ20260425-091813-0-1777079894-gall_842991ed-0d2f-4e26-a5fe-219710df7a6028961-stachema-poo.webp","datePublished":"2026-04-26T09:13:24+00:00","breadcrumb":{"@id":"https:\/\/www.koupelnapro.com\/index.php\/produkt\/finalni-vyprodej-stachema-pool-laguna-ph-plus-0-9-kg-9149\/#breadcrumb"},"inLanguage":"cs","potentialAction":[{"@type":"ReadAction","target":["https:\/\/www.koupelnapro.com\/index.php\/produkt\/finalni-vyprodej-stachema-pool-laguna-ph-plus-0-9-kg-9149\/"]}]},{"@type":"ImageObject","inLanguage":"cs","@id":"https:\/\/www.koupelnapro.com\/index.php\/produkt\/finalni-vyprodej-stachema-pool-laguna-ph-plus-0-9-kg-9149\/#primaryimage","url":"https:\/\/www.koupelnapro.com\/wp-content\/uploads\/2026\/SK0002915-CZ20260425-091813-0-1777079894-gall_842991ed-0d2f-4e26-a5fe-219710df7a6028961-stachema-poo.webp","contentUrl":"https:\/\/www.koupelnapro.com\/wp-content\/uploads\/2026\/SK0002915-CZ20260425-091813-0-1777079894-gall_842991ed-0d2f-4e26-a5fe-219710df7a6028961-stachema-poo.webp","width":420,"height":233},{"@type":"BreadcrumbList","@id":"https:\/\/www.koupelnapro.com\/index.php\/produkt\/finalni-vyprodej-stachema-pool-laguna-ph-plus-0-9-kg-9149\/#breadcrumb","itemListElement":[{"@type":"ListItem","position":1,"name":"Home","item":"https:\/\/www.koupelnapro.com\/"},{"@type":"ListItem","position":2,"name":"Products","item":"https:\/\/www.koupelnapro.com\/index.php\/products\/"},{"@type":"ListItem","position":3,"name":"Fin\u00e1ln\u00ed V\u00fdprodej Stachema POOL-LAGUNA pH plus 0,9 kg"}]},{"@type":"WebSite","@id":"https:\/\/www.koupelnapro.com\/#website","url":"https:\/\/www.koupelnapro.com\/","name":"","description":"","potentialAction":[{"@type":"SearchAction","target":{"@type":"EntryPoint","urlTemplate":"https:\/\/www.koupelnapro.com\/?s={search_term_string}"},"query-input":{"@type":"PropertyValueSpecification","valueRequired":true,"valueName":"search_term_string"}}],"inLanguage":"cs"}]}},"_links":{"self":[{"href":"https:\/\/www.koupelnapro.com\/index.php\/wp-json\/wp\/v2\/product\/9149","targetHints":{"allow":["GET"]}}],"collection":[{"href":"https:\/\/www.koupelnapro.com\/index.php\/wp-json\/wp\/v2\/product"}],"about":[{"href":"https:\/\/www.koupelnapro.com\/index.php\/wp-json\/wp\/v2\/types\/product"}],"replies":[{"embeddable":true,"href":"https:\/\/www.koupelnapro.com\/index.php\/wp-json\/wp\/v2\/comments?post=9149"}],"wp:featuredmedia":[{"embeddable":true,"href":"https:\/\/www.koupelnapro.com\/index.php\/wp-json\/wp\/v2\/media\/9249"}],"wp:attachment":[{"href":"https:\/\/www.koupelnapro.com\/index.php\/wp-json\/wp\/v2\/media?parent=9149"}],"wp:term":[{"taxonomy":"product_brand","embeddable":true,"href":"https:\/\/www.koupelnapro.com\/index.php\/wp-json\/wp\/v2\/product_brand?post=9149"},{"taxonomy":"product_cat","embeddable":true,"href":"https:\/\/www.koupelnapro.com\/index.php\/wp-json\/wp\/v2\/product_cat?post=9149"},{"taxonomy":"product_tag","embeddable":true,"href":"https:\/\/www.koupelnapro.com\/index.php\/wp-json\/wp\/v2\/product_tag?post=9149"}],"curies":[{"name":"wp","href":"https:\/\/api.w.org\/{rel}","templated":true}]}}