{"id":9123,"date":"2026-04-26T09:13:24","date_gmt":"2026-04-26T09:13:24","guid":{"rendered":""},"modified":"2026-04-26T09:13:24","modified_gmt":"2026-04-26T09:13:24","slug":"sheron-autolekarna-cervena-kortex-cz-206-2018-sb-znackovy-9123","status":"publish","type":"product","link":"https:\/\/www.koupelnapro.com\/index.php\/produkt\/sheron-autolekarna-cervena-kortex-cz-206-2018-sb-znackovy-9123\/","title":{"rendered":"SHERON Autol\u00e9k\u00e1rna \u010derven\u00e1 kortex CZ 206\/2018 Sb. Zna\u010dkov\u00fd"},"content":{"rendered":"<div class=\"tmc_edt\">\n<ul>\n<li>Kvalitn\u00ed v\u00fdrobek odpov\u00eddaj\u00edc\u00ed platn\u00fdm vyhl\u00e1\u0161k\u00e1m. <\/li>\n<li>Uchov\u00e1vejte l\u00e9karni\u010dku v uzav\u0159en\u00e9m prostoru bez p\u0159\u00edstupu slune\u010dn\u00edho za\u0159\u00edzen\u00ed.<\/li>\n<li>M\u011bjte ji v\u017edy p\u0159i ruce<\/li>\n<li><strong>Dodr\u017eujte pros\u00edm po\u017eadavky v\u00fdrobce automobilu dle technick\u00e9 dokumentace vozu.<\/strong><\/li>\n<\/ul><\/div>\n<\/p><\/div>\n","protected":false},"excerpt":{"rendered":"<p>Kvalitn\u00ed v\u00fdrobek odpov\u00eddaj\u00edc\u00ed platn\u00fdm vyhl\u00e1\u0161k\u00e1m. Uchov\u00e1vejte l\u00e9karni\u010dku v uzav\u0159en\u00e9m prostoru bez p\u0159\u00edstupu slune\u010dn\u00edho za\u0159\u00edzen\u00ed. M\u011bjte ji v\u017edy p\u0159i ruce Dodr\u017eujte pros\u00edm po\u017eadavky v\u00fdrobce automobilu dle technick\u00e9 dokumentace vozu.<\/p>\n","protected":false},"featured_media":9223,"comment_status":"open","ping_status":"open","template":"","meta":[],"product_brand":[],"product_cat":[61],"product_tag":[],"class_list":{"0":"post-9123","1":"product","2":"type-product","3":"status-publish","4":"has-post-thumbnail","6":"product_cat-dum-a-zahrada","8":"first","9":"instock","10":"sale","11":"shipping-taxable","12":"purchasable","13":"product-type-simple"},"yoast_head":"<!-- This site is optimized with the Yoast SEO plugin v26.8 - https:\/\/yoast.com\/product\/yoast-seo-wordpress\/ -->\n<title>SHERON Autol\u00e9k\u00e1rna \u010derven\u00e1 kortex CZ 206\/2018 Sb. Zna\u010dkov\u00fd -<\/title>\n<meta name=\"robots\" content=\"index, follow, max-snippet:-1, max-image-preview:large, max-video-preview:-1\" \/>\n<link rel=\"canonical\" href=\"https:\/\/www.koupelnapro.com\/index.php\/produkt\/sheron-autolekarna-cervena-kortex-cz-206-2018-sb-znackovy-9123\/\" \/>\n<meta property=\"og:locale\" content=\"cs_CZ\" \/>\n<meta property=\"og:type\" content=\"article\" \/>\n<meta property=\"og:title\" content=\"SHERON Autol\u00e9k\u00e1rna \u010derven\u00e1 kortex CZ 206\/2018 Sb. Zna\u010dkov\u00fd -\" \/>\n<meta property=\"og:description\" content=\"Kvalitn\u00ed v\u00fdrobek odpov\u00eddaj\u00edc\u00ed platn\u00fdm vyhl\u00e1\u0161k\u00e1m. Uchov\u00e1vejte l\u00e9karni\u010dku v uzav\u0159en\u00e9m prostoru bez p\u0159\u00edstupu slune\u010dn\u00edho za\u0159\u00edzen\u00ed. M\u011bjte ji v\u017edy p\u0159i ruce Dodr\u017eujte pros\u00edm po\u017eadavky v\u00fdrobce automobilu dle technick\u00e9 dokumentace vozu.\" \/>\n<meta property=\"og:url\" content=\"https:\/\/www.koupelnapro.com\/index.php\/produkt\/sheron-autolekarna-cervena-kortex-cz-206-2018-sb-znackovy-9123\/\" \/>\n<meta property=\"og:image\" content=\"https:\/\/www.koupelnapro.com\/wp-content\/uploads\/2026\/SK0002889-CZ20260425-091813-0-1777079894-gall_45a5ed96-6528-4545-8e55-020cb310c06927164-sheron-autol.webp\" \/>\n\t<meta property=\"og:image:width\" content=\"420\" \/>\n\t<meta property=\"og:image:height\" content=\"273\" \/>\n\t<meta property=\"og:image:type\" content=\"image\/webp\" \/>\n<meta name=\"twitter:card\" content=\"summary_large_image\" \/>\n<script type=\"application\/ld+json\" class=\"yoast-schema-graph\">{\"@context\":\"https:\/\/schema.org\",\"@graph\":[{\"@type\":\"WebPage\",\"@id\":\"https:\/\/www.koupelnapro.com\/index.php\/produkt\/sheron-autolekarna-cervena-kortex-cz-206-2018-sb-znackovy-9123\/\",\"url\":\"https:\/\/www.koupelnapro.com\/index.php\/produkt\/sheron-autolekarna-cervena-kortex-cz-206-2018-sb-znackovy-9123\/\",\"name\":\"SHERON Autol\u00e9k\u00e1rna \u010derven\u00e1 kortex CZ 206\/2018 Sb. Zna\u010dkov\u00fd -\",\"isPartOf\":{\"@id\":\"https:\/\/www.koupelnapro.com\/#website\"},\"primaryImageOfPage\":{\"@id\":\"https:\/\/www.koupelnapro.com\/index.php\/produkt\/sheron-autolekarna-cervena-kortex-cz-206-2018-sb-znackovy-9123\/#primaryimage\"},\"image\":{\"@id\":\"https:\/\/www.koupelnapro.com\/index.php\/produkt\/sheron-autolekarna-cervena-kortex-cz-206-2018-sb-znackovy-9123\/#primaryimage\"},\"thumbnailUrl\":\"https:\/\/www.koupelnapro.com\/wp-content\/uploads\/2026\/SK0002889-CZ20260425-091813-0-1777079894-gall_45a5ed96-6528-4545-8e55-020cb310c06927164-sheron-autol.webp\",\"datePublished\":\"2026-04-26T09:13:24+00:00\",\"breadcrumb\":{\"@id\":\"https:\/\/www.koupelnapro.com\/index.php\/produkt\/sheron-autolekarna-cervena-kortex-cz-206-2018-sb-znackovy-9123\/#breadcrumb\"},\"inLanguage\":\"cs\",\"potentialAction\":[{\"@type\":\"ReadAction\",\"target\":[\"https:\/\/www.koupelnapro.com\/index.php\/produkt\/sheron-autolekarna-cervena-kortex-cz-206-2018-sb-znackovy-9123\/\"]}]},{\"@type\":\"ImageObject\",\"inLanguage\":\"cs\",\"@id\":\"https:\/\/www.koupelnapro.com\/index.php\/produkt\/sheron-autolekarna-cervena-kortex-cz-206-2018-sb-znackovy-9123\/#primaryimage\",\"url\":\"https:\/\/www.koupelnapro.com\/wp-content\/uploads\/2026\/SK0002889-CZ20260425-091813-0-1777079894-gall_45a5ed96-6528-4545-8e55-020cb310c06927164-sheron-autol.webp\",\"contentUrl\":\"https:\/\/www.koupelnapro.com\/wp-content\/uploads\/2026\/SK0002889-CZ20260425-091813-0-1777079894-gall_45a5ed96-6528-4545-8e55-020cb310c06927164-sheron-autol.webp\",\"width\":420,\"height\":273},{\"@type\":\"BreadcrumbList\",\"@id\":\"https:\/\/www.koupelnapro.com\/index.php\/produkt\/sheron-autolekarna-cervena-kortex-cz-206-2018-sb-znackovy-9123\/#breadcrumb\",\"itemListElement\":[{\"@type\":\"ListItem\",\"position\":1,\"name\":\"Home\",\"item\":\"https:\/\/www.koupelnapro.com\/\"},{\"@type\":\"ListItem\",\"position\":2,\"name\":\"Products\",\"item\":\"https:\/\/www.koupelnapro.com\/index.php\/products\/\"},{\"@type\":\"ListItem\",\"position\":3,\"name\":\"SHERON Autol\u00e9k\u00e1rna \u010derven\u00e1 kortex CZ 206\/2018 Sb. Zna\u010dkov\u00fd\"}]},{\"@type\":\"WebSite\",\"@id\":\"https:\/\/www.koupelnapro.com\/#website\",\"url\":\"https:\/\/www.koupelnapro.com\/\",\"name\":\"\",\"description\":\"\",\"potentialAction\":[{\"@type\":\"SearchAction\",\"target\":{\"@type\":\"EntryPoint\",\"urlTemplate\":\"https:\/\/www.koupelnapro.com\/?s={search_term_string}\"},\"query-input\":{\"@type\":\"PropertyValueSpecification\",\"valueRequired\":true,\"valueName\":\"search_term_string\"}}],\"inLanguage\":\"cs\"}]}<\/script>\n<!-- \/ Yoast SEO plugin. -->","yoast_head_json":{"title":"SHERON Autol\u00e9k\u00e1rna \u010derven\u00e1 kortex CZ 206\/2018 Sb. Zna\u010dkov\u00fd -","robots":{"index":"index","follow":"follow","max-snippet":"max-snippet:-1","max-image-preview":"max-image-preview:large","max-video-preview":"max-video-preview:-1"},"canonical":"https:\/\/www.koupelnapro.com\/index.php\/produkt\/sheron-autolekarna-cervena-kortex-cz-206-2018-sb-znackovy-9123\/","og_locale":"cs_CZ","og_type":"article","og_title":"SHERON Autol\u00e9k\u00e1rna \u010derven\u00e1 kortex CZ 206\/2018 Sb. Zna\u010dkov\u00fd -","og_description":"Kvalitn\u00ed v\u00fdrobek odpov\u00eddaj\u00edc\u00ed platn\u00fdm vyhl\u00e1\u0161k\u00e1m. Uchov\u00e1vejte l\u00e9karni\u010dku v uzav\u0159en\u00e9m prostoru bez p\u0159\u00edstupu slune\u010dn\u00edho za\u0159\u00edzen\u00ed. M\u011bjte ji v\u017edy p\u0159i ruce Dodr\u017eujte pros\u00edm po\u017eadavky v\u00fdrobce automobilu dle technick\u00e9 dokumentace vozu.","og_url":"https:\/\/www.koupelnapro.com\/index.php\/produkt\/sheron-autolekarna-cervena-kortex-cz-206-2018-sb-znackovy-9123\/","og_image":[{"width":420,"height":273,"url":"https:\/\/www.koupelnapro.com\/wp-content\/uploads\/2026\/SK0002889-CZ20260425-091813-0-1777079894-gall_45a5ed96-6528-4545-8e55-020cb310c06927164-sheron-autol.webp","type":"image\/webp"}],"twitter_card":"summary_large_image","schema":{"@context":"https:\/\/schema.org","@graph":[{"@type":"WebPage","@id":"https:\/\/www.koupelnapro.com\/index.php\/produkt\/sheron-autolekarna-cervena-kortex-cz-206-2018-sb-znackovy-9123\/","url":"https:\/\/www.koupelnapro.com\/index.php\/produkt\/sheron-autolekarna-cervena-kortex-cz-206-2018-sb-znackovy-9123\/","name":"SHERON Autol\u00e9k\u00e1rna \u010derven\u00e1 kortex CZ 206\/2018 Sb. Zna\u010dkov\u00fd -","isPartOf":{"@id":"https:\/\/www.koupelnapro.com\/#website"},"primaryImageOfPage":{"@id":"https:\/\/www.koupelnapro.com\/index.php\/produkt\/sheron-autolekarna-cervena-kortex-cz-206-2018-sb-znackovy-9123\/#primaryimage"},"image":{"@id":"https:\/\/www.koupelnapro.com\/index.php\/produkt\/sheron-autolekarna-cervena-kortex-cz-206-2018-sb-znackovy-9123\/#primaryimage"},"thumbnailUrl":"https:\/\/www.koupelnapro.com\/wp-content\/uploads\/2026\/SK0002889-CZ20260425-091813-0-1777079894-gall_45a5ed96-6528-4545-8e55-020cb310c06927164-sheron-autol.webp","datePublished":"2026-04-26T09:13:24+00:00","breadcrumb":{"@id":"https:\/\/www.koupelnapro.com\/index.php\/produkt\/sheron-autolekarna-cervena-kortex-cz-206-2018-sb-znackovy-9123\/#breadcrumb"},"inLanguage":"cs","potentialAction":[{"@type":"ReadAction","target":["https:\/\/www.koupelnapro.com\/index.php\/produkt\/sheron-autolekarna-cervena-kortex-cz-206-2018-sb-znackovy-9123\/"]}]},{"@type":"ImageObject","inLanguage":"cs","@id":"https:\/\/www.koupelnapro.com\/index.php\/produkt\/sheron-autolekarna-cervena-kortex-cz-206-2018-sb-znackovy-9123\/#primaryimage","url":"https:\/\/www.koupelnapro.com\/wp-content\/uploads\/2026\/SK0002889-CZ20260425-091813-0-1777079894-gall_45a5ed96-6528-4545-8e55-020cb310c06927164-sheron-autol.webp","contentUrl":"https:\/\/www.koupelnapro.com\/wp-content\/uploads\/2026\/SK0002889-CZ20260425-091813-0-1777079894-gall_45a5ed96-6528-4545-8e55-020cb310c06927164-sheron-autol.webp","width":420,"height":273},{"@type":"BreadcrumbList","@id":"https:\/\/www.koupelnapro.com\/index.php\/produkt\/sheron-autolekarna-cervena-kortex-cz-206-2018-sb-znackovy-9123\/#breadcrumb","itemListElement":[{"@type":"ListItem","position":1,"name":"Home","item":"https:\/\/www.koupelnapro.com\/"},{"@type":"ListItem","position":2,"name":"Products","item":"https:\/\/www.koupelnapro.com\/index.php\/products\/"},{"@type":"ListItem","position":3,"name":"SHERON Autol\u00e9k\u00e1rna \u010derven\u00e1 kortex CZ 206\/2018 Sb. Zna\u010dkov\u00fd"}]},{"@type":"WebSite","@id":"https:\/\/www.koupelnapro.com\/#website","url":"https:\/\/www.koupelnapro.com\/","name":"","description":"","potentialAction":[{"@type":"SearchAction","target":{"@type":"EntryPoint","urlTemplate":"https:\/\/www.koupelnapro.com\/?s={search_term_string}"},"query-input":{"@type":"PropertyValueSpecification","valueRequired":true,"valueName":"search_term_string"}}],"inLanguage":"cs"}]}},"_links":{"self":[{"href":"https:\/\/www.koupelnapro.com\/index.php\/wp-json\/wp\/v2\/product\/9123","targetHints":{"allow":["GET"]}}],"collection":[{"href":"https:\/\/www.koupelnapro.com\/index.php\/wp-json\/wp\/v2\/product"}],"about":[{"href":"https:\/\/www.koupelnapro.com\/index.php\/wp-json\/wp\/v2\/types\/product"}],"replies":[{"embeddable":true,"href":"https:\/\/www.koupelnapro.com\/index.php\/wp-json\/wp\/v2\/comments?post=9123"}],"wp:featuredmedia":[{"embeddable":true,"href":"https:\/\/www.koupelnapro.com\/index.php\/wp-json\/wp\/v2\/media\/9223"}],"wp:attachment":[{"href":"https:\/\/www.koupelnapro.com\/index.php\/wp-json\/wp\/v2\/media?parent=9123"}],"wp:term":[{"taxonomy":"product_brand","embeddable":true,"href":"https:\/\/www.koupelnapro.com\/index.php\/wp-json\/wp\/v2\/product_brand?post=9123"},{"taxonomy":"product_cat","embeddable":true,"href":"https:\/\/www.koupelnapro.com\/index.php\/wp-json\/wp\/v2\/product_cat?post=9123"},{"taxonomy":"product_tag","embeddable":true,"href":"https:\/\/www.koupelnapro.com\/index.php\/wp-json\/wp\/v2\/product_tag?post=9123"}],"curies":[{"name":"wp","href":"https:\/\/api.w.org\/{rel}","templated":true}]}}