{"id":9122,"date":"2026-04-26T09:13:24","date_gmt":"2026-04-26T09:13:24","guid":{"rendered":""},"modified":"2026-04-26T09:13:24","modified_gmt":"2026-04-26T09:13:24","slug":"sheron-garden-oil-4t-1-l-akcni-cena-9122","status":"publish","type":"product","link":"https:\/\/www.koupelnapro.com\/index.php\/produkt\/sheron-garden-oil-4t-1-l-akcni-cena-9122\/","title":{"rendered":"SHERON Garden Oil 4T 1 l Ak\u010dn\u00ed Cena"},"content":{"rendered":"<div class=\"tmc_edt\">\n<p>Motorov\u00fd olej, ur\u010den\u00fd pro maz\u00e1n\u00ed \u010dty\u0159dob\u00fdch benzinov\u00fdch i naftov\u00fdch motor\u016f mal\u00e9 zahradn\u00ed a zem\u011bd\u011blsk\u00e9 techniky, vy\u017eaduj\u00edc\u00ed pou\u017eit\u00ed jednostup\u0148ov\u00e9ho motorov\u00e9ho oleje.<\/p>\n<p>Nen\u00ed ur\u010den pro zimn\u00ed obdob\u00ed.<\/p>\n<\/p><\/div>\n<\/p><\/div>\n","protected":false},"excerpt":{"rendered":"<p>Motorov\u00fd olej, ur\u010den\u00fd pro maz\u00e1n\u00ed \u010dty\u0159dob\u00fdch benzinov\u00fdch i naftov\u00fdch motor\u016f mal\u00e9 zahradn\u00ed a zem\u011bd\u011blsk\u00e9 techniky, vy\u017eaduj\u00edc\u00ed pou\u017eit\u00ed jednostup\u0148ov\u00e9ho motorov\u00e9ho oleje. Nen\u00ed ur\u010den pro zimn\u00ed obdob\u00ed.<\/p>\n","protected":false},"featured_media":9222,"comment_status":"open","ping_status":"open","template":"","meta":[],"product_brand":[],"product_cat":[61],"product_tag":[],"class_list":{"0":"post-9122","1":"product","2":"type-product","3":"status-publish","4":"has-post-thumbnail","6":"product_cat-dum-a-zahrada","8":"first","9":"instock","10":"sale","11":"shipping-taxable","12":"purchasable","13":"product-type-simple"},"yoast_head":"<!-- This site is optimized with the Yoast SEO plugin v26.8 - https:\/\/yoast.com\/product\/yoast-seo-wordpress\/ -->\n<title>SHERON Garden Oil 4T 1 l Ak\u010dn\u00ed Cena -<\/title>\n<meta name=\"robots\" content=\"index, follow, max-snippet:-1, max-image-preview:large, max-video-preview:-1\" \/>\n<link rel=\"canonical\" href=\"https:\/\/www.koupelnapro.com\/index.php\/produkt\/sheron-garden-oil-4t-1-l-akcni-cena-9122\/\" \/>\n<meta property=\"og:locale\" content=\"cs_CZ\" \/>\n<meta property=\"og:type\" content=\"article\" \/>\n<meta property=\"og:title\" content=\"SHERON Garden Oil 4T 1 l Ak\u010dn\u00ed Cena -\" \/>\n<meta property=\"og:description\" content=\"Motorov\u00fd olej, ur\u010den\u00fd pro maz\u00e1n\u00ed \u010dty\u0159dob\u00fdch benzinov\u00fdch i naftov\u00fdch motor\u016f mal\u00e9 zahradn\u00ed a zem\u011bd\u011blsk\u00e9 techniky, vy\u017eaduj\u00edc\u00ed pou\u017eit\u00ed jednostup\u0148ov\u00e9ho motorov\u00e9ho oleje. Nen\u00ed ur\u010den pro zimn\u00ed obdob\u00ed.\" \/>\n<meta property=\"og:url\" content=\"https:\/\/www.koupelnapro.com\/index.php\/produkt\/sheron-garden-oil-4t-1-l-akcni-cena-9122\/\" \/>\n<meta property=\"og:image\" content=\"https:\/\/www.koupelnapro.com\/wp-content\/uploads\/2026\/SK0002888-CZ20260425-091813-0-1777079894-gall_bdd582c6-9bf0-4279-a29a-eaa41cb7cbfd27159-sheron-garde.webp\" \/>\n\t<meta property=\"og:image:width\" content=\"226\" \/>\n\t<meta property=\"og:image:height\" content=\"420\" \/>\n\t<meta property=\"og:image:type\" content=\"image\/webp\" \/>\n<meta name=\"twitter:card\" content=\"summary_large_image\" \/>\n<script type=\"application\/ld+json\" class=\"yoast-schema-graph\">{\"@context\":\"https:\/\/schema.org\",\"@graph\":[{\"@type\":\"WebPage\",\"@id\":\"https:\/\/www.koupelnapro.com\/index.php\/produkt\/sheron-garden-oil-4t-1-l-akcni-cena-9122\/\",\"url\":\"https:\/\/www.koupelnapro.com\/index.php\/produkt\/sheron-garden-oil-4t-1-l-akcni-cena-9122\/\",\"name\":\"SHERON Garden Oil 4T 1 l Ak\u010dn\u00ed Cena -\",\"isPartOf\":{\"@id\":\"https:\/\/www.koupelnapro.com\/#website\"},\"primaryImageOfPage\":{\"@id\":\"https:\/\/www.koupelnapro.com\/index.php\/produkt\/sheron-garden-oil-4t-1-l-akcni-cena-9122\/#primaryimage\"},\"image\":{\"@id\":\"https:\/\/www.koupelnapro.com\/index.php\/produkt\/sheron-garden-oil-4t-1-l-akcni-cena-9122\/#primaryimage\"},\"thumbnailUrl\":\"https:\/\/www.koupelnapro.com\/wp-content\/uploads\/2026\/SK0002888-CZ20260425-091813-0-1777079894-gall_bdd582c6-9bf0-4279-a29a-eaa41cb7cbfd27159-sheron-garde.webp\",\"datePublished\":\"2026-04-26T09:13:24+00:00\",\"breadcrumb\":{\"@id\":\"https:\/\/www.koupelnapro.com\/index.php\/produkt\/sheron-garden-oil-4t-1-l-akcni-cena-9122\/#breadcrumb\"},\"inLanguage\":\"cs\",\"potentialAction\":[{\"@type\":\"ReadAction\",\"target\":[\"https:\/\/www.koupelnapro.com\/index.php\/produkt\/sheron-garden-oil-4t-1-l-akcni-cena-9122\/\"]}]},{\"@type\":\"ImageObject\",\"inLanguage\":\"cs\",\"@id\":\"https:\/\/www.koupelnapro.com\/index.php\/produkt\/sheron-garden-oil-4t-1-l-akcni-cena-9122\/#primaryimage\",\"url\":\"https:\/\/www.koupelnapro.com\/wp-content\/uploads\/2026\/SK0002888-CZ20260425-091813-0-1777079894-gall_bdd582c6-9bf0-4279-a29a-eaa41cb7cbfd27159-sheron-garde.webp\",\"contentUrl\":\"https:\/\/www.koupelnapro.com\/wp-content\/uploads\/2026\/SK0002888-CZ20260425-091813-0-1777079894-gall_bdd582c6-9bf0-4279-a29a-eaa41cb7cbfd27159-sheron-garde.webp\",\"width\":226,\"height\":420},{\"@type\":\"BreadcrumbList\",\"@id\":\"https:\/\/www.koupelnapro.com\/index.php\/produkt\/sheron-garden-oil-4t-1-l-akcni-cena-9122\/#breadcrumb\",\"itemListElement\":[{\"@type\":\"ListItem\",\"position\":1,\"name\":\"Home\",\"item\":\"https:\/\/www.koupelnapro.com\/\"},{\"@type\":\"ListItem\",\"position\":2,\"name\":\"Products\",\"item\":\"https:\/\/www.koupelnapro.com\/index.php\/products\/\"},{\"@type\":\"ListItem\",\"position\":3,\"name\":\"SHERON Garden Oil 4T 1 l Ak\u010dn\u00ed Cena\"}]},{\"@type\":\"WebSite\",\"@id\":\"https:\/\/www.koupelnapro.com\/#website\",\"url\":\"https:\/\/www.koupelnapro.com\/\",\"name\":\"\",\"description\":\"\",\"potentialAction\":[{\"@type\":\"SearchAction\",\"target\":{\"@type\":\"EntryPoint\",\"urlTemplate\":\"https:\/\/www.koupelnapro.com\/?s={search_term_string}\"},\"query-input\":{\"@type\":\"PropertyValueSpecification\",\"valueRequired\":true,\"valueName\":\"search_term_string\"}}],\"inLanguage\":\"cs\"}]}<\/script>\n<!-- \/ Yoast SEO plugin. -->","yoast_head_json":{"title":"SHERON Garden Oil 4T 1 l Ak\u010dn\u00ed Cena -","robots":{"index":"index","follow":"follow","max-snippet":"max-snippet:-1","max-image-preview":"max-image-preview:large","max-video-preview":"max-video-preview:-1"},"canonical":"https:\/\/www.koupelnapro.com\/index.php\/produkt\/sheron-garden-oil-4t-1-l-akcni-cena-9122\/","og_locale":"cs_CZ","og_type":"article","og_title":"SHERON Garden Oil 4T 1 l Ak\u010dn\u00ed Cena -","og_description":"Motorov\u00fd olej, ur\u010den\u00fd pro maz\u00e1n\u00ed \u010dty\u0159dob\u00fdch benzinov\u00fdch i naftov\u00fdch motor\u016f mal\u00e9 zahradn\u00ed a zem\u011bd\u011blsk\u00e9 techniky, vy\u017eaduj\u00edc\u00ed pou\u017eit\u00ed jednostup\u0148ov\u00e9ho motorov\u00e9ho oleje. Nen\u00ed ur\u010den pro zimn\u00ed obdob\u00ed.","og_url":"https:\/\/www.koupelnapro.com\/index.php\/produkt\/sheron-garden-oil-4t-1-l-akcni-cena-9122\/","og_image":[{"width":226,"height":420,"url":"https:\/\/www.koupelnapro.com\/wp-content\/uploads\/2026\/SK0002888-CZ20260425-091813-0-1777079894-gall_bdd582c6-9bf0-4279-a29a-eaa41cb7cbfd27159-sheron-garde.webp","type":"image\/webp"}],"twitter_card":"summary_large_image","schema":{"@context":"https:\/\/schema.org","@graph":[{"@type":"WebPage","@id":"https:\/\/www.koupelnapro.com\/index.php\/produkt\/sheron-garden-oil-4t-1-l-akcni-cena-9122\/","url":"https:\/\/www.koupelnapro.com\/index.php\/produkt\/sheron-garden-oil-4t-1-l-akcni-cena-9122\/","name":"SHERON Garden Oil 4T 1 l Ak\u010dn\u00ed Cena -","isPartOf":{"@id":"https:\/\/www.koupelnapro.com\/#website"},"primaryImageOfPage":{"@id":"https:\/\/www.koupelnapro.com\/index.php\/produkt\/sheron-garden-oil-4t-1-l-akcni-cena-9122\/#primaryimage"},"image":{"@id":"https:\/\/www.koupelnapro.com\/index.php\/produkt\/sheron-garden-oil-4t-1-l-akcni-cena-9122\/#primaryimage"},"thumbnailUrl":"https:\/\/www.koupelnapro.com\/wp-content\/uploads\/2026\/SK0002888-CZ20260425-091813-0-1777079894-gall_bdd582c6-9bf0-4279-a29a-eaa41cb7cbfd27159-sheron-garde.webp","datePublished":"2026-04-26T09:13:24+00:00","breadcrumb":{"@id":"https:\/\/www.koupelnapro.com\/index.php\/produkt\/sheron-garden-oil-4t-1-l-akcni-cena-9122\/#breadcrumb"},"inLanguage":"cs","potentialAction":[{"@type":"ReadAction","target":["https:\/\/www.koupelnapro.com\/index.php\/produkt\/sheron-garden-oil-4t-1-l-akcni-cena-9122\/"]}]},{"@type":"ImageObject","inLanguage":"cs","@id":"https:\/\/www.koupelnapro.com\/index.php\/produkt\/sheron-garden-oil-4t-1-l-akcni-cena-9122\/#primaryimage","url":"https:\/\/www.koupelnapro.com\/wp-content\/uploads\/2026\/SK0002888-CZ20260425-091813-0-1777079894-gall_bdd582c6-9bf0-4279-a29a-eaa41cb7cbfd27159-sheron-garde.webp","contentUrl":"https:\/\/www.koupelnapro.com\/wp-content\/uploads\/2026\/SK0002888-CZ20260425-091813-0-1777079894-gall_bdd582c6-9bf0-4279-a29a-eaa41cb7cbfd27159-sheron-garde.webp","width":226,"height":420},{"@type":"BreadcrumbList","@id":"https:\/\/www.koupelnapro.com\/index.php\/produkt\/sheron-garden-oil-4t-1-l-akcni-cena-9122\/#breadcrumb","itemListElement":[{"@type":"ListItem","position":1,"name":"Home","item":"https:\/\/www.koupelnapro.com\/"},{"@type":"ListItem","position":2,"name":"Products","item":"https:\/\/www.koupelnapro.com\/index.php\/products\/"},{"@type":"ListItem","position":3,"name":"SHERON Garden Oil 4T 1 l Ak\u010dn\u00ed Cena"}]},{"@type":"WebSite","@id":"https:\/\/www.koupelnapro.com\/#website","url":"https:\/\/www.koupelnapro.com\/","name":"","description":"","potentialAction":[{"@type":"SearchAction","target":{"@type":"EntryPoint","urlTemplate":"https:\/\/www.koupelnapro.com\/?s={search_term_string}"},"query-input":{"@type":"PropertyValueSpecification","valueRequired":true,"valueName":"search_term_string"}}],"inLanguage":"cs"}]}},"_links":{"self":[{"href":"https:\/\/www.koupelnapro.com\/index.php\/wp-json\/wp\/v2\/product\/9122","targetHints":{"allow":["GET"]}}],"collection":[{"href":"https:\/\/www.koupelnapro.com\/index.php\/wp-json\/wp\/v2\/product"}],"about":[{"href":"https:\/\/www.koupelnapro.com\/index.php\/wp-json\/wp\/v2\/types\/product"}],"replies":[{"embeddable":true,"href":"https:\/\/www.koupelnapro.com\/index.php\/wp-json\/wp\/v2\/comments?post=9122"}],"wp:featuredmedia":[{"embeddable":true,"href":"https:\/\/www.koupelnapro.com\/index.php\/wp-json\/wp\/v2\/media\/9222"}],"wp:attachment":[{"href":"https:\/\/www.koupelnapro.com\/index.php\/wp-json\/wp\/v2\/media?parent=9122"}],"wp:term":[{"taxonomy":"product_brand","embeddable":true,"href":"https:\/\/www.koupelnapro.com\/index.php\/wp-json\/wp\/v2\/product_brand?post=9122"},{"taxonomy":"product_cat","embeddable":true,"href":"https:\/\/www.koupelnapro.com\/index.php\/wp-json\/wp\/v2\/product_cat?post=9122"},{"taxonomy":"product_tag","embeddable":true,"href":"https:\/\/www.koupelnapro.com\/index.php\/wp-json\/wp\/v2\/product_tag?post=9122"}],"curies":[{"name":"wp","href":"https:\/\/api.w.org\/{rel}","templated":true}]}}