{"id":8988,"date":"2026-04-26T09:13:23","date_gmt":"2026-04-26T09:13:23","guid":{"rendered":""},"modified":"2026-04-26T09:13:23","modified_gmt":"2026-04-26T09:13:23","slug":"top-prodej-molitan-nahradni-250-x-130-x-20-mm-8988","status":"publish","type":"product","link":"https:\/\/www.koupelnapro.com\/index.php\/produkt\/top-prodej-molitan-nahradni-250-x-130-x-20-mm-8988\/","title":{"rendered":"Top Prodej Molitan n\u00e1hradn\u00ed 250 x 130 x 20 mm"},"content":{"rendered":"<div class=\"tmc_edt\">\n<ul>\n<li><font face=\"Segoe UI\">Hlad\u00edtko s molitanem slou\u017e\u00ed k omyt\u00ed obklad\u016f a dl\u017eaem po sp\u00e1rov\u00e1n\u00ed<\/font><\/li>\n<li><font face=\"Segoe UI\">Dle m\u00edry zne\u010di\u0161t\u011bn\u00ed&nbsp;je mo\u017en\u00e9 zvolit&nbsp;bu\u010f jemn\u00fd nebo hrub\u00fd<\/font><\/li>\n<li><font face=\"Segoe UI\">Nepo\u0161kozuje \u010di\u0161t\u011bn\u00fd povrch<\/font><\/li>\n<\/ul><\/div>\n<\/p><\/div>\n","protected":false},"excerpt":{"rendered":"<p>Hlad\u00edtko s molitanem slou\u017e\u00ed k omyt\u00ed obklad\u016f a dl\u017eaem po sp\u00e1rov\u00e1n\u00ed Dle m\u00edry zne\u010di\u0161t\u011bn\u00ed&nbsp;je mo\u017en\u00e9 zvolit&nbsp;bu\u010f jemn\u00fd nebo hrub\u00fd Nepo\u0161kozuje \u010di\u0161t\u011bn\u00fd povrch<\/p>\n","protected":false},"featured_media":9088,"comment_status":"open","ping_status":"open","template":"","meta":[],"product_brand":[],"product_cat":[60],"product_tag":[],"class_list":{"0":"post-8988","1":"product","2":"type-product","3":"status-publish","4":"has-post-thumbnail","6":"product_cat-naradi","8":"first","9":"instock","10":"sale","11":"shipping-taxable","12":"purchasable","13":"product-type-simple"},"yoast_head":"<!-- This site is optimized with the Yoast SEO plugin v26.8 - https:\/\/yoast.com\/product\/yoast-seo-wordpress\/ -->\n<title>Top Prodej Molitan n\u00e1hradn\u00ed 250 x 130 x 20 mm -<\/title>\n<meta name=\"robots\" content=\"index, follow, max-snippet:-1, max-image-preview:large, max-video-preview:-1\" \/>\n<link rel=\"canonical\" href=\"https:\/\/www.koupelnapro.com\/index.php\/produkt\/top-prodej-molitan-nahradni-250-x-130-x-20-mm-8988\/\" \/>\n<meta property=\"og:locale\" content=\"cs_CZ\" \/>\n<meta property=\"og:type\" content=\"article\" \/>\n<meta property=\"og:title\" content=\"Top Prodej Molitan n\u00e1hradn\u00ed 250 x 130 x 20 mm -\" \/>\n<meta property=\"og:description\" content=\"Hlad\u00edtko s molitanem slou\u017e\u00ed k omyt\u00ed obklad\u016f a dl\u017eaem po sp\u00e1rov\u00e1n\u00ed Dle m\u00edry zne\u010di\u0161t\u011bn\u00ed&nbsp;je mo\u017en\u00e9 zvolit&nbsp;bu\u010f jemn\u00fd nebo hrub\u00fd Nepo\u0161kozuje \u010di\u0161t\u011bn\u00fd povrch\" \/>\n<meta property=\"og:url\" content=\"https:\/\/www.koupelnapro.com\/index.php\/produkt\/top-prodej-molitan-nahradni-250-x-130-x-20-mm-8988\/\" \/>\n<meta property=\"og:image\" content=\"https:\/\/www.koupelnapro.com\/wp-content\/uploads\/2026\/SK0002853-CZ20260425-091813-0-1777079894-gall_cbb0d5be-0bf0-48e7-96ae-ddfc8709071924520-031-molitan..webp\" \/>\n\t<meta property=\"og:image:width\" content=\"353\" \/>\n\t<meta property=\"og:image:height\" content=\"400\" \/>\n\t<meta property=\"og:image:type\" content=\"image\/webp\" \/>\n<meta name=\"twitter:card\" content=\"summary_large_image\" \/>\n<script type=\"application\/ld+json\" class=\"yoast-schema-graph\">{\"@context\":\"https:\/\/schema.org\",\"@graph\":[{\"@type\":\"WebPage\",\"@id\":\"https:\/\/www.koupelnapro.com\/index.php\/produkt\/top-prodej-molitan-nahradni-250-x-130-x-20-mm-8988\/\",\"url\":\"https:\/\/www.koupelnapro.com\/index.php\/produkt\/top-prodej-molitan-nahradni-250-x-130-x-20-mm-8988\/\",\"name\":\"Top Prodej Molitan n\u00e1hradn\u00ed 250 x 130 x 20 mm -\",\"isPartOf\":{\"@id\":\"https:\/\/www.koupelnapro.com\/#website\"},\"primaryImageOfPage\":{\"@id\":\"https:\/\/www.koupelnapro.com\/index.php\/produkt\/top-prodej-molitan-nahradni-250-x-130-x-20-mm-8988\/#primaryimage\"},\"image\":{\"@id\":\"https:\/\/www.koupelnapro.com\/index.php\/produkt\/top-prodej-molitan-nahradni-250-x-130-x-20-mm-8988\/#primaryimage\"},\"thumbnailUrl\":\"https:\/\/www.koupelnapro.com\/wp-content\/uploads\/2026\/SK0002853-CZ20260425-091813-0-1777079894-gall_cbb0d5be-0bf0-48e7-96ae-ddfc8709071924520-031-molitan..webp\",\"datePublished\":\"2026-04-26T09:13:23+00:00\",\"breadcrumb\":{\"@id\":\"https:\/\/www.koupelnapro.com\/index.php\/produkt\/top-prodej-molitan-nahradni-250-x-130-x-20-mm-8988\/#breadcrumb\"},\"inLanguage\":\"cs\",\"potentialAction\":[{\"@type\":\"ReadAction\",\"target\":[\"https:\/\/www.koupelnapro.com\/index.php\/produkt\/top-prodej-molitan-nahradni-250-x-130-x-20-mm-8988\/\"]}]},{\"@type\":\"ImageObject\",\"inLanguage\":\"cs\",\"@id\":\"https:\/\/www.koupelnapro.com\/index.php\/produkt\/top-prodej-molitan-nahradni-250-x-130-x-20-mm-8988\/#primaryimage\",\"url\":\"https:\/\/www.koupelnapro.com\/wp-content\/uploads\/2026\/SK0002853-CZ20260425-091813-0-1777079894-gall_cbb0d5be-0bf0-48e7-96ae-ddfc8709071924520-031-molitan..webp\",\"contentUrl\":\"https:\/\/www.koupelnapro.com\/wp-content\/uploads\/2026\/SK0002853-CZ20260425-091813-0-1777079894-gall_cbb0d5be-0bf0-48e7-96ae-ddfc8709071924520-031-molitan..webp\",\"width\":353,\"height\":400},{\"@type\":\"BreadcrumbList\",\"@id\":\"https:\/\/www.koupelnapro.com\/index.php\/produkt\/top-prodej-molitan-nahradni-250-x-130-x-20-mm-8988\/#breadcrumb\",\"itemListElement\":[{\"@type\":\"ListItem\",\"position\":1,\"name\":\"Home\",\"item\":\"https:\/\/www.koupelnapro.com\/\"},{\"@type\":\"ListItem\",\"position\":2,\"name\":\"Products\",\"item\":\"https:\/\/www.koupelnapro.com\/index.php\/products\/\"},{\"@type\":\"ListItem\",\"position\":3,\"name\":\"Top Prodej Molitan n\u00e1hradn\u00ed 250 x 130 x 20 mm\"}]},{\"@type\":\"WebSite\",\"@id\":\"https:\/\/www.koupelnapro.com\/#website\",\"url\":\"https:\/\/www.koupelnapro.com\/\",\"name\":\"\",\"description\":\"\",\"potentialAction\":[{\"@type\":\"SearchAction\",\"target\":{\"@type\":\"EntryPoint\",\"urlTemplate\":\"https:\/\/www.koupelnapro.com\/?s={search_term_string}\"},\"query-input\":{\"@type\":\"PropertyValueSpecification\",\"valueRequired\":true,\"valueName\":\"search_term_string\"}}],\"inLanguage\":\"cs\"}]}<\/script>\n<!-- \/ Yoast SEO plugin. -->","yoast_head_json":{"title":"Top Prodej Molitan n\u00e1hradn\u00ed 250 x 130 x 20 mm -","robots":{"index":"index","follow":"follow","max-snippet":"max-snippet:-1","max-image-preview":"max-image-preview:large","max-video-preview":"max-video-preview:-1"},"canonical":"https:\/\/www.koupelnapro.com\/index.php\/produkt\/top-prodej-molitan-nahradni-250-x-130-x-20-mm-8988\/","og_locale":"cs_CZ","og_type":"article","og_title":"Top Prodej Molitan n\u00e1hradn\u00ed 250 x 130 x 20 mm -","og_description":"Hlad\u00edtko s molitanem slou\u017e\u00ed k omyt\u00ed obklad\u016f a dl\u017eaem po sp\u00e1rov\u00e1n\u00ed Dle m\u00edry zne\u010di\u0161t\u011bn\u00ed&nbsp;je mo\u017en\u00e9 zvolit&nbsp;bu\u010f jemn\u00fd nebo hrub\u00fd Nepo\u0161kozuje \u010di\u0161t\u011bn\u00fd povrch","og_url":"https:\/\/www.koupelnapro.com\/index.php\/produkt\/top-prodej-molitan-nahradni-250-x-130-x-20-mm-8988\/","og_image":[{"width":353,"height":400,"url":"https:\/\/www.koupelnapro.com\/wp-content\/uploads\/2026\/SK0002853-CZ20260425-091813-0-1777079894-gall_cbb0d5be-0bf0-48e7-96ae-ddfc8709071924520-031-molitan..webp","type":"image\/webp"}],"twitter_card":"summary_large_image","schema":{"@context":"https:\/\/schema.org","@graph":[{"@type":"WebPage","@id":"https:\/\/www.koupelnapro.com\/index.php\/produkt\/top-prodej-molitan-nahradni-250-x-130-x-20-mm-8988\/","url":"https:\/\/www.koupelnapro.com\/index.php\/produkt\/top-prodej-molitan-nahradni-250-x-130-x-20-mm-8988\/","name":"Top Prodej Molitan n\u00e1hradn\u00ed 250 x 130 x 20 mm -","isPartOf":{"@id":"https:\/\/www.koupelnapro.com\/#website"},"primaryImageOfPage":{"@id":"https:\/\/www.koupelnapro.com\/index.php\/produkt\/top-prodej-molitan-nahradni-250-x-130-x-20-mm-8988\/#primaryimage"},"image":{"@id":"https:\/\/www.koupelnapro.com\/index.php\/produkt\/top-prodej-molitan-nahradni-250-x-130-x-20-mm-8988\/#primaryimage"},"thumbnailUrl":"https:\/\/www.koupelnapro.com\/wp-content\/uploads\/2026\/SK0002853-CZ20260425-091813-0-1777079894-gall_cbb0d5be-0bf0-48e7-96ae-ddfc8709071924520-031-molitan..webp","datePublished":"2026-04-26T09:13:23+00:00","breadcrumb":{"@id":"https:\/\/www.koupelnapro.com\/index.php\/produkt\/top-prodej-molitan-nahradni-250-x-130-x-20-mm-8988\/#breadcrumb"},"inLanguage":"cs","potentialAction":[{"@type":"ReadAction","target":["https:\/\/www.koupelnapro.com\/index.php\/produkt\/top-prodej-molitan-nahradni-250-x-130-x-20-mm-8988\/"]}]},{"@type":"ImageObject","inLanguage":"cs","@id":"https:\/\/www.koupelnapro.com\/index.php\/produkt\/top-prodej-molitan-nahradni-250-x-130-x-20-mm-8988\/#primaryimage","url":"https:\/\/www.koupelnapro.com\/wp-content\/uploads\/2026\/SK0002853-CZ20260425-091813-0-1777079894-gall_cbb0d5be-0bf0-48e7-96ae-ddfc8709071924520-031-molitan..webp","contentUrl":"https:\/\/www.koupelnapro.com\/wp-content\/uploads\/2026\/SK0002853-CZ20260425-091813-0-1777079894-gall_cbb0d5be-0bf0-48e7-96ae-ddfc8709071924520-031-molitan..webp","width":353,"height":400},{"@type":"BreadcrumbList","@id":"https:\/\/www.koupelnapro.com\/index.php\/produkt\/top-prodej-molitan-nahradni-250-x-130-x-20-mm-8988\/#breadcrumb","itemListElement":[{"@type":"ListItem","position":1,"name":"Home","item":"https:\/\/www.koupelnapro.com\/"},{"@type":"ListItem","position":2,"name":"Products","item":"https:\/\/www.koupelnapro.com\/index.php\/products\/"},{"@type":"ListItem","position":3,"name":"Top Prodej Molitan n\u00e1hradn\u00ed 250 x 130 x 20 mm"}]},{"@type":"WebSite","@id":"https:\/\/www.koupelnapro.com\/#website","url":"https:\/\/www.koupelnapro.com\/","name":"","description":"","potentialAction":[{"@type":"SearchAction","target":{"@type":"EntryPoint","urlTemplate":"https:\/\/www.koupelnapro.com\/?s={search_term_string}"},"query-input":{"@type":"PropertyValueSpecification","valueRequired":true,"valueName":"search_term_string"}}],"inLanguage":"cs"}]}},"_links":{"self":[{"href":"https:\/\/www.koupelnapro.com\/index.php\/wp-json\/wp\/v2\/product\/8988","targetHints":{"allow":["GET"]}}],"collection":[{"href":"https:\/\/www.koupelnapro.com\/index.php\/wp-json\/wp\/v2\/product"}],"about":[{"href":"https:\/\/www.koupelnapro.com\/index.php\/wp-json\/wp\/v2\/types\/product"}],"replies":[{"embeddable":true,"href":"https:\/\/www.koupelnapro.com\/index.php\/wp-json\/wp\/v2\/comments?post=8988"}],"wp:featuredmedia":[{"embeddable":true,"href":"https:\/\/www.koupelnapro.com\/index.php\/wp-json\/wp\/v2\/media\/9088"}],"wp:attachment":[{"href":"https:\/\/www.koupelnapro.com\/index.php\/wp-json\/wp\/v2\/media?parent=8988"}],"wp:term":[{"taxonomy":"product_brand","embeddable":true,"href":"https:\/\/www.koupelnapro.com\/index.php\/wp-json\/wp\/v2\/product_brand?post=8988"},{"taxonomy":"product_cat","embeddable":true,"href":"https:\/\/www.koupelnapro.com\/index.php\/wp-json\/wp\/v2\/product_cat?post=8988"},{"taxonomy":"product_tag","embeddable":true,"href":"https:\/\/www.koupelnapro.com\/index.php\/wp-json\/wp\/v2\/product_tag?post=8988"}],"curies":[{"name":"wp","href":"https:\/\/api.w.org\/{rel}","templated":true}]}}