{"id":8986,"date":"2026-04-26T09:13:23","date_gmt":"2026-04-26T09:13:23","guid":{"rendered":""},"modified":"2026-04-26T09:13:23","modified_gmt":"2026-04-26T09:13:23","slug":"originalni-valecek-nivelacni-hruby-230-x-110-mm-8986","status":"publish","type":"product","link":"https:\/\/www.koupelnapro.com\/index.php\/produkt\/originalni-valecek-nivelacni-hruby-230-x-110-mm-8986\/","title":{"rendered":"Origin\u00e1ln\u00ed V\u00e1le\u010dek nivela\u010dn\u00ed hrub\u00fd 230 x 110 mm"},"content":{"rendered":"<div class=\"tmc_edt\">\n<p><\/p>\n<\/p><\/div>\n<\/p><\/div>\n","protected":false},"excerpt":{"rendered":"","protected":false},"featured_media":9086,"comment_status":"open","ping_status":"open","template":"","meta":[],"product_brand":[],"product_cat":[60],"product_tag":[],"class_list":{"0":"post-8986","1":"product","2":"type-product","3":"status-publish","4":"has-post-thumbnail","6":"product_cat-naradi","8":"first","9":"instock","10":"sale","11":"shipping-taxable","12":"purchasable","13":"product-type-simple"},"yoast_head":"<!-- This site is optimized with the Yoast SEO plugin v26.8 - https:\/\/yoast.com\/product\/yoast-seo-wordpress\/ -->\n<title>Origin\u00e1ln\u00ed V\u00e1le\u010dek nivela\u010dn\u00ed hrub\u00fd 230 x 110 mm -<\/title>\n<meta name=\"robots\" content=\"index, follow, max-snippet:-1, max-image-preview:large, max-video-preview:-1\" \/>\n<link rel=\"canonical\" href=\"https:\/\/www.koupelnapro.com\/index.php\/produkt\/originalni-valecek-nivelacni-hruby-230-x-110-mm-8986\/\" \/>\n<meta property=\"og:locale\" content=\"cs_CZ\" \/>\n<meta property=\"og:type\" content=\"article\" \/>\n<meta property=\"og:title\" content=\"Origin\u00e1ln\u00ed V\u00e1le\u010dek nivela\u010dn\u00ed hrub\u00fd 230 x 110 mm -\" \/>\n<meta property=\"og:url\" content=\"https:\/\/www.koupelnapro.com\/index.php\/produkt\/originalni-valecek-nivelacni-hruby-230-x-110-mm-8986\/\" \/>\n<meta property=\"og:image\" content=\"https:\/\/www.koupelnapro.com\/wp-content\/uploads\/2026\/SK0002851-CZ20260425-091813-0-1777079894-gall_eb9699b2-61db-4e80-af48-61ef18c4e78224508-valecek-nive.webp\" \/>\n\t<meta property=\"og:image:width\" content=\"315\" \/>\n\t<meta property=\"og:image:height\" content=\"420\" \/>\n\t<meta property=\"og:image:type\" content=\"image\/webp\" \/>\n<meta name=\"twitter:card\" content=\"summary_large_image\" \/>\n<script type=\"application\/ld+json\" class=\"yoast-schema-graph\">{\"@context\":\"https:\/\/schema.org\",\"@graph\":[{\"@type\":\"WebPage\",\"@id\":\"https:\/\/www.koupelnapro.com\/index.php\/produkt\/originalni-valecek-nivelacni-hruby-230-x-110-mm-8986\/\",\"url\":\"https:\/\/www.koupelnapro.com\/index.php\/produkt\/originalni-valecek-nivelacni-hruby-230-x-110-mm-8986\/\",\"name\":\"Origin\u00e1ln\u00ed V\u00e1le\u010dek nivela\u010dn\u00ed hrub\u00fd 230 x 110 mm -\",\"isPartOf\":{\"@id\":\"https:\/\/www.koupelnapro.com\/#website\"},\"primaryImageOfPage\":{\"@id\":\"https:\/\/www.koupelnapro.com\/index.php\/produkt\/originalni-valecek-nivelacni-hruby-230-x-110-mm-8986\/#primaryimage\"},\"image\":{\"@id\":\"https:\/\/www.koupelnapro.com\/index.php\/produkt\/originalni-valecek-nivelacni-hruby-230-x-110-mm-8986\/#primaryimage\"},\"thumbnailUrl\":\"https:\/\/www.koupelnapro.com\/wp-content\/uploads\/2026\/SK0002851-CZ20260425-091813-0-1777079894-gall_eb9699b2-61db-4e80-af48-61ef18c4e78224508-valecek-nive.webp\",\"datePublished\":\"2026-04-26T09:13:23+00:00\",\"breadcrumb\":{\"@id\":\"https:\/\/www.koupelnapro.com\/index.php\/produkt\/originalni-valecek-nivelacni-hruby-230-x-110-mm-8986\/#breadcrumb\"},\"inLanguage\":\"cs\",\"potentialAction\":[{\"@type\":\"ReadAction\",\"target\":[\"https:\/\/www.koupelnapro.com\/index.php\/produkt\/originalni-valecek-nivelacni-hruby-230-x-110-mm-8986\/\"]}]},{\"@type\":\"ImageObject\",\"inLanguage\":\"cs\",\"@id\":\"https:\/\/www.koupelnapro.com\/index.php\/produkt\/originalni-valecek-nivelacni-hruby-230-x-110-mm-8986\/#primaryimage\",\"url\":\"https:\/\/www.koupelnapro.com\/wp-content\/uploads\/2026\/SK0002851-CZ20260425-091813-0-1777079894-gall_eb9699b2-61db-4e80-af48-61ef18c4e78224508-valecek-nive.webp\",\"contentUrl\":\"https:\/\/www.koupelnapro.com\/wp-content\/uploads\/2026\/SK0002851-CZ20260425-091813-0-1777079894-gall_eb9699b2-61db-4e80-af48-61ef18c4e78224508-valecek-nive.webp\",\"width\":315,\"height\":420},{\"@type\":\"BreadcrumbList\",\"@id\":\"https:\/\/www.koupelnapro.com\/index.php\/produkt\/originalni-valecek-nivelacni-hruby-230-x-110-mm-8986\/#breadcrumb\",\"itemListElement\":[{\"@type\":\"ListItem\",\"position\":1,\"name\":\"Home\",\"item\":\"https:\/\/www.koupelnapro.com\/\"},{\"@type\":\"ListItem\",\"position\":2,\"name\":\"Products\",\"item\":\"https:\/\/www.koupelnapro.com\/index.php\/products\/\"},{\"@type\":\"ListItem\",\"position\":3,\"name\":\"Origin\u00e1ln\u00ed V\u00e1le\u010dek nivela\u010dn\u00ed hrub\u00fd 230 x 110 mm\"}]},{\"@type\":\"WebSite\",\"@id\":\"https:\/\/www.koupelnapro.com\/#website\",\"url\":\"https:\/\/www.koupelnapro.com\/\",\"name\":\"\",\"description\":\"\",\"potentialAction\":[{\"@type\":\"SearchAction\",\"target\":{\"@type\":\"EntryPoint\",\"urlTemplate\":\"https:\/\/www.koupelnapro.com\/?s={search_term_string}\"},\"query-input\":{\"@type\":\"PropertyValueSpecification\",\"valueRequired\":true,\"valueName\":\"search_term_string\"}}],\"inLanguage\":\"cs\"}]}<\/script>\n<!-- \/ Yoast SEO plugin. -->","yoast_head_json":{"title":"Origin\u00e1ln\u00ed V\u00e1le\u010dek nivela\u010dn\u00ed hrub\u00fd 230 x 110 mm -","robots":{"index":"index","follow":"follow","max-snippet":"max-snippet:-1","max-image-preview":"max-image-preview:large","max-video-preview":"max-video-preview:-1"},"canonical":"https:\/\/www.koupelnapro.com\/index.php\/produkt\/originalni-valecek-nivelacni-hruby-230-x-110-mm-8986\/","og_locale":"cs_CZ","og_type":"article","og_title":"Origin\u00e1ln\u00ed V\u00e1le\u010dek nivela\u010dn\u00ed hrub\u00fd 230 x 110 mm -","og_url":"https:\/\/www.koupelnapro.com\/index.php\/produkt\/originalni-valecek-nivelacni-hruby-230-x-110-mm-8986\/","og_image":[{"width":315,"height":420,"url":"https:\/\/www.koupelnapro.com\/wp-content\/uploads\/2026\/SK0002851-CZ20260425-091813-0-1777079894-gall_eb9699b2-61db-4e80-af48-61ef18c4e78224508-valecek-nive.webp","type":"image\/webp"}],"twitter_card":"summary_large_image","schema":{"@context":"https:\/\/schema.org","@graph":[{"@type":"WebPage","@id":"https:\/\/www.koupelnapro.com\/index.php\/produkt\/originalni-valecek-nivelacni-hruby-230-x-110-mm-8986\/","url":"https:\/\/www.koupelnapro.com\/index.php\/produkt\/originalni-valecek-nivelacni-hruby-230-x-110-mm-8986\/","name":"Origin\u00e1ln\u00ed V\u00e1le\u010dek nivela\u010dn\u00ed hrub\u00fd 230 x 110 mm -","isPartOf":{"@id":"https:\/\/www.koupelnapro.com\/#website"},"primaryImageOfPage":{"@id":"https:\/\/www.koupelnapro.com\/index.php\/produkt\/originalni-valecek-nivelacni-hruby-230-x-110-mm-8986\/#primaryimage"},"image":{"@id":"https:\/\/www.koupelnapro.com\/index.php\/produkt\/originalni-valecek-nivelacni-hruby-230-x-110-mm-8986\/#primaryimage"},"thumbnailUrl":"https:\/\/www.koupelnapro.com\/wp-content\/uploads\/2026\/SK0002851-CZ20260425-091813-0-1777079894-gall_eb9699b2-61db-4e80-af48-61ef18c4e78224508-valecek-nive.webp","datePublished":"2026-04-26T09:13:23+00:00","breadcrumb":{"@id":"https:\/\/www.koupelnapro.com\/index.php\/produkt\/originalni-valecek-nivelacni-hruby-230-x-110-mm-8986\/#breadcrumb"},"inLanguage":"cs","potentialAction":[{"@type":"ReadAction","target":["https:\/\/www.koupelnapro.com\/index.php\/produkt\/originalni-valecek-nivelacni-hruby-230-x-110-mm-8986\/"]}]},{"@type":"ImageObject","inLanguage":"cs","@id":"https:\/\/www.koupelnapro.com\/index.php\/produkt\/originalni-valecek-nivelacni-hruby-230-x-110-mm-8986\/#primaryimage","url":"https:\/\/www.koupelnapro.com\/wp-content\/uploads\/2026\/SK0002851-CZ20260425-091813-0-1777079894-gall_eb9699b2-61db-4e80-af48-61ef18c4e78224508-valecek-nive.webp","contentUrl":"https:\/\/www.koupelnapro.com\/wp-content\/uploads\/2026\/SK0002851-CZ20260425-091813-0-1777079894-gall_eb9699b2-61db-4e80-af48-61ef18c4e78224508-valecek-nive.webp","width":315,"height":420},{"@type":"BreadcrumbList","@id":"https:\/\/www.koupelnapro.com\/index.php\/produkt\/originalni-valecek-nivelacni-hruby-230-x-110-mm-8986\/#breadcrumb","itemListElement":[{"@type":"ListItem","position":1,"name":"Home","item":"https:\/\/www.koupelnapro.com\/"},{"@type":"ListItem","position":2,"name":"Products","item":"https:\/\/www.koupelnapro.com\/index.php\/products\/"},{"@type":"ListItem","position":3,"name":"Origin\u00e1ln\u00ed V\u00e1le\u010dek nivela\u010dn\u00ed hrub\u00fd 230 x 110 mm"}]},{"@type":"WebSite","@id":"https:\/\/www.koupelnapro.com\/#website","url":"https:\/\/www.koupelnapro.com\/","name":"","description":"","potentialAction":[{"@type":"SearchAction","target":{"@type":"EntryPoint","urlTemplate":"https:\/\/www.koupelnapro.com\/?s={search_term_string}"},"query-input":{"@type":"PropertyValueSpecification","valueRequired":true,"valueName":"search_term_string"}}],"inLanguage":"cs"}]}},"_links":{"self":[{"href":"https:\/\/www.koupelnapro.com\/index.php\/wp-json\/wp\/v2\/product\/8986","targetHints":{"allow":["GET"]}}],"collection":[{"href":"https:\/\/www.koupelnapro.com\/index.php\/wp-json\/wp\/v2\/product"}],"about":[{"href":"https:\/\/www.koupelnapro.com\/index.php\/wp-json\/wp\/v2\/types\/product"}],"replies":[{"embeddable":true,"href":"https:\/\/www.koupelnapro.com\/index.php\/wp-json\/wp\/v2\/comments?post=8986"}],"wp:featuredmedia":[{"embeddable":true,"href":"https:\/\/www.koupelnapro.com\/index.php\/wp-json\/wp\/v2\/media\/9086"}],"wp:attachment":[{"href":"https:\/\/www.koupelnapro.com\/index.php\/wp-json\/wp\/v2\/media?parent=8986"}],"wp:term":[{"taxonomy":"product_brand","embeddable":true,"href":"https:\/\/www.koupelnapro.com\/index.php\/wp-json\/wp\/v2\/product_brand?post=8986"},{"taxonomy":"product_cat","embeddable":true,"href":"https:\/\/www.koupelnapro.com\/index.php\/wp-json\/wp\/v2\/product_cat?post=8986"},{"taxonomy":"product_tag","embeddable":true,"href":"https:\/\/www.koupelnapro.com\/index.php\/wp-json\/wp\/v2\/product_tag?post=8986"}],"curies":[{"name":"wp","href":"https:\/\/api.w.org\/{rel}","templated":true}]}}