{"id":8337,"date":"2026-04-26T09:13:21","date_gmt":"2026-04-26T09:13:21","guid":{"rendered":""},"modified":"2026-04-26T09:13:21","modified_gmt":"2026-04-26T09:13:21","slug":"pir-bramac-therm-kompakt-kompakt-180-odeslani-ihned-8337","status":"publish","type":"product","link":"https:\/\/www.koupelnapro.com\/index.php\/produkt\/pir-bramac-therm-kompakt-kompakt-180-odeslani-ihned-8337\/","title":{"rendered":"PIR Bramac THERM Kompakt &#8211; Kompakt 180 Odesl\u00e1n\u00ed Ihned"},"content":{"rendered":"<div class=\"ResponseTabButton\">Popis produktu<\/div>\n<div class=\"TabContent\">\n<div><font color=\"#000000\">Tepeln\u011b izola\u010dn\u00ed prvek s difuzn\u00ed f\u00f3li\u00ed BramacTherm Kompakt nach\u00e1z\u00ed vyu\u017eit\u00ed zejm\u00e9na p\u0159i rekonstrukc\u00edch st\u0159ech. V\u00fdznamn\u011b zvy\u0161uje tepeln\u00fd odpor st\u0159e\u0161n\u00ed konstrukce.<\/font><\/div>\n<div><font color=\"#000000\">&nbsp;<\/font><\/div>\n<div><strong><font color=\"#000000\">Technick\u00e9 \u00fadaje<\/font><\/strong><\/div>\n<div><font color=\"#000000\">Vn\u011bj\u0161\u00ed rozm\u011bry:&nbsp; 1240 x 2400 mm<\/font><\/div>\n<div><font color=\"#000000\">Kryc\u00ed rozm\u011bry: 1220 x 2380 mm<\/font><\/div>\n<div><font color=\"#000000\">Tepeln\u00e1 vodivost: 0,025 W\/mK<\/font><\/div>\n<div><font color=\"#000000\">Materi\u00e1l: tvrzen\u00e1 PIR p\u011bna opat\u0159en\u00e1 z obou stran netkanou textili\u00ed a na horn\u00ed plo\u0161e naka\u0161\u00edrovanou f\u00f3li\u00ed pro pojistnou hydroizolac\u00ed<\/font><\/div>\n<div><font color=\"#000000\">Ut\u011bsn\u011bn\u00ed p\u0159esah\u016f: integrovan\u00e9 samolep\u00edc\u00ed prou\u017eky<\/font><\/div>\n<div><font color=\"#000000\">&nbsp;<\/font><\/div>\n<\/p><\/div>\n<\/p><\/div>\n<div id=\"ke-stazeni\" class=\"TabContentWrap\">\n<div class=\"ResponseTabButton\">Ke sta\u017een\u00ed<\/div>\n<div class=\"TabContent\">\n<div class=\"Table Downloads\">\n<div class=\"THead\">\n<div class=\"TableRow\">\n<div class=\"TableCell\">                    N\u00e1zev                <\/div>\n<div class=\"TableCell\">                    Jazyk                <\/div>\n<div class=\"TableCell\">                    Velikost                <\/div>\n<div class=\"TableCell\">                    Form\u00e1t                <\/div>\n<div class=\"TableCell\">&nbsp;<\/div>\n<\/p><\/div>\n<\/p><\/div>\n<div class=\"TBody\">\n<div class=\"TableRow\">\n<div class=\"TableCell\">Bramactherm-BMI-Bramac-koncovy-klient<\/div>\n<div class=\"TableCell\"><\/div>\n<div class=\"TableCell\">2447 kB<\/div>\n<div class=\"TableCell\">.pdf<\/div>\n<div class=\"TableCell ContentRight\">st\u00e1hnout<\/div>\n<\/div>\n<div class=\"TableRow\">\n<div class=\"TableCell\">Bramactherm-Technicky-popis-BMI_Bramac<\/div>\n<div class=\"TableCell\"><\/div>\n<div class=\"TableCell\">2801 kB<\/div>\n<div class=\"TableCell\">.pdf<\/div>\n<div class=\"TableCell ContentRight\">st\u00e1hnout<\/div>\n<\/div><\/div>\n<\/p><\/div>\n<\/p><\/div>\n<\/p><\/div>\n<\/p><\/div>\n<\/p><\/div>\n<\/div>\n","protected":false},"excerpt":{"rendered":"<p>Popis produktu Tepeln\u011b izola\u010dn\u00ed prvek s difuzn\u00ed f\u00f3li\u00ed BramacTherm Kompakt nach\u00e1z\u00ed vyu\u017eit\u00ed zejm\u00e9na p\u0159i rekonstrukc\u00edch st\u0159ech. V\u00fdznamn\u011b zvy\u0161uje tepeln\u00fd odpor st\u0159e\u0161n\u00ed konstrukce. &nbsp; Technick\u00e9 \u00fadaje Vn\u011bj\u0161\u00ed rozm\u011bry:&nbsp; 1240 x 2400 mm Kryc\u00ed rozm\u011bry: 1220 x 2380 mm Tepeln\u00e1 vodivost: 0,025 W\/mK Materi\u00e1l: tvrzen\u00e1 PIR p\u011bna opat\u0159en\u00e1 z obou stran netkanou textili\u00ed a na horn\u00ed plo\u0161e [&hellip;]<\/p>\n","protected":false},"featured_media":8437,"comment_status":"open","ping_status":"open","template":"","meta":[],"product_brand":[],"product_cat":[59],"product_tag":[],"class_list":{"0":"post-8337","1":"product","2":"type-product","3":"status-publish","4":"has-post-thumbnail","6":"product_cat-tepelna-izolace","8":"first","9":"instock","10":"sale","11":"shipping-taxable","12":"purchasable","13":"product-type-simple"},"yoast_head":"<!-- This site is optimized with the Yoast SEO plugin v26.8 - https:\/\/yoast.com\/product\/yoast-seo-wordpress\/ -->\n<title>PIR Bramac THERM Kompakt - Kompakt 180 Odesl\u00e1n\u00ed Ihned -<\/title>\n<meta name=\"robots\" content=\"index, follow, max-snippet:-1, max-image-preview:large, max-video-preview:-1\" \/>\n<link rel=\"canonical\" href=\"https:\/\/www.koupelnapro.com\/index.php\/produkt\/pir-bramac-therm-kompakt-kompakt-180-odeslani-ihned-8337\/\" \/>\n<meta property=\"og:locale\" content=\"cs_CZ\" \/>\n<meta property=\"og:type\" content=\"article\" \/>\n<meta property=\"og:title\" content=\"PIR Bramac THERM Kompakt - Kompakt 180 Odesl\u00e1n\u00ed Ihned -\" \/>\n<meta property=\"og:description\" content=\"Popis produktu Tepeln\u011b izola\u010dn\u00ed prvek s difuzn\u00ed f\u00f3li\u00ed BramacTherm Kompakt nach\u00e1z\u00ed vyu\u017eit\u00ed zejm\u00e9na p\u0159i rekonstrukc\u00edch st\u0159ech. V\u00fdznamn\u011b zvy\u0161uje tepeln\u00fd odpor st\u0159e\u0161n\u00ed konstrukce. &nbsp; Technick\u00e9 \u00fadaje Vn\u011bj\u0161\u00ed rozm\u011bry:&nbsp; 1240 x 2400 mm Kryc\u00ed rozm\u011bry: 1220 x 2380 mm Tepeln\u00e1 vodivost: 0,025 W\/mK Materi\u00e1l: tvrzen\u00e1 PIR p\u011bna opat\u0159en\u00e1 z obou stran netkanou textili\u00ed a na horn\u00ed plo\u0161e [&hellip;]\" \/>\n<meta property=\"og:url\" content=\"https:\/\/www.koupelnapro.com\/index.php\/produkt\/pir-bramac-therm-kompakt-kompakt-180-odeslani-ihned-8337\/\" \/>\n<meta property=\"og:image\" content=\"https:\/\/www.koupelnapro.com\/wp-content\/uploads\/2026\/SK0003695-CZ20260425-091742-0-1777079863-P-035604-00.webp\" \/>\n\t<meta property=\"og:image:width\" content=\"305\" \/>\n\t<meta property=\"og:image:height\" content=\"292\" \/>\n\t<meta property=\"og:image:type\" content=\"image\/webp\" \/>\n<meta name=\"twitter:card\" content=\"summary_large_image\" \/>\n<meta name=\"twitter:label1\" content=\"Odhadovan\u00e1 doba \u010dten\u00ed\" \/>\n\t<meta name=\"twitter:data1\" content=\"1 minuta\" \/>\n<script type=\"application\/ld+json\" class=\"yoast-schema-graph\">{\"@context\":\"https:\/\/schema.org\",\"@graph\":[{\"@type\":\"WebPage\",\"@id\":\"https:\/\/www.koupelnapro.com\/index.php\/produkt\/pir-bramac-therm-kompakt-kompakt-180-odeslani-ihned-8337\/\",\"url\":\"https:\/\/www.koupelnapro.com\/index.php\/produkt\/pir-bramac-therm-kompakt-kompakt-180-odeslani-ihned-8337\/\",\"name\":\"PIR Bramac THERM Kompakt - Kompakt 180 Odesl\u00e1n\u00ed Ihned -\",\"isPartOf\":{\"@id\":\"https:\/\/www.koupelnapro.com\/#website\"},\"primaryImageOfPage\":{\"@id\":\"https:\/\/www.koupelnapro.com\/index.php\/produkt\/pir-bramac-therm-kompakt-kompakt-180-odeslani-ihned-8337\/#primaryimage\"},\"image\":{\"@id\":\"https:\/\/www.koupelnapro.com\/index.php\/produkt\/pir-bramac-therm-kompakt-kompakt-180-odeslani-ihned-8337\/#primaryimage\"},\"thumbnailUrl\":\"https:\/\/www.koupelnapro.com\/wp-content\/uploads\/2026\/SK0003695-CZ20260425-091742-0-1777079863-P-035604-00.webp\",\"datePublished\":\"2026-04-26T09:13:21+00:00\",\"breadcrumb\":{\"@id\":\"https:\/\/www.koupelnapro.com\/index.php\/produkt\/pir-bramac-therm-kompakt-kompakt-180-odeslani-ihned-8337\/#breadcrumb\"},\"inLanguage\":\"cs\",\"potentialAction\":[{\"@type\":\"ReadAction\",\"target\":[\"https:\/\/www.koupelnapro.com\/index.php\/produkt\/pir-bramac-therm-kompakt-kompakt-180-odeslani-ihned-8337\/\"]}]},{\"@type\":\"ImageObject\",\"inLanguage\":\"cs\",\"@id\":\"https:\/\/www.koupelnapro.com\/index.php\/produkt\/pir-bramac-therm-kompakt-kompakt-180-odeslani-ihned-8337\/#primaryimage\",\"url\":\"https:\/\/www.koupelnapro.com\/wp-content\/uploads\/2026\/SK0003695-CZ20260425-091742-0-1777079863-P-035604-00.webp\",\"contentUrl\":\"https:\/\/www.koupelnapro.com\/wp-content\/uploads\/2026\/SK0003695-CZ20260425-091742-0-1777079863-P-035604-00.webp\",\"width\":305,\"height\":292},{\"@type\":\"BreadcrumbList\",\"@id\":\"https:\/\/www.koupelnapro.com\/index.php\/produkt\/pir-bramac-therm-kompakt-kompakt-180-odeslani-ihned-8337\/#breadcrumb\",\"itemListElement\":[{\"@type\":\"ListItem\",\"position\":1,\"name\":\"Home\",\"item\":\"https:\/\/www.koupelnapro.com\/\"},{\"@type\":\"ListItem\",\"position\":2,\"name\":\"Products\",\"item\":\"https:\/\/www.koupelnapro.com\/index.php\/products\/\"},{\"@type\":\"ListItem\",\"position\":3,\"name\":\"PIR Bramac THERM Kompakt &#8211; Kompakt 180 Odesl\u00e1n\u00ed Ihned\"}]},{\"@type\":\"WebSite\",\"@id\":\"https:\/\/www.koupelnapro.com\/#website\",\"url\":\"https:\/\/www.koupelnapro.com\/\",\"name\":\"\",\"description\":\"\",\"potentialAction\":[{\"@type\":\"SearchAction\",\"target\":{\"@type\":\"EntryPoint\",\"urlTemplate\":\"https:\/\/www.koupelnapro.com\/?s={search_term_string}\"},\"query-input\":{\"@type\":\"PropertyValueSpecification\",\"valueRequired\":true,\"valueName\":\"search_term_string\"}}],\"inLanguage\":\"cs\"}]}<\/script>\n<!-- \/ Yoast SEO plugin. -->","yoast_head_json":{"title":"PIR Bramac THERM Kompakt - Kompakt 180 Odesl\u00e1n\u00ed Ihned -","robots":{"index":"index","follow":"follow","max-snippet":"max-snippet:-1","max-image-preview":"max-image-preview:large","max-video-preview":"max-video-preview:-1"},"canonical":"https:\/\/www.koupelnapro.com\/index.php\/produkt\/pir-bramac-therm-kompakt-kompakt-180-odeslani-ihned-8337\/","og_locale":"cs_CZ","og_type":"article","og_title":"PIR Bramac THERM Kompakt - Kompakt 180 Odesl\u00e1n\u00ed Ihned -","og_description":"Popis produktu Tepeln\u011b izola\u010dn\u00ed prvek s difuzn\u00ed f\u00f3li\u00ed BramacTherm Kompakt nach\u00e1z\u00ed vyu\u017eit\u00ed zejm\u00e9na p\u0159i rekonstrukc\u00edch st\u0159ech. V\u00fdznamn\u011b zvy\u0161uje tepeln\u00fd odpor st\u0159e\u0161n\u00ed konstrukce. &nbsp; Technick\u00e9 \u00fadaje Vn\u011bj\u0161\u00ed rozm\u011bry:&nbsp; 1240 x 2400 mm Kryc\u00ed rozm\u011bry: 1220 x 2380 mm Tepeln\u00e1 vodivost: 0,025 W\/mK Materi\u00e1l: tvrzen\u00e1 PIR p\u011bna opat\u0159en\u00e1 z obou stran netkanou textili\u00ed a na horn\u00ed plo\u0161e [&hellip;]","og_url":"https:\/\/www.koupelnapro.com\/index.php\/produkt\/pir-bramac-therm-kompakt-kompakt-180-odeslani-ihned-8337\/","og_image":[{"width":305,"height":292,"url":"https:\/\/www.koupelnapro.com\/wp-content\/uploads\/2026\/SK0003695-CZ20260425-091742-0-1777079863-P-035604-00.webp","type":"image\/webp"}],"twitter_card":"summary_large_image","twitter_misc":{"Odhadovan\u00e1 doba \u010dten\u00ed":"1 minuta"},"schema":{"@context":"https:\/\/schema.org","@graph":[{"@type":"WebPage","@id":"https:\/\/www.koupelnapro.com\/index.php\/produkt\/pir-bramac-therm-kompakt-kompakt-180-odeslani-ihned-8337\/","url":"https:\/\/www.koupelnapro.com\/index.php\/produkt\/pir-bramac-therm-kompakt-kompakt-180-odeslani-ihned-8337\/","name":"PIR Bramac THERM Kompakt - Kompakt 180 Odesl\u00e1n\u00ed Ihned -","isPartOf":{"@id":"https:\/\/www.koupelnapro.com\/#website"},"primaryImageOfPage":{"@id":"https:\/\/www.koupelnapro.com\/index.php\/produkt\/pir-bramac-therm-kompakt-kompakt-180-odeslani-ihned-8337\/#primaryimage"},"image":{"@id":"https:\/\/www.koupelnapro.com\/index.php\/produkt\/pir-bramac-therm-kompakt-kompakt-180-odeslani-ihned-8337\/#primaryimage"},"thumbnailUrl":"https:\/\/www.koupelnapro.com\/wp-content\/uploads\/2026\/SK0003695-CZ20260425-091742-0-1777079863-P-035604-00.webp","datePublished":"2026-04-26T09:13:21+00:00","breadcrumb":{"@id":"https:\/\/www.koupelnapro.com\/index.php\/produkt\/pir-bramac-therm-kompakt-kompakt-180-odeslani-ihned-8337\/#breadcrumb"},"inLanguage":"cs","potentialAction":[{"@type":"ReadAction","target":["https:\/\/www.koupelnapro.com\/index.php\/produkt\/pir-bramac-therm-kompakt-kompakt-180-odeslani-ihned-8337\/"]}]},{"@type":"ImageObject","inLanguage":"cs","@id":"https:\/\/www.koupelnapro.com\/index.php\/produkt\/pir-bramac-therm-kompakt-kompakt-180-odeslani-ihned-8337\/#primaryimage","url":"https:\/\/www.koupelnapro.com\/wp-content\/uploads\/2026\/SK0003695-CZ20260425-091742-0-1777079863-P-035604-00.webp","contentUrl":"https:\/\/www.koupelnapro.com\/wp-content\/uploads\/2026\/SK0003695-CZ20260425-091742-0-1777079863-P-035604-00.webp","width":305,"height":292},{"@type":"BreadcrumbList","@id":"https:\/\/www.koupelnapro.com\/index.php\/produkt\/pir-bramac-therm-kompakt-kompakt-180-odeslani-ihned-8337\/#breadcrumb","itemListElement":[{"@type":"ListItem","position":1,"name":"Home","item":"https:\/\/www.koupelnapro.com\/"},{"@type":"ListItem","position":2,"name":"Products","item":"https:\/\/www.koupelnapro.com\/index.php\/products\/"},{"@type":"ListItem","position":3,"name":"PIR Bramac THERM Kompakt &#8211; Kompakt 180 Odesl\u00e1n\u00ed Ihned"}]},{"@type":"WebSite","@id":"https:\/\/www.koupelnapro.com\/#website","url":"https:\/\/www.koupelnapro.com\/","name":"","description":"","potentialAction":[{"@type":"SearchAction","target":{"@type":"EntryPoint","urlTemplate":"https:\/\/www.koupelnapro.com\/?s={search_term_string}"},"query-input":{"@type":"PropertyValueSpecification","valueRequired":true,"valueName":"search_term_string"}}],"inLanguage":"cs"}]}},"_links":{"self":[{"href":"https:\/\/www.koupelnapro.com\/index.php\/wp-json\/wp\/v2\/product\/8337","targetHints":{"allow":["GET"]}}],"collection":[{"href":"https:\/\/www.koupelnapro.com\/index.php\/wp-json\/wp\/v2\/product"}],"about":[{"href":"https:\/\/www.koupelnapro.com\/index.php\/wp-json\/wp\/v2\/types\/product"}],"replies":[{"embeddable":true,"href":"https:\/\/www.koupelnapro.com\/index.php\/wp-json\/wp\/v2\/comments?post=8337"}],"wp:featuredmedia":[{"embeddable":true,"href":"https:\/\/www.koupelnapro.com\/index.php\/wp-json\/wp\/v2\/media\/8437"}],"wp:attachment":[{"href":"https:\/\/www.koupelnapro.com\/index.php\/wp-json\/wp\/v2\/media?parent=8337"}],"wp:term":[{"taxonomy":"product_brand","embeddable":true,"href":"https:\/\/www.koupelnapro.com\/index.php\/wp-json\/wp\/v2\/product_brand?post=8337"},{"taxonomy":"product_cat","embeddable":true,"href":"https:\/\/www.koupelnapro.com\/index.php\/wp-json\/wp\/v2\/product_cat?post=8337"},{"taxonomy":"product_tag","embeddable":true,"href":"https:\/\/www.koupelnapro.com\/index.php\/wp-json\/wp\/v2\/product_tag?post=8337"}],"curies":[{"name":"wp","href":"https:\/\/api.w.org\/{rel}","templated":true}]}}