{"id":8189,"date":"2026-04-26T09:13:20","date_gmt":"2026-04-26T09:13:20","guid":{"rendered":""},"modified":"2026-04-26T09:13:20","modified_gmt":"2026-04-26T09:13:20","slug":"znackovy-pasky-k-foliim-norton-opf-x-opravna-paska-75mmx25m-8189","status":"publish","type":"product","link":"https:\/\/www.koupelnapro.com\/index.php\/produkt\/znackovy-pasky-k-foliim-norton-opf-x-opravna-paska-75mmx25m-8189\/","title":{"rendered":"Zna\u010dkov\u00fd P\u00e1sky k foli\u00edm NORTON &#8211; OPF-X opravn\u00e1 p\u00e1ska 75mmx25m"},"content":{"rendered":"<div class=\"ResponseTabButton\">Popis produktu<\/div>\n<div class=\"TabContent\">\n<p><span id=\"result_box\" lang=\"cs\"><strong><span>Popis<\/span> <span>v\u00fdrobku<\/span><span>:<\/span><\/strong><br \/><span>je<\/span> <span>UV<\/span> <span>stabiln\u00ed<\/span><span>,<\/span> <span>opravn\u00e1<\/span> <span>a<\/span> <span>ut\u011bs\u0148ovac\u00ed<\/span> <span>lep\u00edc\u00ed<\/span> <span>p\u00e1ska<\/span> <span>s<\/span> <span>extr\u00e9mn\u011b<\/span> <span>vysokou<\/span> <span>lepivost\u00ed<\/span><span>.<\/span> <span>Slou\u017e\u00ed<\/span> <span>k odstran\u011bn\u00ed<\/span> <span>men\u0161\u00edch<\/span><br \/><span>po\u0161kozen\u00ed<\/span><span>,<\/span> <span>p\u0159elepen\u00ed<\/span> <span>p\u0159esah\u016f<\/span> <span>pojistn\u00fdch<\/span> <span>hydroizola\u010dn\u00edch<\/span> <span>f\u00f3li\u00ed<\/span> <span>na<\/span> <span>b\u00e1zi<\/span> <span>polypropylenu<\/span> <span>(<\/span><span>PP<\/span><span>)<\/span><span>,<\/span> <span>polyesteru<\/span> <span>(<\/span><span>PES<\/span><span>)<\/span> <span>jako\u017e i<\/span><br \/><span>interi\u00e9rov\u00fdch<\/span> <span>parobrzd<\/span> <span>a<\/span> <span>paroizola\u010dn\u00fdch<\/span> <span>foli\u00ed<\/span> <span>na<\/span> <span>b\u00e1zi<\/span> <span>polyethylenu<\/span> <span>(<\/span><span>PE<\/span><span>)<\/span><span>,<\/span> <span>za<\/span> <span>\u00fa\u010delem<\/span> <span>zaji\u0161t\u011bn\u00ed<\/span> <span>vodot\u011bsn\u00e9ho<\/span><span>,<\/span><br \/><span>vzduchot\u011bsn\u00e9ho<\/span> <span>a<\/span> <span>v\u011btrot\u011bsn\u00e9ho<\/span> <span>podst\u0159e\u0161\u00ed<\/span><span>.<\/span> <span>Tak\u00e9<\/span> <span>vhodn\u00e9<\/span> <span>na<\/span> <span>zalepen\u00ed<\/span> <span>a<\/span> <span>ut\u011bsn\u011bn\u00ed<\/span> <span>spoj\u016f<\/span> <span>se<\/span> <span>st\u011bnou<\/span> <span>a<\/span> <span>pr\u016fnik\u016f<\/span><span>.<\/span><\/p>\n<p><strong><span>Aplikace<\/span><span>:<\/span><\/strong><br \/><span>THERMO<\/span><span>&#8211;<\/span><span>TAPE<\/span> <span>75<\/span> <span>se<\/span> <span>aplikuje<\/span> <span>na<\/span> <span>such\u00fd<\/span><span>,<\/span> <span>odma\u0161t\u011bn\u00fd<\/span> <span>podklad<\/span> <span>zbaven\u00fd<\/span> <span>od<\/span> <span>prachu<\/span> <span>a<\/span> <span>ne\u010distot<\/span><span>.<\/span> <span>Minim\u00e1ln\u00ed<\/span> <span>\/<\/span> <span>doporu\u010den\u00e1<\/span><br \/><span>teplota<\/span> <span>b\u011bhem<\/span> <span>aplikace<\/span><span>:<\/span> <span>nad<\/span> <span>-10<\/span> <span>&deg;<\/span> <span>C<\/span><span>.<\/span> <span>P\u0159elepte<\/span> <span>po\u0161kozen\u00e9<\/span> <span>m\u00edsto<\/span> <span>(<\/span><span>v<\/span> <span>p\u0159\u00edpad\u011b<\/span> <span>pot\u0159eby<\/span> <span>ve v\u00edce<\/span> <span>p\u00e1sech<\/span> <span>s<\/span> <span>p\u0159ekryt\u00edm<\/span><span>)<\/span> <span>&#8211;<\/span><br \/><span>doporu\u010dujeme<\/span> <span>celoplo\u0161n\u011b<\/span> <span>p\u0159itla\u010dit<\/span> <span>v\u00e1le\u010dkem<\/span><span>,<\/span> <span>abyste<\/span> <span>p\u0159ede\u0161li<\/span> <span>vzniku<\/span> <span>z\u00e1hyb\u016f<\/span> <span>\/<\/span> <span>zvr\u00e1sn\u011bn\u00ed<\/span><span>.<\/span> <span>P\u0159\u00edpadn\u00e9<\/span> <span>vznikl\u00e9<\/span> <span>vr\u00e1sky<\/span><br \/><span>ust\u0159ihne<\/span> <span>a<\/span> <span>op\u011bt<\/span> <span>zalepit<\/span><span>.<\/span><\/span><\/p>\n<\/p><\/div>\n<\/p><\/div>\n<\/p><\/div>\n<\/p><\/div>\n<\/div>\n","protected":false},"excerpt":{"rendered":"<p>Popis produktu Popis v\u00fdrobku:je UV stabiln\u00ed, opravn\u00e1 a ut\u011bs\u0148ovac\u00ed lep\u00edc\u00ed p\u00e1ska s extr\u00e9mn\u011b vysokou lepivost\u00ed. Slou\u017e\u00ed k odstran\u011bn\u00ed men\u0161\u00edchpo\u0161kozen\u00ed, p\u0159elepen\u00ed p\u0159esah\u016f pojistn\u00fdch hydroizola\u010dn\u00edch f\u00f3li\u00ed na b\u00e1zi polypropylenu (PP), polyesteru (PES) jako\u017e iinteri\u00e9rov\u00fdch parobrzd a paroizola\u010dn\u00fdch foli\u00ed na b\u00e1zi polyethylenu (PE), za \u00fa\u010delem zaji\u0161t\u011bn\u00ed vodot\u011bsn\u00e9ho,vzduchot\u011bsn\u00e9ho a v\u011btrot\u011bsn\u00e9ho podst\u0159e\u0161\u00ed. Tak\u00e9 vhodn\u00e9 na zalepen\u00ed a ut\u011bsn\u011bn\u00ed spoj\u016f se [&hellip;]<\/p>\n","protected":false},"featured_media":8289,"comment_status":"open","ping_status":"open","template":"","meta":[],"product_brand":[],"product_cat":[57],"product_tag":[],"class_list":{"0":"post-8189","1":"product","2":"type-product","3":"status-publish","4":"has-post-thumbnail","6":"product_cat-stresni-folie","8":"first","9":"instock","10":"sale","11":"shipping-taxable","12":"purchasable","13":"product-type-simple"},"yoast_head":"<!-- This site is optimized with the Yoast SEO plugin v26.8 - https:\/\/yoast.com\/product\/yoast-seo-wordpress\/ -->\n<title>Zna\u010dkov\u00fd P\u00e1sky k foli\u00edm NORTON - OPF-X opravn\u00e1 p\u00e1ska 75mmx25m -<\/title>\n<meta name=\"robots\" content=\"index, follow, max-snippet:-1, max-image-preview:large, max-video-preview:-1\" \/>\n<link rel=\"canonical\" href=\"https:\/\/www.koupelnapro.com\/index.php\/produkt\/znackovy-pasky-k-foliim-norton-opf-x-opravna-paska-75mmx25m-8189\/\" \/>\n<meta property=\"og:locale\" content=\"cs_CZ\" \/>\n<meta property=\"og:type\" content=\"article\" \/>\n<meta property=\"og:title\" content=\"Zna\u010dkov\u00fd P\u00e1sky k foli\u00edm NORTON - OPF-X opravn\u00e1 p\u00e1ska 75mmx25m -\" \/>\n<meta property=\"og:description\" content=\"Popis produktu Popis v\u00fdrobku:je UV stabiln\u00ed, opravn\u00e1 a ut\u011bs\u0148ovac\u00ed lep\u00edc\u00ed p\u00e1ska s extr\u00e9mn\u011b vysokou lepivost\u00ed. Slou\u017e\u00ed k odstran\u011bn\u00ed men\u0161\u00edchpo\u0161kozen\u00ed, p\u0159elepen\u00ed p\u0159esah\u016f pojistn\u00fdch hydroizola\u010dn\u00edch f\u00f3li\u00ed na b\u00e1zi polypropylenu (PP), polyesteru (PES) jako\u017e iinteri\u00e9rov\u00fdch parobrzd a paroizola\u010dn\u00fdch foli\u00ed na b\u00e1zi polyethylenu (PE), za \u00fa\u010delem zaji\u0161t\u011bn\u00ed vodot\u011bsn\u00e9ho,vzduchot\u011bsn\u00e9ho a v\u011btrot\u011bsn\u00e9ho podst\u0159e\u0161\u00ed. Tak\u00e9 vhodn\u00e9 na zalepen\u00ed a ut\u011bsn\u011bn\u00ed spoj\u016f se [&hellip;]\" \/>\n<meta property=\"og:url\" content=\"https:\/\/www.koupelnapro.com\/index.php\/produkt\/znackovy-pasky-k-foliim-norton-opf-x-opravna-paska-75mmx25m-8189\/\" \/>\n<meta property=\"og:image\" content=\"https:\/\/www.koupelnapro.com\/wp-content\/uploads\/2026\/SK0003647-CZ20260425-091742-0-1777079863-P-040435-00.webp\" \/>\n\t<meta property=\"og:image:width\" content=\"208\" \/>\n\t<meta property=\"og:image:height\" content=\"243\" \/>\n\t<meta property=\"og:image:type\" content=\"image\/webp\" \/>\n<meta name=\"twitter:card\" content=\"summary_large_image\" \/>\n<meta name=\"twitter:label1\" content=\"Odhadovan\u00e1 doba \u010dten\u00ed\" \/>\n\t<meta name=\"twitter:data1\" content=\"1 minuta\" \/>\n<script type=\"application\/ld+json\" class=\"yoast-schema-graph\">{\"@context\":\"https:\/\/schema.org\",\"@graph\":[{\"@type\":\"WebPage\",\"@id\":\"https:\/\/www.koupelnapro.com\/index.php\/produkt\/znackovy-pasky-k-foliim-norton-opf-x-opravna-paska-75mmx25m-8189\/\",\"url\":\"https:\/\/www.koupelnapro.com\/index.php\/produkt\/znackovy-pasky-k-foliim-norton-opf-x-opravna-paska-75mmx25m-8189\/\",\"name\":\"Zna\u010dkov\u00fd P\u00e1sky k foli\u00edm NORTON - OPF-X opravn\u00e1 p\u00e1ska 75mmx25m -\",\"isPartOf\":{\"@id\":\"https:\/\/www.koupelnapro.com\/#website\"},\"primaryImageOfPage\":{\"@id\":\"https:\/\/www.koupelnapro.com\/index.php\/produkt\/znackovy-pasky-k-foliim-norton-opf-x-opravna-paska-75mmx25m-8189\/#primaryimage\"},\"image\":{\"@id\":\"https:\/\/www.koupelnapro.com\/index.php\/produkt\/znackovy-pasky-k-foliim-norton-opf-x-opravna-paska-75mmx25m-8189\/#primaryimage\"},\"thumbnailUrl\":\"https:\/\/www.koupelnapro.com\/wp-content\/uploads\/2026\/SK0003647-CZ20260425-091742-0-1777079863-P-040435-00.webp\",\"datePublished\":\"2026-04-26T09:13:20+00:00\",\"breadcrumb\":{\"@id\":\"https:\/\/www.koupelnapro.com\/index.php\/produkt\/znackovy-pasky-k-foliim-norton-opf-x-opravna-paska-75mmx25m-8189\/#breadcrumb\"},\"inLanguage\":\"cs\",\"potentialAction\":[{\"@type\":\"ReadAction\",\"target\":[\"https:\/\/www.koupelnapro.com\/index.php\/produkt\/znackovy-pasky-k-foliim-norton-opf-x-opravna-paska-75mmx25m-8189\/\"]}]},{\"@type\":\"ImageObject\",\"inLanguage\":\"cs\",\"@id\":\"https:\/\/www.koupelnapro.com\/index.php\/produkt\/znackovy-pasky-k-foliim-norton-opf-x-opravna-paska-75mmx25m-8189\/#primaryimage\",\"url\":\"https:\/\/www.koupelnapro.com\/wp-content\/uploads\/2026\/SK0003647-CZ20260425-091742-0-1777079863-P-040435-00.webp\",\"contentUrl\":\"https:\/\/www.koupelnapro.com\/wp-content\/uploads\/2026\/SK0003647-CZ20260425-091742-0-1777079863-P-040435-00.webp\",\"width\":208,\"height\":243},{\"@type\":\"BreadcrumbList\",\"@id\":\"https:\/\/www.koupelnapro.com\/index.php\/produkt\/znackovy-pasky-k-foliim-norton-opf-x-opravna-paska-75mmx25m-8189\/#breadcrumb\",\"itemListElement\":[{\"@type\":\"ListItem\",\"position\":1,\"name\":\"Home\",\"item\":\"https:\/\/www.koupelnapro.com\/\"},{\"@type\":\"ListItem\",\"position\":2,\"name\":\"Products\",\"item\":\"https:\/\/www.koupelnapro.com\/index.php\/products\/\"},{\"@type\":\"ListItem\",\"position\":3,\"name\":\"Zna\u010dkov\u00fd P\u00e1sky k foli\u00edm NORTON &#8211; OPF-X opravn\u00e1 p\u00e1ska 75mmx25m\"}]},{\"@type\":\"WebSite\",\"@id\":\"https:\/\/www.koupelnapro.com\/#website\",\"url\":\"https:\/\/www.koupelnapro.com\/\",\"name\":\"\",\"description\":\"\",\"potentialAction\":[{\"@type\":\"SearchAction\",\"target\":{\"@type\":\"EntryPoint\",\"urlTemplate\":\"https:\/\/www.koupelnapro.com\/?s={search_term_string}\"},\"query-input\":{\"@type\":\"PropertyValueSpecification\",\"valueRequired\":true,\"valueName\":\"search_term_string\"}}],\"inLanguage\":\"cs\"}]}<\/script>\n<!-- \/ Yoast SEO plugin. -->","yoast_head_json":{"title":"Zna\u010dkov\u00fd P\u00e1sky k foli\u00edm NORTON - OPF-X opravn\u00e1 p\u00e1ska 75mmx25m -","robots":{"index":"index","follow":"follow","max-snippet":"max-snippet:-1","max-image-preview":"max-image-preview:large","max-video-preview":"max-video-preview:-1"},"canonical":"https:\/\/www.koupelnapro.com\/index.php\/produkt\/znackovy-pasky-k-foliim-norton-opf-x-opravna-paska-75mmx25m-8189\/","og_locale":"cs_CZ","og_type":"article","og_title":"Zna\u010dkov\u00fd P\u00e1sky k foli\u00edm NORTON - OPF-X opravn\u00e1 p\u00e1ska 75mmx25m -","og_description":"Popis produktu Popis v\u00fdrobku:je UV stabiln\u00ed, opravn\u00e1 a ut\u011bs\u0148ovac\u00ed lep\u00edc\u00ed p\u00e1ska s extr\u00e9mn\u011b vysokou lepivost\u00ed. Slou\u017e\u00ed k odstran\u011bn\u00ed men\u0161\u00edchpo\u0161kozen\u00ed, p\u0159elepen\u00ed p\u0159esah\u016f pojistn\u00fdch hydroizola\u010dn\u00edch f\u00f3li\u00ed na b\u00e1zi polypropylenu (PP), polyesteru (PES) jako\u017e iinteri\u00e9rov\u00fdch parobrzd a paroizola\u010dn\u00fdch foli\u00ed na b\u00e1zi polyethylenu (PE), za \u00fa\u010delem zaji\u0161t\u011bn\u00ed vodot\u011bsn\u00e9ho,vzduchot\u011bsn\u00e9ho a v\u011btrot\u011bsn\u00e9ho podst\u0159e\u0161\u00ed. Tak\u00e9 vhodn\u00e9 na zalepen\u00ed a ut\u011bsn\u011bn\u00ed spoj\u016f se [&hellip;]","og_url":"https:\/\/www.koupelnapro.com\/index.php\/produkt\/znackovy-pasky-k-foliim-norton-opf-x-opravna-paska-75mmx25m-8189\/","og_image":[{"width":208,"height":243,"url":"https:\/\/www.koupelnapro.com\/wp-content\/uploads\/2026\/SK0003647-CZ20260425-091742-0-1777079863-P-040435-00.webp","type":"image\/webp"}],"twitter_card":"summary_large_image","twitter_misc":{"Odhadovan\u00e1 doba \u010dten\u00ed":"1 minuta"},"schema":{"@context":"https:\/\/schema.org","@graph":[{"@type":"WebPage","@id":"https:\/\/www.koupelnapro.com\/index.php\/produkt\/znackovy-pasky-k-foliim-norton-opf-x-opravna-paska-75mmx25m-8189\/","url":"https:\/\/www.koupelnapro.com\/index.php\/produkt\/znackovy-pasky-k-foliim-norton-opf-x-opravna-paska-75mmx25m-8189\/","name":"Zna\u010dkov\u00fd P\u00e1sky k foli\u00edm NORTON - OPF-X opravn\u00e1 p\u00e1ska 75mmx25m -","isPartOf":{"@id":"https:\/\/www.koupelnapro.com\/#website"},"primaryImageOfPage":{"@id":"https:\/\/www.koupelnapro.com\/index.php\/produkt\/znackovy-pasky-k-foliim-norton-opf-x-opravna-paska-75mmx25m-8189\/#primaryimage"},"image":{"@id":"https:\/\/www.koupelnapro.com\/index.php\/produkt\/znackovy-pasky-k-foliim-norton-opf-x-opravna-paska-75mmx25m-8189\/#primaryimage"},"thumbnailUrl":"https:\/\/www.koupelnapro.com\/wp-content\/uploads\/2026\/SK0003647-CZ20260425-091742-0-1777079863-P-040435-00.webp","datePublished":"2026-04-26T09:13:20+00:00","breadcrumb":{"@id":"https:\/\/www.koupelnapro.com\/index.php\/produkt\/znackovy-pasky-k-foliim-norton-opf-x-opravna-paska-75mmx25m-8189\/#breadcrumb"},"inLanguage":"cs","potentialAction":[{"@type":"ReadAction","target":["https:\/\/www.koupelnapro.com\/index.php\/produkt\/znackovy-pasky-k-foliim-norton-opf-x-opravna-paska-75mmx25m-8189\/"]}]},{"@type":"ImageObject","inLanguage":"cs","@id":"https:\/\/www.koupelnapro.com\/index.php\/produkt\/znackovy-pasky-k-foliim-norton-opf-x-opravna-paska-75mmx25m-8189\/#primaryimage","url":"https:\/\/www.koupelnapro.com\/wp-content\/uploads\/2026\/SK0003647-CZ20260425-091742-0-1777079863-P-040435-00.webp","contentUrl":"https:\/\/www.koupelnapro.com\/wp-content\/uploads\/2026\/SK0003647-CZ20260425-091742-0-1777079863-P-040435-00.webp","width":208,"height":243},{"@type":"BreadcrumbList","@id":"https:\/\/www.koupelnapro.com\/index.php\/produkt\/znackovy-pasky-k-foliim-norton-opf-x-opravna-paska-75mmx25m-8189\/#breadcrumb","itemListElement":[{"@type":"ListItem","position":1,"name":"Home","item":"https:\/\/www.koupelnapro.com\/"},{"@type":"ListItem","position":2,"name":"Products","item":"https:\/\/www.koupelnapro.com\/index.php\/products\/"},{"@type":"ListItem","position":3,"name":"Zna\u010dkov\u00fd P\u00e1sky k foli\u00edm NORTON &#8211; OPF-X opravn\u00e1 p\u00e1ska 75mmx25m"}]},{"@type":"WebSite","@id":"https:\/\/www.koupelnapro.com\/#website","url":"https:\/\/www.koupelnapro.com\/","name":"","description":"","potentialAction":[{"@type":"SearchAction","target":{"@type":"EntryPoint","urlTemplate":"https:\/\/www.koupelnapro.com\/?s={search_term_string}"},"query-input":{"@type":"PropertyValueSpecification","valueRequired":true,"valueName":"search_term_string"}}],"inLanguage":"cs"}]}},"_links":{"self":[{"href":"https:\/\/www.koupelnapro.com\/index.php\/wp-json\/wp\/v2\/product\/8189","targetHints":{"allow":["GET"]}}],"collection":[{"href":"https:\/\/www.koupelnapro.com\/index.php\/wp-json\/wp\/v2\/product"}],"about":[{"href":"https:\/\/www.koupelnapro.com\/index.php\/wp-json\/wp\/v2\/types\/product"}],"replies":[{"embeddable":true,"href":"https:\/\/www.koupelnapro.com\/index.php\/wp-json\/wp\/v2\/comments?post=8189"}],"wp:featuredmedia":[{"embeddable":true,"href":"https:\/\/www.koupelnapro.com\/index.php\/wp-json\/wp\/v2\/media\/8289"}],"wp:attachment":[{"href":"https:\/\/www.koupelnapro.com\/index.php\/wp-json\/wp\/v2\/media?parent=8189"}],"wp:term":[{"taxonomy":"product_brand","embeddable":true,"href":"https:\/\/www.koupelnapro.com\/index.php\/wp-json\/wp\/v2\/product_brand?post=8189"},{"taxonomy":"product_cat","embeddable":true,"href":"https:\/\/www.koupelnapro.com\/index.php\/wp-json\/wp\/v2\/product_cat?post=8189"},{"taxonomy":"product_tag","embeddable":true,"href":"https:\/\/www.koupelnapro.com\/index.php\/wp-json\/wp\/v2\/product_tag?post=8189"}],"curies":[{"name":"wp","href":"https:\/\/api.w.org\/{rel}","templated":true}]}}