{"id":7902,"date":"2026-04-26T09:13:19","date_gmt":"2026-04-26T09:13:19","guid":{"rendered":""},"modified":"2026-04-26T09:13:19","modified_gmt":"2026-04-26T09:13:19","slug":"organicke-laky-denbit-denbit-reflex-alu-ochr-lak-9-kg-hit-sezony-7902","status":"publish","type":"product","link":"https:\/\/www.koupelnapro.com\/index.php\/produkt\/organicke-laky-denbit-denbit-reflex-alu-ochr-lak-9-kg-hit-sezony-7902\/","title":{"rendered":"Organick\u00e9 laky DenBit &#8211; DenBit REFLEX ALU ochr. lak 9 kg Hit Sez\u00f3ny"},"content":{"rendered":"<div class=\"ResponseTabButton\">Popis produktu<\/div>\n<div class=\"TabContent\">\n<div><font color=\"#000000\">Reflexn\u00ed ochrann\u00fd lak DenBit REFLEX ALU je bitumenov\u00e1 hmota modifikovan\u00e1 syntetick\u00fdm kau\u010dukem s p\u0159\u00eddavkem \u017eivic a chemick\u00fdch slou\u010denin vylep\u0161uj\u00edc\u00edch p\u0159ilnavost k r\u016fzn\u00fdm podklad\u016fm. Obsahuje st\u0159\u00edbrn\u00e9 barvivo s dekora\u010dn\u00edm a antireflexn\u00edm efektem. N\u00e1t\u011br je zcela odoln\u00fd v\u016f\u010di vod\u011b, slab\u00fdm kyselin\u00e1m a z\u00e1sad\u00e1m. <\/font><\/div>\n<div><font color=\"#000000\">&nbsp;<\/font><\/div>\n<div><font color=\"#000000\">Druh podkladu: Krytiny z asfaltov\u00fdch lepenek, bitumenov\u00fdch \u0161indel\u016f, eternitu, pozinkovan\u00fdch plech\u016f, betonov\u00fdch zd\u00ed a podobn\u00e9 miner\u00e1ln\u00ed podklady, cementov\u00e9, cemento-v\u00e1penn\u00e9 om\u00edtky. <\/font><\/div>\n<div><font color=\"#000000\">&nbsp;<\/font><\/div>\n<div><font color=\"#000000\">Pou\u017eit\u00ed: Jako roztok ur\u010den\u00fd pro konzervov\u00e1n\u00ed st\u0159e\u0161n\u00edch krytin. Pou\u017eit\u00ed ve venkovn\u00edm prostoru budov. <\/font><\/div>\n<div><font color=\"#000000\">&nbsp;<\/font><\/div>\n<div><font color=\"#000000\">Charakteristika: <\/font><\/div>\n<div><font color=\"#000000\">&bull; Obsahuje st\u0159\u00edbrn\u00e9 barvivo &ndash; antireflexn\u00ed efekt<\/font><\/div>\n<div><font color=\"#000000\">&bull; Sni\u017euje proh\u0159\u00edv\u00e1n\u00ed st\u0159e\u0161n\u00edho pl\u00e1\u0161t\u011b<\/font><\/div>\n<div><font color=\"#000000\">&bull; Odoln\u00fd UV z\u00e1\u0159en\u00ed, slab\u00fdm kyselin\u00e1m a z\u00e1sad\u00e1m<\/font><\/div>\n<div><font color=\"#000000\">&bull; Na such\u00fd podklad<\/font><\/div>\n<\/p><\/div>\n<\/p><\/div>\n<\/p><\/div>\n<\/p><\/div>\n<\/div>\n","protected":false},"excerpt":{"rendered":"<p>Popis produktu Reflexn\u00ed ochrann\u00fd lak DenBit REFLEX ALU je bitumenov\u00e1 hmota modifikovan\u00e1 syntetick\u00fdm kau\u010dukem s p\u0159\u00eddavkem \u017eivic a chemick\u00fdch slou\u010denin vylep\u0161uj\u00edc\u00edch p\u0159ilnavost k r\u016fzn\u00fdm podklad\u016fm. Obsahuje st\u0159\u00edbrn\u00e9 barvivo s dekora\u010dn\u00edm a antireflexn\u00edm efektem. N\u00e1t\u011br je zcela odoln\u00fd v\u016f\u010di vod\u011b, slab\u00fdm kyselin\u00e1m a z\u00e1sad\u00e1m. &nbsp; Druh podkladu: Krytiny z asfaltov\u00fdch lepenek, bitumenov\u00fdch \u0161indel\u016f, eternitu, pozinkovan\u00fdch plech\u016f, [&hellip;]<\/p>\n","protected":false},"featured_media":8002,"comment_status":"open","ping_status":"open","template":"","meta":[],"product_brand":[],"product_cat":[49],"product_tag":[],"class_list":{"0":"post-7902","1":"product","2":"type-product","3":"status-publish","4":"has-post-thumbnail","6":"product_cat-naterove-a-chemicke-vyrobky","8":"first","9":"instock","10":"sale","11":"shipping-taxable","12":"purchasable","13":"product-type-simple"},"yoast_head":"<!-- This site is optimized with the Yoast SEO plugin v26.8 - https:\/\/yoast.com\/product\/yoast-seo-wordpress\/ -->\n<title>Organick\u00e9 laky DenBit - DenBit REFLEX ALU ochr. lak 9 kg Hit Sez\u00f3ny -<\/title>\n<meta name=\"robots\" content=\"index, follow, max-snippet:-1, max-image-preview:large, max-video-preview:-1\" \/>\n<link rel=\"canonical\" href=\"https:\/\/www.koupelnapro.com\/index.php\/produkt\/organicke-laky-denbit-denbit-reflex-alu-ochr-lak-9-kg-hit-sezony-7902\/\" \/>\n<meta property=\"og:locale\" content=\"cs_CZ\" \/>\n<meta property=\"og:type\" content=\"article\" \/>\n<meta property=\"og:title\" content=\"Organick\u00e9 laky DenBit - DenBit REFLEX ALU ochr. lak 9 kg Hit Sez\u00f3ny -\" \/>\n<meta property=\"og:description\" content=\"Popis produktu Reflexn\u00ed ochrann\u00fd lak DenBit REFLEX ALU je bitumenov\u00e1 hmota modifikovan\u00e1 syntetick\u00fdm kau\u010dukem s p\u0159\u00eddavkem \u017eivic a chemick\u00fdch slou\u010denin vylep\u0161uj\u00edc\u00edch p\u0159ilnavost k r\u016fzn\u00fdm podklad\u016fm. Obsahuje st\u0159\u00edbrn\u00e9 barvivo s dekora\u010dn\u00edm a antireflexn\u00edm efektem. N\u00e1t\u011br je zcela odoln\u00fd v\u016f\u010di vod\u011b, slab\u00fdm kyselin\u00e1m a z\u00e1sad\u00e1m. &nbsp; Druh podkladu: Krytiny z asfaltov\u00fdch lepenek, bitumenov\u00fdch \u0161indel\u016f, eternitu, pozinkovan\u00fdch plech\u016f, [&hellip;]\" \/>\n<meta property=\"og:url\" content=\"https:\/\/www.koupelnapro.com\/index.php\/produkt\/organicke-laky-denbit-denbit-reflex-alu-ochr-lak-9-kg-hit-sezony-7902\/\" \/>\n<meta property=\"og:image\" content=\"https:\/\/www.koupelnapro.com\/wp-content\/uploads\/2026\/SK0003459-CZ20260425-091742-0-1777079863-P-035700-00.webp\" \/>\n\t<meta property=\"og:image:width\" content=\"424\" \/>\n\t<meta property=\"og:image:height\" content=\"462\" \/>\n\t<meta property=\"og:image:type\" content=\"image\/webp\" \/>\n<meta name=\"twitter:card\" content=\"summary_large_image\" \/>\n<meta name=\"twitter:label1\" content=\"Odhadovan\u00e1 doba \u010dten\u00ed\" \/>\n\t<meta name=\"twitter:data1\" content=\"1 minuta\" \/>\n<script type=\"application\/ld+json\" class=\"yoast-schema-graph\">{\"@context\":\"https:\/\/schema.org\",\"@graph\":[{\"@type\":\"WebPage\",\"@id\":\"https:\/\/www.koupelnapro.com\/index.php\/produkt\/organicke-laky-denbit-denbit-reflex-alu-ochr-lak-9-kg-hit-sezony-7902\/\",\"url\":\"https:\/\/www.koupelnapro.com\/index.php\/produkt\/organicke-laky-denbit-denbit-reflex-alu-ochr-lak-9-kg-hit-sezony-7902\/\",\"name\":\"Organick\u00e9 laky DenBit - DenBit REFLEX ALU ochr. lak 9 kg Hit Sez\u00f3ny -\",\"isPartOf\":{\"@id\":\"https:\/\/www.koupelnapro.com\/#website\"},\"primaryImageOfPage\":{\"@id\":\"https:\/\/www.koupelnapro.com\/index.php\/produkt\/organicke-laky-denbit-denbit-reflex-alu-ochr-lak-9-kg-hit-sezony-7902\/#primaryimage\"},\"image\":{\"@id\":\"https:\/\/www.koupelnapro.com\/index.php\/produkt\/organicke-laky-denbit-denbit-reflex-alu-ochr-lak-9-kg-hit-sezony-7902\/#primaryimage\"},\"thumbnailUrl\":\"https:\/\/www.koupelnapro.com\/wp-content\/uploads\/2026\/SK0003459-CZ20260425-091742-0-1777079863-P-035700-00.webp\",\"datePublished\":\"2026-04-26T09:13:19+00:00\",\"breadcrumb\":{\"@id\":\"https:\/\/www.koupelnapro.com\/index.php\/produkt\/organicke-laky-denbit-denbit-reflex-alu-ochr-lak-9-kg-hit-sezony-7902\/#breadcrumb\"},\"inLanguage\":\"cs\",\"potentialAction\":[{\"@type\":\"ReadAction\",\"target\":[\"https:\/\/www.koupelnapro.com\/index.php\/produkt\/organicke-laky-denbit-denbit-reflex-alu-ochr-lak-9-kg-hit-sezony-7902\/\"]}]},{\"@type\":\"ImageObject\",\"inLanguage\":\"cs\",\"@id\":\"https:\/\/www.koupelnapro.com\/index.php\/produkt\/organicke-laky-denbit-denbit-reflex-alu-ochr-lak-9-kg-hit-sezony-7902\/#primaryimage\",\"url\":\"https:\/\/www.koupelnapro.com\/wp-content\/uploads\/2026\/SK0003459-CZ20260425-091742-0-1777079863-P-035700-00.webp\",\"contentUrl\":\"https:\/\/www.koupelnapro.com\/wp-content\/uploads\/2026\/SK0003459-CZ20260425-091742-0-1777079863-P-035700-00.webp\",\"width\":424,\"height\":462},{\"@type\":\"BreadcrumbList\",\"@id\":\"https:\/\/www.koupelnapro.com\/index.php\/produkt\/organicke-laky-denbit-denbit-reflex-alu-ochr-lak-9-kg-hit-sezony-7902\/#breadcrumb\",\"itemListElement\":[{\"@type\":\"ListItem\",\"position\":1,\"name\":\"Home\",\"item\":\"https:\/\/www.koupelnapro.com\/\"},{\"@type\":\"ListItem\",\"position\":2,\"name\":\"Products\",\"item\":\"https:\/\/www.koupelnapro.com\/index.php\/products\/\"},{\"@type\":\"ListItem\",\"position\":3,\"name\":\"Organick\u00e9 laky DenBit &#8211; DenBit REFLEX ALU ochr. lak 9 kg Hit Sez\u00f3ny\"}]},{\"@type\":\"WebSite\",\"@id\":\"https:\/\/www.koupelnapro.com\/#website\",\"url\":\"https:\/\/www.koupelnapro.com\/\",\"name\":\"\",\"description\":\"\",\"potentialAction\":[{\"@type\":\"SearchAction\",\"target\":{\"@type\":\"EntryPoint\",\"urlTemplate\":\"https:\/\/www.koupelnapro.com\/?s={search_term_string}\"},\"query-input\":{\"@type\":\"PropertyValueSpecification\",\"valueRequired\":true,\"valueName\":\"search_term_string\"}}],\"inLanguage\":\"cs\"}]}<\/script>\n<!-- \/ Yoast SEO plugin. -->","yoast_head_json":{"title":"Organick\u00e9 laky DenBit - DenBit REFLEX ALU ochr. lak 9 kg Hit Sez\u00f3ny -","robots":{"index":"index","follow":"follow","max-snippet":"max-snippet:-1","max-image-preview":"max-image-preview:large","max-video-preview":"max-video-preview:-1"},"canonical":"https:\/\/www.koupelnapro.com\/index.php\/produkt\/organicke-laky-denbit-denbit-reflex-alu-ochr-lak-9-kg-hit-sezony-7902\/","og_locale":"cs_CZ","og_type":"article","og_title":"Organick\u00e9 laky DenBit - DenBit REFLEX ALU ochr. lak 9 kg Hit Sez\u00f3ny -","og_description":"Popis produktu Reflexn\u00ed ochrann\u00fd lak DenBit REFLEX ALU je bitumenov\u00e1 hmota modifikovan\u00e1 syntetick\u00fdm kau\u010dukem s p\u0159\u00eddavkem \u017eivic a chemick\u00fdch slou\u010denin vylep\u0161uj\u00edc\u00edch p\u0159ilnavost k r\u016fzn\u00fdm podklad\u016fm. Obsahuje st\u0159\u00edbrn\u00e9 barvivo s dekora\u010dn\u00edm a antireflexn\u00edm efektem. N\u00e1t\u011br je zcela odoln\u00fd v\u016f\u010di vod\u011b, slab\u00fdm kyselin\u00e1m a z\u00e1sad\u00e1m. &nbsp; Druh podkladu: Krytiny z asfaltov\u00fdch lepenek, bitumenov\u00fdch \u0161indel\u016f, eternitu, pozinkovan\u00fdch plech\u016f, [&hellip;]","og_url":"https:\/\/www.koupelnapro.com\/index.php\/produkt\/organicke-laky-denbit-denbit-reflex-alu-ochr-lak-9-kg-hit-sezony-7902\/","og_image":[{"width":424,"height":462,"url":"https:\/\/www.koupelnapro.com\/wp-content\/uploads\/2026\/SK0003459-CZ20260425-091742-0-1777079863-P-035700-00.webp","type":"image\/webp"}],"twitter_card":"summary_large_image","twitter_misc":{"Odhadovan\u00e1 doba \u010dten\u00ed":"1 minuta"},"schema":{"@context":"https:\/\/schema.org","@graph":[{"@type":"WebPage","@id":"https:\/\/www.koupelnapro.com\/index.php\/produkt\/organicke-laky-denbit-denbit-reflex-alu-ochr-lak-9-kg-hit-sezony-7902\/","url":"https:\/\/www.koupelnapro.com\/index.php\/produkt\/organicke-laky-denbit-denbit-reflex-alu-ochr-lak-9-kg-hit-sezony-7902\/","name":"Organick\u00e9 laky DenBit - DenBit REFLEX ALU ochr. lak 9 kg Hit Sez\u00f3ny -","isPartOf":{"@id":"https:\/\/www.koupelnapro.com\/#website"},"primaryImageOfPage":{"@id":"https:\/\/www.koupelnapro.com\/index.php\/produkt\/organicke-laky-denbit-denbit-reflex-alu-ochr-lak-9-kg-hit-sezony-7902\/#primaryimage"},"image":{"@id":"https:\/\/www.koupelnapro.com\/index.php\/produkt\/organicke-laky-denbit-denbit-reflex-alu-ochr-lak-9-kg-hit-sezony-7902\/#primaryimage"},"thumbnailUrl":"https:\/\/www.koupelnapro.com\/wp-content\/uploads\/2026\/SK0003459-CZ20260425-091742-0-1777079863-P-035700-00.webp","datePublished":"2026-04-26T09:13:19+00:00","breadcrumb":{"@id":"https:\/\/www.koupelnapro.com\/index.php\/produkt\/organicke-laky-denbit-denbit-reflex-alu-ochr-lak-9-kg-hit-sezony-7902\/#breadcrumb"},"inLanguage":"cs","potentialAction":[{"@type":"ReadAction","target":["https:\/\/www.koupelnapro.com\/index.php\/produkt\/organicke-laky-denbit-denbit-reflex-alu-ochr-lak-9-kg-hit-sezony-7902\/"]}]},{"@type":"ImageObject","inLanguage":"cs","@id":"https:\/\/www.koupelnapro.com\/index.php\/produkt\/organicke-laky-denbit-denbit-reflex-alu-ochr-lak-9-kg-hit-sezony-7902\/#primaryimage","url":"https:\/\/www.koupelnapro.com\/wp-content\/uploads\/2026\/SK0003459-CZ20260425-091742-0-1777079863-P-035700-00.webp","contentUrl":"https:\/\/www.koupelnapro.com\/wp-content\/uploads\/2026\/SK0003459-CZ20260425-091742-0-1777079863-P-035700-00.webp","width":424,"height":462},{"@type":"BreadcrumbList","@id":"https:\/\/www.koupelnapro.com\/index.php\/produkt\/organicke-laky-denbit-denbit-reflex-alu-ochr-lak-9-kg-hit-sezony-7902\/#breadcrumb","itemListElement":[{"@type":"ListItem","position":1,"name":"Home","item":"https:\/\/www.koupelnapro.com\/"},{"@type":"ListItem","position":2,"name":"Products","item":"https:\/\/www.koupelnapro.com\/index.php\/products\/"},{"@type":"ListItem","position":3,"name":"Organick\u00e9 laky DenBit &#8211; DenBit REFLEX ALU ochr. lak 9 kg Hit Sez\u00f3ny"}]},{"@type":"WebSite","@id":"https:\/\/www.koupelnapro.com\/#website","url":"https:\/\/www.koupelnapro.com\/","name":"","description":"","potentialAction":[{"@type":"SearchAction","target":{"@type":"EntryPoint","urlTemplate":"https:\/\/www.koupelnapro.com\/?s={search_term_string}"},"query-input":{"@type":"PropertyValueSpecification","valueRequired":true,"valueName":"search_term_string"}}],"inLanguage":"cs"}]}},"_links":{"self":[{"href":"https:\/\/www.koupelnapro.com\/index.php\/wp-json\/wp\/v2\/product\/7902","targetHints":{"allow":["GET"]}}],"collection":[{"href":"https:\/\/www.koupelnapro.com\/index.php\/wp-json\/wp\/v2\/product"}],"about":[{"href":"https:\/\/www.koupelnapro.com\/index.php\/wp-json\/wp\/v2\/types\/product"}],"replies":[{"embeddable":true,"href":"https:\/\/www.koupelnapro.com\/index.php\/wp-json\/wp\/v2\/comments?post=7902"}],"wp:featuredmedia":[{"embeddable":true,"href":"https:\/\/www.koupelnapro.com\/index.php\/wp-json\/wp\/v2\/media\/8002"}],"wp:attachment":[{"href":"https:\/\/www.koupelnapro.com\/index.php\/wp-json\/wp\/v2\/media?parent=7902"}],"wp:term":[{"taxonomy":"product_brand","embeddable":true,"href":"https:\/\/www.koupelnapro.com\/index.php\/wp-json\/wp\/v2\/product_brand?post=7902"},{"taxonomy":"product_cat","embeddable":true,"href":"https:\/\/www.koupelnapro.com\/index.php\/wp-json\/wp\/v2\/product_cat?post=7902"},{"taxonomy":"product_tag","embeddable":true,"href":"https:\/\/www.koupelnapro.com\/index.php\/wp-json\/wp\/v2\/product_tag?post=7902"}],"curies":[{"name":"wp","href":"https:\/\/api.w.org\/{rel}","templated":true}]}}