{"id":73585,"date":"2026-04-26T09:18:37","date_gmt":"2026-04-26T09:18:37","guid":{"rendered":""},"modified":"2026-04-26T09:18:37","modified_gmt":"2026-04-26T09:18:37","slug":"znackovy-obrubnik-zahonovy-ferobet-500x50x200-mm-rovny-se-zamkem-prirodni-73585","status":"publish","type":"product","link":"https:\/\/www.koupelnapro.com\/index.php\/produkt\/znackovy-obrubnik-zahonovy-ferobet-500x50x200-mm-rovny-se-zamkem-prirodni-73585\/","title":{"rendered":"Zna\u010dkov\u00fd Obrubn\u00edk z\u00e1honov\u00fd Ferobet 500x50x200\u00a0mm rovn\u00fd, se\u00a0z\u00e1mkem, p\u0159\u00edrodn\u00ed"},"content":{"rendered":"<div class=\"content-actual\">\n<p>Obrubn\u00edk z\u00e1honov\u00fd je mal\u00fd, ale nepostradateln\u00fd pomocn\u00edk v ka\u017ed\u00e9 upraven\u00e9 zahrad\u011b. Slou\u017e\u00ed k jasn\u00e9mu odd\u011blen\u00ed z\u00e1hon\u016f od tr\u00e1vn\u00edk\u016f, chodn\u00edk\u016f nebo cesti\u010dek, \u010d\u00edm\u017e pom\u00e1h\u00e1 udr\u017eet po\u0159\u00e1dek, p\u0159ehlednost i estetiku. Zabr\u00e1n\u00ed pror\u016fst\u00e1n\u00ed tr\u00e1vy \u010di plevele, udr\u017e\u00ed mul\u010d, hl\u00ednu nebo k\u016fru na sv\u00e9m m\u00edst\u011b a v\u00fdrazn\u011b usnadn\u00ed sek\u00e1n\u00ed i \u00fadr\u017ebu. \u00a0<\/p>\n<\/p><\/div>\n<\/p><\/div>\n","protected":false},"excerpt":{"rendered":"<p>Obrubn\u00edk z\u00e1honov\u00fd je mal\u00fd, ale nepostradateln\u00fd pomocn\u00edk v ka\u017ed\u00e9 upraven\u00e9 zahrad\u011b. Slou\u017e\u00ed k jasn\u00e9mu odd\u011blen\u00ed z\u00e1hon\u016f od tr\u00e1vn\u00edk\u016f, chodn\u00edk\u016f nebo cesti\u010dek, \u010d\u00edm\u017e pom\u00e1h\u00e1 udr\u017eet po\u0159\u00e1dek, p\u0159ehlednost i estetiku. Zabr\u00e1n\u00ed pror\u016fst\u00e1n\u00ed tr\u00e1vy \u010di plevele, udr\u017e\u00ed mul\u010d, hl\u00ednu nebo k\u016fru na sv\u00e9m m\u00edst\u011b a v\u00fdrazn\u011b usnadn\u00ed sek\u00e1n\u00ed i \u00fadr\u017ebu. \u00a0<\/p>\n","protected":false},"featured_media":73685,"comment_status":"open","ping_status":"open","template":"","meta":[],"product_brand":[],"product_cat":[72],"product_tag":[],"class_list":{"0":"post-73585","1":"product","2":"type-product","3":"status-publish","4":"has-post-thumbnail","6":"product_cat-dlazby-ploty-zahrada","8":"first","9":"instock","10":"sale","11":"shipping-taxable","12":"purchasable","13":"product-type-simple"},"yoast_head":"<!-- This site is optimized with the Yoast SEO plugin v26.8 - https:\/\/yoast.com\/product\/yoast-seo-wordpress\/ -->\n<title>Zna\u010dkov\u00fd Obrubn\u00edk z\u00e1honov\u00fd Ferobet 500x50x200\u00a0mm rovn\u00fd, se\u00a0z\u00e1mkem, p\u0159\u00edrodn\u00ed -<\/title>\n<meta name=\"robots\" content=\"index, follow, max-snippet:-1, max-image-preview:large, max-video-preview:-1\" \/>\n<link rel=\"canonical\" href=\"https:\/\/www.koupelnapro.com\/index.php\/produkt\/znackovy-obrubnik-zahonovy-ferobet-500x50x200-mm-rovny-se-zamkem-prirodni-73585\/\" \/>\n<meta property=\"og:locale\" content=\"cs_CZ\" \/>\n<meta property=\"og:type\" content=\"article\" \/>\n<meta property=\"og:title\" content=\"Zna\u010dkov\u00fd Obrubn\u00edk z\u00e1honov\u00fd Ferobet 500x50x200\u00a0mm rovn\u00fd, se\u00a0z\u00e1mkem, p\u0159\u00edrodn\u00ed -\" \/>\n<meta property=\"og:description\" content=\"Obrubn\u00edk z\u00e1honov\u00fd je mal\u00fd, ale nepostradateln\u00fd pomocn\u00edk v ka\u017ed\u00e9 upraven\u00e9 zahrad\u011b. Slou\u017e\u00ed k jasn\u00e9mu odd\u011blen\u00ed z\u00e1hon\u016f od tr\u00e1vn\u00edk\u016f, chodn\u00edk\u016f nebo cesti\u010dek, \u010d\u00edm\u017e pom\u00e1h\u00e1 udr\u017eet po\u0159\u00e1dek, p\u0159ehlednost i estetiku. Zabr\u00e1n\u00ed pror\u016fst\u00e1n\u00ed tr\u00e1vy \u010di plevele, udr\u017e\u00ed mul\u010d, hl\u00ednu nebo k\u016fru na sv\u00e9m m\u00edst\u011b a v\u00fdrazn\u011b usnadn\u00ed sek\u00e1n\u00ed i \u00fadr\u017ebu. \u00a0\" \/>\n<meta property=\"og:url\" content=\"https:\/\/www.koupelnapro.com\/index.php\/produkt\/znackovy-obrubnik-zahonovy-ferobet-500x50x200-mm-rovny-se-zamkem-prirodni-73585\/\" \/>\n<meta property=\"og:image\" content=\"https:\/\/www.koupelnapro.com\/wp-content\/uploads\/2026\/SK0004184-CZ20260425-091842-0-1777079922-tablet-rovny-500-prirodni.webp\" \/>\n\t<meta property=\"og:image:width\" content=\"801\" \/>\n\t<meta property=\"og:image:height\" content=\"534\" \/>\n\t<meta property=\"og:image:type\" content=\"image\/webp\" \/>\n<meta name=\"twitter:card\" content=\"summary_large_image\" \/>\n<script type=\"application\/ld+json\" class=\"yoast-schema-graph\">{\"@context\":\"https:\/\/schema.org\",\"@graph\":[{\"@type\":\"WebPage\",\"@id\":\"https:\/\/www.koupelnapro.com\/index.php\/produkt\/znackovy-obrubnik-zahonovy-ferobet-500x50x200-mm-rovny-se-zamkem-prirodni-73585\/\",\"url\":\"https:\/\/www.koupelnapro.com\/index.php\/produkt\/znackovy-obrubnik-zahonovy-ferobet-500x50x200-mm-rovny-se-zamkem-prirodni-73585\/\",\"name\":\"Zna\u010dkov\u00fd Obrubn\u00edk z\u00e1honov\u00fd Ferobet 500x50x200\u00a0mm rovn\u00fd, se\u00a0z\u00e1mkem, p\u0159\u00edrodn\u00ed -\",\"isPartOf\":{\"@id\":\"https:\/\/www.koupelnapro.com\/#website\"},\"primaryImageOfPage\":{\"@id\":\"https:\/\/www.koupelnapro.com\/index.php\/produkt\/znackovy-obrubnik-zahonovy-ferobet-500x50x200-mm-rovny-se-zamkem-prirodni-73585\/#primaryimage\"},\"image\":{\"@id\":\"https:\/\/www.koupelnapro.com\/index.php\/produkt\/znackovy-obrubnik-zahonovy-ferobet-500x50x200-mm-rovny-se-zamkem-prirodni-73585\/#primaryimage\"},\"thumbnailUrl\":\"https:\/\/www.koupelnapro.com\/wp-content\/uploads\/2026\/SK0004184-CZ20260425-091842-0-1777079922-tablet-rovny-500-prirodni.webp\",\"datePublished\":\"2026-04-26T09:18:37+00:00\",\"breadcrumb\":{\"@id\":\"https:\/\/www.koupelnapro.com\/index.php\/produkt\/znackovy-obrubnik-zahonovy-ferobet-500x50x200-mm-rovny-se-zamkem-prirodni-73585\/#breadcrumb\"},\"inLanguage\":\"cs\",\"potentialAction\":[{\"@type\":\"ReadAction\",\"target\":[\"https:\/\/www.koupelnapro.com\/index.php\/produkt\/znackovy-obrubnik-zahonovy-ferobet-500x50x200-mm-rovny-se-zamkem-prirodni-73585\/\"]}]},{\"@type\":\"ImageObject\",\"inLanguage\":\"cs\",\"@id\":\"https:\/\/www.koupelnapro.com\/index.php\/produkt\/znackovy-obrubnik-zahonovy-ferobet-500x50x200-mm-rovny-se-zamkem-prirodni-73585\/#primaryimage\",\"url\":\"https:\/\/www.koupelnapro.com\/wp-content\/uploads\/2026\/SK0004184-CZ20260425-091842-0-1777079922-tablet-rovny-500-prirodni.webp\",\"contentUrl\":\"https:\/\/www.koupelnapro.com\/wp-content\/uploads\/2026\/SK0004184-CZ20260425-091842-0-1777079922-tablet-rovny-500-prirodni.webp\",\"width\":801,\"height\":534},{\"@type\":\"BreadcrumbList\",\"@id\":\"https:\/\/www.koupelnapro.com\/index.php\/produkt\/znackovy-obrubnik-zahonovy-ferobet-500x50x200-mm-rovny-se-zamkem-prirodni-73585\/#breadcrumb\",\"itemListElement\":[{\"@type\":\"ListItem\",\"position\":1,\"name\":\"Home\",\"item\":\"https:\/\/www.koupelnapro.com\/\"},{\"@type\":\"ListItem\",\"position\":2,\"name\":\"Products\",\"item\":\"https:\/\/www.koupelnapro.com\/index.php\/products\/\"},{\"@type\":\"ListItem\",\"position\":3,\"name\":\"Zna\u010dkov\u00fd Obrubn\u00edk z\u00e1honov\u00fd Ferobet 500x50x200\u00a0mm rovn\u00fd, se\u00a0z\u00e1mkem, p\u0159\u00edrodn\u00ed\"}]},{\"@type\":\"WebSite\",\"@id\":\"https:\/\/www.koupelnapro.com\/#website\",\"url\":\"https:\/\/www.koupelnapro.com\/\",\"name\":\"\",\"description\":\"\",\"potentialAction\":[{\"@type\":\"SearchAction\",\"target\":{\"@type\":\"EntryPoint\",\"urlTemplate\":\"https:\/\/www.koupelnapro.com\/?s={search_term_string}\"},\"query-input\":{\"@type\":\"PropertyValueSpecification\",\"valueRequired\":true,\"valueName\":\"search_term_string\"}}],\"inLanguage\":\"cs\"}]}<\/script>\n<!-- \/ Yoast SEO plugin. -->","yoast_head_json":{"title":"Zna\u010dkov\u00fd Obrubn\u00edk z\u00e1honov\u00fd Ferobet 500x50x200\u00a0mm rovn\u00fd, se\u00a0z\u00e1mkem, p\u0159\u00edrodn\u00ed -","robots":{"index":"index","follow":"follow","max-snippet":"max-snippet:-1","max-image-preview":"max-image-preview:large","max-video-preview":"max-video-preview:-1"},"canonical":"https:\/\/www.koupelnapro.com\/index.php\/produkt\/znackovy-obrubnik-zahonovy-ferobet-500x50x200-mm-rovny-se-zamkem-prirodni-73585\/","og_locale":"cs_CZ","og_type":"article","og_title":"Zna\u010dkov\u00fd Obrubn\u00edk z\u00e1honov\u00fd Ferobet 500x50x200\u00a0mm rovn\u00fd, se\u00a0z\u00e1mkem, p\u0159\u00edrodn\u00ed -","og_description":"Obrubn\u00edk z\u00e1honov\u00fd je mal\u00fd, ale nepostradateln\u00fd pomocn\u00edk v ka\u017ed\u00e9 upraven\u00e9 zahrad\u011b. Slou\u017e\u00ed k jasn\u00e9mu odd\u011blen\u00ed z\u00e1hon\u016f od tr\u00e1vn\u00edk\u016f, chodn\u00edk\u016f nebo cesti\u010dek, \u010d\u00edm\u017e pom\u00e1h\u00e1 udr\u017eet po\u0159\u00e1dek, p\u0159ehlednost i estetiku. Zabr\u00e1n\u00ed pror\u016fst\u00e1n\u00ed tr\u00e1vy \u010di plevele, udr\u017e\u00ed mul\u010d, hl\u00ednu nebo k\u016fru na sv\u00e9m m\u00edst\u011b a v\u00fdrazn\u011b usnadn\u00ed sek\u00e1n\u00ed i \u00fadr\u017ebu. \u00a0","og_url":"https:\/\/www.koupelnapro.com\/index.php\/produkt\/znackovy-obrubnik-zahonovy-ferobet-500x50x200-mm-rovny-se-zamkem-prirodni-73585\/","og_image":[{"width":801,"height":534,"url":"https:\/\/www.koupelnapro.com\/wp-content\/uploads\/2026\/SK0004184-CZ20260425-091842-0-1777079922-tablet-rovny-500-prirodni.webp","type":"image\/webp"}],"twitter_card":"summary_large_image","schema":{"@context":"https:\/\/schema.org","@graph":[{"@type":"WebPage","@id":"https:\/\/www.koupelnapro.com\/index.php\/produkt\/znackovy-obrubnik-zahonovy-ferobet-500x50x200-mm-rovny-se-zamkem-prirodni-73585\/","url":"https:\/\/www.koupelnapro.com\/index.php\/produkt\/znackovy-obrubnik-zahonovy-ferobet-500x50x200-mm-rovny-se-zamkem-prirodni-73585\/","name":"Zna\u010dkov\u00fd Obrubn\u00edk z\u00e1honov\u00fd Ferobet 500x50x200\u00a0mm rovn\u00fd, se\u00a0z\u00e1mkem, p\u0159\u00edrodn\u00ed -","isPartOf":{"@id":"https:\/\/www.koupelnapro.com\/#website"},"primaryImageOfPage":{"@id":"https:\/\/www.koupelnapro.com\/index.php\/produkt\/znackovy-obrubnik-zahonovy-ferobet-500x50x200-mm-rovny-se-zamkem-prirodni-73585\/#primaryimage"},"image":{"@id":"https:\/\/www.koupelnapro.com\/index.php\/produkt\/znackovy-obrubnik-zahonovy-ferobet-500x50x200-mm-rovny-se-zamkem-prirodni-73585\/#primaryimage"},"thumbnailUrl":"https:\/\/www.koupelnapro.com\/wp-content\/uploads\/2026\/SK0004184-CZ20260425-091842-0-1777079922-tablet-rovny-500-prirodni.webp","datePublished":"2026-04-26T09:18:37+00:00","breadcrumb":{"@id":"https:\/\/www.koupelnapro.com\/index.php\/produkt\/znackovy-obrubnik-zahonovy-ferobet-500x50x200-mm-rovny-se-zamkem-prirodni-73585\/#breadcrumb"},"inLanguage":"cs","potentialAction":[{"@type":"ReadAction","target":["https:\/\/www.koupelnapro.com\/index.php\/produkt\/znackovy-obrubnik-zahonovy-ferobet-500x50x200-mm-rovny-se-zamkem-prirodni-73585\/"]}]},{"@type":"ImageObject","inLanguage":"cs","@id":"https:\/\/www.koupelnapro.com\/index.php\/produkt\/znackovy-obrubnik-zahonovy-ferobet-500x50x200-mm-rovny-se-zamkem-prirodni-73585\/#primaryimage","url":"https:\/\/www.koupelnapro.com\/wp-content\/uploads\/2026\/SK0004184-CZ20260425-091842-0-1777079922-tablet-rovny-500-prirodni.webp","contentUrl":"https:\/\/www.koupelnapro.com\/wp-content\/uploads\/2026\/SK0004184-CZ20260425-091842-0-1777079922-tablet-rovny-500-prirodni.webp","width":801,"height":534},{"@type":"BreadcrumbList","@id":"https:\/\/www.koupelnapro.com\/index.php\/produkt\/znackovy-obrubnik-zahonovy-ferobet-500x50x200-mm-rovny-se-zamkem-prirodni-73585\/#breadcrumb","itemListElement":[{"@type":"ListItem","position":1,"name":"Home","item":"https:\/\/www.koupelnapro.com\/"},{"@type":"ListItem","position":2,"name":"Products","item":"https:\/\/www.koupelnapro.com\/index.php\/products\/"},{"@type":"ListItem","position":3,"name":"Zna\u010dkov\u00fd Obrubn\u00edk z\u00e1honov\u00fd Ferobet 500x50x200\u00a0mm rovn\u00fd, se\u00a0z\u00e1mkem, p\u0159\u00edrodn\u00ed"}]},{"@type":"WebSite","@id":"https:\/\/www.koupelnapro.com\/#website","url":"https:\/\/www.koupelnapro.com\/","name":"","description":"","potentialAction":[{"@type":"SearchAction","target":{"@type":"EntryPoint","urlTemplate":"https:\/\/www.koupelnapro.com\/?s={search_term_string}"},"query-input":{"@type":"PropertyValueSpecification","valueRequired":true,"valueName":"search_term_string"}}],"inLanguage":"cs"}]}},"_links":{"self":[{"href":"https:\/\/www.koupelnapro.com\/index.php\/wp-json\/wp\/v2\/product\/73585","targetHints":{"allow":["GET"]}}],"collection":[{"href":"https:\/\/www.koupelnapro.com\/index.php\/wp-json\/wp\/v2\/product"}],"about":[{"href":"https:\/\/www.koupelnapro.com\/index.php\/wp-json\/wp\/v2\/types\/product"}],"replies":[{"embeddable":true,"href":"https:\/\/www.koupelnapro.com\/index.php\/wp-json\/wp\/v2\/comments?post=73585"}],"wp:featuredmedia":[{"embeddable":true,"href":"https:\/\/www.koupelnapro.com\/index.php\/wp-json\/wp\/v2\/media\/73685"}],"wp:attachment":[{"href":"https:\/\/www.koupelnapro.com\/index.php\/wp-json\/wp\/v2\/media?parent=73585"}],"wp:term":[{"taxonomy":"product_brand","embeddable":true,"href":"https:\/\/www.koupelnapro.com\/index.php\/wp-json\/wp\/v2\/product_brand?post=73585"},{"taxonomy":"product_cat","embeddable":true,"href":"https:\/\/www.koupelnapro.com\/index.php\/wp-json\/wp\/v2\/product_cat?post=73585"},{"taxonomy":"product_tag","embeddable":true,"href":"https:\/\/www.koupelnapro.com\/index.php\/wp-json\/wp\/v2\/product_tag?post=73585"}],"curies":[{"name":"wp","href":"https:\/\/api.w.org\/{rel}","templated":true}]}}