{"id":7121,"date":"2026-04-26T09:13:16","date_gmt":"2026-04-26T09:13:16","guid":{"rendered":""},"modified":"2026-04-26T09:13:16","modified_gmt":"2026-04-26T09:13:16","slug":"neutralni-silikony-den-braven-sanitarni-neutralni-silikon-280ml-rl-prusvitna-horka-nabidka-7121","status":"publish","type":"product","link":"https:\/\/www.koupelnapro.com\/index.php\/produkt\/neutralni-silikony-den-braven-sanitarni-neutralni-silikon-280ml-rl-prusvitna-horka-nabidka-7121\/","title":{"rendered":"Neutr\u00e1ln\u00ed silikony DEN BRAVEN &#8211; Sanit\u00e1rn\u00ed neutr\u00e1ln\u00ed silikon 280ml RL &#8211; Pr\u016fsvitn\u00e1 Hork\u00e1 Nab\u00eddka"},"content":{"rendered":"<div class=\"ResponseTabButton\">Popis produktu<\/div>\n<div class=\"TabContent\">                Vysok\u00e1 p\u0159ilnavost na sklo, smalt, dla\u017edice a glazurovanou keramiku. V\u00fdborn\u00e1 odolnost v sanit\u00e1rn\u00edm prost\u0159ed\u00ed. Pro sp\u00e1rov\u00e1n\u00ed akryl\u00e1tov\u00fdch vani\u010dek je nutn\u00e9 pou\u017e\u00edvat Sanit\u00e1rn\u00ed neutr\u00e1ln\u00ed silikon.<\/p>\n<p>Charakteristika<br \/>n\u00edzkomodulov\u00fd, nep\u0159et\u00edrateln\u00fd<br \/>trvale pru\u017en\u00fd, odoln\u00fd vlhku, vod\u011b, \u010distic\u00edm prost\u0159edk\u016fm a UV z\u00e1\u0159en\u00ed<br \/>vysok\u00e1 odolnost v sanitarn\u00edm prost\u0159ed\u00ed<br \/>velmi vysok\u00e1 p\u0159ilnavost na nesav\u00e9 materi\u00e1ly a jejich vz\u00e1jemn\u00e9 kombinace            <\/div>\n<\/p><\/div>\n<div id=\"ke-stazeni\" class=\"TabContentWrap\">\n<div class=\"ResponseTabButton\">Ke sta\u017een\u00ed<\/div>\n<div class=\"TabContent\">\n<div class=\"Table Downloads\">\n<div class=\"THead\">\n<div class=\"TableRow\">\n<div class=\"TableCell\">                    N\u00e1zev                <\/div>\n<div class=\"TableCell\">                    Jazyk                <\/div>\n<div class=\"TableCell\">                    Velikost                <\/div>\n<div class=\"TableCell\">                    Form\u00e1t                <\/div>\n<div class=\"TableCell\">&nbsp;<\/div>\n<\/p><\/div>\n<\/p><\/div>\n<div class=\"TBody\">\n<div class=\"TableRow\">\n<div class=\"TableCell\">Ekologicka-likvidace-odpadu<\/div>\n<div class=\"TableCell\"><\/div>\n<div class=\"TableCell\">160 kB<\/div>\n<div class=\"TableCell\">.pdf<\/div>\n<div class=\"TableCell ContentRight\">st\u00e1hnout<\/div>\n<\/div>\n<div class=\"TableRow\">\n<div class=\"TableCell\">Aplikace-TMELU<\/div>\n<div class=\"TableCell\"><\/div>\n<div class=\"TableCell\">83 kB<\/div>\n<div class=\"TableCell\">.pdf<\/div>\n<div class=\"TableCell ContentRight\">st\u00e1hnout<\/div>\n<\/div>\n<div class=\"TableRow\">\n<div class=\"TableCell\">Tabulka-tech-udaju<\/div>\n<div class=\"TableCell\"><\/div>\n<div class=\"TableCell\">81 kB<\/div>\n<div class=\"TableCell\">.pdf<\/div>\n<div class=\"TableCell ContentRight\">st\u00e1hnout<\/div>\n<\/div><\/div>\n<\/p><\/div>\n<\/p><\/div>\n<\/p><\/div>\n<\/p><\/div>\n<\/p><\/div>\n<\/div>\n","protected":false},"excerpt":{"rendered":"<p>Popis produktu Vysok\u00e1 p\u0159ilnavost na sklo, smalt, dla\u017edice a glazurovanou keramiku. V\u00fdborn\u00e1 odolnost v sanit\u00e1rn\u00edm prost\u0159ed\u00ed. Pro sp\u00e1rov\u00e1n\u00ed akryl\u00e1tov\u00fdch vani\u010dek je nutn\u00e9 pou\u017e\u00edvat Sanit\u00e1rn\u00ed neutr\u00e1ln\u00ed silikon. Charakteristikan\u00edzkomodulov\u00fd, nep\u0159et\u00edrateln\u00fdtrvale pru\u017en\u00fd, odoln\u00fd vlhku, vod\u011b, \u010distic\u00edm prost\u0159edk\u016fm a UV z\u00e1\u0159en\u00edvysok\u00e1 odolnost v sanitarn\u00edm prost\u0159ed\u00edvelmi vysok\u00e1 p\u0159ilnavost na nesav\u00e9 materi\u00e1ly a jejich vz\u00e1jemn\u00e9 kombinace Ke sta\u017een\u00ed N\u00e1zev Jazyk Velikost [&hellip;]<\/p>\n","protected":false},"featured_media":7221,"comment_status":"open","ping_status":"open","template":"","meta":[],"product_brand":[],"product_cat":[51],"product_tag":[],"class_list":{"0":"post-7121","1":"product","2":"type-product","3":"status-publish","4":"has-post-thumbnail","6":"product_cat-spojovaci-material","8":"first","9":"instock","10":"sale","11":"shipping-taxable","12":"purchasable","13":"product-type-simple"},"yoast_head":"<!-- This site is optimized with the Yoast SEO plugin v26.8 - https:\/\/yoast.com\/product\/yoast-seo-wordpress\/ -->\n<title>Neutr\u00e1ln\u00ed silikony DEN BRAVEN - Sanit\u00e1rn\u00ed neutr\u00e1ln\u00ed silikon 280ml RL - Pr\u016fsvitn\u00e1 Hork\u00e1 Nab\u00eddka -<\/title>\n<meta name=\"robots\" content=\"index, follow, max-snippet:-1, max-image-preview:large, max-video-preview:-1\" \/>\n<link rel=\"canonical\" href=\"https:\/\/www.koupelnapro.com\/index.php\/produkt\/neutralni-silikony-den-braven-sanitarni-neutralni-silikon-280ml-rl-prusvitna-horka-nabidka-7121\/\" \/>\n<meta property=\"og:locale\" content=\"cs_CZ\" \/>\n<meta property=\"og:type\" content=\"article\" \/>\n<meta property=\"og:title\" content=\"Neutr\u00e1ln\u00ed silikony DEN BRAVEN - Sanit\u00e1rn\u00ed neutr\u00e1ln\u00ed silikon 280ml RL - Pr\u016fsvitn\u00e1 Hork\u00e1 Nab\u00eddka -\" \/>\n<meta property=\"og:description\" content=\"Popis produktu Vysok\u00e1 p\u0159ilnavost na sklo, smalt, dla\u017edice a glazurovanou keramiku. V\u00fdborn\u00e1 odolnost v sanit\u00e1rn\u00edm prost\u0159ed\u00ed. Pro sp\u00e1rov\u00e1n\u00ed akryl\u00e1tov\u00fdch vani\u010dek je nutn\u00e9 pou\u017e\u00edvat Sanit\u00e1rn\u00ed neutr\u00e1ln\u00ed silikon. Charakteristikan\u00edzkomodulov\u00fd, nep\u0159et\u00edrateln\u00fdtrvale pru\u017en\u00fd, odoln\u00fd vlhku, vod\u011b, \u010distic\u00edm prost\u0159edk\u016fm a UV z\u00e1\u0159en\u00edvysok\u00e1 odolnost v sanitarn\u00edm prost\u0159ed\u00edvelmi vysok\u00e1 p\u0159ilnavost na nesav\u00e9 materi\u00e1ly a jejich vz\u00e1jemn\u00e9 kombinace Ke sta\u017een\u00ed N\u00e1zev Jazyk Velikost [&hellip;]\" \/>\n<meta property=\"og:url\" content=\"https:\/\/www.koupelnapro.com\/index.php\/produkt\/neutralni-silikony-den-braven-sanitarni-neutralni-silikon-280ml-rl-prusvitna-horka-nabidka-7121\/\" \/>\n<meta property=\"og:image\" content=\"https:\/\/www.koupelnapro.com\/wp-content\/uploads\/2026\/SK0003076-CZ20260425-091742-0-1777079863-P-032416-00.webp\" \/>\n\t<meta property=\"og:image:width\" content=\"514\" \/>\n\t<meta property=\"og:image:height\" content=\"800\" \/>\n\t<meta property=\"og:image:type\" content=\"image\/webp\" \/>\n<meta name=\"twitter:card\" content=\"summary_large_image\" \/>\n<meta name=\"twitter:label1\" content=\"Odhadovan\u00e1 doba \u010dten\u00ed\" \/>\n\t<meta name=\"twitter:data1\" content=\"1 minuta\" \/>\n<script type=\"application\/ld+json\" class=\"yoast-schema-graph\">{\"@context\":\"https:\/\/schema.org\",\"@graph\":[{\"@type\":\"WebPage\",\"@id\":\"https:\/\/www.koupelnapro.com\/index.php\/produkt\/neutralni-silikony-den-braven-sanitarni-neutralni-silikon-280ml-rl-prusvitna-horka-nabidka-7121\/\",\"url\":\"https:\/\/www.koupelnapro.com\/index.php\/produkt\/neutralni-silikony-den-braven-sanitarni-neutralni-silikon-280ml-rl-prusvitna-horka-nabidka-7121\/\",\"name\":\"Neutr\u00e1ln\u00ed silikony DEN BRAVEN - Sanit\u00e1rn\u00ed neutr\u00e1ln\u00ed silikon 280ml RL - Pr\u016fsvitn\u00e1 Hork\u00e1 Nab\u00eddka -\",\"isPartOf\":{\"@id\":\"https:\/\/www.koupelnapro.com\/#website\"},\"primaryImageOfPage\":{\"@id\":\"https:\/\/www.koupelnapro.com\/index.php\/produkt\/neutralni-silikony-den-braven-sanitarni-neutralni-silikon-280ml-rl-prusvitna-horka-nabidka-7121\/#primaryimage\"},\"image\":{\"@id\":\"https:\/\/www.koupelnapro.com\/index.php\/produkt\/neutralni-silikony-den-braven-sanitarni-neutralni-silikon-280ml-rl-prusvitna-horka-nabidka-7121\/#primaryimage\"},\"thumbnailUrl\":\"https:\/\/www.koupelnapro.com\/wp-content\/uploads\/2026\/SK0003076-CZ20260425-091742-0-1777079863-P-032416-00.webp\",\"datePublished\":\"2026-04-26T09:13:16+00:00\",\"breadcrumb\":{\"@id\":\"https:\/\/www.koupelnapro.com\/index.php\/produkt\/neutralni-silikony-den-braven-sanitarni-neutralni-silikon-280ml-rl-prusvitna-horka-nabidka-7121\/#breadcrumb\"},\"inLanguage\":\"cs\",\"potentialAction\":[{\"@type\":\"ReadAction\",\"target\":[\"https:\/\/www.koupelnapro.com\/index.php\/produkt\/neutralni-silikony-den-braven-sanitarni-neutralni-silikon-280ml-rl-prusvitna-horka-nabidka-7121\/\"]}]},{\"@type\":\"ImageObject\",\"inLanguage\":\"cs\",\"@id\":\"https:\/\/www.koupelnapro.com\/index.php\/produkt\/neutralni-silikony-den-braven-sanitarni-neutralni-silikon-280ml-rl-prusvitna-horka-nabidka-7121\/#primaryimage\",\"url\":\"https:\/\/www.koupelnapro.com\/wp-content\/uploads\/2026\/SK0003076-CZ20260425-091742-0-1777079863-P-032416-00.webp\",\"contentUrl\":\"https:\/\/www.koupelnapro.com\/wp-content\/uploads\/2026\/SK0003076-CZ20260425-091742-0-1777079863-P-032416-00.webp\",\"width\":514,\"height\":800},{\"@type\":\"BreadcrumbList\",\"@id\":\"https:\/\/www.koupelnapro.com\/index.php\/produkt\/neutralni-silikony-den-braven-sanitarni-neutralni-silikon-280ml-rl-prusvitna-horka-nabidka-7121\/#breadcrumb\",\"itemListElement\":[{\"@type\":\"ListItem\",\"position\":1,\"name\":\"Home\",\"item\":\"https:\/\/www.koupelnapro.com\/\"},{\"@type\":\"ListItem\",\"position\":2,\"name\":\"Products\",\"item\":\"https:\/\/www.koupelnapro.com\/index.php\/products\/\"},{\"@type\":\"ListItem\",\"position\":3,\"name\":\"Neutr\u00e1ln\u00ed silikony DEN BRAVEN &#8211; Sanit\u00e1rn\u00ed neutr\u00e1ln\u00ed silikon 280ml RL &#8211; Pr\u016fsvitn\u00e1 Hork\u00e1 Nab\u00eddka\"}]},{\"@type\":\"WebSite\",\"@id\":\"https:\/\/www.koupelnapro.com\/#website\",\"url\":\"https:\/\/www.koupelnapro.com\/\",\"name\":\"\",\"description\":\"\",\"potentialAction\":[{\"@type\":\"SearchAction\",\"target\":{\"@type\":\"EntryPoint\",\"urlTemplate\":\"https:\/\/www.koupelnapro.com\/?s={search_term_string}\"},\"query-input\":{\"@type\":\"PropertyValueSpecification\",\"valueRequired\":true,\"valueName\":\"search_term_string\"}}],\"inLanguage\":\"cs\"}]}<\/script>\n<!-- \/ Yoast SEO plugin. -->","yoast_head_json":{"title":"Neutr\u00e1ln\u00ed silikony DEN BRAVEN - Sanit\u00e1rn\u00ed neutr\u00e1ln\u00ed silikon 280ml RL - Pr\u016fsvitn\u00e1 Hork\u00e1 Nab\u00eddka -","robots":{"index":"index","follow":"follow","max-snippet":"max-snippet:-1","max-image-preview":"max-image-preview:large","max-video-preview":"max-video-preview:-1"},"canonical":"https:\/\/www.koupelnapro.com\/index.php\/produkt\/neutralni-silikony-den-braven-sanitarni-neutralni-silikon-280ml-rl-prusvitna-horka-nabidka-7121\/","og_locale":"cs_CZ","og_type":"article","og_title":"Neutr\u00e1ln\u00ed silikony DEN BRAVEN - Sanit\u00e1rn\u00ed neutr\u00e1ln\u00ed silikon 280ml RL - Pr\u016fsvitn\u00e1 Hork\u00e1 Nab\u00eddka -","og_description":"Popis produktu Vysok\u00e1 p\u0159ilnavost na sklo, smalt, dla\u017edice a glazurovanou keramiku. V\u00fdborn\u00e1 odolnost v sanit\u00e1rn\u00edm prost\u0159ed\u00ed. Pro sp\u00e1rov\u00e1n\u00ed akryl\u00e1tov\u00fdch vani\u010dek je nutn\u00e9 pou\u017e\u00edvat Sanit\u00e1rn\u00ed neutr\u00e1ln\u00ed silikon. Charakteristikan\u00edzkomodulov\u00fd, nep\u0159et\u00edrateln\u00fdtrvale pru\u017en\u00fd, odoln\u00fd vlhku, vod\u011b, \u010distic\u00edm prost\u0159edk\u016fm a UV z\u00e1\u0159en\u00edvysok\u00e1 odolnost v sanitarn\u00edm prost\u0159ed\u00edvelmi vysok\u00e1 p\u0159ilnavost na nesav\u00e9 materi\u00e1ly a jejich vz\u00e1jemn\u00e9 kombinace Ke sta\u017een\u00ed N\u00e1zev Jazyk Velikost [&hellip;]","og_url":"https:\/\/www.koupelnapro.com\/index.php\/produkt\/neutralni-silikony-den-braven-sanitarni-neutralni-silikon-280ml-rl-prusvitna-horka-nabidka-7121\/","og_image":[{"width":514,"height":800,"url":"https:\/\/www.koupelnapro.com\/wp-content\/uploads\/2026\/SK0003076-CZ20260425-091742-0-1777079863-P-032416-00.webp","type":"image\/webp"}],"twitter_card":"summary_large_image","twitter_misc":{"Odhadovan\u00e1 doba \u010dten\u00ed":"1 minuta"},"schema":{"@context":"https:\/\/schema.org","@graph":[{"@type":"WebPage","@id":"https:\/\/www.koupelnapro.com\/index.php\/produkt\/neutralni-silikony-den-braven-sanitarni-neutralni-silikon-280ml-rl-prusvitna-horka-nabidka-7121\/","url":"https:\/\/www.koupelnapro.com\/index.php\/produkt\/neutralni-silikony-den-braven-sanitarni-neutralni-silikon-280ml-rl-prusvitna-horka-nabidka-7121\/","name":"Neutr\u00e1ln\u00ed silikony DEN BRAVEN - Sanit\u00e1rn\u00ed neutr\u00e1ln\u00ed silikon 280ml RL - Pr\u016fsvitn\u00e1 Hork\u00e1 Nab\u00eddka -","isPartOf":{"@id":"https:\/\/www.koupelnapro.com\/#website"},"primaryImageOfPage":{"@id":"https:\/\/www.koupelnapro.com\/index.php\/produkt\/neutralni-silikony-den-braven-sanitarni-neutralni-silikon-280ml-rl-prusvitna-horka-nabidka-7121\/#primaryimage"},"image":{"@id":"https:\/\/www.koupelnapro.com\/index.php\/produkt\/neutralni-silikony-den-braven-sanitarni-neutralni-silikon-280ml-rl-prusvitna-horka-nabidka-7121\/#primaryimage"},"thumbnailUrl":"https:\/\/www.koupelnapro.com\/wp-content\/uploads\/2026\/SK0003076-CZ20260425-091742-0-1777079863-P-032416-00.webp","datePublished":"2026-04-26T09:13:16+00:00","breadcrumb":{"@id":"https:\/\/www.koupelnapro.com\/index.php\/produkt\/neutralni-silikony-den-braven-sanitarni-neutralni-silikon-280ml-rl-prusvitna-horka-nabidka-7121\/#breadcrumb"},"inLanguage":"cs","potentialAction":[{"@type":"ReadAction","target":["https:\/\/www.koupelnapro.com\/index.php\/produkt\/neutralni-silikony-den-braven-sanitarni-neutralni-silikon-280ml-rl-prusvitna-horka-nabidka-7121\/"]}]},{"@type":"ImageObject","inLanguage":"cs","@id":"https:\/\/www.koupelnapro.com\/index.php\/produkt\/neutralni-silikony-den-braven-sanitarni-neutralni-silikon-280ml-rl-prusvitna-horka-nabidka-7121\/#primaryimage","url":"https:\/\/www.koupelnapro.com\/wp-content\/uploads\/2026\/SK0003076-CZ20260425-091742-0-1777079863-P-032416-00.webp","contentUrl":"https:\/\/www.koupelnapro.com\/wp-content\/uploads\/2026\/SK0003076-CZ20260425-091742-0-1777079863-P-032416-00.webp","width":514,"height":800},{"@type":"BreadcrumbList","@id":"https:\/\/www.koupelnapro.com\/index.php\/produkt\/neutralni-silikony-den-braven-sanitarni-neutralni-silikon-280ml-rl-prusvitna-horka-nabidka-7121\/#breadcrumb","itemListElement":[{"@type":"ListItem","position":1,"name":"Home","item":"https:\/\/www.koupelnapro.com\/"},{"@type":"ListItem","position":2,"name":"Products","item":"https:\/\/www.koupelnapro.com\/index.php\/products\/"},{"@type":"ListItem","position":3,"name":"Neutr\u00e1ln\u00ed silikony DEN BRAVEN &#8211; Sanit\u00e1rn\u00ed neutr\u00e1ln\u00ed silikon 280ml RL &#8211; Pr\u016fsvitn\u00e1 Hork\u00e1 Nab\u00eddka"}]},{"@type":"WebSite","@id":"https:\/\/www.koupelnapro.com\/#website","url":"https:\/\/www.koupelnapro.com\/","name":"","description":"","potentialAction":[{"@type":"SearchAction","target":{"@type":"EntryPoint","urlTemplate":"https:\/\/www.koupelnapro.com\/?s={search_term_string}"},"query-input":{"@type":"PropertyValueSpecification","valueRequired":true,"valueName":"search_term_string"}}],"inLanguage":"cs"}]}},"_links":{"self":[{"href":"https:\/\/www.koupelnapro.com\/index.php\/wp-json\/wp\/v2\/product\/7121","targetHints":{"allow":["GET"]}}],"collection":[{"href":"https:\/\/www.koupelnapro.com\/index.php\/wp-json\/wp\/v2\/product"}],"about":[{"href":"https:\/\/www.koupelnapro.com\/index.php\/wp-json\/wp\/v2\/types\/product"}],"replies":[{"embeddable":true,"href":"https:\/\/www.koupelnapro.com\/index.php\/wp-json\/wp\/v2\/comments?post=7121"}],"wp:featuredmedia":[{"embeddable":true,"href":"https:\/\/www.koupelnapro.com\/index.php\/wp-json\/wp\/v2\/media\/7221"}],"wp:attachment":[{"href":"https:\/\/www.koupelnapro.com\/index.php\/wp-json\/wp\/v2\/media?parent=7121"}],"wp:term":[{"taxonomy":"product_brand","embeddable":true,"href":"https:\/\/www.koupelnapro.com\/index.php\/wp-json\/wp\/v2\/product_brand?post=7121"},{"taxonomy":"product_cat","embeddable":true,"href":"https:\/\/www.koupelnapro.com\/index.php\/wp-json\/wp\/v2\/product_cat?post=7121"},{"taxonomy":"product_tag","embeddable":true,"href":"https:\/\/www.koupelnapro.com\/index.php\/wp-json\/wp\/v2\/product_tag?post=7121"}],"curies":[{"name":"wp","href":"https:\/\/api.w.org\/{rel}","templated":true}]}}