{"id":70768,"date":"2026-04-26T09:18:23","date_gmt":"2026-04-26T09:18:23","guid":{"rendered":""},"modified":"2026-04-26T09:18:23","modified_gmt":"2026-04-26T09:18:23","slug":"znackovy-rapi-tec-2010-6-0x240-zap-t30-70768","status":"publish","type":"product","link":"https:\/\/www.koupelnapro.com\/index.php\/produkt\/znackovy-rapi-tec-2010-6-0x240-zap-t30-70768\/","title":{"rendered":"Zna\u010dkov\u00fd RAPI-TEC 2010 &#8211; 6,0&#215;240, z\u00e1p.T30"},"content":{"rendered":"<div class=\"ResponseTabButton\">Popis produktu<\/div>\n<div class=\"TabContent\">                Vyrobeno z jakostn\u00ed oceli se speci\u00e1ln\u00edm po\u017eadavkem na tepeln\u00e9 zpracov\u00e1n\u00ed. Vysok\u00e1 elasticita p\u0159i pevnosti p\u0159es 1.000 N\/mm2.<br \/>Speci\u00e1ln\u00ed dvouchod\u00fd z\u00e1vit s asymetrickou geometri\u00ed pro velmi rychl\u00e9 \u0161roubov\u00e1n\u00ed vrut\u016f.<br \/>Povrchov\u00e1 \u00faprava neobsahuje \u0161kodliv\u00fd \u0161estimocn\u00fd chrom.<br \/>Oblast pou\u017eit\u00ed: Pro spoje d\u0159evo-d\u0159evo a kov-d\u0159evo.            <\/div>\n<\/p><\/div>\n<\/p><\/div>\n<\/p><\/div>\n<\/div>\n","protected":false},"excerpt":{"rendered":"<p>Popis produktu Vyrobeno z jakostn\u00ed oceli se speci\u00e1ln\u00edm po\u017eadavkem na tepeln\u00e9 zpracov\u00e1n\u00ed. Vysok\u00e1 elasticita p\u0159i pevnosti p\u0159es 1.000 N\/mm2.Speci\u00e1ln\u00ed dvouchod\u00fd z\u00e1vit s asymetrickou geometri\u00ed pro velmi rychl\u00e9 \u0161roubov\u00e1n\u00ed vrut\u016f.Povrchov\u00e1 \u00faprava neobsahuje \u0161kodliv\u00fd \u0161estimocn\u00fd chrom.Oblast pou\u017eit\u00ed: Pro spoje d\u0159evo-d\u0159evo a kov-d\u0159evo.<\/p>\n","protected":false},"featured_media":70868,"comment_status":"open","ping_status":"open","template":"","meta":[],"product_brand":[],"product_cat":[51],"product_tag":[],"class_list":{"0":"post-70768","1":"product","2":"type-product","3":"status-publish","4":"has-post-thumbnail","6":"product_cat-spojovaci-material","8":"first","9":"instock","10":"sale","11":"shipping-taxable","12":"purchasable","13":"product-type-simple"},"yoast_head":"<!-- This site is optimized with the Yoast SEO plugin v26.8 - https:\/\/yoast.com\/product\/yoast-seo-wordpress\/ -->\n<title>Zna\u010dkov\u00fd RAPI-TEC 2010 - 6,0x240, z\u00e1p.T30 -<\/title>\n<meta name=\"robots\" content=\"index, follow, max-snippet:-1, max-image-preview:large, max-video-preview:-1\" \/>\n<link rel=\"canonical\" href=\"https:\/\/www.koupelnapro.com\/index.php\/produkt\/znackovy-rapi-tec-2010-6-0x240-zap-t30-70768\/\" \/>\n<meta property=\"og:locale\" content=\"cs_CZ\" \/>\n<meta property=\"og:type\" content=\"article\" \/>\n<meta property=\"og:title\" content=\"Zna\u010dkov\u00fd RAPI-TEC 2010 - 6,0x240, z\u00e1p.T30 -\" \/>\n<meta property=\"og:description\" content=\"Popis produktu Vyrobeno z jakostn\u00ed oceli se speci\u00e1ln\u00edm po\u017eadavkem na tepeln\u00e9 zpracov\u00e1n\u00ed. Vysok\u00e1 elasticita p\u0159i pevnosti p\u0159es 1.000 N\/mm2.Speci\u00e1ln\u00ed dvouchod\u00fd z\u00e1vit s asymetrickou geometri\u00ed pro velmi rychl\u00e9 \u0161roubov\u00e1n\u00ed vrut\u016f.Povrchov\u00e1 \u00faprava neobsahuje \u0161kodliv\u00fd \u0161estimocn\u00fd chrom.Oblast pou\u017eit\u00ed: Pro spoje d\u0159evo-d\u0159evo a kov-d\u0159evo.\" \/>\n<meta property=\"og:url\" content=\"https:\/\/www.koupelnapro.com\/index.php\/produkt\/znackovy-rapi-tec-2010-6-0x240-zap-t30-70768\/\" \/>\n<meta property=\"og:image\" content=\"https:\/\/www.koupelnapro.com\/wp-content\/uploads\/2026\/SK0005107-CZ20260425-091742-0-1777079863-P-031513-00.webp\" \/>\n\t<meta property=\"og:image:width\" content=\"755\" \/>\n\t<meta property=\"og:image:height\" content=\"529\" \/>\n\t<meta property=\"og:image:type\" content=\"image\/webp\" \/>\n<meta name=\"twitter:card\" content=\"summary_large_image\" \/>\n<script type=\"application\/ld+json\" class=\"yoast-schema-graph\">{\"@context\":\"https:\/\/schema.org\",\"@graph\":[{\"@type\":\"WebPage\",\"@id\":\"https:\/\/www.koupelnapro.com\/index.php\/produkt\/znackovy-rapi-tec-2010-6-0x240-zap-t30-70768\/\",\"url\":\"https:\/\/www.koupelnapro.com\/index.php\/produkt\/znackovy-rapi-tec-2010-6-0x240-zap-t30-70768\/\",\"name\":\"Zna\u010dkov\u00fd RAPI-TEC 2010 - 6,0x240, z\u00e1p.T30 -\",\"isPartOf\":{\"@id\":\"https:\/\/www.koupelnapro.com\/#website\"},\"primaryImageOfPage\":{\"@id\":\"https:\/\/www.koupelnapro.com\/index.php\/produkt\/znackovy-rapi-tec-2010-6-0x240-zap-t30-70768\/#primaryimage\"},\"image\":{\"@id\":\"https:\/\/www.koupelnapro.com\/index.php\/produkt\/znackovy-rapi-tec-2010-6-0x240-zap-t30-70768\/#primaryimage\"},\"thumbnailUrl\":\"https:\/\/www.koupelnapro.com\/wp-content\/uploads\/2026\/SK0005107-CZ20260425-091742-0-1777079863-P-031513-00.webp\",\"datePublished\":\"2026-04-26T09:18:23+00:00\",\"breadcrumb\":{\"@id\":\"https:\/\/www.koupelnapro.com\/index.php\/produkt\/znackovy-rapi-tec-2010-6-0x240-zap-t30-70768\/#breadcrumb\"},\"inLanguage\":\"cs\",\"potentialAction\":[{\"@type\":\"ReadAction\",\"target\":[\"https:\/\/www.koupelnapro.com\/index.php\/produkt\/znackovy-rapi-tec-2010-6-0x240-zap-t30-70768\/\"]}]},{\"@type\":\"ImageObject\",\"inLanguage\":\"cs\",\"@id\":\"https:\/\/www.koupelnapro.com\/index.php\/produkt\/znackovy-rapi-tec-2010-6-0x240-zap-t30-70768\/#primaryimage\",\"url\":\"https:\/\/www.koupelnapro.com\/wp-content\/uploads\/2026\/SK0005107-CZ20260425-091742-0-1777079863-P-031513-00.webp\",\"contentUrl\":\"https:\/\/www.koupelnapro.com\/wp-content\/uploads\/2026\/SK0005107-CZ20260425-091742-0-1777079863-P-031513-00.webp\",\"width\":755,\"height\":529},{\"@type\":\"BreadcrumbList\",\"@id\":\"https:\/\/www.koupelnapro.com\/index.php\/produkt\/znackovy-rapi-tec-2010-6-0x240-zap-t30-70768\/#breadcrumb\",\"itemListElement\":[{\"@type\":\"ListItem\",\"position\":1,\"name\":\"Home\",\"item\":\"https:\/\/www.koupelnapro.com\/\"},{\"@type\":\"ListItem\",\"position\":2,\"name\":\"Products\",\"item\":\"https:\/\/www.koupelnapro.com\/index.php\/products\/\"},{\"@type\":\"ListItem\",\"position\":3,\"name\":\"Zna\u010dkov\u00fd RAPI-TEC 2010 &#8211; 6,0&#215;240, z\u00e1p.T30\"}]},{\"@type\":\"WebSite\",\"@id\":\"https:\/\/www.koupelnapro.com\/#website\",\"url\":\"https:\/\/www.koupelnapro.com\/\",\"name\":\"\",\"description\":\"\",\"potentialAction\":[{\"@type\":\"SearchAction\",\"target\":{\"@type\":\"EntryPoint\",\"urlTemplate\":\"https:\/\/www.koupelnapro.com\/?s={search_term_string}\"},\"query-input\":{\"@type\":\"PropertyValueSpecification\",\"valueRequired\":true,\"valueName\":\"search_term_string\"}}],\"inLanguage\":\"cs\"}]}<\/script>\n<!-- \/ Yoast SEO plugin. -->","yoast_head_json":{"title":"Zna\u010dkov\u00fd RAPI-TEC 2010 - 6,0x240, z\u00e1p.T30 -","robots":{"index":"index","follow":"follow","max-snippet":"max-snippet:-1","max-image-preview":"max-image-preview:large","max-video-preview":"max-video-preview:-1"},"canonical":"https:\/\/www.koupelnapro.com\/index.php\/produkt\/znackovy-rapi-tec-2010-6-0x240-zap-t30-70768\/","og_locale":"cs_CZ","og_type":"article","og_title":"Zna\u010dkov\u00fd RAPI-TEC 2010 - 6,0x240, z\u00e1p.T30 -","og_description":"Popis produktu Vyrobeno z jakostn\u00ed oceli se speci\u00e1ln\u00edm po\u017eadavkem na tepeln\u00e9 zpracov\u00e1n\u00ed. Vysok\u00e1 elasticita p\u0159i pevnosti p\u0159es 1.000 N\/mm2.Speci\u00e1ln\u00ed dvouchod\u00fd z\u00e1vit s asymetrickou geometri\u00ed pro velmi rychl\u00e9 \u0161roubov\u00e1n\u00ed vrut\u016f.Povrchov\u00e1 \u00faprava neobsahuje \u0161kodliv\u00fd \u0161estimocn\u00fd chrom.Oblast pou\u017eit\u00ed: Pro spoje d\u0159evo-d\u0159evo a kov-d\u0159evo.","og_url":"https:\/\/www.koupelnapro.com\/index.php\/produkt\/znackovy-rapi-tec-2010-6-0x240-zap-t30-70768\/","og_image":[{"width":755,"height":529,"url":"https:\/\/www.koupelnapro.com\/wp-content\/uploads\/2026\/SK0005107-CZ20260425-091742-0-1777079863-P-031513-00.webp","type":"image\/webp"}],"twitter_card":"summary_large_image","schema":{"@context":"https:\/\/schema.org","@graph":[{"@type":"WebPage","@id":"https:\/\/www.koupelnapro.com\/index.php\/produkt\/znackovy-rapi-tec-2010-6-0x240-zap-t30-70768\/","url":"https:\/\/www.koupelnapro.com\/index.php\/produkt\/znackovy-rapi-tec-2010-6-0x240-zap-t30-70768\/","name":"Zna\u010dkov\u00fd RAPI-TEC 2010 - 6,0x240, z\u00e1p.T30 -","isPartOf":{"@id":"https:\/\/www.koupelnapro.com\/#website"},"primaryImageOfPage":{"@id":"https:\/\/www.koupelnapro.com\/index.php\/produkt\/znackovy-rapi-tec-2010-6-0x240-zap-t30-70768\/#primaryimage"},"image":{"@id":"https:\/\/www.koupelnapro.com\/index.php\/produkt\/znackovy-rapi-tec-2010-6-0x240-zap-t30-70768\/#primaryimage"},"thumbnailUrl":"https:\/\/www.koupelnapro.com\/wp-content\/uploads\/2026\/SK0005107-CZ20260425-091742-0-1777079863-P-031513-00.webp","datePublished":"2026-04-26T09:18:23+00:00","breadcrumb":{"@id":"https:\/\/www.koupelnapro.com\/index.php\/produkt\/znackovy-rapi-tec-2010-6-0x240-zap-t30-70768\/#breadcrumb"},"inLanguage":"cs","potentialAction":[{"@type":"ReadAction","target":["https:\/\/www.koupelnapro.com\/index.php\/produkt\/znackovy-rapi-tec-2010-6-0x240-zap-t30-70768\/"]}]},{"@type":"ImageObject","inLanguage":"cs","@id":"https:\/\/www.koupelnapro.com\/index.php\/produkt\/znackovy-rapi-tec-2010-6-0x240-zap-t30-70768\/#primaryimage","url":"https:\/\/www.koupelnapro.com\/wp-content\/uploads\/2026\/SK0005107-CZ20260425-091742-0-1777079863-P-031513-00.webp","contentUrl":"https:\/\/www.koupelnapro.com\/wp-content\/uploads\/2026\/SK0005107-CZ20260425-091742-0-1777079863-P-031513-00.webp","width":755,"height":529},{"@type":"BreadcrumbList","@id":"https:\/\/www.koupelnapro.com\/index.php\/produkt\/znackovy-rapi-tec-2010-6-0x240-zap-t30-70768\/#breadcrumb","itemListElement":[{"@type":"ListItem","position":1,"name":"Home","item":"https:\/\/www.koupelnapro.com\/"},{"@type":"ListItem","position":2,"name":"Products","item":"https:\/\/www.koupelnapro.com\/index.php\/products\/"},{"@type":"ListItem","position":3,"name":"Zna\u010dkov\u00fd RAPI-TEC 2010 &#8211; 6,0&#215;240, z\u00e1p.T30"}]},{"@type":"WebSite","@id":"https:\/\/www.koupelnapro.com\/#website","url":"https:\/\/www.koupelnapro.com\/","name":"","description":"","potentialAction":[{"@type":"SearchAction","target":{"@type":"EntryPoint","urlTemplate":"https:\/\/www.koupelnapro.com\/?s={search_term_string}"},"query-input":{"@type":"PropertyValueSpecification","valueRequired":true,"valueName":"search_term_string"}}],"inLanguage":"cs"}]}},"_links":{"self":[{"href":"https:\/\/www.koupelnapro.com\/index.php\/wp-json\/wp\/v2\/product\/70768","targetHints":{"allow":["GET"]}}],"collection":[{"href":"https:\/\/www.koupelnapro.com\/index.php\/wp-json\/wp\/v2\/product"}],"about":[{"href":"https:\/\/www.koupelnapro.com\/index.php\/wp-json\/wp\/v2\/types\/product"}],"replies":[{"embeddable":true,"href":"https:\/\/www.koupelnapro.com\/index.php\/wp-json\/wp\/v2\/comments?post=70768"}],"wp:featuredmedia":[{"embeddable":true,"href":"https:\/\/www.koupelnapro.com\/index.php\/wp-json\/wp\/v2\/media\/70868"}],"wp:attachment":[{"href":"https:\/\/www.koupelnapro.com\/index.php\/wp-json\/wp\/v2\/media?parent=70768"}],"wp:term":[{"taxonomy":"product_brand","embeddable":true,"href":"https:\/\/www.koupelnapro.com\/index.php\/wp-json\/wp\/v2\/product_brand?post=70768"},{"taxonomy":"product_cat","embeddable":true,"href":"https:\/\/www.koupelnapro.com\/index.php\/wp-json\/wp\/v2\/product_cat?post=70768"},{"taxonomy":"product_tag","embeddable":true,"href":"https:\/\/www.koupelnapro.com\/index.php\/wp-json\/wp\/v2\/product_tag?post=70768"}],"curies":[{"name":"wp","href":"https:\/\/api.w.org\/{rel}","templated":true}]}}