{"id":6912,"date":"2026-04-26T09:13:15","date_gmt":"2026-04-26T09:13:15","guid":{"rendered":""},"modified":"2026-04-26T09:13:15","modified_gmt":"2026-04-26T09:13:15","slug":"ms-polymery-den-braven-tmel-ms-unifix-clear-290ml-vyhodna-nabidka-6912","status":"publish","type":"product","link":"https:\/\/www.koupelnapro.com\/index.php\/produkt\/ms-polymery-den-braven-tmel-ms-unifix-clear-290ml-vyhodna-nabidka-6912\/","title":{"rendered":"MS polymery DEN BRAVEN &#8211; Tmel MS UNIFIX Clear 290ml V\u00fdhodn\u00e1 Nab\u00eddka"},"content":{"rendered":"<div class=\"ResponseTabButton\">Popis produktu<\/div>\n<div class=\"TabContent\">\n<p>Jednoslo\u017ekov\u00fd lepic\u00ed a t\u011bsnic\u00ed tmel, na b\u00e1zi MS polymeru. Vytvrzuje vulkanizac\u00ed vzdu\u0161n\u00e9 vlhkosti, vytv\u00e1\u0159\u00ed vysokopevnostn\u00ed, elastick\u00fd spoj.<\/p>\n<p><strong>Vlastnosti:<\/strong><\/p>\n<ul>\n<li>Bez silikonu, vysokomodulov\u00fd<\/li>\n<li>Trvale pru\u017en\u00fd<\/li>\n<li>Vysok\u00e1 p\u0159ilnavost na r\u016fzn\u00e9 stavebn\u00ed materi\u00e1ly v\u010detn\u011b nesav\u00fdch a jejich vz\u00e1jemn\u00e9 kombinace<\/li>\n<li>Po vytvrzen\u00ed p\u0159et\u00edrateln\u00fd barvami (mimo alkydov\u00fdch prysky\u0159ic)<br \/>\t&nbsp;<\/li>\n<\/ul>\n<p><strong>Pou\u017eit\u00ed:<\/strong><\/p>\n<ul>\n<li>Tmelen\u00ed dilata\u010dn\u00edch sp\u00e1r v interi\u00e9rech budov<\/li>\n<li>Lepen\u00ed konstruk\u010dn\u00edch d\u00edl\u016f v pr\u016fmyslu a autopr\u016fmyslu<\/li>\n<li>Tmelen\u00ed sp\u00e1r mezi d\u0159evem, betonem, zdivem, kovy, plasty, sklem ve stavebnictv\u00ed i pr\u016fmyslu<\/li>\n<\/ul>\n<p>&nbsp;<br \/><strong>Technick\u00e9 \u00fadaje:<\/strong><\/p>\n<table>\n<tbody>\n<tr>\n<td>Z\u00e1klad \/ Materi\u00e1l<\/td>\n<td>MS polymer<\/td>\n<\/tr>\n<tr>\n<td>Tepeln\u00e1 odolnost<\/td>\n<td>&ndash;40 \/ +90&deg;C (po vytvrzen\u00ed)<\/td>\n<\/tr>\n<tr>\n<td>Aplika\u010dn\u00ed teplota<\/td>\n<td>+5 \/ +40&deg;C<\/td>\n<\/tr>\n<tr>\n<td>Dilata\u010dn\u00ed schopnost<\/td>\n<td>&plusmn; 25%<\/td>\n<\/tr>\n<tr>\n<td>Doba vytvo\u0159en\u00ed povrchov\u00e9 slupky<\/td>\n<td>&asymp; 10 minut<\/td>\n<\/tr>\n<tr>\n<td>Tvrdost dle Shore A&nbsp;(3s)<\/td>\n<td>&asymp; 38 &plusmn; 3<\/td>\n<\/tr>\n<\/tbody>\n<\/table><\/div>\n<\/p><\/div>\n<div id=\"ke-stazeni\" class=\"TabContentWrap\">\n<div class=\"ResponseTabButton\">Ke sta\u017een\u00ed<\/div>\n<div class=\"TabContent\">\n<div class=\"Table Downloads\">\n<div class=\"THead\">\n<div class=\"TableRow\">\n<div class=\"TableCell\">                    N\u00e1zev                <\/div>\n<div class=\"TableCell\">                    Jazyk                <\/div>\n<div class=\"TableCell\">                    Velikost                <\/div>\n<div class=\"TableCell\">                    Form\u00e1t                <\/div>\n<div class=\"TableCell\">&nbsp;<\/div>\n<\/p><\/div>\n<\/p><\/div>\n<div class=\"TBody\">\n<div class=\"TableRow\">\n<div class=\"TableCell\">Ekologicka-likvidace-odpadu<\/div>\n<div class=\"TableCell\"><\/div>\n<div class=\"TableCell\">160 kB<\/div>\n<div class=\"TableCell\">.pdf<\/div>\n<div class=\"TableCell ContentRight\">st\u00e1hnout<\/div>\n<\/div>\n<div class=\"TableRow\">\n<div class=\"TableCell\">Aplikace-TMELU<\/div>\n<div class=\"TableCell\"><\/div>\n<div class=\"TableCell\">83 kB<\/div>\n<div class=\"TableCell\">.pdf<\/div>\n<div class=\"TableCell ContentRight\">st\u00e1hnout<\/div>\n<\/div>\n<div class=\"TableRow\">\n<div class=\"TableCell\">Tabulka-tech-udaju<\/div>\n<div class=\"TableCell\"><\/div>\n<div class=\"TableCell\">81 kB<\/div>\n<div class=\"TableCell\">.pdf<\/div>\n<div class=\"TableCell ContentRight\">st\u00e1hnout<\/div>\n<\/div><\/div>\n<\/p><\/div>\n<\/p><\/div>\n<\/p><\/div>\n<\/p><\/div>\n<\/p><\/div>\n<\/div>\n","protected":false},"excerpt":{"rendered":"<p>Popis produktu Jednoslo\u017ekov\u00fd lepic\u00ed a t\u011bsnic\u00ed tmel, na b\u00e1zi MS polymeru. Vytvrzuje vulkanizac\u00ed vzdu\u0161n\u00e9 vlhkosti, vytv\u00e1\u0159\u00ed vysokopevnostn\u00ed, elastick\u00fd spoj. Vlastnosti: Bez silikonu, vysokomodulov\u00fd Trvale pru\u017en\u00fd Vysok\u00e1 p\u0159ilnavost na r\u016fzn\u00e9 stavebn\u00ed materi\u00e1ly v\u010detn\u011b nesav\u00fdch a jejich vz\u00e1jemn\u00e9 kombinace Po vytvrzen\u00ed p\u0159et\u00edrateln\u00fd barvami (mimo alkydov\u00fdch prysky\u0159ic) &nbsp; Pou\u017eit\u00ed: Tmelen\u00ed dilata\u010dn\u00edch sp\u00e1r v interi\u00e9rech budov Lepen\u00ed konstruk\u010dn\u00edch d\u00edl\u016f [&hellip;]<\/p>\n","protected":false},"featured_media":7012,"comment_status":"open","ping_status":"open","template":"","meta":[],"product_brand":[],"product_cat":[51],"product_tag":[],"class_list":{"0":"post-6912","1":"product","2":"type-product","3":"status-publish","4":"has-post-thumbnail","6":"product_cat-spojovaci-material","8":"first","9":"instock","10":"sale","11":"shipping-taxable","12":"purchasable","13":"product-type-simple"},"yoast_head":"<!-- This site is optimized with the Yoast SEO plugin v26.8 - https:\/\/yoast.com\/product\/yoast-seo-wordpress\/ -->\n<title>MS polymery DEN BRAVEN - Tmel MS UNIFIX Clear 290ml V\u00fdhodn\u00e1 Nab\u00eddka -<\/title>\n<meta name=\"robots\" content=\"index, follow, max-snippet:-1, max-image-preview:large, max-video-preview:-1\" \/>\n<link rel=\"canonical\" href=\"https:\/\/www.koupelnapro.com\/index.php\/produkt\/ms-polymery-den-braven-tmel-ms-unifix-clear-290ml-vyhodna-nabidka-6912\/\" \/>\n<meta property=\"og:locale\" content=\"cs_CZ\" \/>\n<meta property=\"og:type\" content=\"article\" \/>\n<meta property=\"og:title\" content=\"MS polymery DEN BRAVEN - Tmel MS UNIFIX Clear 290ml V\u00fdhodn\u00e1 Nab\u00eddka -\" \/>\n<meta property=\"og:description\" content=\"Popis produktu Jednoslo\u017ekov\u00fd lepic\u00ed a t\u011bsnic\u00ed tmel, na b\u00e1zi MS polymeru. Vytvrzuje vulkanizac\u00ed vzdu\u0161n\u00e9 vlhkosti, vytv\u00e1\u0159\u00ed vysokopevnostn\u00ed, elastick\u00fd spoj. Vlastnosti: Bez silikonu, vysokomodulov\u00fd Trvale pru\u017en\u00fd Vysok\u00e1 p\u0159ilnavost na r\u016fzn\u00e9 stavebn\u00ed materi\u00e1ly v\u010detn\u011b nesav\u00fdch a jejich vz\u00e1jemn\u00e9 kombinace Po vytvrzen\u00ed p\u0159et\u00edrateln\u00fd barvami (mimo alkydov\u00fdch prysky\u0159ic) &nbsp; Pou\u017eit\u00ed: Tmelen\u00ed dilata\u010dn\u00edch sp\u00e1r v interi\u00e9rech budov Lepen\u00ed konstruk\u010dn\u00edch d\u00edl\u016f [&hellip;]\" \/>\n<meta property=\"og:url\" content=\"https:\/\/www.koupelnapro.com\/index.php\/produkt\/ms-polymery-den-braven-tmel-ms-unifix-clear-290ml-vyhodna-nabidka-6912\/\" \/>\n<meta property=\"og:image\" content=\"https:\/\/www.koupelnapro.com\/wp-content\/uploads\/2026\/SK0002967-CZ20260425-091742-0-1777079863-P-018739-00.webp\" \/>\n\t<meta property=\"og:image:width\" content=\"298\" \/>\n\t<meta property=\"og:image:height\" content=\"454\" \/>\n\t<meta property=\"og:image:type\" content=\"image\/webp\" \/>\n<meta name=\"twitter:card\" content=\"summary_large_image\" \/>\n<meta name=\"twitter:label1\" content=\"Odhadovan\u00e1 doba \u010dten\u00ed\" \/>\n\t<meta name=\"twitter:data1\" content=\"1 minuta\" \/>\n<script type=\"application\/ld+json\" class=\"yoast-schema-graph\">{\"@context\":\"https:\/\/schema.org\",\"@graph\":[{\"@type\":\"WebPage\",\"@id\":\"https:\/\/www.koupelnapro.com\/index.php\/produkt\/ms-polymery-den-braven-tmel-ms-unifix-clear-290ml-vyhodna-nabidka-6912\/\",\"url\":\"https:\/\/www.koupelnapro.com\/index.php\/produkt\/ms-polymery-den-braven-tmel-ms-unifix-clear-290ml-vyhodna-nabidka-6912\/\",\"name\":\"MS polymery DEN BRAVEN - Tmel MS UNIFIX Clear 290ml V\u00fdhodn\u00e1 Nab\u00eddka -\",\"isPartOf\":{\"@id\":\"https:\/\/www.koupelnapro.com\/#website\"},\"primaryImageOfPage\":{\"@id\":\"https:\/\/www.koupelnapro.com\/index.php\/produkt\/ms-polymery-den-braven-tmel-ms-unifix-clear-290ml-vyhodna-nabidka-6912\/#primaryimage\"},\"image\":{\"@id\":\"https:\/\/www.koupelnapro.com\/index.php\/produkt\/ms-polymery-den-braven-tmel-ms-unifix-clear-290ml-vyhodna-nabidka-6912\/#primaryimage\"},\"thumbnailUrl\":\"https:\/\/www.koupelnapro.com\/wp-content\/uploads\/2026\/SK0002967-CZ20260425-091742-0-1777079863-P-018739-00.webp\",\"datePublished\":\"2026-04-26T09:13:15+00:00\",\"breadcrumb\":{\"@id\":\"https:\/\/www.koupelnapro.com\/index.php\/produkt\/ms-polymery-den-braven-tmel-ms-unifix-clear-290ml-vyhodna-nabidka-6912\/#breadcrumb\"},\"inLanguage\":\"cs\",\"potentialAction\":[{\"@type\":\"ReadAction\",\"target\":[\"https:\/\/www.koupelnapro.com\/index.php\/produkt\/ms-polymery-den-braven-tmel-ms-unifix-clear-290ml-vyhodna-nabidka-6912\/\"]}]},{\"@type\":\"ImageObject\",\"inLanguage\":\"cs\",\"@id\":\"https:\/\/www.koupelnapro.com\/index.php\/produkt\/ms-polymery-den-braven-tmel-ms-unifix-clear-290ml-vyhodna-nabidka-6912\/#primaryimage\",\"url\":\"https:\/\/www.koupelnapro.com\/wp-content\/uploads\/2026\/SK0002967-CZ20260425-091742-0-1777079863-P-018739-00.webp\",\"contentUrl\":\"https:\/\/www.koupelnapro.com\/wp-content\/uploads\/2026\/SK0002967-CZ20260425-091742-0-1777079863-P-018739-00.webp\",\"width\":298,\"height\":454},{\"@type\":\"BreadcrumbList\",\"@id\":\"https:\/\/www.koupelnapro.com\/index.php\/produkt\/ms-polymery-den-braven-tmel-ms-unifix-clear-290ml-vyhodna-nabidka-6912\/#breadcrumb\",\"itemListElement\":[{\"@type\":\"ListItem\",\"position\":1,\"name\":\"Home\",\"item\":\"https:\/\/www.koupelnapro.com\/\"},{\"@type\":\"ListItem\",\"position\":2,\"name\":\"Products\",\"item\":\"https:\/\/www.koupelnapro.com\/index.php\/products\/\"},{\"@type\":\"ListItem\",\"position\":3,\"name\":\"MS polymery DEN BRAVEN &#8211; Tmel MS UNIFIX Clear 290ml V\u00fdhodn\u00e1 Nab\u00eddka\"}]},{\"@type\":\"WebSite\",\"@id\":\"https:\/\/www.koupelnapro.com\/#website\",\"url\":\"https:\/\/www.koupelnapro.com\/\",\"name\":\"\",\"description\":\"\",\"potentialAction\":[{\"@type\":\"SearchAction\",\"target\":{\"@type\":\"EntryPoint\",\"urlTemplate\":\"https:\/\/www.koupelnapro.com\/?s={search_term_string}\"},\"query-input\":{\"@type\":\"PropertyValueSpecification\",\"valueRequired\":true,\"valueName\":\"search_term_string\"}}],\"inLanguage\":\"cs\"}]}<\/script>\n<!-- \/ Yoast SEO plugin. -->","yoast_head_json":{"title":"MS polymery DEN BRAVEN - Tmel MS UNIFIX Clear 290ml V\u00fdhodn\u00e1 Nab\u00eddka -","robots":{"index":"index","follow":"follow","max-snippet":"max-snippet:-1","max-image-preview":"max-image-preview:large","max-video-preview":"max-video-preview:-1"},"canonical":"https:\/\/www.koupelnapro.com\/index.php\/produkt\/ms-polymery-den-braven-tmel-ms-unifix-clear-290ml-vyhodna-nabidka-6912\/","og_locale":"cs_CZ","og_type":"article","og_title":"MS polymery DEN BRAVEN - Tmel MS UNIFIX Clear 290ml V\u00fdhodn\u00e1 Nab\u00eddka -","og_description":"Popis produktu Jednoslo\u017ekov\u00fd lepic\u00ed a t\u011bsnic\u00ed tmel, na b\u00e1zi MS polymeru. Vytvrzuje vulkanizac\u00ed vzdu\u0161n\u00e9 vlhkosti, vytv\u00e1\u0159\u00ed vysokopevnostn\u00ed, elastick\u00fd spoj. Vlastnosti: Bez silikonu, vysokomodulov\u00fd Trvale pru\u017en\u00fd Vysok\u00e1 p\u0159ilnavost na r\u016fzn\u00e9 stavebn\u00ed materi\u00e1ly v\u010detn\u011b nesav\u00fdch a jejich vz\u00e1jemn\u00e9 kombinace Po vytvrzen\u00ed p\u0159et\u00edrateln\u00fd barvami (mimo alkydov\u00fdch prysky\u0159ic) &nbsp; Pou\u017eit\u00ed: Tmelen\u00ed dilata\u010dn\u00edch sp\u00e1r v interi\u00e9rech budov Lepen\u00ed konstruk\u010dn\u00edch d\u00edl\u016f [&hellip;]","og_url":"https:\/\/www.koupelnapro.com\/index.php\/produkt\/ms-polymery-den-braven-tmel-ms-unifix-clear-290ml-vyhodna-nabidka-6912\/","og_image":[{"width":298,"height":454,"url":"https:\/\/www.koupelnapro.com\/wp-content\/uploads\/2026\/SK0002967-CZ20260425-091742-0-1777079863-P-018739-00.webp","type":"image\/webp"}],"twitter_card":"summary_large_image","twitter_misc":{"Odhadovan\u00e1 doba \u010dten\u00ed":"1 minuta"},"schema":{"@context":"https:\/\/schema.org","@graph":[{"@type":"WebPage","@id":"https:\/\/www.koupelnapro.com\/index.php\/produkt\/ms-polymery-den-braven-tmel-ms-unifix-clear-290ml-vyhodna-nabidka-6912\/","url":"https:\/\/www.koupelnapro.com\/index.php\/produkt\/ms-polymery-den-braven-tmel-ms-unifix-clear-290ml-vyhodna-nabidka-6912\/","name":"MS polymery DEN BRAVEN - Tmel MS UNIFIX Clear 290ml V\u00fdhodn\u00e1 Nab\u00eddka -","isPartOf":{"@id":"https:\/\/www.koupelnapro.com\/#website"},"primaryImageOfPage":{"@id":"https:\/\/www.koupelnapro.com\/index.php\/produkt\/ms-polymery-den-braven-tmel-ms-unifix-clear-290ml-vyhodna-nabidka-6912\/#primaryimage"},"image":{"@id":"https:\/\/www.koupelnapro.com\/index.php\/produkt\/ms-polymery-den-braven-tmel-ms-unifix-clear-290ml-vyhodna-nabidka-6912\/#primaryimage"},"thumbnailUrl":"https:\/\/www.koupelnapro.com\/wp-content\/uploads\/2026\/SK0002967-CZ20260425-091742-0-1777079863-P-018739-00.webp","datePublished":"2026-04-26T09:13:15+00:00","breadcrumb":{"@id":"https:\/\/www.koupelnapro.com\/index.php\/produkt\/ms-polymery-den-braven-tmel-ms-unifix-clear-290ml-vyhodna-nabidka-6912\/#breadcrumb"},"inLanguage":"cs","potentialAction":[{"@type":"ReadAction","target":["https:\/\/www.koupelnapro.com\/index.php\/produkt\/ms-polymery-den-braven-tmel-ms-unifix-clear-290ml-vyhodna-nabidka-6912\/"]}]},{"@type":"ImageObject","inLanguage":"cs","@id":"https:\/\/www.koupelnapro.com\/index.php\/produkt\/ms-polymery-den-braven-tmel-ms-unifix-clear-290ml-vyhodna-nabidka-6912\/#primaryimage","url":"https:\/\/www.koupelnapro.com\/wp-content\/uploads\/2026\/SK0002967-CZ20260425-091742-0-1777079863-P-018739-00.webp","contentUrl":"https:\/\/www.koupelnapro.com\/wp-content\/uploads\/2026\/SK0002967-CZ20260425-091742-0-1777079863-P-018739-00.webp","width":298,"height":454},{"@type":"BreadcrumbList","@id":"https:\/\/www.koupelnapro.com\/index.php\/produkt\/ms-polymery-den-braven-tmel-ms-unifix-clear-290ml-vyhodna-nabidka-6912\/#breadcrumb","itemListElement":[{"@type":"ListItem","position":1,"name":"Home","item":"https:\/\/www.koupelnapro.com\/"},{"@type":"ListItem","position":2,"name":"Products","item":"https:\/\/www.koupelnapro.com\/index.php\/products\/"},{"@type":"ListItem","position":3,"name":"MS polymery DEN BRAVEN &#8211; Tmel MS UNIFIX Clear 290ml V\u00fdhodn\u00e1 Nab\u00eddka"}]},{"@type":"WebSite","@id":"https:\/\/www.koupelnapro.com\/#website","url":"https:\/\/www.koupelnapro.com\/","name":"","description":"","potentialAction":[{"@type":"SearchAction","target":{"@type":"EntryPoint","urlTemplate":"https:\/\/www.koupelnapro.com\/?s={search_term_string}"},"query-input":{"@type":"PropertyValueSpecification","valueRequired":true,"valueName":"search_term_string"}}],"inLanguage":"cs"}]}},"_links":{"self":[{"href":"https:\/\/www.koupelnapro.com\/index.php\/wp-json\/wp\/v2\/product\/6912","targetHints":{"allow":["GET"]}}],"collection":[{"href":"https:\/\/www.koupelnapro.com\/index.php\/wp-json\/wp\/v2\/product"}],"about":[{"href":"https:\/\/www.koupelnapro.com\/index.php\/wp-json\/wp\/v2\/types\/product"}],"replies":[{"embeddable":true,"href":"https:\/\/www.koupelnapro.com\/index.php\/wp-json\/wp\/v2\/comments?post=6912"}],"wp:featuredmedia":[{"embeddable":true,"href":"https:\/\/www.koupelnapro.com\/index.php\/wp-json\/wp\/v2\/media\/7012"}],"wp:attachment":[{"href":"https:\/\/www.koupelnapro.com\/index.php\/wp-json\/wp\/v2\/media?parent=6912"}],"wp:term":[{"taxonomy":"product_brand","embeddable":true,"href":"https:\/\/www.koupelnapro.com\/index.php\/wp-json\/wp\/v2\/product_brand?post=6912"},{"taxonomy":"product_cat","embeddable":true,"href":"https:\/\/www.koupelnapro.com\/index.php\/wp-json\/wp\/v2\/product_cat?post=6912"},{"taxonomy":"product_tag","embeddable":true,"href":"https:\/\/www.koupelnapro.com\/index.php\/wp-json\/wp\/v2\/product_tag?post=6912"}],"curies":[{"name":"wp","href":"https:\/\/api.w.org\/{rel}","templated":true}]}}