{"id":6786,"date":"2026-04-26T09:13:14","date_gmt":"2026-04-26T09:13:14","guid":{"rendered":""},"modified":"2026-04-26T09:13:14","modified_gmt":"2026-04-26T09:13:14","slug":"akce-mrizove-snehove-zabrany-dsz-sc-drzak-sneh-zabrany-pe-ral-9005-cerna-6786","status":"publish","type":"product","link":"https:\/\/www.koupelnapro.com\/index.php\/produkt\/akce-mrizove-snehove-zabrany-dsz-sc-drzak-sneh-zabrany-pe-ral-9005-cerna-6786\/","title":{"rendered":"Akce M\u0159\u00ed\u017eov\u00e9 sn\u011bhov\u00e9 z\u00e1brany &#8211; DSZ-SC dr\u017e\u00e1k sn\u011bh.z\u00e1brany PE &#8211; RAL 9005 \u010cerna"},"content":{"rendered":"<div class=\"ResponseTabButton\">Popis produktu<\/div>\n<div class=\"TabContent\">\n<div><font color=\"#000000\">Dr\u017e\u00e1k sn\u011bhov\u00e9 z\u00e1brany DSZ-SB slou\u017e\u00ed k uchycen\u00ed sn\u011bhov\u00e9 z\u00e1bran\u011b na st\u0159e\u0161e. Nej\u010dast\u011bj\u0161\u00ed um\u00edst\u011bn\u00ed je kousek nad okapn\u00ed hranou v jedn\u00e9 i v\u00edce \u0159ad\u00e1ch, nad touto \u0159adou by m\u011bly b\u00fdt je\u0161t\u011b rovnom\u011brn\u011b rozm\u00edst\u011bny sn\u011bhov\u00e9 h\u00e1ky.<\/font><\/div>\n<\/p><\/div>\n<\/p><\/div>\n<div id=\"ke-stazeni\" class=\"TabContentWrap\">\n<div class=\"ResponseTabButton\">Ke sta\u017een\u00ed<\/div>\n<div class=\"TabContent\">\n<div class=\"Table Downloads\">\n<div class=\"THead\">\n<div class=\"TableRow\">\n<div class=\"TableCell\">                    N\u00e1zev                <\/div>\n<div class=\"TableCell\">                    Jazyk                <\/div>\n<div class=\"TableCell\">                    Velikost                <\/div>\n<div class=\"TableCell\">                    Form\u00e1t                <\/div>\n<div class=\"TableCell\">&nbsp;<\/div>\n<\/p><\/div>\n<\/p><\/div>\n<div class=\"TBody\">\n<div class=\"TableRow\">\n<div class=\"TableCell\">Satjam-Katalog-produktu-Strecha-v-kazdem-detailu<\/div>\n<div class=\"TableCell\"><\/div>\n<div class=\"TableCell\">5359 kB<\/div>\n<div class=\"TableCell\">.pdf<\/div>\n<div class=\"TableCell ContentRight\">st\u00e1hnout<\/div>\n<\/div>\n<div class=\"TableRow\">\n<div class=\"TableCell\">Montazni-list-SATJAM-snehove-zabrany<\/div>\n<div class=\"TableCell\"><\/div>\n<div class=\"TableCell\">3301 kB<\/div>\n<div class=\"TableCell\">.pdf<\/div>\n<div class=\"TableCell ContentRight\">st\u00e1hnout<\/div>\n<\/div><\/div>\n<\/p><\/div>\n<\/p><\/div>\n<\/p><\/div>\n<\/p><\/div>\n<\/p><\/div>\n<\/div>\n","protected":false},"excerpt":{"rendered":"<p>Popis produktu Dr\u017e\u00e1k sn\u011bhov\u00e9 z\u00e1brany DSZ-SB slou\u017e\u00ed k uchycen\u00ed sn\u011bhov\u00e9 z\u00e1bran\u011b na st\u0159e\u0161e. Nej\u010dast\u011bj\u0161\u00ed um\u00edst\u011bn\u00ed je kousek nad okapn\u00ed hranou v jedn\u00e9 i v\u00edce \u0159ad\u00e1ch, nad touto \u0159adou by m\u011bly b\u00fdt je\u0161t\u011b rovnom\u011brn\u011b rozm\u00edst\u011bny sn\u011bhov\u00e9 h\u00e1ky. Ke sta\u017een\u00ed N\u00e1zev Jazyk Velikost Form\u00e1t &nbsp; Satjam-Katalog-produktu-Strecha-v-kazdem-detailu 5359 kB .pdf st\u00e1hnout Montazni-list-SATJAM-snehove-zabrany 3301 kB .pdf st\u00e1hnout<\/p>\n","protected":false},"featured_media":6886,"comment_status":"open","ping_status":"open","template":"","meta":[],"product_brand":[],"product_cat":[56],"product_tag":[],"class_list":{"0":"post-6786","1":"product","2":"type-product","3":"status-publish","4":"has-post-thumbnail","6":"product_cat-doplnky-strech","8":"first","9":"instock","10":"sale","11":"shipping-taxable","12":"purchasable","13":"product-type-simple"},"yoast_head":"<!-- This site is optimized with the Yoast SEO plugin v26.8 - https:\/\/yoast.com\/product\/yoast-seo-wordpress\/ -->\n<title>Akce M\u0159\u00ed\u017eov\u00e9 sn\u011bhov\u00e9 z\u00e1brany - DSZ-SC dr\u017e\u00e1k sn\u011bh.z\u00e1brany PE - RAL 9005 \u010cerna -<\/title>\n<meta name=\"robots\" content=\"index, follow, max-snippet:-1, max-image-preview:large, max-video-preview:-1\" \/>\n<link rel=\"canonical\" href=\"https:\/\/www.koupelnapro.com\/index.php\/produkt\/akce-mrizove-snehove-zabrany-dsz-sc-drzak-sneh-zabrany-pe-ral-9005-cerna-6786\/\" \/>\n<meta property=\"og:locale\" content=\"cs_CZ\" \/>\n<meta property=\"og:type\" content=\"article\" \/>\n<meta property=\"og:title\" content=\"Akce M\u0159\u00ed\u017eov\u00e9 sn\u011bhov\u00e9 z\u00e1brany - DSZ-SC dr\u017e\u00e1k sn\u011bh.z\u00e1brany PE - RAL 9005 \u010cerna -\" \/>\n<meta property=\"og:description\" content=\"Popis produktu Dr\u017e\u00e1k sn\u011bhov\u00e9 z\u00e1brany DSZ-SB slou\u017e\u00ed k uchycen\u00ed sn\u011bhov\u00e9 z\u00e1bran\u011b na st\u0159e\u0161e. Nej\u010dast\u011bj\u0161\u00ed um\u00edst\u011bn\u00ed je kousek nad okapn\u00ed hranou v jedn\u00e9 i v\u00edce \u0159ad\u00e1ch, nad touto \u0159adou by m\u011bly b\u00fdt je\u0161t\u011b rovnom\u011brn\u011b rozm\u00edst\u011bny sn\u011bhov\u00e9 h\u00e1ky. Ke sta\u017een\u00ed N\u00e1zev Jazyk Velikost Form\u00e1t &nbsp; Satjam-Katalog-produktu-Strecha-v-kazdem-detailu 5359 kB .pdf st\u00e1hnout Montazni-list-SATJAM-snehove-zabrany 3301 kB .pdf st\u00e1hnout\" \/>\n<meta property=\"og:url\" content=\"https:\/\/www.koupelnapro.com\/index.php\/produkt\/akce-mrizove-snehove-zabrany-dsz-sc-drzak-sneh-zabrany-pe-ral-9005-cerna-6786\/\" \/>\n<meta property=\"og:image\" content=\"https:\/\/www.koupelnapro.com\/wp-content\/uploads\/2026\/SK0002941-CZ20260425-091742-0-1777079863-P-028587-00.webp\" \/>\n\t<meta property=\"og:image:width\" content=\"688\" \/>\n\t<meta property=\"og:image:height\" content=\"458\" \/>\n\t<meta property=\"og:image:type\" content=\"image\/webp\" \/>\n<meta name=\"twitter:card\" content=\"summary_large_image\" \/>\n<script type=\"application\/ld+json\" class=\"yoast-schema-graph\">{\"@context\":\"https:\/\/schema.org\",\"@graph\":[{\"@type\":\"WebPage\",\"@id\":\"https:\/\/www.koupelnapro.com\/index.php\/produkt\/akce-mrizove-snehove-zabrany-dsz-sc-drzak-sneh-zabrany-pe-ral-9005-cerna-6786\/\",\"url\":\"https:\/\/www.koupelnapro.com\/index.php\/produkt\/akce-mrizove-snehove-zabrany-dsz-sc-drzak-sneh-zabrany-pe-ral-9005-cerna-6786\/\",\"name\":\"Akce M\u0159\u00ed\u017eov\u00e9 sn\u011bhov\u00e9 z\u00e1brany - DSZ-SC dr\u017e\u00e1k sn\u011bh.z\u00e1brany PE - RAL 9005 \u010cerna -\",\"isPartOf\":{\"@id\":\"https:\/\/www.koupelnapro.com\/#website\"},\"primaryImageOfPage\":{\"@id\":\"https:\/\/www.koupelnapro.com\/index.php\/produkt\/akce-mrizove-snehove-zabrany-dsz-sc-drzak-sneh-zabrany-pe-ral-9005-cerna-6786\/#primaryimage\"},\"image\":{\"@id\":\"https:\/\/www.koupelnapro.com\/index.php\/produkt\/akce-mrizove-snehove-zabrany-dsz-sc-drzak-sneh-zabrany-pe-ral-9005-cerna-6786\/#primaryimage\"},\"thumbnailUrl\":\"https:\/\/www.koupelnapro.com\/wp-content\/uploads\/2026\/SK0002941-CZ20260425-091742-0-1777079863-P-028587-00.webp\",\"datePublished\":\"2026-04-26T09:13:14+00:00\",\"breadcrumb\":{\"@id\":\"https:\/\/www.koupelnapro.com\/index.php\/produkt\/akce-mrizove-snehove-zabrany-dsz-sc-drzak-sneh-zabrany-pe-ral-9005-cerna-6786\/#breadcrumb\"},\"inLanguage\":\"cs\",\"potentialAction\":[{\"@type\":\"ReadAction\",\"target\":[\"https:\/\/www.koupelnapro.com\/index.php\/produkt\/akce-mrizove-snehove-zabrany-dsz-sc-drzak-sneh-zabrany-pe-ral-9005-cerna-6786\/\"]}]},{\"@type\":\"ImageObject\",\"inLanguage\":\"cs\",\"@id\":\"https:\/\/www.koupelnapro.com\/index.php\/produkt\/akce-mrizove-snehove-zabrany-dsz-sc-drzak-sneh-zabrany-pe-ral-9005-cerna-6786\/#primaryimage\",\"url\":\"https:\/\/www.koupelnapro.com\/wp-content\/uploads\/2026\/SK0002941-CZ20260425-091742-0-1777079863-P-028587-00.webp\",\"contentUrl\":\"https:\/\/www.koupelnapro.com\/wp-content\/uploads\/2026\/SK0002941-CZ20260425-091742-0-1777079863-P-028587-00.webp\",\"width\":688,\"height\":458},{\"@type\":\"BreadcrumbList\",\"@id\":\"https:\/\/www.koupelnapro.com\/index.php\/produkt\/akce-mrizove-snehove-zabrany-dsz-sc-drzak-sneh-zabrany-pe-ral-9005-cerna-6786\/#breadcrumb\",\"itemListElement\":[{\"@type\":\"ListItem\",\"position\":1,\"name\":\"Home\",\"item\":\"https:\/\/www.koupelnapro.com\/\"},{\"@type\":\"ListItem\",\"position\":2,\"name\":\"Products\",\"item\":\"https:\/\/www.koupelnapro.com\/index.php\/products\/\"},{\"@type\":\"ListItem\",\"position\":3,\"name\":\"Akce M\u0159\u00ed\u017eov\u00e9 sn\u011bhov\u00e9 z\u00e1brany &#8211; DSZ-SC dr\u017e\u00e1k sn\u011bh.z\u00e1brany PE &#8211; RAL 9005 \u010cerna\"}]},{\"@type\":\"WebSite\",\"@id\":\"https:\/\/www.koupelnapro.com\/#website\",\"url\":\"https:\/\/www.koupelnapro.com\/\",\"name\":\"\",\"description\":\"\",\"potentialAction\":[{\"@type\":\"SearchAction\",\"target\":{\"@type\":\"EntryPoint\",\"urlTemplate\":\"https:\/\/www.koupelnapro.com\/?s={search_term_string}\"},\"query-input\":{\"@type\":\"PropertyValueSpecification\",\"valueRequired\":true,\"valueName\":\"search_term_string\"}}],\"inLanguage\":\"cs\"}]}<\/script>\n<!-- \/ Yoast SEO plugin. -->","yoast_head_json":{"title":"Akce M\u0159\u00ed\u017eov\u00e9 sn\u011bhov\u00e9 z\u00e1brany - DSZ-SC dr\u017e\u00e1k sn\u011bh.z\u00e1brany PE - RAL 9005 \u010cerna -","robots":{"index":"index","follow":"follow","max-snippet":"max-snippet:-1","max-image-preview":"max-image-preview:large","max-video-preview":"max-video-preview:-1"},"canonical":"https:\/\/www.koupelnapro.com\/index.php\/produkt\/akce-mrizove-snehove-zabrany-dsz-sc-drzak-sneh-zabrany-pe-ral-9005-cerna-6786\/","og_locale":"cs_CZ","og_type":"article","og_title":"Akce M\u0159\u00ed\u017eov\u00e9 sn\u011bhov\u00e9 z\u00e1brany - DSZ-SC dr\u017e\u00e1k sn\u011bh.z\u00e1brany PE - RAL 9005 \u010cerna -","og_description":"Popis produktu Dr\u017e\u00e1k sn\u011bhov\u00e9 z\u00e1brany DSZ-SB slou\u017e\u00ed k uchycen\u00ed sn\u011bhov\u00e9 z\u00e1bran\u011b na st\u0159e\u0161e. Nej\u010dast\u011bj\u0161\u00ed um\u00edst\u011bn\u00ed je kousek nad okapn\u00ed hranou v jedn\u00e9 i v\u00edce \u0159ad\u00e1ch, nad touto \u0159adou by m\u011bly b\u00fdt je\u0161t\u011b rovnom\u011brn\u011b rozm\u00edst\u011bny sn\u011bhov\u00e9 h\u00e1ky. Ke sta\u017een\u00ed N\u00e1zev Jazyk Velikost Form\u00e1t &nbsp; Satjam-Katalog-produktu-Strecha-v-kazdem-detailu 5359 kB .pdf st\u00e1hnout Montazni-list-SATJAM-snehove-zabrany 3301 kB .pdf st\u00e1hnout","og_url":"https:\/\/www.koupelnapro.com\/index.php\/produkt\/akce-mrizove-snehove-zabrany-dsz-sc-drzak-sneh-zabrany-pe-ral-9005-cerna-6786\/","og_image":[{"width":688,"height":458,"url":"https:\/\/www.koupelnapro.com\/wp-content\/uploads\/2026\/SK0002941-CZ20260425-091742-0-1777079863-P-028587-00.webp","type":"image\/webp"}],"twitter_card":"summary_large_image","schema":{"@context":"https:\/\/schema.org","@graph":[{"@type":"WebPage","@id":"https:\/\/www.koupelnapro.com\/index.php\/produkt\/akce-mrizove-snehove-zabrany-dsz-sc-drzak-sneh-zabrany-pe-ral-9005-cerna-6786\/","url":"https:\/\/www.koupelnapro.com\/index.php\/produkt\/akce-mrizove-snehove-zabrany-dsz-sc-drzak-sneh-zabrany-pe-ral-9005-cerna-6786\/","name":"Akce M\u0159\u00ed\u017eov\u00e9 sn\u011bhov\u00e9 z\u00e1brany - DSZ-SC dr\u017e\u00e1k sn\u011bh.z\u00e1brany PE - RAL 9005 \u010cerna -","isPartOf":{"@id":"https:\/\/www.koupelnapro.com\/#website"},"primaryImageOfPage":{"@id":"https:\/\/www.koupelnapro.com\/index.php\/produkt\/akce-mrizove-snehove-zabrany-dsz-sc-drzak-sneh-zabrany-pe-ral-9005-cerna-6786\/#primaryimage"},"image":{"@id":"https:\/\/www.koupelnapro.com\/index.php\/produkt\/akce-mrizove-snehove-zabrany-dsz-sc-drzak-sneh-zabrany-pe-ral-9005-cerna-6786\/#primaryimage"},"thumbnailUrl":"https:\/\/www.koupelnapro.com\/wp-content\/uploads\/2026\/SK0002941-CZ20260425-091742-0-1777079863-P-028587-00.webp","datePublished":"2026-04-26T09:13:14+00:00","breadcrumb":{"@id":"https:\/\/www.koupelnapro.com\/index.php\/produkt\/akce-mrizove-snehove-zabrany-dsz-sc-drzak-sneh-zabrany-pe-ral-9005-cerna-6786\/#breadcrumb"},"inLanguage":"cs","potentialAction":[{"@type":"ReadAction","target":["https:\/\/www.koupelnapro.com\/index.php\/produkt\/akce-mrizove-snehove-zabrany-dsz-sc-drzak-sneh-zabrany-pe-ral-9005-cerna-6786\/"]}]},{"@type":"ImageObject","inLanguage":"cs","@id":"https:\/\/www.koupelnapro.com\/index.php\/produkt\/akce-mrizove-snehove-zabrany-dsz-sc-drzak-sneh-zabrany-pe-ral-9005-cerna-6786\/#primaryimage","url":"https:\/\/www.koupelnapro.com\/wp-content\/uploads\/2026\/SK0002941-CZ20260425-091742-0-1777079863-P-028587-00.webp","contentUrl":"https:\/\/www.koupelnapro.com\/wp-content\/uploads\/2026\/SK0002941-CZ20260425-091742-0-1777079863-P-028587-00.webp","width":688,"height":458},{"@type":"BreadcrumbList","@id":"https:\/\/www.koupelnapro.com\/index.php\/produkt\/akce-mrizove-snehove-zabrany-dsz-sc-drzak-sneh-zabrany-pe-ral-9005-cerna-6786\/#breadcrumb","itemListElement":[{"@type":"ListItem","position":1,"name":"Home","item":"https:\/\/www.koupelnapro.com\/"},{"@type":"ListItem","position":2,"name":"Products","item":"https:\/\/www.koupelnapro.com\/index.php\/products\/"},{"@type":"ListItem","position":3,"name":"Akce M\u0159\u00ed\u017eov\u00e9 sn\u011bhov\u00e9 z\u00e1brany &#8211; DSZ-SC dr\u017e\u00e1k sn\u011bh.z\u00e1brany PE &#8211; RAL 9005 \u010cerna"}]},{"@type":"WebSite","@id":"https:\/\/www.koupelnapro.com\/#website","url":"https:\/\/www.koupelnapro.com\/","name":"","description":"","potentialAction":[{"@type":"SearchAction","target":{"@type":"EntryPoint","urlTemplate":"https:\/\/www.koupelnapro.com\/?s={search_term_string}"},"query-input":{"@type":"PropertyValueSpecification","valueRequired":true,"valueName":"search_term_string"}}],"inLanguage":"cs"}]}},"_links":{"self":[{"href":"https:\/\/www.koupelnapro.com\/index.php\/wp-json\/wp\/v2\/product\/6786","targetHints":{"allow":["GET"]}}],"collection":[{"href":"https:\/\/www.koupelnapro.com\/index.php\/wp-json\/wp\/v2\/product"}],"about":[{"href":"https:\/\/www.koupelnapro.com\/index.php\/wp-json\/wp\/v2\/types\/product"}],"replies":[{"embeddable":true,"href":"https:\/\/www.koupelnapro.com\/index.php\/wp-json\/wp\/v2\/comments?post=6786"}],"wp:featuredmedia":[{"embeddable":true,"href":"https:\/\/www.koupelnapro.com\/index.php\/wp-json\/wp\/v2\/media\/6886"}],"wp:attachment":[{"href":"https:\/\/www.koupelnapro.com\/index.php\/wp-json\/wp\/v2\/media?parent=6786"}],"wp:term":[{"taxonomy":"product_brand","embeddable":true,"href":"https:\/\/www.koupelnapro.com\/index.php\/wp-json\/wp\/v2\/product_brand?post=6786"},{"taxonomy":"product_cat","embeddable":true,"href":"https:\/\/www.koupelnapro.com\/index.php\/wp-json\/wp\/v2\/product_cat?post=6786"},{"taxonomy":"product_tag","embeddable":true,"href":"https:\/\/www.koupelnapro.com\/index.php\/wp-json\/wp\/v2\/product_tag?post=6786"}],"curies":[{"name":"wp","href":"https:\/\/api.w.org\/{rel}","templated":true}]}}