{"id":67590,"date":"2026-04-26T09:18:09","date_gmt":"2026-04-26T09:18:09","guid":{"rendered":""},"modified":"2026-04-26T09:18:09","modified_gmt":"2026-04-26T09:18:09","slug":"elektrobock-pt-32-wifi-tydenni-termostat-podsviceny-lcd-ovladani-telefonem-objednat-nyni-67590","status":"publish","type":"product","link":"https:\/\/www.koupelnapro.com\/index.php\/produkt\/elektrobock-pt-32-wifi-tydenni-termostat-podsviceny-lcd-ovladani-telefonem-objednat-nyni-67590\/","title":{"rendered":"Elektrobock  PT 32 WIFI t\u00fddenn\u00ed termostat podsv\u00edcen\u00fd LCD + ovl\u00e1d\u00e1n\u00ed telefonem Objednat Nyn\u00ed"},"content":{"rendered":"<div id=\"e9434948\" class=\"pages\">\n<div id=\"PDDescription\" class=\"UserContentView userContent v1a v1 bs-view dcon dc150 PDDescription\" >\n<h2><span style=\"color: #008080;\">Elektrobock\u00a0 PT 32 WIFI t\u00fddenn\u00ed termostat podsv\u00edcen\u00fd LCD + ovl\u00e1d\u00e1n\u00ed telefonem<\/span><\/h2>\n<p>\u00a0<\/p>\n<h2><span style=\"color: #008080;\">Vlastnosti digit\u00e1ln\u00edho termostatu PT32:<\/span><\/h2>\n<div class=\"container-fluid base-description cg-allow\" style=\"padding: 40px 0px; color: #333333; text-transform: none; text-indent: 0px; letter-spacing: normal; font-family: 'Open Sans', sans-serif; font-size: 18px; font-style: normal; font-weight: 400; margin-right: auto; margin-left: auto; word-spacing: 0px; white-space: normal; box-sizing: border-box; orphans: 2; widows: 2; background-color: #ffffff; -webkit-text-stroke-width: 0px; font-variant-ligatures: normal; font-variant-caps: normal; text-decoration-style: initial; text-decoration-color: initial;\">\n<div class=\"container\" style=\"width: 1170px; padding-right: 15px; padding-left: 15px; margin-right: auto; margin-left: auto; box-sizing: border-box;\">\n<div class=\"row\" style=\"margin-right: -15px; margin-left: -15px; box-sizing: border-box;\">\n<div class=\"col-md-8\" style=\"width: 780px; padding-right: 15px; padding-left: 15px; float: left; position: relative; min-height: 1px; box-sizing: border-box;\">\n<p>PT32 WiFi je inteligentn\u00ed prostorov\u00fd digit\u00e1ln\u00ed termostat s\u00a0implementovan\u00fdm WiFi modulem a\u00a0intern\u00ed ant\u00e9nou. Je vhodn\u00fd ke v\u0161em kotl\u016fm, kter\u00e9 vy\u017eaduj\u00ed bezpotencion\u00e1ln\u00ed (beznap\u011b\u0165ov\u00e9) sp\u00ednac\u00ed kontakty (nap\u0159. plynov\u00e9 kotle, elektro &#8211; kotle, ob\u011bhov\u00e1 \u010derpadla, termoelektrick\u00e9 pohony nebo klimatiza\u010dn\u00ed jednotky).<\/p>\n<h6 style=\"color: inherit; line-height: 1.1; font-family: inherit; font-size: 18px; font-weight: bold; margin-top: 10px; margin-bottom: 10px; box-sizing: border-box;\">\u00a0<\/h6>\n<h4 style=\"color: inherit; line-height: 1.1; font-family: inherit; font-size: 18px; font-weight: 500; margin-top: 10px; margin-bottom: 10px; box-sizing: border-box;\">Aplikace pro win10\u00a0 ZDARMA ke sta\u017een\u00ed na Windows store\u00a0<\/h4>\n<h4 style=\"color: inherit; line-height: 1.1; font-family: inherit; font-size: 18px; font-weight: 500; margin-top: 10px; margin-bottom: 10px; box-sizing: border-box;\">Aplikace pro android\u00a0 ZDARMA ke sta\u017een\u00ed na Googleplay\u00a0<span style=\"outline: 0px; color: #e30615; line-height: 1.1; text-decoration: underline; box-sizing: border-box; background-color: #ffffff;\"><\/span><\/h4>\n<h4 style=\"color: inherit; line-height: 1.1; font-family: inherit; font-size: 18px; font-weight: 500; margin-top: 10px; margin-bottom: 10px; box-sizing: border-box;\">\u00a0<\/h4>\n<h4 style=\"color: inherit; line-height: 1.1; font-family: inherit; font-size: 18px; font-weight: 500; margin-top: 10px; margin-bottom: 10px; box-sizing: border-box;\">Aplikace pro iOS\u00a0 ZDARMA ke sta\u017een\u00ed na App Store\u00a0<\/h4>\n<p style=\"margin: 0px 0px 10px; box-sizing: border-box;\">\u00a0<\/p>\n<p style=\"margin: 0px 0px 10px; box-sizing: border-box;\"><span style=\"color: #008080;\"><strong style=\"font-weight: bold; box-sizing: border-box;\">Aplikace EOB PT-WiFi umo\u017e\u0148uje:<\/strong><\/span><\/p>\n<ul style=\"margin-top: 0px; margin-bottom: 10px; box-sizing: border-box;\">\n<li style=\"box-sizing: border-box;\">nastaven\u00ed WiFi &#8211; nen\u00ed nutn\u00e9 m\u00edt ve\u0159ejnou IP adresu, prvn\u00ed zprovozn\u011bn\u00ed, rychl\u00e9 uveden\u00ed do provozu<\/li>\n<li style=\"box-sizing: border-box;\">vytvo\u0159en\u00ed \u00fa\u010dtu na serveru ELEKTROBOCK CZ<\/li>\n<li style=\"box-sizing: border-box;\">nastaven\u00ed konstant termostatu z\u00a0chytr\u00e9ho telefonu (android, iOS) nebo po\u010d\u00edta\u010de (s Win10)<\/li>\n<li style=\"box-sizing: border-box;\">servisn\u00ed re\u017eim<\/li>\n<li style=\"box-sizing: border-box;\">z\u00e1mek kl\u00e1ves s\u00a0k\u00f3dem<\/li>\n<li style=\"box-sizing: border-box;\">rychlou zm\u011bnu re\u017eimu termostatu (AUTO\/MANU\/OFF\/Letn\u00ed re\u017eim)<\/li>\n<li style=\"box-sizing: border-box;\">nastaven\u00ed dovolen\u00e9 od &#8211; do s\u00a0konstantn\u00ed teplotou<\/li>\n<li style=\"box-sizing: border-box;\">nastaven\u00ed teplotn\u00edch program\u016f<\/li>\n<li style=\"box-sizing: border-box;\">p\u0159id\u00e1n\u00ed u\u017eivatel\u016f pro dan\u00fd termostat a\u00a0jejich spr\u00e1va<\/li>\n<li style=\"box-sizing: border-box;\">mo\u017enost ovl\u00e1dat v\u00edce termostat\u016f z\u00a0jedn\u00e9 aplikace<\/li>\n<li style=\"box-sizing: border-box;\">vzd\u00e1len\u00e9 ovl\u00e1d\u00e1n\u00ed termostatu z\u00a0PC z\u00a0jak\u00e9hokoli m\u00edsta na sv\u011bt\u011b<\/li>\n<\/ul>\n<p style=\"margin: 0px 0px 10px; box-sizing: border-box;\"><span style=\"color: #ff0000; box-sizing: border-box;\"><strong style=\"font-weight: bold; box-sizing: border-box;\">Zp\u016fsoby ovl\u00e1d\u00e1n\u00ed nov\u00e9ho PT32 WiFi (verze 12.01+):<\/strong><\/span><\/p>\n<ol style=\"margin-top: 0px; margin-bottom: 10px; box-sizing: border-box;\">\n<li style=\"box-sizing: border-box;\">Ovl\u00e1d\u00e1n\u00ed p\u0159es SERVER (odkukoliv v\u00a0dosahu internetov\u00e9ho p\u0159ipojen\u00ed).<\/li>\n<li style=\"box-sizing: border-box;\">Ovl\u00e1d\u00e1n\u00ed v\u00a0dosahu va\u0161eho routeru (dom\u00e1cnosti). Pokud m\u00e1te ve\u0159ejnou IP adresu, m\u016f\u017eete ovl\u00e1d\u00e1t i\u00a0mimo dom\u00e1c\u00ed s\u00ed\u0165.<\/li>\n<li style=\"box-sizing: border-box;\">Ovl\u00e1d\u00e1n\u00ed v\u00a0r\u00e1mci bytu, kde nen\u00ed WiFi p\u0159ipojen\u00ed. Termostat si vytv\u00e1\u0159\u00ed vlastn\u00ed WiFi hotspot (AP-p\u0159\u00edstupov\u00fd bod).<\/li>\n<li style=\"box-sizing: border-box;\">Ovl\u00e1d\u00e1n\u00ed a\u00a0nastaven\u00ed termostatu p\u0159es USB kabel pomoc\u00ed PC s\u00a0Win10.<\/li>\n<li style=\"box-sizing: border-box;\">Manu\u00e1ln\u00ed ovl\u00e1d\u00e1n\u00ed, v\u017edy v\u00edte co se d\u011bje a\u00a0m\u016f\u017eete termostat ru\u010dn\u011b p\u0159enastavit.<\/li>\n<\/ol>\n<p style=\"margin: 0px 0px 10px; box-sizing: border-box;\">\u00a0<\/p>\n<h3 style=\"color: inherit; line-height: 1.1; font-family: inherit; font-size: 24px; font-weight: 500; margin-top: 20px; margin-bottom: 10px; box-sizing: border-box;\"><span style=\"color: #008080;\"><strong style=\"font-weight: bold; box-sizing: border-box;\">V\u00fdhody PT32 WiFi:<\/strong><\/span><\/h3>\n<ul style=\"margin-top: 0px; margin-bottom: 10px; box-sizing: border-box;\">\n<li style=\"box-sizing: border-box;\">9 t\u00fddenn\u00edch program\u016f<\/li>\n<li style=\"box-sizing: border-box;\">6 teplotn\u00edch zm\u011bn na den<\/li>\n<li style=\"box-sizing: border-box;\">programov\u00e1n\u00ed po 10-ti minut\u00e1ch a\u00a00.5 \u00b0C<\/li>\n<li style=\"box-sizing: border-box;\">mo\u017enost programov\u00e1n\u00ed po dni nebo Po-P\u00e1, So-Ne a\u00a0Po-Ne<\/li>\n<li style=\"box-sizing: border-box;\">velk\u00fd p\u0159ehledn\u00fd podsv\u00edcen\u00fd grafick\u00fd displej<\/li>\n<li style=\"box-sizing: border-box;\">intuitivn\u00ed navigace ve vybran\u00e9m jazyku (CZ\/PL\/EN\/DE\/RU\/SVK)<\/li>\n<li style=\"box-sizing: border-box;\">mo\u017enost nastaven\u00ed\u00a0 HYSTEREZE, PI regulace nebo\u00a0<strong style=\"font-weight: bold; box-sizing: border-box;\">PID regulace<\/strong><\/li>\n<li style=\"box-sizing: border-box;\">funkce p\u0159ed\u010dasn\u00e9 zapnut\u00ed topen\u00ed<\/li>\n<li style=\"box-sizing: border-box;\">mo\u017enost p\u0159ipojen\u00ed extern\u00edho \u010didla, nap\u0159. pro hl\u00edd\u00e1n\u00ed teploty podlahy<\/li>\n<li style=\"box-sizing: border-box;\">v\u00fdb\u011br re\u017eimu TOPEN\u00cd\/CHLAZEN\u00cd<\/li>\n<li style=\"box-sizing: border-box;\">kr\u00e1tkodob\u00e1 zm\u011bna po\u017eadovan\u00e9 teploty<\/li>\n<li style=\"box-sizing: border-box;\">manu\u00e1ln\u00ed re\u017eim (MANU)<\/li>\n<li style=\"box-sizing: border-box;\">trval\u00e9 vypnut\u00ed (OFF)<\/li>\n<li style=\"box-sizing: border-box;\">re\u017eim DOVOLEN\u00c1<\/li>\n<li style=\"box-sizing: border-box;\">letn\u00ed re\u017eim<\/li>\n<li style=\"box-sizing: border-box;\">volba sud\u00fd-lich\u00fd t\u00fdden<\/li>\n<li style=\"box-sizing: border-box;\">korekce aktu\u00e1ln\u00ed teploty<\/li>\n<li style=\"box-sizing: border-box;\">z\u00e1mek kl\u00e1ves<\/li>\n<li style=\"box-sizing: border-box;\">suma provozn\u00edch hodin kotle<\/li>\n<li style=\"box-sizing: border-box;\">indikace \u00fadr\u017eby kotle<\/li>\n<li style=\"box-sizing: border-box;\">protiz\u00e1mrazov\u00e1 ochrana (3 \u00b0C)<\/li>\n<li style=\"box-sizing: border-box;\">funkce TEST<\/li>\n<li style=\"box-sizing: border-box;\">volba zm\u011bny LETN\u00cd\/ZIMN\u00cd \u010das<\/li>\n<li style=\"box-sizing: border-box;\">servisn\u00ed heslo<\/li>\n<li style=\"box-sizing: border-box;\">nap\u00e1jen\u00ed 5 V\/ DC, 2.5 A, typ AD05 &#8211; Jack (je sou\u010d\u00e1st\u00ed balen\u00ed)<\/li>\n<li style=\"box-sizing: border-box;\">v\u00fdstup (bezpotenci\u00e1ln\u00ed kontakt) max. 5 A\/ 250 V\u00a0AC<\/li>\n<\/ul>\n<p style=\"margin: 0px 0px 10px; box-sizing: border-box;\"><br style=\"box-sizing: border-box;\">\u00a0<\/p>\n<p style=\"margin: 0px 0px 10px; box-sizing: border-box;\">\u00a0<\/p>\n<\/div>\n<\/div>\n<\/div>\n<\/div>\n<div>\n<div>\n<div>\n<div>\n<h2><span style=\"color: #008080;\">Technick\u00e9\u00a0parametry<\/span><\/h2>\n<div>\n<table>\n<tbody>\n<tr>\n<th colspan=\"2\">\u00a0<\/th>\n<\/tr>\n<tr>\n<th style=\"text-align: left;\">Nap\u00e1jen\u00ed<\/th>\n<td>univers\u00e1ln\u00ed\u00a0\/ 5,0 V \/ 2.5 A, DC (AD05-Jack je sou\u010d\u00e1st\u00ed)<\/td>\n<\/tr>\n<tr>\n<th style=\"text-align: left;\">Typ termostatu<\/th>\n<td>s WiFi modulem<\/td>\n<\/tr>\n<tr>\n<th style=\"text-align: left;\">Typ regulace<\/th>\n<td>hystereze\/PI regulace\/PID regulace<\/td>\n<\/tr>\n<tr>\n<th style=\"text-align: left;\">P\u0159esnost<\/th>\n<td>0,5 \u00b0C<\/td>\n<\/tr>\n<tr>\n<th style=\"text-align: left;\">Rozm\u011bry (Dx\u0160xH)<\/th>\n<td>136,5x83x28,5 mm<\/td>\n<\/tr>\n<tr>\n<th style=\"text-align: left;\">Stupe\u0148 kryt\u00ed<\/th>\n<td>IP20<\/td>\n<\/tr>\n<tr>\n<th style=\"text-align: left;\">Pracovn\u00ed teplota<\/th>\n<td>0 \u00b0C a\u017e 40 \u00b0C<\/td>\n<\/tr>\n<tr>\n<th style=\"text-align: left;\">Sp\u00ednac\u00ed prvek<\/th>\n<td>rel\u00e9<\/td>\n<\/tr>\n<tr>\n<th style=\"text-align: left;\">V\u00fdstup<\/th>\n<td>5 A<\/td>\n<\/tr>\n<tr>\n<th style=\"text-align: left;\">Z\u00e1lohovac\u00ed baterie<\/th>\n<td>Ano<\/td>\n<\/tr>\n<tr>\n<th style=\"text-align: left;\">Teplotn\u00ed zm\u011bny na den<\/th>\n<td>6<\/td>\n<\/tr>\n<tr>\n<th style=\"text-align: left;\">Rozsah nastaviteln\u00e9 teploty<\/th>\n<td>3 \u00b0C a\u017e 39 \u00b0C<\/td>\n<\/tr>\n<tr>\n<th style=\"text-align: left;\">Nastaven\u00ed teplot po<\/th>\n<td>0, 5 \u00b0C<\/td>\n<\/tr>\n<tr>\n<th style=\"text-align: left;\">Min. programovac\u00ed \u010das<\/th>\n<td>10 min<\/td>\n<\/tr>\n<tr>\n<th style=\"text-align: left;\">Min. indika\u010dn\u00ed skok<\/th>\n<td>0, 1 \u00b0C<\/td>\n<\/tr>\n<\/tbody>\n<\/table>\n<\/div>\n<\/div>\n<\/div>\n<\/div>\n<\/div>\n<div id=\"PDTable3\" class=\"ProductDetailTableView v3a v3 bs-view dcon dc175 PDTable3\" >\n<table>\n<thead><\/thead>\n<tbody>\n<tr class=\"attribute attr_bsshop_maker\">\n<td class=\"caption\">V\u00fdrobce<\/td>\n<td class=\"value\">Elektrobock<\/td>\n<\/tr>\n<\/tbody>\n<\/table><\/div>\n<\/div>\n<\/div>\n<div id=\"e9434949\" class=\"tabs\">\n","protected":false},"excerpt":{"rendered":"<p>Elektrobock\u00a0 PT 32 WIFI t\u00fddenn\u00ed termostat podsv\u00edcen\u00fd LCD + ovl\u00e1d\u00e1n\u00ed telefonem \u00a0 Vlastnosti digit\u00e1ln\u00edho termostatu PT32: PT32 WiFi je inteligentn\u00ed prostorov\u00fd digit\u00e1ln\u00ed termostat s\u00a0implementovan\u00fdm WiFi modulem a\u00a0intern\u00ed ant\u00e9nou. Je vhodn\u00fd ke v\u0161em kotl\u016fm, kter\u00e9 vy\u017eaduj\u00ed bezpotencion\u00e1ln\u00ed (beznap\u011b\u0165ov\u00e9) sp\u00ednac\u00ed kontakty (nap\u0159. plynov\u00e9 kotle, elektro &#8211; kotle, ob\u011bhov\u00e1 \u010derpadla, termoelektrick\u00e9 pohony nebo klimatiza\u010dn\u00ed jednotky). \u00a0 Aplikace pro [&hellip;]<\/p>\n","protected":false},"featured_media":67690,"comment_status":"open","ping_status":"open","template":"","meta":[],"product_brand":[],"product_cat":[39],"product_tag":[],"class_list":{"0":"post-67590","1":"product","2":"type-product","3":"status-publish","4":"has-post-thumbnail","6":"product_cat-topn-233-syst-233-my","8":"first","9":"instock","10":"sale","11":"shipping-taxable","12":"purchasable","13":"product-type-simple"},"yoast_head":"<!-- This site is optimized with the Yoast SEO plugin v26.8 - https:\/\/yoast.com\/product\/yoast-seo-wordpress\/ -->\n<title>Elektrobock PT 32 WIFI t\u00fddenn\u00ed termostat podsv\u00edcen\u00fd LCD + ovl\u00e1d\u00e1n\u00ed telefonem Objednat Nyn\u00ed -<\/title>\n<meta name=\"robots\" content=\"index, follow, max-snippet:-1, max-image-preview:large, max-video-preview:-1\" \/>\n<link rel=\"canonical\" href=\"https:\/\/www.koupelnapro.com\/index.php\/produkt\/elektrobock-pt-32-wifi-tydenni-termostat-podsviceny-lcd-ovladani-telefonem-objednat-nyni-67590\/\" \/>\n<meta property=\"og:locale\" content=\"cs_CZ\" \/>\n<meta property=\"og:type\" content=\"article\" \/>\n<meta property=\"og:title\" content=\"Elektrobock PT 32 WIFI t\u00fddenn\u00ed termostat podsv\u00edcen\u00fd LCD + ovl\u00e1d\u00e1n\u00ed telefonem Objednat Nyn\u00ed -\" \/>\n<meta property=\"og:description\" content=\"Elektrobock\u00a0 PT 32 WIFI t\u00fddenn\u00ed termostat podsv\u00edcen\u00fd LCD + ovl\u00e1d\u00e1n\u00ed telefonem \u00a0 Vlastnosti digit\u00e1ln\u00edho termostatu PT32: PT32 WiFi je inteligentn\u00ed prostorov\u00fd digit\u00e1ln\u00ed termostat s\u00a0implementovan\u00fdm WiFi modulem a\u00a0intern\u00ed ant\u00e9nou. Je vhodn\u00fd ke v\u0161em kotl\u016fm, kter\u00e9 vy\u017eaduj\u00ed bezpotencion\u00e1ln\u00ed (beznap\u011b\u0165ov\u00e9) sp\u00ednac\u00ed kontakty (nap\u0159. plynov\u00e9 kotle, elektro &#8211; kotle, ob\u011bhov\u00e1 \u010derpadla, termoelektrick\u00e9 pohony nebo klimatiza\u010dn\u00ed jednotky). \u00a0 Aplikace pro [&hellip;]\" \/>\n<meta property=\"og:url\" content=\"https:\/\/www.koupelnapro.com\/index.php\/produkt\/elektrobock-pt-32-wifi-tydenni-termostat-podsviceny-lcd-ovladani-telefonem-objednat-nyni-67590\/\" \/>\n<meta property=\"og:image\" content=\"https:\/\/www.koupelnapro.com\/wp-content\/uploads\/2026\/SK0005224-CZ20260425-091623-0-1777079785-elektrobock-pt-32-wifi-tydenni-termostat-podsviceny-lcd-ovl.webp\" \/>\n\t<meta property=\"og:image:width\" content=\"1000\" \/>\n\t<meta property=\"og:image:height\" content=\"525\" \/>\n\t<meta property=\"og:image:type\" content=\"image\/webp\" \/>\n<meta name=\"twitter:card\" content=\"summary_large_image\" \/>\n<meta name=\"twitter:label1\" content=\"Odhadovan\u00e1 doba \u010dten\u00ed\" \/>\n\t<meta name=\"twitter:data1\" content=\"3 minuty\" \/>\n<script type=\"application\/ld+json\" class=\"yoast-schema-graph\">{\"@context\":\"https:\/\/schema.org\",\"@graph\":[{\"@type\":\"WebPage\",\"@id\":\"https:\/\/www.koupelnapro.com\/index.php\/produkt\/elektrobock-pt-32-wifi-tydenni-termostat-podsviceny-lcd-ovladani-telefonem-objednat-nyni-67590\/\",\"url\":\"https:\/\/www.koupelnapro.com\/index.php\/produkt\/elektrobock-pt-32-wifi-tydenni-termostat-podsviceny-lcd-ovladani-telefonem-objednat-nyni-67590\/\",\"name\":\"Elektrobock PT 32 WIFI t\u00fddenn\u00ed termostat podsv\u00edcen\u00fd LCD + ovl\u00e1d\u00e1n\u00ed telefonem Objednat Nyn\u00ed -\",\"isPartOf\":{\"@id\":\"https:\/\/www.koupelnapro.com\/#website\"},\"primaryImageOfPage\":{\"@id\":\"https:\/\/www.koupelnapro.com\/index.php\/produkt\/elektrobock-pt-32-wifi-tydenni-termostat-podsviceny-lcd-ovladani-telefonem-objednat-nyni-67590\/#primaryimage\"},\"image\":{\"@id\":\"https:\/\/www.koupelnapro.com\/index.php\/produkt\/elektrobock-pt-32-wifi-tydenni-termostat-podsviceny-lcd-ovladani-telefonem-objednat-nyni-67590\/#primaryimage\"},\"thumbnailUrl\":\"https:\/\/www.koupelnapro.com\/wp-content\/uploads\/2026\/SK0005224-CZ20260425-091623-0-1777079785-elektrobock-pt-32-wifi-tydenni-termostat-podsviceny-lcd-ovl.webp\",\"datePublished\":\"2026-04-26T09:18:09+00:00\",\"breadcrumb\":{\"@id\":\"https:\/\/www.koupelnapro.com\/index.php\/produkt\/elektrobock-pt-32-wifi-tydenni-termostat-podsviceny-lcd-ovladani-telefonem-objednat-nyni-67590\/#breadcrumb\"},\"inLanguage\":\"cs\",\"potentialAction\":[{\"@type\":\"ReadAction\",\"target\":[\"https:\/\/www.koupelnapro.com\/index.php\/produkt\/elektrobock-pt-32-wifi-tydenni-termostat-podsviceny-lcd-ovladani-telefonem-objednat-nyni-67590\/\"]}]},{\"@type\":\"ImageObject\",\"inLanguage\":\"cs\",\"@id\":\"https:\/\/www.koupelnapro.com\/index.php\/produkt\/elektrobock-pt-32-wifi-tydenni-termostat-podsviceny-lcd-ovladani-telefonem-objednat-nyni-67590\/#primaryimage\",\"url\":\"https:\/\/www.koupelnapro.com\/wp-content\/uploads\/2026\/SK0005224-CZ20260425-091623-0-1777079785-elektrobock-pt-32-wifi-tydenni-termostat-podsviceny-lcd-ovl.webp\",\"contentUrl\":\"https:\/\/www.koupelnapro.com\/wp-content\/uploads\/2026\/SK0005224-CZ20260425-091623-0-1777079785-elektrobock-pt-32-wifi-tydenni-termostat-podsviceny-lcd-ovl.webp\",\"width\":1000,\"height\":525},{\"@type\":\"BreadcrumbList\",\"@id\":\"https:\/\/www.koupelnapro.com\/index.php\/produkt\/elektrobock-pt-32-wifi-tydenni-termostat-podsviceny-lcd-ovladani-telefonem-objednat-nyni-67590\/#breadcrumb\",\"itemListElement\":[{\"@type\":\"ListItem\",\"position\":1,\"name\":\"Home\",\"item\":\"https:\/\/www.koupelnapro.com\/\"},{\"@type\":\"ListItem\",\"position\":2,\"name\":\"Products\",\"item\":\"https:\/\/www.koupelnapro.com\/index.php\/products\/\"},{\"@type\":\"ListItem\",\"position\":3,\"name\":\"Elektrobock PT 32 WIFI t\u00fddenn\u00ed termostat podsv\u00edcen\u00fd LCD + ovl\u00e1d\u00e1n\u00ed telefonem Objednat Nyn\u00ed\"}]},{\"@type\":\"WebSite\",\"@id\":\"https:\/\/www.koupelnapro.com\/#website\",\"url\":\"https:\/\/www.koupelnapro.com\/\",\"name\":\"\",\"description\":\"\",\"potentialAction\":[{\"@type\":\"SearchAction\",\"target\":{\"@type\":\"EntryPoint\",\"urlTemplate\":\"https:\/\/www.koupelnapro.com\/?s={search_term_string}\"},\"query-input\":{\"@type\":\"PropertyValueSpecification\",\"valueRequired\":true,\"valueName\":\"search_term_string\"}}],\"inLanguage\":\"cs\"}]}<\/script>\n<!-- \/ Yoast SEO plugin. -->","yoast_head_json":{"title":"Elektrobock PT 32 WIFI t\u00fddenn\u00ed termostat podsv\u00edcen\u00fd LCD + ovl\u00e1d\u00e1n\u00ed telefonem Objednat Nyn\u00ed -","robots":{"index":"index","follow":"follow","max-snippet":"max-snippet:-1","max-image-preview":"max-image-preview:large","max-video-preview":"max-video-preview:-1"},"canonical":"https:\/\/www.koupelnapro.com\/index.php\/produkt\/elektrobock-pt-32-wifi-tydenni-termostat-podsviceny-lcd-ovladani-telefonem-objednat-nyni-67590\/","og_locale":"cs_CZ","og_type":"article","og_title":"Elektrobock PT 32 WIFI t\u00fddenn\u00ed termostat podsv\u00edcen\u00fd LCD + ovl\u00e1d\u00e1n\u00ed telefonem Objednat Nyn\u00ed -","og_description":"Elektrobock\u00a0 PT 32 WIFI t\u00fddenn\u00ed termostat podsv\u00edcen\u00fd LCD + ovl\u00e1d\u00e1n\u00ed telefonem \u00a0 Vlastnosti digit\u00e1ln\u00edho termostatu PT32: PT32 WiFi je inteligentn\u00ed prostorov\u00fd digit\u00e1ln\u00ed termostat s\u00a0implementovan\u00fdm WiFi modulem a\u00a0intern\u00ed ant\u00e9nou. Je vhodn\u00fd ke v\u0161em kotl\u016fm, kter\u00e9 vy\u017eaduj\u00ed bezpotencion\u00e1ln\u00ed (beznap\u011b\u0165ov\u00e9) sp\u00ednac\u00ed kontakty (nap\u0159. plynov\u00e9 kotle, elektro &#8211; kotle, ob\u011bhov\u00e1 \u010derpadla, termoelektrick\u00e9 pohony nebo klimatiza\u010dn\u00ed jednotky). \u00a0 Aplikace pro [&hellip;]","og_url":"https:\/\/www.koupelnapro.com\/index.php\/produkt\/elektrobock-pt-32-wifi-tydenni-termostat-podsviceny-lcd-ovladani-telefonem-objednat-nyni-67590\/","og_image":[{"width":1000,"height":525,"url":"https:\/\/www.koupelnapro.com\/wp-content\/uploads\/2026\/SK0005224-CZ20260425-091623-0-1777079785-elektrobock-pt-32-wifi-tydenni-termostat-podsviceny-lcd-ovl.webp","type":"image\/webp"}],"twitter_card":"summary_large_image","twitter_misc":{"Odhadovan\u00e1 doba \u010dten\u00ed":"3 minuty"},"schema":{"@context":"https:\/\/schema.org","@graph":[{"@type":"WebPage","@id":"https:\/\/www.koupelnapro.com\/index.php\/produkt\/elektrobock-pt-32-wifi-tydenni-termostat-podsviceny-lcd-ovladani-telefonem-objednat-nyni-67590\/","url":"https:\/\/www.koupelnapro.com\/index.php\/produkt\/elektrobock-pt-32-wifi-tydenni-termostat-podsviceny-lcd-ovladani-telefonem-objednat-nyni-67590\/","name":"Elektrobock PT 32 WIFI t\u00fddenn\u00ed termostat podsv\u00edcen\u00fd LCD + ovl\u00e1d\u00e1n\u00ed telefonem Objednat Nyn\u00ed -","isPartOf":{"@id":"https:\/\/www.koupelnapro.com\/#website"},"primaryImageOfPage":{"@id":"https:\/\/www.koupelnapro.com\/index.php\/produkt\/elektrobock-pt-32-wifi-tydenni-termostat-podsviceny-lcd-ovladani-telefonem-objednat-nyni-67590\/#primaryimage"},"image":{"@id":"https:\/\/www.koupelnapro.com\/index.php\/produkt\/elektrobock-pt-32-wifi-tydenni-termostat-podsviceny-lcd-ovladani-telefonem-objednat-nyni-67590\/#primaryimage"},"thumbnailUrl":"https:\/\/www.koupelnapro.com\/wp-content\/uploads\/2026\/SK0005224-CZ20260425-091623-0-1777079785-elektrobock-pt-32-wifi-tydenni-termostat-podsviceny-lcd-ovl.webp","datePublished":"2026-04-26T09:18:09+00:00","breadcrumb":{"@id":"https:\/\/www.koupelnapro.com\/index.php\/produkt\/elektrobock-pt-32-wifi-tydenni-termostat-podsviceny-lcd-ovladani-telefonem-objednat-nyni-67590\/#breadcrumb"},"inLanguage":"cs","potentialAction":[{"@type":"ReadAction","target":["https:\/\/www.koupelnapro.com\/index.php\/produkt\/elektrobock-pt-32-wifi-tydenni-termostat-podsviceny-lcd-ovladani-telefonem-objednat-nyni-67590\/"]}]},{"@type":"ImageObject","inLanguage":"cs","@id":"https:\/\/www.koupelnapro.com\/index.php\/produkt\/elektrobock-pt-32-wifi-tydenni-termostat-podsviceny-lcd-ovladani-telefonem-objednat-nyni-67590\/#primaryimage","url":"https:\/\/www.koupelnapro.com\/wp-content\/uploads\/2026\/SK0005224-CZ20260425-091623-0-1777079785-elektrobock-pt-32-wifi-tydenni-termostat-podsviceny-lcd-ovl.webp","contentUrl":"https:\/\/www.koupelnapro.com\/wp-content\/uploads\/2026\/SK0005224-CZ20260425-091623-0-1777079785-elektrobock-pt-32-wifi-tydenni-termostat-podsviceny-lcd-ovl.webp","width":1000,"height":525},{"@type":"BreadcrumbList","@id":"https:\/\/www.koupelnapro.com\/index.php\/produkt\/elektrobock-pt-32-wifi-tydenni-termostat-podsviceny-lcd-ovladani-telefonem-objednat-nyni-67590\/#breadcrumb","itemListElement":[{"@type":"ListItem","position":1,"name":"Home","item":"https:\/\/www.koupelnapro.com\/"},{"@type":"ListItem","position":2,"name":"Products","item":"https:\/\/www.koupelnapro.com\/index.php\/products\/"},{"@type":"ListItem","position":3,"name":"Elektrobock PT 32 WIFI t\u00fddenn\u00ed termostat podsv\u00edcen\u00fd LCD + ovl\u00e1d\u00e1n\u00ed telefonem Objednat Nyn\u00ed"}]},{"@type":"WebSite","@id":"https:\/\/www.koupelnapro.com\/#website","url":"https:\/\/www.koupelnapro.com\/","name":"","description":"","potentialAction":[{"@type":"SearchAction","target":{"@type":"EntryPoint","urlTemplate":"https:\/\/www.koupelnapro.com\/?s={search_term_string}"},"query-input":{"@type":"PropertyValueSpecification","valueRequired":true,"valueName":"search_term_string"}}],"inLanguage":"cs"}]}},"_links":{"self":[{"href":"https:\/\/www.koupelnapro.com\/index.php\/wp-json\/wp\/v2\/product\/67590","targetHints":{"allow":["GET"]}}],"collection":[{"href":"https:\/\/www.koupelnapro.com\/index.php\/wp-json\/wp\/v2\/product"}],"about":[{"href":"https:\/\/www.koupelnapro.com\/index.php\/wp-json\/wp\/v2\/types\/product"}],"replies":[{"embeddable":true,"href":"https:\/\/www.koupelnapro.com\/index.php\/wp-json\/wp\/v2\/comments?post=67590"}],"wp:featuredmedia":[{"embeddable":true,"href":"https:\/\/www.koupelnapro.com\/index.php\/wp-json\/wp\/v2\/media\/67690"}],"wp:attachment":[{"href":"https:\/\/www.koupelnapro.com\/index.php\/wp-json\/wp\/v2\/media?parent=67590"}],"wp:term":[{"taxonomy":"product_brand","embeddable":true,"href":"https:\/\/www.koupelnapro.com\/index.php\/wp-json\/wp\/v2\/product_brand?post=67590"},{"taxonomy":"product_cat","embeddable":true,"href":"https:\/\/www.koupelnapro.com\/index.php\/wp-json\/wp\/v2\/product_cat?post=67590"},{"taxonomy":"product_tag","embeddable":true,"href":"https:\/\/www.koupelnapro.com\/index.php\/wp-json\/wp\/v2\/product_tag?post=67590"}],"curies":[{"name":"wp","href":"https:\/\/api.w.org\/{rel}","templated":true}]}}