{"id":6367,"date":"2026-04-26T09:13:13","date_gmt":"2026-04-26T09:13:13","guid":{"rendered":""},"modified":"2026-04-26T09:13:13","modified_gmt":"2026-04-26T09:13:13","slug":"marlon-dutinkovy-polykarbonat-tw-2-4mm-nizka-cena-6367","status":"publish","type":"product","link":"https:\/\/www.koupelnapro.com\/index.php\/produkt\/marlon-dutinkovy-polykarbonat-tw-2-4mm-nizka-cena-6367\/","title":{"rendered":"MARLON dutinkov\u00fd polykarbon\u00e1t &#8211; TW\/2 4mm N\u00edzk\u00e1 Cena"},"content":{"rendered":"<div class=\"ResponseTabButton\">Popis produktu<\/div>\n<div class=\"TabContent\">\n<div><font color=\"#000000\">Rovn\u00e9 kom\u016frkov\u00e9 (dutinkov\u00e9) desky z&nbsp;polykarbon\u00e1tu, jde o ploch\u00e9 (rovn\u00e9) kom\u016frkov\u00e9 desky vyroben\u00e9 z nerozbitn\u00e9ho polykarbon\u00e1tu s jednostrann\u00fdm UV filtrem.<\/font><\/div>\n<div><font color=\"#000000\">&nbsp;<\/font><\/div>\n<div><font color=\"#000000\">MARLON ST &#8211; kom\u016frkov\u00e9 (dutinkov\u00e9) polykarbon\u00e1tov\u00e9 desky. Vyr\u00e1b\u00ed se v n\u011bkolika typech s r\u016fzn\u00fdm po\u010dtem st\u011bn, resp. s r\u016fzn\u00fdm po\u010dtem kom\u016frek, od dvoust\u011bnn\u00fdch desek (jedna vnit\u0159n\u00ed kom\u016frka) a\u017e po desky sedmist\u011bnn\u00e9 (\u0161est vnit\u0159n\u00edch kom\u016frek). <\/font><\/div>\n<div><font color=\"#000000\">B\u011b\u017en\u011b dostupn\u00e9 jsou s\u00edly desek:<\/font><\/div>\n<div><font color=\"#000000\">&#8211; 4mm (dvoust\u011bnn\u00e1)<\/font><\/div>\n<div><font color=\"#000000\">&#8211; 6mm (dvoust\u011bnn\u00e1)<\/font><\/div>\n<div><font color=\"#000000\">&#8211; 8mm (dvoust\u011bnn\u00e1)<\/font><\/div>\n<div><font color=\"#000000\">&#8211; 10mm (\u010dty\u0159st\u011bnn\u00e1)<\/font><\/div>\n<div><font color=\"#000000\">&#8211; 16mm (p\u011btist\u011bnn\u00e1)<\/font><\/div>\n<div><font color=\"#000000\">&#8211; 25mm (p\u011btist\u011bnn\u00e1)<\/font><\/div>\n<div><font color=\"#000000\">&#8211; 32mm (sedmist\u011bnn\u00e1)<\/font><\/div>\n<div><font color=\"#000000\">&#8211; 35mm (sedmist\u011bnn\u00e1)<\/font><\/div>\n<div><font color=\"#000000\">Dod\u00e1van\u00e9 zabarven\u00ed jsou t\u0159i &#8211; \u00fapln\u011b \u010dir\u00e1 deska, op\u00e1lov\u00e1 (ml\u00e9\u010dn\u011b b\u00edle zabarven\u00e1) nebo bronzov\u00e1 kou\u0159ov\u011b hn\u011bd\u00e1 barva.<\/font><\/div>\n<div><font color=\"#000000\">&nbsp;<\/font><\/div>\n<div><font color=\"#000000\">Pou\u017eit\u00ed<\/font><\/div>\n<div><font color=\"#000000\">Desky Marlon ST jsou ide\u00e1ln\u00ed pro ploch\u00e9 zast\u0159e\u0161en\u00ed pergol a zahradn\u00edch p\u0159\u00edst\u0159e\u0161k\u016f, zast\u0159e\u0161en\u00ed zast\u00e1vek MHD, apod. <\/font><\/div>\n<div><font color=\"#000000\">\u0160irok\u00e9 vyu\u017eit\u00ed nach\u00e1zej\u00ed desky v pr\u016fmyslu i zem\u011bd\u011blstv\u00ed jako tepeln\u011b izola\u010dn\u00ed prosklen\u00ed sv\u011btl\u00edk\u016f, obvodov\u00fdch st\u011bn hal. <\/font><\/div>\n<div><font color=\"#000000\">Kom\u016frkov\u00fd polykarbon\u00e1t se ve velk\u00e9m m\u011b\u0159\u00edtku pou\u017e\u00edv\u00e1 i pro zast\u0159e\u0161ov\u00e1n\u00ed sportovn\u00edch stadion\u016f, autobusov\u00fdch i vlakov\u00fdch n\u00e1dra\u017e\u00ed, n\u00e1kupn\u00edch center apod.<\/font><\/div>\n<div><font color=\"#000000\">Desky z kom\u016frkov\u00e9ho polykarbon\u00e1tu (v s\u00edle 4mm &#8211; 16mm) je mo\u017en\u00e9 za studena oh\u00fdbat do oblouku podle nosn\u00e9 konstrukce.<\/font><\/div>\n<div><font color=\"#000000\">&nbsp;<\/font><\/div>\n<div><font color=\"#000000\">Mechanick\u00e9 vlastnosti<\/font><\/div>\n<div><font color=\"#000000\">Polykarbon\u00e1tov\u00e9 desky Marlon ST vykazuj\u00ed perfektn\u00ed mechanick\u00e9 vlastnosti, tak\u017ee jsou odoln\u00e9 v\u016f\u010di krupobit\u00ed i ostatn\u00edm vliv\u016fm norm\u00e1ln\u00edho po\u010das\u00ed. Jsou vyrobeny z polykarbon\u00e1tu, co\u017e je prakticky nerozbitn\u00fd materi\u00e1l. Z polykarbon\u00e1tu se vy\u00e1b\u00ed tak\u00e9 \u010deln\u00ed reflektory automobil\u016f, kojeneck\u00e9 l\u00e1hve, nerozbitn\u00e9 kryty stroj\u016f, okna letadel, ponorek, kosmick\u00fdch lod\u00ed.<\/font><\/div>\n<div><font color=\"#000000\">Desky Marlon ST Longlife maj\u00ed teplotu pou\u017eit\u00ed stabiln\u011b do 100 &ordm;C, n\u00e1razov\u011b kr\u00e1tkodob\u011b a\u017e do 130 &ordm;C.<\/font><\/div>\n<div><font color=\"#000000\">&nbsp;<\/font><\/div>\n<div><font color=\"#000000\">Po\u017e\u00e1rn\u00ed vlastnosti<\/font><\/div>\n<div><font color=\"#000000\">Marlon ST m\u00e1 podle \u010cSN 73 0863 &#8211; index \u0161\u00ed\u0159en\u00ed plamene i = 0 mm\/min<\/font><\/div>\n<div><font color=\"#000000\">Marlon ST m\u00e1 podle \u010cSN 73 0865 &#8211; ho\u0159\u00edc\u00ed ani neho\u0159\u00edc\u00ed neodkap\u00e1v\u00e1 ani neodpad\u00e1v\u00e1<\/font><\/div>\n<div><font color=\"#000000\">Marlon ST m\u00e1 podle \u010cSN 73 0862 (od 2008 norma neplat\u00ed &#8211; pouze informativn\u00ed) &#8211; ho\u0159lavost C1<\/font><\/div>\n<div><font color=\"#000000\">Marlon ST m\u00e1 podle \u010cSN EN 13501-1:2007 &#8211; t\u0159\u00edda reakce na ohe\u0148 &#8211; B, s1, d 0<\/font><\/div>\n<div><font color=\"#000000\">&nbsp;<\/font><\/div>\n<div><font color=\"#000000\">Odolnost v\u016f\u010di chemik\u00e1li\u00edm<\/font><\/div>\n<div><font color=\"#000000\">Polykarbon\u00e1t je termoplast. Jako ka\u017ed\u00e1 um\u011bl\u00e1 hmota m\u016f\u017ee b\u00fdt citliv\u00fd na vliv mnoha chemik\u00e1li\u00ed v\u010d. b\u011b\u017en\u00fdch \u010dist\u00edc\u00edch prost\u0159edk\u016f. Polykarbon\u00e1t v \u017e\u00e1dn\u00e9m p\u0159\u00edpad\u011b nesm\u00ed p\u0159ij\u00edt do kontaktu s organick\u00fdmi rozpou\u0161t\u011bdly nebo barvami.<\/font><\/div>\n<div><font color=\"#000000\">&nbsp;<\/font><\/div>\n<div><font color=\"#000000\">\u017divotnost desek Marlon ST <\/font><\/div>\n<ul style=\"margin-top: 0cm\" type=\"disc\">\n<li><font color=\"#000000\">Desky maj\u00ed jednostrann\u00fd UV filtr, kter\u00fd chr\u00e1n\u00ed materi\u00e1l desek proti \u0161kodliv\u00e9mu vlivu slune\u010dn\u00edho z\u00e1\u0159en\u00ed (UV z\u00e1\u0159en\u00ed zp\u016fsobuje u v\u011bt\u0161iny plast\u016f rozpad jejich molekul\u00e1rn\u00edch vazeb &#8211; k\u0159ehnut\u00ed).<\/font><\/li>\n<li><font color=\"#000000\">Desky nek\u0159ehnou, ne\u017eloutnou, ani nijak jinak nest\u00e1rnou jako ostatn\u00ed plasty.<\/font><\/li>\n<li><font color=\"#000000\">Trvanlivost polykarbon\u00e1tov\u00fdch desek Marlon ST je ve st\u0159edn\u00ed Evrop\u011b cca 20-35 let.<\/font><\/li>\n<\/ul>\n<div><font color=\"#000000\">Z\u00e1ruka<\/font><\/div>\n<ul style=\"margin-top: 0cm\" type=\"disc\">\n<li><font color=\"#000000\">Polykarbon\u00e1tov\u00e9 desky Marlon ST maj\u00ed z\u00e1ruku 10 let na nerozbitnost b\u011b\u017en\u00fdm krupobit\u00edm.<\/font><\/li>\n<li><font color=\"#000000\">Polykarbon\u00e1tov\u00e9 desky Marlon ST maj\u00ed z\u00e1ruku 10 let, \u017ee nedojde k poklesu sv\u011bteln\u00e9 propustnosti o v\u00edce ne\u017e 6% proti p\u016fvodn\u00ed hodnot\u011b.<\/font><\/li>\n<\/ul>\n<div><font color=\"#000000\">&nbsp;<\/font><\/div>\n<div><font color=\"#000000\">&nbsp;<\/font><\/div>\n<div><font color=\"#000000\">&nbsp;<\/font><\/div>\n<div><font color=\"#000000\">&nbsp;<\/font><\/div>\n<div><font color=\"#000000\">&nbsp;<\/font><\/div>\n<div><font color=\"#000000\">&nbsp;<\/font><\/div>\n<div><font color=\"#000000\">&nbsp;<\/font><\/div>\n<div><font color=\"#000000\">&nbsp;<\/font><\/div>\n<div><font color=\"#000000\">&nbsp;<\/font><\/div>\n<\/p><\/div>\n<\/p><\/div>\n<\/p><\/div>\n<\/p><\/div>\n<\/div>\n","protected":false},"excerpt":{"rendered":"<p>Popis produktu Rovn\u00e9 kom\u016frkov\u00e9 (dutinkov\u00e9) desky z&nbsp;polykarbon\u00e1tu, jde o ploch\u00e9 (rovn\u00e9) kom\u016frkov\u00e9 desky vyroben\u00e9 z nerozbitn\u00e9ho polykarbon\u00e1tu s jednostrann\u00fdm UV filtrem. &nbsp; MARLON ST &#8211; kom\u016frkov\u00e9 (dutinkov\u00e9) polykarbon\u00e1tov\u00e9 desky. Vyr\u00e1b\u00ed se v n\u011bkolika typech s r\u016fzn\u00fdm po\u010dtem st\u011bn, resp. s r\u016fzn\u00fdm po\u010dtem kom\u016frek, od dvoust\u011bnn\u00fdch desek (jedna vnit\u0159n\u00ed kom\u016frka) a\u017e po desky sedmist\u011bnn\u00e9 (\u0161est vnit\u0159n\u00edch [&hellip;]<\/p>\n","protected":false},"featured_media":6467,"comment_status":"open","ping_status":"open","template":"","meta":[],"product_brand":[],"product_cat":[48],"product_tag":[],"class_list":{"0":"post-6367","1":"product","2":"type-product","3":"status-publish","4":"has-post-thumbnail","6":"product_cat-stresni-krytiny","8":"first","9":"instock","10":"sale","11":"shipping-taxable","12":"purchasable","13":"product-type-simple"},"yoast_head":"<!-- This site is optimized with the Yoast SEO plugin v26.8 - https:\/\/yoast.com\/product\/yoast-seo-wordpress\/ -->\n<title>MARLON dutinkov\u00fd polykarbon\u00e1t - TW\/2 4mm N\u00edzk\u00e1 Cena -<\/title>\n<meta name=\"robots\" content=\"index, follow, max-snippet:-1, max-image-preview:large, max-video-preview:-1\" \/>\n<link rel=\"canonical\" href=\"https:\/\/www.koupelnapro.com\/index.php\/produkt\/marlon-dutinkovy-polykarbonat-tw-2-4mm-nizka-cena-6367\/\" \/>\n<meta property=\"og:locale\" content=\"cs_CZ\" \/>\n<meta property=\"og:type\" content=\"article\" \/>\n<meta property=\"og:title\" content=\"MARLON dutinkov\u00fd polykarbon\u00e1t - TW\/2 4mm N\u00edzk\u00e1 Cena -\" \/>\n<meta property=\"og:description\" content=\"Popis produktu Rovn\u00e9 kom\u016frkov\u00e9 (dutinkov\u00e9) desky z&nbsp;polykarbon\u00e1tu, jde o ploch\u00e9 (rovn\u00e9) kom\u016frkov\u00e9 desky vyroben\u00e9 z nerozbitn\u00e9ho polykarbon\u00e1tu s jednostrann\u00fdm UV filtrem. &nbsp; MARLON ST &#8211; kom\u016frkov\u00e9 (dutinkov\u00e9) polykarbon\u00e1tov\u00e9 desky. Vyr\u00e1b\u00ed se v n\u011bkolika typech s r\u016fzn\u00fdm po\u010dtem st\u011bn, resp. s r\u016fzn\u00fdm po\u010dtem kom\u016frek, od dvoust\u011bnn\u00fdch desek (jedna vnit\u0159n\u00ed kom\u016frka) a\u017e po desky sedmist\u011bnn\u00e9 (\u0161est vnit\u0159n\u00edch [&hellip;]\" \/>\n<meta property=\"og:url\" content=\"https:\/\/www.koupelnapro.com\/index.php\/produkt\/marlon-dutinkovy-polykarbonat-tw-2-4mm-nizka-cena-6367\/\" \/>\n<meta property=\"og:image\" content=\"https:\/\/www.koupelnapro.com\/wp-content\/uploads\/2026\/SK0002722-CZ20260425-091742-0-1777079863-p-008380-00.webp\" \/>\n\t<meta property=\"og:image:width\" content=\"500\" \/>\n\t<meta property=\"og:image:height\" content=\"392\" \/>\n\t<meta property=\"og:image:type\" content=\"image\/webp\" \/>\n<meta name=\"twitter:card\" content=\"summary_large_image\" \/>\n<meta name=\"twitter:label1\" content=\"Odhadovan\u00e1 doba \u010dten\u00ed\" \/>\n\t<meta name=\"twitter:data1\" content=\"3 minuty\" \/>\n<script type=\"application\/ld+json\" class=\"yoast-schema-graph\">{\"@context\":\"https:\/\/schema.org\",\"@graph\":[{\"@type\":\"WebPage\",\"@id\":\"https:\/\/www.koupelnapro.com\/index.php\/produkt\/marlon-dutinkovy-polykarbonat-tw-2-4mm-nizka-cena-6367\/\",\"url\":\"https:\/\/www.koupelnapro.com\/index.php\/produkt\/marlon-dutinkovy-polykarbonat-tw-2-4mm-nizka-cena-6367\/\",\"name\":\"MARLON dutinkov\u00fd polykarbon\u00e1t - TW\/2 4mm N\u00edzk\u00e1 Cena -\",\"isPartOf\":{\"@id\":\"https:\/\/www.koupelnapro.com\/#website\"},\"primaryImageOfPage\":{\"@id\":\"https:\/\/www.koupelnapro.com\/index.php\/produkt\/marlon-dutinkovy-polykarbonat-tw-2-4mm-nizka-cena-6367\/#primaryimage\"},\"image\":{\"@id\":\"https:\/\/www.koupelnapro.com\/index.php\/produkt\/marlon-dutinkovy-polykarbonat-tw-2-4mm-nizka-cena-6367\/#primaryimage\"},\"thumbnailUrl\":\"https:\/\/www.koupelnapro.com\/wp-content\/uploads\/2026\/SK0002722-CZ20260425-091742-0-1777079863-p-008380-00.webp\",\"datePublished\":\"2026-04-26T09:13:13+00:00\",\"breadcrumb\":{\"@id\":\"https:\/\/www.koupelnapro.com\/index.php\/produkt\/marlon-dutinkovy-polykarbonat-tw-2-4mm-nizka-cena-6367\/#breadcrumb\"},\"inLanguage\":\"cs\",\"potentialAction\":[{\"@type\":\"ReadAction\",\"target\":[\"https:\/\/www.koupelnapro.com\/index.php\/produkt\/marlon-dutinkovy-polykarbonat-tw-2-4mm-nizka-cena-6367\/\"]}]},{\"@type\":\"ImageObject\",\"inLanguage\":\"cs\",\"@id\":\"https:\/\/www.koupelnapro.com\/index.php\/produkt\/marlon-dutinkovy-polykarbonat-tw-2-4mm-nizka-cena-6367\/#primaryimage\",\"url\":\"https:\/\/www.koupelnapro.com\/wp-content\/uploads\/2026\/SK0002722-CZ20260425-091742-0-1777079863-p-008380-00.webp\",\"contentUrl\":\"https:\/\/www.koupelnapro.com\/wp-content\/uploads\/2026\/SK0002722-CZ20260425-091742-0-1777079863-p-008380-00.webp\",\"width\":500,\"height\":392},{\"@type\":\"BreadcrumbList\",\"@id\":\"https:\/\/www.koupelnapro.com\/index.php\/produkt\/marlon-dutinkovy-polykarbonat-tw-2-4mm-nizka-cena-6367\/#breadcrumb\",\"itemListElement\":[{\"@type\":\"ListItem\",\"position\":1,\"name\":\"Home\",\"item\":\"https:\/\/www.koupelnapro.com\/\"},{\"@type\":\"ListItem\",\"position\":2,\"name\":\"Products\",\"item\":\"https:\/\/www.koupelnapro.com\/index.php\/products\/\"},{\"@type\":\"ListItem\",\"position\":3,\"name\":\"MARLON dutinkov\u00fd polykarbon\u00e1t &#8211; TW\/2 4mm N\u00edzk\u00e1 Cena\"}]},{\"@type\":\"WebSite\",\"@id\":\"https:\/\/www.koupelnapro.com\/#website\",\"url\":\"https:\/\/www.koupelnapro.com\/\",\"name\":\"\",\"description\":\"\",\"potentialAction\":[{\"@type\":\"SearchAction\",\"target\":{\"@type\":\"EntryPoint\",\"urlTemplate\":\"https:\/\/www.koupelnapro.com\/?s={search_term_string}\"},\"query-input\":{\"@type\":\"PropertyValueSpecification\",\"valueRequired\":true,\"valueName\":\"search_term_string\"}}],\"inLanguage\":\"cs\"}]}<\/script>\n<!-- \/ Yoast SEO plugin. -->","yoast_head_json":{"title":"MARLON dutinkov\u00fd polykarbon\u00e1t - TW\/2 4mm N\u00edzk\u00e1 Cena -","robots":{"index":"index","follow":"follow","max-snippet":"max-snippet:-1","max-image-preview":"max-image-preview:large","max-video-preview":"max-video-preview:-1"},"canonical":"https:\/\/www.koupelnapro.com\/index.php\/produkt\/marlon-dutinkovy-polykarbonat-tw-2-4mm-nizka-cena-6367\/","og_locale":"cs_CZ","og_type":"article","og_title":"MARLON dutinkov\u00fd polykarbon\u00e1t - TW\/2 4mm N\u00edzk\u00e1 Cena -","og_description":"Popis produktu Rovn\u00e9 kom\u016frkov\u00e9 (dutinkov\u00e9) desky z&nbsp;polykarbon\u00e1tu, jde o ploch\u00e9 (rovn\u00e9) kom\u016frkov\u00e9 desky vyroben\u00e9 z nerozbitn\u00e9ho polykarbon\u00e1tu s jednostrann\u00fdm UV filtrem. &nbsp; MARLON ST &#8211; kom\u016frkov\u00e9 (dutinkov\u00e9) polykarbon\u00e1tov\u00e9 desky. Vyr\u00e1b\u00ed se v n\u011bkolika typech s r\u016fzn\u00fdm po\u010dtem st\u011bn, resp. s r\u016fzn\u00fdm po\u010dtem kom\u016frek, od dvoust\u011bnn\u00fdch desek (jedna vnit\u0159n\u00ed kom\u016frka) a\u017e po desky sedmist\u011bnn\u00e9 (\u0161est vnit\u0159n\u00edch [&hellip;]","og_url":"https:\/\/www.koupelnapro.com\/index.php\/produkt\/marlon-dutinkovy-polykarbonat-tw-2-4mm-nizka-cena-6367\/","og_image":[{"width":500,"height":392,"url":"https:\/\/www.koupelnapro.com\/wp-content\/uploads\/2026\/SK0002722-CZ20260425-091742-0-1777079863-p-008380-00.webp","type":"image\/webp"}],"twitter_card":"summary_large_image","twitter_misc":{"Odhadovan\u00e1 doba \u010dten\u00ed":"3 minuty"},"schema":{"@context":"https:\/\/schema.org","@graph":[{"@type":"WebPage","@id":"https:\/\/www.koupelnapro.com\/index.php\/produkt\/marlon-dutinkovy-polykarbonat-tw-2-4mm-nizka-cena-6367\/","url":"https:\/\/www.koupelnapro.com\/index.php\/produkt\/marlon-dutinkovy-polykarbonat-tw-2-4mm-nizka-cena-6367\/","name":"MARLON dutinkov\u00fd polykarbon\u00e1t - TW\/2 4mm N\u00edzk\u00e1 Cena -","isPartOf":{"@id":"https:\/\/www.koupelnapro.com\/#website"},"primaryImageOfPage":{"@id":"https:\/\/www.koupelnapro.com\/index.php\/produkt\/marlon-dutinkovy-polykarbonat-tw-2-4mm-nizka-cena-6367\/#primaryimage"},"image":{"@id":"https:\/\/www.koupelnapro.com\/index.php\/produkt\/marlon-dutinkovy-polykarbonat-tw-2-4mm-nizka-cena-6367\/#primaryimage"},"thumbnailUrl":"https:\/\/www.koupelnapro.com\/wp-content\/uploads\/2026\/SK0002722-CZ20260425-091742-0-1777079863-p-008380-00.webp","datePublished":"2026-04-26T09:13:13+00:00","breadcrumb":{"@id":"https:\/\/www.koupelnapro.com\/index.php\/produkt\/marlon-dutinkovy-polykarbonat-tw-2-4mm-nizka-cena-6367\/#breadcrumb"},"inLanguage":"cs","potentialAction":[{"@type":"ReadAction","target":["https:\/\/www.koupelnapro.com\/index.php\/produkt\/marlon-dutinkovy-polykarbonat-tw-2-4mm-nizka-cena-6367\/"]}]},{"@type":"ImageObject","inLanguage":"cs","@id":"https:\/\/www.koupelnapro.com\/index.php\/produkt\/marlon-dutinkovy-polykarbonat-tw-2-4mm-nizka-cena-6367\/#primaryimage","url":"https:\/\/www.koupelnapro.com\/wp-content\/uploads\/2026\/SK0002722-CZ20260425-091742-0-1777079863-p-008380-00.webp","contentUrl":"https:\/\/www.koupelnapro.com\/wp-content\/uploads\/2026\/SK0002722-CZ20260425-091742-0-1777079863-p-008380-00.webp","width":500,"height":392},{"@type":"BreadcrumbList","@id":"https:\/\/www.koupelnapro.com\/index.php\/produkt\/marlon-dutinkovy-polykarbonat-tw-2-4mm-nizka-cena-6367\/#breadcrumb","itemListElement":[{"@type":"ListItem","position":1,"name":"Home","item":"https:\/\/www.koupelnapro.com\/"},{"@type":"ListItem","position":2,"name":"Products","item":"https:\/\/www.koupelnapro.com\/index.php\/products\/"},{"@type":"ListItem","position":3,"name":"MARLON dutinkov\u00fd polykarbon\u00e1t &#8211; TW\/2 4mm N\u00edzk\u00e1 Cena"}]},{"@type":"WebSite","@id":"https:\/\/www.koupelnapro.com\/#website","url":"https:\/\/www.koupelnapro.com\/","name":"","description":"","potentialAction":[{"@type":"SearchAction","target":{"@type":"EntryPoint","urlTemplate":"https:\/\/www.koupelnapro.com\/?s={search_term_string}"},"query-input":{"@type":"PropertyValueSpecification","valueRequired":true,"valueName":"search_term_string"}}],"inLanguage":"cs"}]}},"_links":{"self":[{"href":"https:\/\/www.koupelnapro.com\/index.php\/wp-json\/wp\/v2\/product\/6367","targetHints":{"allow":["GET"]}}],"collection":[{"href":"https:\/\/www.koupelnapro.com\/index.php\/wp-json\/wp\/v2\/product"}],"about":[{"href":"https:\/\/www.koupelnapro.com\/index.php\/wp-json\/wp\/v2\/types\/product"}],"replies":[{"embeddable":true,"href":"https:\/\/www.koupelnapro.com\/index.php\/wp-json\/wp\/v2\/comments?post=6367"}],"wp:featuredmedia":[{"embeddable":true,"href":"https:\/\/www.koupelnapro.com\/index.php\/wp-json\/wp\/v2\/media\/6467"}],"wp:attachment":[{"href":"https:\/\/www.koupelnapro.com\/index.php\/wp-json\/wp\/v2\/media?parent=6367"}],"wp:term":[{"taxonomy":"product_brand","embeddable":true,"href":"https:\/\/www.koupelnapro.com\/index.php\/wp-json\/wp\/v2\/product_brand?post=6367"},{"taxonomy":"product_cat","embeddable":true,"href":"https:\/\/www.koupelnapro.com\/index.php\/wp-json\/wp\/v2\/product_cat?post=6367"},{"taxonomy":"product_tag","embeddable":true,"href":"https:\/\/www.koupelnapro.com\/index.php\/wp-json\/wp\/v2\/product_tag?post=6367"}],"curies":[{"name":"wp","href":"https:\/\/api.w.org\/{rel}","templated":true}]}}