{"id":60111,"date":"2026-04-26T09:17:32","date_gmt":"2026-04-26T09:17:32","guid":{"rendered":""},"modified":"2026-04-26T09:17:32","modified_gmt":"2026-04-26T09:17:32","slug":"sapho-othello-mono-slim-hlinikove-otopne-teleso-300x1890mm-bila-mat-2301189030sb-rychle-dodani-60111","status":"publish","type":"product","link":"https:\/\/www.koupelnapro.com\/index.php\/produkt\/sapho-othello-mono-slim-hlinikove-otopne-teleso-300x1890mm-bila-mat-2301189030sb-rychle-dodani-60111\/","title":{"rendered":"Sapho OTHELLO MONO SLIM hlin\u00edkov\u00e9 otopn\u00e9 t\u011bleso 300x1890mm, b\u00edl\u00e1 mat 2301189030SB Rychl\u00e9 Dod\u00e1n\u00ed"},"content":{"rendered":"<div class=\"basic-description\">\n<h3>Detailn\u00ed popis produktu<\/h3>\n<p><\/p>\n<p style=\"text-align: justify;\">Elegantn\u00ed hlin\u00edkov\u00fd radi\u00e1tor v&nbsp;\u010dist\u00e9m designu, ve dvou barevn\u00fdch proveden\u00edch. Barevn\u00e9 varianty otopn\u00fdch t\u011bles t\u00e9to \u0159ady nejen\u017ee vyh\u0159ej\u00ed Va\u0161i koupelnu, ale ovlivn\u00ed i&nbsp;jej\u00ed atmosf\u00e9ru.<\/p>\n<ul>\n<li style=\"text-align: justify;\">Jednobodov\u00e9 p\u0159ipojen\u00ed s&nbsp;ventilem MonoOne<\/li>\n<li>P\u0159ipojovac\u00ed ventil nen\u00ed sou\u010d\u00e1st\u00ed balen\u00ed<\/li>\n<li>Sou\u010d\u00e1st\u00ed radi\u00e1toru je elegantn\u00ed dr\u017e\u00e1k ru\u010dn\u00edk\u016f z&nbsp;le\u0161t\u011bn\u00e9ho hlin\u00edku.<\/li>\n<\/ul>\n<p><span style=\"font-family: open_sanslight; font-size: 25px; letter-spacing: -0.06em;\">V\u00fdhody hlin\u00edkov\u00fdch radi\u00e1tor\u016f v porovn\u00e1n\u00ed s ocelov\u00fdmi, litinov\u00fdmi radi\u00e1tory a podlahov\u00fdm vyt\u00e1p\u011bn\u00edm.<\/span><\/p>\n<h3><strong>MEN\u0160\u00cd MNO\u017dSTV\u00cd VODY<\/strong><\/h3>\n<p><span>Hlin\u00edkov\u00e9 radi\u00e1tory pot\u0159ebuj\u00ed k dosa\u017een\u00ed stejn\u00e9ho tepeln\u00e9ho v\u00fdkonu v\u00fdrazn\u011b men\u0161\u00ed mno\u017estv\u00ed vody ne\u017e je tomu u ocelov\u00fdch a litinov\u00fdch radi\u00e1tor\u016f. Stejn\u00fd tepeln\u00fd v\u00fdkon se dos\u00e1hne za krat\u0161\u00ed \u010das a to i p\u0159i pou\u017eit\u00ed kotle s ni\u017e\u0161\u00edm v\u00fdkonem.<\/span><\/p>\n<\/p>\n<h3><strong>\u00daSPORA \u010cASU NA OH\u0158EV<\/strong><\/h3>\n<p><span>Hlin\u00edk je ide\u00e1ln\u00ed materi\u00e1l pro p\u0159enos tepla.&nbsp;Tato vlastnost ho \u010din\u00ed skv\u011bl\u00fdm materi\u00e1lem pro v\u00fdrobu otopn\u00fdch t\u011bles.<\/span><\/p>\n<\/p>\n<h3><strong>MEN\u0160\u00cd PROSTOR<\/strong><\/h3>\n<p><span>D\u00edky jeho fyzik\u00e1ln\u011b mechanick\u00fdm vlastnostem lze vyrobit r\u016fzn\u00e9 tvary a zaj\u00edmav\u00e9 plochy. Tato vlastnost se vyu\u017e\u00edv\u00e1 k \u00faspo\u0159e prostoru. Stejn\u00fdch tepeln\u00fdch parametr\u016f lze dos\u00e1hnout s men\u0161\u00edmi rozm\u011bry ne\u017e je dosa\u017eeno u ocelov\u00fdch \u010di litinov\u00fdch radi\u00e1tor\u016f.<\/span><\/p>\n<\/p>\n<h3><strong>REDUKCE HMOTNOSTI<\/strong><\/h3>\n<p><span>Nejv\u011bt\u0161\u00ed v\u00fdhoda hlin\u00edku, kter\u00e1 mu umo\u017enila st\u00e1t se jedn\u00edm z nejpou\u017e\u00edvan\u011bj\u0161\u00edch materi\u00e1l\u016f v r\u016fzn\u00fdch pr\u016fmyslov\u00fdch odv\u011btv\u00edch, je nepochybn\u011b jeho v\u00e1ha. Koncept lehk\u00fdch slitin je velmi \u010dasto spojov\u00e1n pr\u00e1v\u011b s hlin\u00edkem, ten je toti\u017e cca 3x ni\u017e\u0161\u00ed ne\u017e v\u00e1ha oceli. Vlastnosti hlin\u00edku umo\u017e\u0148uj\u00ed vyt\u00e1p\u011bn\u00ed m\u00edstnost\u00ed extr\u00e9mn\u011b lehk\u00fdmi radi\u00e1tory, s radi\u00e1torem se l\u00e9pe manipuluje a jeho instalace se st\u00e1v\u00e1 mnohem snaz\u0161\u00ed.<\/span><\/p>\n<\/p>\n<h3><strong>LEP\u0160\u00cd TEPLOTN\u00cd FLEXIBILITA<\/strong><\/h3>\n<p>Hlin\u00edk umo\u017e\u0148uje s ni\u017e\u0161\u00ed hmotnost\u00ed, men\u0161\u00edm mno\u017estv\u00edm vody a v krat\u0161\u00edm \u010dase dosa\u017een\u00ed velmi rychl\u00fdch teplotn\u00edch zm\u011bn p\u0159i vyt\u00e1p\u011bn\u00ed dan\u00e9ho prostoru. Flexibilita, jakou nab\u00edz\u00ed pouze hlin\u00edk, uspokoj\u00ed ve\u0161ker\u00e9 po\u017eadavky na maxim\u00e1ln\u00ed komfort.<\/p>\n<\/p>\n<h3><strong>SN\u00cd\u017dEN\u00cd N\u00c1KLAD\u016e A\u017d O 20 % OPROTI PODLAHOV\u00c9MU VYT\u00c1P\u011aN\u00cd<\/strong><\/h3>\n<p><strong>Dlouhodob\u00e9 studie uk\u00e1zaly, \u017ee p\u0159i pou\u017e\u00edv\u00e1n\u00ed hlin\u00edkov\u00fdch radi\u00e1tor\u016f doch\u00e1z\u00ed k v\u00fdrazn\u011b v\u011bt\u0161\u00ed ekonomick\u00e9 \u00faspo\u0159e ne\u017e p\u0159i pou\u017eit\u00ed podlahov\u00fdch vyt\u00e1p\u011bn\u00ed.<\/strong><\/p>\n<\/p>\n<h3><strong>\u00daSPORA \u010cASU NA VYT\u00c1P\u011aN\u00cd<\/strong><\/h3>\n<p>Syst\u00e9m podlahov\u00e9ho vyt\u00e1p\u011bn\u00ed se mnohem obt\u00ed\u017en\u011bji p\u0159izp\u016fsobuje teplot\u011b okoln\u00edho prostoru, ve kter\u00e9m je nainstalov\u00e1n. Doch\u00e1z\u00ed k p\u0159en\u00e1\u0161en\u00ed tepla nejprve na strukturu podlahy a a\u017e pot\u00e9 se teplo \u0161\u00ed\u0159\u00ed do prostoru vyt\u00e1p\u011bn\u00e9 m\u00edstnosti. I tento parametr dokazuje, \u017ee hlin\u00edkov\u00e9 radi\u00e1tory jsou ide\u00e1ln\u00edm spojen\u00edm pohodl\u00ed a \u00faspory energie.<\/p>\n<h2><\/h2>\n<\/p>\n<h3><strong>VLIV NA \u017dIVOTN\u00cd PROST\u0158ED\u00cd<\/strong><\/h3>\n<p>Z 200 ks recyklovan\u00fdch hlin\u00edkov\u00fdch plechovek je mo\u017eno vyrobit designov\u00fd radi\u00e1tor.<br \/>Hlin\u00edk je mo\u017eno nekone\u010dn\u011b kr\u00e1t recyklovat. V\u00fdroba hlin\u00edku z hlin\u00edkov\u00e9ho odpadu p\u0159in\u00e1\u0161\u00ed a\u017e 95% \u00fasporu energie oproti prvov\u00fdrob\u011b hlin\u00edku.<\/p>\n<\/p>\n<h2 class=\"props-title\">Vlastnosti<\/h2>\n<table>\n<tr>\n<th>Zna\u010dka<\/th>\n<td>RIDEA<\/td>\n<\/tr>\n<tr>\n<th>S\u00e9rie<\/th>\n<td>OTHELLO<\/td>\n<\/tr>\n<tr>\n<th>3D model<\/th>\n<td>ANO<\/td>\n<\/tr>\n<tr>\n<th>Rozm\u011br<\/th>\n<td>300&#215;1890 mm<\/td>\n<\/tr>\n<tr>\n<th>\u0160\u00ed\u0159ka<\/th>\n<td>300&nbsp;mm<\/td>\n<\/tr>\n<tr>\n<th>V\u00fd\u0161ka<\/th>\n<td>1890&nbsp;mm<\/td>\n<\/tr>\n<tr>\n<th>Objem<\/th>\n<td>0.90&nbsp;l<\/td>\n<\/tr>\n<tr>\n<th>Barva<\/th>\n<td>B\u00edl\u00e1 mat<\/td>\n<\/tr>\n<tr>\n<th>Materi\u00e1l<\/th>\n<td>Hlin\u00edk<\/td>\n<\/tr>\n<tr>\n<th>Tvar<\/th>\n<td>Deskov\u00e9<\/td>\n<\/tr>\n<tr>\n<th>Mo\u017enost vyt\u00e1p\u011bn\u00ed<\/th>\n<td>\u00dast\u0159edn\u00ed vyt\u00e1p\u011bn\u00ed<\/td>\n<\/tr>\n<tr>\n<th>Um\u00edst\u011bn\u00ed p\u0159ipojen\u00ed 50 mm<\/th>\n<td>Symetrick\u00e9 (na st\u0159ed)<\/td>\n<\/tr>\n<tr>\n<th>Rozte\u010d p\u0159ipojen\u00ed<\/th>\n<td>50&nbsp;mm<\/td>\n<\/tr>\n<tr>\n<th>V\u00fdkon<\/th>\n<td>430&nbsp;W<\/td>\n<\/tr>\n<tr>\n<th>Teplotn\u00ed sp\u00e1d<\/th>\n<td>75\/65\/20 \u00b0C<\/td>\n<\/tr>\n<tr>\n<th>Max. provozn\u00ed tlak<\/th>\n<td>16&nbsp;bar<\/td>\n<\/tr>\n<tr>\n<th>V\u00fdbava<\/th>\n<td>Dr\u017e\u00e1k ru\u010dn\u00edk\u016f: sou\u010d\u00e1st\u00ed<\/td>\n<\/tr>\n<tr>\n<th>Hmotnost \/ ks<\/th>\n<td>10.0000&nbsp;kg<\/td>\n<\/tr>\n<tr>\n<th>Balen\u00ed<\/th>\n<td>1&nbsp;ks<\/td>\n<\/tr>\n<tr>\n<th>EAN<\/th>\n<td>8590913855511<\/td>\n<\/tr>\n<tr>\n<th>Taric<\/th>\n<td>76151080<\/td>\n<\/tr>\n<tr>\n<th>Z\u00e1ruka<\/th>\n<td>2 roky<\/td>\n<\/tr>\n<\/table>\n<div class=\"product-explanation-item\">\n<h3>\u00dast\u0159edn\u00ed vyt\u00e1p\u011bn\u00ed<\/h3>\n<p style=\"text-align: justify;\">V p\u0159\u00edpad\u011b \u00fast\u0159edn\u00edho vyt\u00e1p\u011bn\u00ed je d\u016fle\u017eit\u00fd v\u00fdb\u011br p\u0159ipojovac\u00ed sady ventil\u016f. Na v\u00fdb\u011br je pou\u017eit\u00ed ru\u010dn\u00edho ventilu nebo ventilu s termostatickou hlavic\u00ed.<\/p>\n<p style=\"text-align: justify;\"><strong>Ru\u010dn\u00ed ventil:<\/strong> Ovl\u00e1d\u00e1n\u00ed regulace teploty je manu\u00e1ln\u00ed. P\u0159\u00edvod tepl\u00e9 vody lze p\u0159ipojit na levou \/ pravou stranu ventilu bez omezen\u00ed.<br \/><strong>Ventil s termostatickou hlavic\u00ed:<\/strong> Integrovan\u00fd termostat udr\u017euje nastavenou teplotu okol\u00ed. <strong>Termostatick\u00e1 hlavice mus\u00ed b\u00fdt v m\u00edst\u011b p\u0159\u00edvodu tepl\u00e9 vody (mimo MONO ONE).<\/strong><\/p>\n<p style=\"text-align: justify;\">N\u00e1mi nab\u00edzen\u00e9 p\u0159ipojovac\u00ed ventily jsou dod\u00e1v\u00e1ny v\u010detn\u011b sv\u011brn\u00e9ho \u0161rouben\u00ed na nejb\u011b\u017en\u011bj\u0161\u00ed potrub\u00ed (\u00d815 mm Cu a \u00d816 mm Alupex), pro dopojen\u00ed tak nen\u00ed t\u0159eba nic dokupovat. Pro zakryt\u00ed p\u0159\u00edvodn\u00edch trubek a otvor\u016f ve zdi doporu\u010dujeme p\u0159ikoupit kryc\u00ed rozety.<\/p>\n<\/div><\/div>\n","protected":false},"excerpt":{"rendered":"<p>Detailn\u00ed popis produktu Elegantn\u00ed hlin\u00edkov\u00fd radi\u00e1tor v&nbsp;\u010dist\u00e9m designu, ve dvou barevn\u00fdch proveden\u00edch. Barevn\u00e9 varianty otopn\u00fdch t\u011bles t\u00e9to \u0159ady nejen\u017ee vyh\u0159ej\u00ed Va\u0161i koupelnu, ale ovlivn\u00ed i&nbsp;jej\u00ed atmosf\u00e9ru. Jednobodov\u00e9 p\u0159ipojen\u00ed s&nbsp;ventilem MonoOne P\u0159ipojovac\u00ed ventil nen\u00ed sou\u010d\u00e1st\u00ed balen\u00ed Sou\u010d\u00e1st\u00ed radi\u00e1toru je elegantn\u00ed dr\u017e\u00e1k ru\u010dn\u00edk\u016f z&nbsp;le\u0161t\u011bn\u00e9ho hlin\u00edku. V\u00fdhody hlin\u00edkov\u00fdch radi\u00e1tor\u016f v porovn\u00e1n\u00ed s ocelov\u00fdmi, litinov\u00fdmi radi\u00e1tory a podlahov\u00fdm vyt\u00e1p\u011bn\u00edm. [&hellip;]<\/p>\n","protected":false},"featured_media":60211,"comment_status":"open","ping_status":"open","template":"","meta":[],"product_brand":[],"product_cat":[195],"product_tag":[],"class_list":{"0":"post-60111","1":"product","2":"type-product","3":"status-publish","4":"has-post-thumbnail","6":"product_cat-vytapeni","8":"first","9":"instock","10":"sale","11":"shipping-taxable","12":"purchasable","13":"product-type-simple"},"yoast_head":"<!-- This site is optimized with the Yoast SEO plugin v26.8 - https:\/\/yoast.com\/product\/yoast-seo-wordpress\/ -->\n<title>Sapho OTHELLO MONO SLIM hlin\u00edkov\u00e9 otopn\u00e9 t\u011bleso 300x1890mm, b\u00edl\u00e1 mat 2301189030SB Rychl\u00e9 Dod\u00e1n\u00ed -<\/title>\n<meta name=\"robots\" content=\"index, follow, max-snippet:-1, max-image-preview:large, max-video-preview:-1\" \/>\n<link rel=\"canonical\" href=\"https:\/\/www.koupelnapro.com\/index.php\/produkt\/sapho-othello-mono-slim-hlinikove-otopne-teleso-300x1890mm-bila-mat-2301189030sb-rychle-dodani-60111\/\" \/>\n<meta property=\"og:locale\" content=\"cs_CZ\" \/>\n<meta property=\"og:type\" content=\"article\" \/>\n<meta property=\"og:title\" content=\"Sapho OTHELLO MONO SLIM hlin\u00edkov\u00e9 otopn\u00e9 t\u011bleso 300x1890mm, b\u00edl\u00e1 mat 2301189030SB Rychl\u00e9 Dod\u00e1n\u00ed -\" \/>\n<meta property=\"og:description\" content=\"Detailn\u00ed popis produktu Elegantn\u00ed hlin\u00edkov\u00fd radi\u00e1tor v&nbsp;\u010dist\u00e9m designu, ve dvou barevn\u00fdch proveden\u00edch. Barevn\u00e9 varianty otopn\u00fdch t\u011bles t\u00e9to \u0159ady nejen\u017ee vyh\u0159ej\u00ed Va\u0161i koupelnu, ale ovlivn\u00ed i&nbsp;jej\u00ed atmosf\u00e9ru. Jednobodov\u00e9 p\u0159ipojen\u00ed s&nbsp;ventilem MonoOne P\u0159ipojovac\u00ed ventil nen\u00ed sou\u010d\u00e1st\u00ed balen\u00ed Sou\u010d\u00e1st\u00ed radi\u00e1toru je elegantn\u00ed dr\u017e\u00e1k ru\u010dn\u00edk\u016f z&nbsp;le\u0161t\u011bn\u00e9ho hlin\u00edku. V\u00fdhody hlin\u00edkov\u00fdch radi\u00e1tor\u016f v porovn\u00e1n\u00ed s ocelov\u00fdmi, litinov\u00fdmi radi\u00e1tory a podlahov\u00fdm vyt\u00e1p\u011bn\u00edm. [&hellip;]\" \/>\n<meta property=\"og:url\" content=\"https:\/\/www.koupelnapro.com\/index.php\/produkt\/sapho-othello-mono-slim-hlinikove-otopne-teleso-300x1890mm-bila-mat-2301189030sb-rychle-dodani-60111\/\" \/>\n<meta property=\"og:image\" content=\"https:\/\/www.koupelnapro.com\/wp-content\/uploads\/2026\/SK0003809-CZ20260425-093631-0-1777080994-104646-6_2301189030sb-137417478695640.webp\" \/>\n\t<meta property=\"og:image:width\" content=\"1000\" \/>\n\t<meta property=\"og:image:height\" content=\"750\" \/>\n\t<meta property=\"og:image:type\" content=\"image\/webp\" \/>\n<meta name=\"twitter:card\" content=\"summary_large_image\" \/>\n<meta name=\"twitter:label1\" content=\"Odhadovan\u00e1 doba \u010dten\u00ed\" \/>\n\t<meta name=\"twitter:data1\" content=\"4 minuty\" \/>\n<script type=\"application\/ld+json\" class=\"yoast-schema-graph\">{\"@context\":\"https:\/\/schema.org\",\"@graph\":[{\"@type\":\"WebPage\",\"@id\":\"https:\/\/www.koupelnapro.com\/index.php\/produkt\/sapho-othello-mono-slim-hlinikove-otopne-teleso-300x1890mm-bila-mat-2301189030sb-rychle-dodani-60111\/\",\"url\":\"https:\/\/www.koupelnapro.com\/index.php\/produkt\/sapho-othello-mono-slim-hlinikove-otopne-teleso-300x1890mm-bila-mat-2301189030sb-rychle-dodani-60111\/\",\"name\":\"Sapho OTHELLO MONO SLIM hlin\u00edkov\u00e9 otopn\u00e9 t\u011bleso 300x1890mm, b\u00edl\u00e1 mat 2301189030SB Rychl\u00e9 Dod\u00e1n\u00ed -\",\"isPartOf\":{\"@id\":\"https:\/\/www.koupelnapro.com\/#website\"},\"primaryImageOfPage\":{\"@id\":\"https:\/\/www.koupelnapro.com\/index.php\/produkt\/sapho-othello-mono-slim-hlinikove-otopne-teleso-300x1890mm-bila-mat-2301189030sb-rychle-dodani-60111\/#primaryimage\"},\"image\":{\"@id\":\"https:\/\/www.koupelnapro.com\/index.php\/produkt\/sapho-othello-mono-slim-hlinikove-otopne-teleso-300x1890mm-bila-mat-2301189030sb-rychle-dodani-60111\/#primaryimage\"},\"thumbnailUrl\":\"https:\/\/www.koupelnapro.com\/wp-content\/uploads\/2026\/SK0003809-CZ20260425-093631-0-1777080994-104646-6_2301189030sb-137417478695640.webp\",\"datePublished\":\"2026-04-26T09:17:32+00:00\",\"breadcrumb\":{\"@id\":\"https:\/\/www.koupelnapro.com\/index.php\/produkt\/sapho-othello-mono-slim-hlinikove-otopne-teleso-300x1890mm-bila-mat-2301189030sb-rychle-dodani-60111\/#breadcrumb\"},\"inLanguage\":\"cs\",\"potentialAction\":[{\"@type\":\"ReadAction\",\"target\":[\"https:\/\/www.koupelnapro.com\/index.php\/produkt\/sapho-othello-mono-slim-hlinikove-otopne-teleso-300x1890mm-bila-mat-2301189030sb-rychle-dodani-60111\/\"]}]},{\"@type\":\"ImageObject\",\"inLanguage\":\"cs\",\"@id\":\"https:\/\/www.koupelnapro.com\/index.php\/produkt\/sapho-othello-mono-slim-hlinikove-otopne-teleso-300x1890mm-bila-mat-2301189030sb-rychle-dodani-60111\/#primaryimage\",\"url\":\"https:\/\/www.koupelnapro.com\/wp-content\/uploads\/2026\/SK0003809-CZ20260425-093631-0-1777080994-104646-6_2301189030sb-137417478695640.webp\",\"contentUrl\":\"https:\/\/www.koupelnapro.com\/wp-content\/uploads\/2026\/SK0003809-CZ20260425-093631-0-1777080994-104646-6_2301189030sb-137417478695640.webp\",\"width\":1000,\"height\":750},{\"@type\":\"BreadcrumbList\",\"@id\":\"https:\/\/www.koupelnapro.com\/index.php\/produkt\/sapho-othello-mono-slim-hlinikove-otopne-teleso-300x1890mm-bila-mat-2301189030sb-rychle-dodani-60111\/#breadcrumb\",\"itemListElement\":[{\"@type\":\"ListItem\",\"position\":1,\"name\":\"Home\",\"item\":\"https:\/\/www.koupelnapro.com\/\"},{\"@type\":\"ListItem\",\"position\":2,\"name\":\"Products\",\"item\":\"https:\/\/www.koupelnapro.com\/index.php\/products\/\"},{\"@type\":\"ListItem\",\"position\":3,\"name\":\"Sapho OTHELLO MONO SLIM hlin\u00edkov\u00e9 otopn\u00e9 t\u011bleso 300x1890mm, b\u00edl\u00e1 mat 2301189030SB Rychl\u00e9 Dod\u00e1n\u00ed\"}]},{\"@type\":\"WebSite\",\"@id\":\"https:\/\/www.koupelnapro.com\/#website\",\"url\":\"https:\/\/www.koupelnapro.com\/\",\"name\":\"\",\"description\":\"\",\"potentialAction\":[{\"@type\":\"SearchAction\",\"target\":{\"@type\":\"EntryPoint\",\"urlTemplate\":\"https:\/\/www.koupelnapro.com\/?s={search_term_string}\"},\"query-input\":{\"@type\":\"PropertyValueSpecification\",\"valueRequired\":true,\"valueName\":\"search_term_string\"}}],\"inLanguage\":\"cs\"}]}<\/script>\n<!-- \/ Yoast SEO plugin. -->","yoast_head_json":{"title":"Sapho OTHELLO MONO SLIM hlin\u00edkov\u00e9 otopn\u00e9 t\u011bleso 300x1890mm, b\u00edl\u00e1 mat 2301189030SB Rychl\u00e9 Dod\u00e1n\u00ed -","robots":{"index":"index","follow":"follow","max-snippet":"max-snippet:-1","max-image-preview":"max-image-preview:large","max-video-preview":"max-video-preview:-1"},"canonical":"https:\/\/www.koupelnapro.com\/index.php\/produkt\/sapho-othello-mono-slim-hlinikove-otopne-teleso-300x1890mm-bila-mat-2301189030sb-rychle-dodani-60111\/","og_locale":"cs_CZ","og_type":"article","og_title":"Sapho OTHELLO MONO SLIM hlin\u00edkov\u00e9 otopn\u00e9 t\u011bleso 300x1890mm, b\u00edl\u00e1 mat 2301189030SB Rychl\u00e9 Dod\u00e1n\u00ed -","og_description":"Detailn\u00ed popis produktu Elegantn\u00ed hlin\u00edkov\u00fd radi\u00e1tor v&nbsp;\u010dist\u00e9m designu, ve dvou barevn\u00fdch proveden\u00edch. Barevn\u00e9 varianty otopn\u00fdch t\u011bles t\u00e9to \u0159ady nejen\u017ee vyh\u0159ej\u00ed Va\u0161i koupelnu, ale ovlivn\u00ed i&nbsp;jej\u00ed atmosf\u00e9ru. Jednobodov\u00e9 p\u0159ipojen\u00ed s&nbsp;ventilem MonoOne P\u0159ipojovac\u00ed ventil nen\u00ed sou\u010d\u00e1st\u00ed balen\u00ed Sou\u010d\u00e1st\u00ed radi\u00e1toru je elegantn\u00ed dr\u017e\u00e1k ru\u010dn\u00edk\u016f z&nbsp;le\u0161t\u011bn\u00e9ho hlin\u00edku. V\u00fdhody hlin\u00edkov\u00fdch radi\u00e1tor\u016f v porovn\u00e1n\u00ed s ocelov\u00fdmi, litinov\u00fdmi radi\u00e1tory a podlahov\u00fdm vyt\u00e1p\u011bn\u00edm. [&hellip;]","og_url":"https:\/\/www.koupelnapro.com\/index.php\/produkt\/sapho-othello-mono-slim-hlinikove-otopne-teleso-300x1890mm-bila-mat-2301189030sb-rychle-dodani-60111\/","og_image":[{"width":1000,"height":750,"url":"https:\/\/www.koupelnapro.com\/wp-content\/uploads\/2026\/SK0003809-CZ20260425-093631-0-1777080994-104646-6_2301189030sb-137417478695640.webp","type":"image\/webp"}],"twitter_card":"summary_large_image","twitter_misc":{"Odhadovan\u00e1 doba \u010dten\u00ed":"4 minuty"},"schema":{"@context":"https:\/\/schema.org","@graph":[{"@type":"WebPage","@id":"https:\/\/www.koupelnapro.com\/index.php\/produkt\/sapho-othello-mono-slim-hlinikove-otopne-teleso-300x1890mm-bila-mat-2301189030sb-rychle-dodani-60111\/","url":"https:\/\/www.koupelnapro.com\/index.php\/produkt\/sapho-othello-mono-slim-hlinikove-otopne-teleso-300x1890mm-bila-mat-2301189030sb-rychle-dodani-60111\/","name":"Sapho OTHELLO MONO SLIM hlin\u00edkov\u00e9 otopn\u00e9 t\u011bleso 300x1890mm, b\u00edl\u00e1 mat 2301189030SB Rychl\u00e9 Dod\u00e1n\u00ed -","isPartOf":{"@id":"https:\/\/www.koupelnapro.com\/#website"},"primaryImageOfPage":{"@id":"https:\/\/www.koupelnapro.com\/index.php\/produkt\/sapho-othello-mono-slim-hlinikove-otopne-teleso-300x1890mm-bila-mat-2301189030sb-rychle-dodani-60111\/#primaryimage"},"image":{"@id":"https:\/\/www.koupelnapro.com\/index.php\/produkt\/sapho-othello-mono-slim-hlinikove-otopne-teleso-300x1890mm-bila-mat-2301189030sb-rychle-dodani-60111\/#primaryimage"},"thumbnailUrl":"https:\/\/www.koupelnapro.com\/wp-content\/uploads\/2026\/SK0003809-CZ20260425-093631-0-1777080994-104646-6_2301189030sb-137417478695640.webp","datePublished":"2026-04-26T09:17:32+00:00","breadcrumb":{"@id":"https:\/\/www.koupelnapro.com\/index.php\/produkt\/sapho-othello-mono-slim-hlinikove-otopne-teleso-300x1890mm-bila-mat-2301189030sb-rychle-dodani-60111\/#breadcrumb"},"inLanguage":"cs","potentialAction":[{"@type":"ReadAction","target":["https:\/\/www.koupelnapro.com\/index.php\/produkt\/sapho-othello-mono-slim-hlinikove-otopne-teleso-300x1890mm-bila-mat-2301189030sb-rychle-dodani-60111\/"]}]},{"@type":"ImageObject","inLanguage":"cs","@id":"https:\/\/www.koupelnapro.com\/index.php\/produkt\/sapho-othello-mono-slim-hlinikove-otopne-teleso-300x1890mm-bila-mat-2301189030sb-rychle-dodani-60111\/#primaryimage","url":"https:\/\/www.koupelnapro.com\/wp-content\/uploads\/2026\/SK0003809-CZ20260425-093631-0-1777080994-104646-6_2301189030sb-137417478695640.webp","contentUrl":"https:\/\/www.koupelnapro.com\/wp-content\/uploads\/2026\/SK0003809-CZ20260425-093631-0-1777080994-104646-6_2301189030sb-137417478695640.webp","width":1000,"height":750},{"@type":"BreadcrumbList","@id":"https:\/\/www.koupelnapro.com\/index.php\/produkt\/sapho-othello-mono-slim-hlinikove-otopne-teleso-300x1890mm-bila-mat-2301189030sb-rychle-dodani-60111\/#breadcrumb","itemListElement":[{"@type":"ListItem","position":1,"name":"Home","item":"https:\/\/www.koupelnapro.com\/"},{"@type":"ListItem","position":2,"name":"Products","item":"https:\/\/www.koupelnapro.com\/index.php\/products\/"},{"@type":"ListItem","position":3,"name":"Sapho OTHELLO MONO SLIM hlin\u00edkov\u00e9 otopn\u00e9 t\u011bleso 300x1890mm, b\u00edl\u00e1 mat 2301189030SB Rychl\u00e9 Dod\u00e1n\u00ed"}]},{"@type":"WebSite","@id":"https:\/\/www.koupelnapro.com\/#website","url":"https:\/\/www.koupelnapro.com\/","name":"","description":"","potentialAction":[{"@type":"SearchAction","target":{"@type":"EntryPoint","urlTemplate":"https:\/\/www.koupelnapro.com\/?s={search_term_string}"},"query-input":{"@type":"PropertyValueSpecification","valueRequired":true,"valueName":"search_term_string"}}],"inLanguage":"cs"}]}},"_links":{"self":[{"href":"https:\/\/www.koupelnapro.com\/index.php\/wp-json\/wp\/v2\/product\/60111","targetHints":{"allow":["GET"]}}],"collection":[{"href":"https:\/\/www.koupelnapro.com\/index.php\/wp-json\/wp\/v2\/product"}],"about":[{"href":"https:\/\/www.koupelnapro.com\/index.php\/wp-json\/wp\/v2\/types\/product"}],"replies":[{"embeddable":true,"href":"https:\/\/www.koupelnapro.com\/index.php\/wp-json\/wp\/v2\/comments?post=60111"}],"wp:featuredmedia":[{"embeddable":true,"href":"https:\/\/www.koupelnapro.com\/index.php\/wp-json\/wp\/v2\/media\/60211"}],"wp:attachment":[{"href":"https:\/\/www.koupelnapro.com\/index.php\/wp-json\/wp\/v2\/media?parent=60111"}],"wp:term":[{"taxonomy":"product_brand","embeddable":true,"href":"https:\/\/www.koupelnapro.com\/index.php\/wp-json\/wp\/v2\/product_brand?post=60111"},{"taxonomy":"product_cat","embeddable":true,"href":"https:\/\/www.koupelnapro.com\/index.php\/wp-json\/wp\/v2\/product_cat?post=60111"},{"taxonomy":"product_tag","embeddable":true,"href":"https:\/\/www.koupelnapro.com\/index.php\/wp-json\/wp\/v2\/product_tag?post=60111"}],"curies":[{"name":"wp","href":"https:\/\/api.w.org\/{rel}","templated":true}]}}