{"id":58360,"date":"2026-04-26T09:17:23","date_gmt":"2026-04-26T09:17:23","guid":{"rendered":""},"modified":"2026-04-26T09:17:23","modified_gmt":"2026-04-26T09:17:23","slug":"odeslani-ihned-sapho-thalie-50-keramicke-umyvadlo-nabytkove-50x46cm-bila-th11050-58360","status":"publish","type":"product","link":"https:\/\/www.koupelnapro.com\/index.php\/produkt\/odeslani-ihned-sapho-thalie-50-keramicke-umyvadlo-nabytkove-50x46cm-bila-th11050-58360\/","title":{"rendered":"Odesl\u00e1n\u00ed Ihned Sapho THALIE 50 keramick\u00e9 umyvadlo n\u00e1bytkov\u00e9 50x46cm, b\u00edl\u00e1 TH11050"},"content":{"rendered":"<div class=\"basic-description\">\n<h3>Detailn\u00ed popis produktu<\/h3>\n<p><\/p>\n<p style=\"text-align: justify;\">Keramick\u00e1 umyvadla THALIE se vyzna\u010duj\u00ed \u0161t\u00edhlou lini\u00ed s&nbsp;v\u00fdrazn\u00fdmi zaoblen\u00fdmi rohy a zkosen\u00fdm vnit\u0159n\u00edm prostorem pro pohodln\u00e9 myt\u00ed. Modern\u00ed design v&nbsp;praktick\u00e9m proveden\u00ed, kter\u00e9 ocen\u00edte v&nbsp;ka\u017ed\u00e9 koupeln\u011b.<\/p>\n<h2 class=\"props-title\">Vlastnosti<\/h2>\n<table>\n<tr>\n<th>Zna\u010dka<\/th>\n<td>SAPHO<\/td>\n<\/tr>\n<tr>\n<th>S\u00e9rie<\/th>\n<td>THALIE<\/td>\n<\/tr>\n<tr>\n<th>3D model<\/th>\n<td>ANO<\/td>\n<\/tr>\n<tr>\n<th>Rozm\u011br<\/th>\n<td>50&#215;46 cm<\/td>\n<\/tr>\n<tr>\n<th>\u0160\u00ed\u0159ka<\/th>\n<td>500&nbsp;mm<\/td>\n<\/tr>\n<tr>\n<th>Hloubka<\/th>\n<td>460&nbsp;mm<\/td>\n<\/tr>\n<tr>\n<th>Barva<\/th>\n<td>B\u00edl\u00e1<\/td>\n<\/tr>\n<tr>\n<th>Materi\u00e1l<\/th>\n<td>Keramika<\/td>\n<\/tr>\n<tr>\n<th>Instalace<\/th>\n<td>N\u00e1st\u011bnn\u00e1-\u0161rouby<\/td>\n<\/tr>\n<tr>\n<th>Typ umyvadla<\/th>\n<td>Klasick\u00e9 umyvadlo<\/td>\n<\/tr>\n<tr>\n<th>Otvor pro baterii<\/th>\n<td>1 otvor<\/td>\n<\/tr>\n<tr>\n<th>P\u0159epad<\/th>\n<td>ANO<\/td>\n<\/tr>\n<tr>\n<th>Tvar<\/th>\n<td>Obd\u00e9ln\u00edk<\/td>\n<\/tr>\n<tr>\n<th>Hmotnost \/ ks<\/th>\n<td>13.2000&nbsp;kg<\/td>\n<\/tr>\n<tr>\n<th>Balen\u00ed<\/th>\n<td>1&nbsp;ks<\/td>\n<\/tr>\n<tr>\n<th>EAN<\/th>\n<td>8590913868665<\/td>\n<\/tr>\n<tr>\n<th>Taric<\/th>\n<td>69109000<\/td>\n<\/tr>\n<tr>\n<th>Z\u00e1ruka<\/th>\n<td>2 roky<\/td>\n<\/tr>\n<\/table><\/div>\n","protected":false},"excerpt":{"rendered":"<p>Detailn\u00ed popis produktu Keramick\u00e1 umyvadla THALIE se vyzna\u010duj\u00ed \u0161t\u00edhlou lini\u00ed s&nbsp;v\u00fdrazn\u00fdmi zaoblen\u00fdmi rohy a zkosen\u00fdm vnit\u0159n\u00edm prostorem pro pohodln\u00e9 myt\u00ed. Modern\u00ed design v&nbsp;praktick\u00e9m proveden\u00ed, kter\u00e9 ocen\u00edte v&nbsp;ka\u017ed\u00e9 koupeln\u011b. Vlastnosti Zna\u010dka SAPHO S\u00e9rie THALIE 3D model ANO Rozm\u011br 50&#215;46 cm \u0160\u00ed\u0159ka 500&nbsp;mm Hloubka 460&nbsp;mm Barva B\u00edl\u00e1 Materi\u00e1l Keramika Instalace N\u00e1st\u011bnn\u00e1-\u0161rouby Typ umyvadla Klasick\u00e9 umyvadlo Otvor pro [&hellip;]<\/p>\n","protected":false},"featured_media":58460,"comment_status":"open","ping_status":"open","template":"","meta":[],"product_brand":[],"product_cat":[193],"product_tag":[],"class_list":{"0":"post-58360","1":"product","2":"type-product","3":"status-publish","4":"has-post-thumbnail","6":"product_cat-koupelnove-vybaveni","8":"first","9":"instock","10":"sale","11":"shipping-taxable","12":"purchasable","13":"product-type-simple"},"yoast_head":"<!-- This site is optimized with the Yoast SEO plugin v26.8 - https:\/\/yoast.com\/product\/yoast-seo-wordpress\/ -->\n<title>Odesl\u00e1n\u00ed Ihned Sapho THALIE 50 keramick\u00e9 umyvadlo n\u00e1bytkov\u00e9 50x46cm, b\u00edl\u00e1 TH11050 -<\/title>\n<meta name=\"robots\" content=\"index, follow, max-snippet:-1, max-image-preview:large, max-video-preview:-1\" \/>\n<link rel=\"canonical\" href=\"https:\/\/www.koupelnapro.com\/index.php\/produkt\/odeslani-ihned-sapho-thalie-50-keramicke-umyvadlo-nabytkove-50x46cm-bila-th11050-58360\/\" \/>\n<meta property=\"og:locale\" content=\"cs_CZ\" \/>\n<meta property=\"og:type\" content=\"article\" \/>\n<meta property=\"og:title\" content=\"Odesl\u00e1n\u00ed Ihned Sapho THALIE 50 keramick\u00e9 umyvadlo n\u00e1bytkov\u00e9 50x46cm, b\u00edl\u00e1 TH11050 -\" \/>\n<meta property=\"og:description\" content=\"Detailn\u00ed popis produktu Keramick\u00e1 umyvadla THALIE se vyzna\u010duj\u00ed \u0161t\u00edhlou lini\u00ed s&nbsp;v\u00fdrazn\u00fdmi zaoblen\u00fdmi rohy a zkosen\u00fdm vnit\u0159n\u00edm prostorem pro pohodln\u00e9 myt\u00ed. Modern\u00ed design v&nbsp;praktick\u00e9m proveden\u00ed, kter\u00e9 ocen\u00edte v&nbsp;ka\u017ed\u00e9 koupeln\u011b. Vlastnosti Zna\u010dka SAPHO S\u00e9rie THALIE 3D model ANO Rozm\u011br 50&#215;46 cm \u0160\u00ed\u0159ka 500&nbsp;mm Hloubka 460&nbsp;mm Barva B\u00edl\u00e1 Materi\u00e1l Keramika Instalace N\u00e1st\u011bnn\u00e1-\u0161rouby Typ umyvadla Klasick\u00e9 umyvadlo Otvor pro [&hellip;]\" \/>\n<meta property=\"og:url\" content=\"https:\/\/www.koupelnapro.com\/index.php\/produkt\/odeslani-ihned-sapho-thalie-50-keramicke-umyvadlo-nabytkove-50x46cm-bila-th11050-58360\/\" \/>\n<meta property=\"og:image\" content=\"https:\/\/www.koupelnapro.com\/wp-content\/uploads\/2026\/SK0002936-CZ20260425-093631-0-1777080994-91467_th11050-137417478675502.webp\" \/>\n\t<meta property=\"og:image:width\" content=\"1000\" \/>\n\t<meta property=\"og:image:height\" content=\"750\" \/>\n\t<meta property=\"og:image:type\" content=\"image\/webp\" \/>\n<meta name=\"twitter:card\" content=\"summary_large_image\" \/>\n<script type=\"application\/ld+json\" class=\"yoast-schema-graph\">{\"@context\":\"https:\/\/schema.org\",\"@graph\":[{\"@type\":\"WebPage\",\"@id\":\"https:\/\/www.koupelnapro.com\/index.php\/produkt\/odeslani-ihned-sapho-thalie-50-keramicke-umyvadlo-nabytkove-50x46cm-bila-th11050-58360\/\",\"url\":\"https:\/\/www.koupelnapro.com\/index.php\/produkt\/odeslani-ihned-sapho-thalie-50-keramicke-umyvadlo-nabytkove-50x46cm-bila-th11050-58360\/\",\"name\":\"Odesl\u00e1n\u00ed Ihned Sapho THALIE 50 keramick\u00e9 umyvadlo n\u00e1bytkov\u00e9 50x46cm, b\u00edl\u00e1 TH11050 -\",\"isPartOf\":{\"@id\":\"https:\/\/www.koupelnapro.com\/#website\"},\"primaryImageOfPage\":{\"@id\":\"https:\/\/www.koupelnapro.com\/index.php\/produkt\/odeslani-ihned-sapho-thalie-50-keramicke-umyvadlo-nabytkove-50x46cm-bila-th11050-58360\/#primaryimage\"},\"image\":{\"@id\":\"https:\/\/www.koupelnapro.com\/index.php\/produkt\/odeslani-ihned-sapho-thalie-50-keramicke-umyvadlo-nabytkove-50x46cm-bila-th11050-58360\/#primaryimage\"},\"thumbnailUrl\":\"https:\/\/www.koupelnapro.com\/wp-content\/uploads\/2026\/SK0002936-CZ20260425-093631-0-1777080994-91467_th11050-137417478675502.webp\",\"datePublished\":\"2026-04-26T09:17:23+00:00\",\"breadcrumb\":{\"@id\":\"https:\/\/www.koupelnapro.com\/index.php\/produkt\/odeslani-ihned-sapho-thalie-50-keramicke-umyvadlo-nabytkove-50x46cm-bila-th11050-58360\/#breadcrumb\"},\"inLanguage\":\"cs\",\"potentialAction\":[{\"@type\":\"ReadAction\",\"target\":[\"https:\/\/www.koupelnapro.com\/index.php\/produkt\/odeslani-ihned-sapho-thalie-50-keramicke-umyvadlo-nabytkove-50x46cm-bila-th11050-58360\/\"]}]},{\"@type\":\"ImageObject\",\"inLanguage\":\"cs\",\"@id\":\"https:\/\/www.koupelnapro.com\/index.php\/produkt\/odeslani-ihned-sapho-thalie-50-keramicke-umyvadlo-nabytkove-50x46cm-bila-th11050-58360\/#primaryimage\",\"url\":\"https:\/\/www.koupelnapro.com\/wp-content\/uploads\/2026\/SK0002936-CZ20260425-093631-0-1777080994-91467_th11050-137417478675502.webp\",\"contentUrl\":\"https:\/\/www.koupelnapro.com\/wp-content\/uploads\/2026\/SK0002936-CZ20260425-093631-0-1777080994-91467_th11050-137417478675502.webp\",\"width\":1000,\"height\":750},{\"@type\":\"BreadcrumbList\",\"@id\":\"https:\/\/www.koupelnapro.com\/index.php\/produkt\/odeslani-ihned-sapho-thalie-50-keramicke-umyvadlo-nabytkove-50x46cm-bila-th11050-58360\/#breadcrumb\",\"itemListElement\":[{\"@type\":\"ListItem\",\"position\":1,\"name\":\"Home\",\"item\":\"https:\/\/www.koupelnapro.com\/\"},{\"@type\":\"ListItem\",\"position\":2,\"name\":\"Products\",\"item\":\"https:\/\/www.koupelnapro.com\/index.php\/products\/\"},{\"@type\":\"ListItem\",\"position\":3,\"name\":\"Odesl\u00e1n\u00ed Ihned Sapho THALIE 50 keramick\u00e9 umyvadlo n\u00e1bytkov\u00e9 50x46cm, b\u00edl\u00e1 TH11050\"}]},{\"@type\":\"WebSite\",\"@id\":\"https:\/\/www.koupelnapro.com\/#website\",\"url\":\"https:\/\/www.koupelnapro.com\/\",\"name\":\"\",\"description\":\"\",\"potentialAction\":[{\"@type\":\"SearchAction\",\"target\":{\"@type\":\"EntryPoint\",\"urlTemplate\":\"https:\/\/www.koupelnapro.com\/?s={search_term_string}\"},\"query-input\":{\"@type\":\"PropertyValueSpecification\",\"valueRequired\":true,\"valueName\":\"search_term_string\"}}],\"inLanguage\":\"cs\"}]}<\/script>\n<!-- \/ Yoast SEO plugin. -->","yoast_head_json":{"title":"Odesl\u00e1n\u00ed Ihned Sapho THALIE 50 keramick\u00e9 umyvadlo n\u00e1bytkov\u00e9 50x46cm, b\u00edl\u00e1 TH11050 -","robots":{"index":"index","follow":"follow","max-snippet":"max-snippet:-1","max-image-preview":"max-image-preview:large","max-video-preview":"max-video-preview:-1"},"canonical":"https:\/\/www.koupelnapro.com\/index.php\/produkt\/odeslani-ihned-sapho-thalie-50-keramicke-umyvadlo-nabytkove-50x46cm-bila-th11050-58360\/","og_locale":"cs_CZ","og_type":"article","og_title":"Odesl\u00e1n\u00ed Ihned Sapho THALIE 50 keramick\u00e9 umyvadlo n\u00e1bytkov\u00e9 50x46cm, b\u00edl\u00e1 TH11050 -","og_description":"Detailn\u00ed popis produktu Keramick\u00e1 umyvadla THALIE se vyzna\u010duj\u00ed \u0161t\u00edhlou lini\u00ed s&nbsp;v\u00fdrazn\u00fdmi zaoblen\u00fdmi rohy a zkosen\u00fdm vnit\u0159n\u00edm prostorem pro pohodln\u00e9 myt\u00ed. Modern\u00ed design v&nbsp;praktick\u00e9m proveden\u00ed, kter\u00e9 ocen\u00edte v&nbsp;ka\u017ed\u00e9 koupeln\u011b. Vlastnosti Zna\u010dka SAPHO S\u00e9rie THALIE 3D model ANO Rozm\u011br 50&#215;46 cm \u0160\u00ed\u0159ka 500&nbsp;mm Hloubka 460&nbsp;mm Barva B\u00edl\u00e1 Materi\u00e1l Keramika Instalace N\u00e1st\u011bnn\u00e1-\u0161rouby Typ umyvadla Klasick\u00e9 umyvadlo Otvor pro [&hellip;]","og_url":"https:\/\/www.koupelnapro.com\/index.php\/produkt\/odeslani-ihned-sapho-thalie-50-keramicke-umyvadlo-nabytkove-50x46cm-bila-th11050-58360\/","og_image":[{"width":1000,"height":750,"url":"https:\/\/www.koupelnapro.com\/wp-content\/uploads\/2026\/SK0002936-CZ20260425-093631-0-1777080994-91467_th11050-137417478675502.webp","type":"image\/webp"}],"twitter_card":"summary_large_image","schema":{"@context":"https:\/\/schema.org","@graph":[{"@type":"WebPage","@id":"https:\/\/www.koupelnapro.com\/index.php\/produkt\/odeslani-ihned-sapho-thalie-50-keramicke-umyvadlo-nabytkove-50x46cm-bila-th11050-58360\/","url":"https:\/\/www.koupelnapro.com\/index.php\/produkt\/odeslani-ihned-sapho-thalie-50-keramicke-umyvadlo-nabytkove-50x46cm-bila-th11050-58360\/","name":"Odesl\u00e1n\u00ed Ihned Sapho THALIE 50 keramick\u00e9 umyvadlo n\u00e1bytkov\u00e9 50x46cm, b\u00edl\u00e1 TH11050 -","isPartOf":{"@id":"https:\/\/www.koupelnapro.com\/#website"},"primaryImageOfPage":{"@id":"https:\/\/www.koupelnapro.com\/index.php\/produkt\/odeslani-ihned-sapho-thalie-50-keramicke-umyvadlo-nabytkove-50x46cm-bila-th11050-58360\/#primaryimage"},"image":{"@id":"https:\/\/www.koupelnapro.com\/index.php\/produkt\/odeslani-ihned-sapho-thalie-50-keramicke-umyvadlo-nabytkove-50x46cm-bila-th11050-58360\/#primaryimage"},"thumbnailUrl":"https:\/\/www.koupelnapro.com\/wp-content\/uploads\/2026\/SK0002936-CZ20260425-093631-0-1777080994-91467_th11050-137417478675502.webp","datePublished":"2026-04-26T09:17:23+00:00","breadcrumb":{"@id":"https:\/\/www.koupelnapro.com\/index.php\/produkt\/odeslani-ihned-sapho-thalie-50-keramicke-umyvadlo-nabytkove-50x46cm-bila-th11050-58360\/#breadcrumb"},"inLanguage":"cs","potentialAction":[{"@type":"ReadAction","target":["https:\/\/www.koupelnapro.com\/index.php\/produkt\/odeslani-ihned-sapho-thalie-50-keramicke-umyvadlo-nabytkove-50x46cm-bila-th11050-58360\/"]}]},{"@type":"ImageObject","inLanguage":"cs","@id":"https:\/\/www.koupelnapro.com\/index.php\/produkt\/odeslani-ihned-sapho-thalie-50-keramicke-umyvadlo-nabytkove-50x46cm-bila-th11050-58360\/#primaryimage","url":"https:\/\/www.koupelnapro.com\/wp-content\/uploads\/2026\/SK0002936-CZ20260425-093631-0-1777080994-91467_th11050-137417478675502.webp","contentUrl":"https:\/\/www.koupelnapro.com\/wp-content\/uploads\/2026\/SK0002936-CZ20260425-093631-0-1777080994-91467_th11050-137417478675502.webp","width":1000,"height":750},{"@type":"BreadcrumbList","@id":"https:\/\/www.koupelnapro.com\/index.php\/produkt\/odeslani-ihned-sapho-thalie-50-keramicke-umyvadlo-nabytkove-50x46cm-bila-th11050-58360\/#breadcrumb","itemListElement":[{"@type":"ListItem","position":1,"name":"Home","item":"https:\/\/www.koupelnapro.com\/"},{"@type":"ListItem","position":2,"name":"Products","item":"https:\/\/www.koupelnapro.com\/index.php\/products\/"},{"@type":"ListItem","position":3,"name":"Odesl\u00e1n\u00ed Ihned Sapho THALIE 50 keramick\u00e9 umyvadlo n\u00e1bytkov\u00e9 50x46cm, b\u00edl\u00e1 TH11050"}]},{"@type":"WebSite","@id":"https:\/\/www.koupelnapro.com\/#website","url":"https:\/\/www.koupelnapro.com\/","name":"","description":"","potentialAction":[{"@type":"SearchAction","target":{"@type":"EntryPoint","urlTemplate":"https:\/\/www.koupelnapro.com\/?s={search_term_string}"},"query-input":{"@type":"PropertyValueSpecification","valueRequired":true,"valueName":"search_term_string"}}],"inLanguage":"cs"}]}},"_links":{"self":[{"href":"https:\/\/www.koupelnapro.com\/index.php\/wp-json\/wp\/v2\/product\/58360","targetHints":{"allow":["GET"]}}],"collection":[{"href":"https:\/\/www.koupelnapro.com\/index.php\/wp-json\/wp\/v2\/product"}],"about":[{"href":"https:\/\/www.koupelnapro.com\/index.php\/wp-json\/wp\/v2\/types\/product"}],"replies":[{"embeddable":true,"href":"https:\/\/www.koupelnapro.com\/index.php\/wp-json\/wp\/v2\/comments?post=58360"}],"wp:featuredmedia":[{"embeddable":true,"href":"https:\/\/www.koupelnapro.com\/index.php\/wp-json\/wp\/v2\/media\/58460"}],"wp:attachment":[{"href":"https:\/\/www.koupelnapro.com\/index.php\/wp-json\/wp\/v2\/media?parent=58360"}],"wp:term":[{"taxonomy":"product_brand","embeddable":true,"href":"https:\/\/www.koupelnapro.com\/index.php\/wp-json\/wp\/v2\/product_brand?post=58360"},{"taxonomy":"product_cat","embeddable":true,"href":"https:\/\/www.koupelnapro.com\/index.php\/wp-json\/wp\/v2\/product_cat?post=58360"},{"taxonomy":"product_tag","embeddable":true,"href":"https:\/\/www.koupelnapro.com\/index.php\/wp-json\/wp\/v2\/product_tag?post=58360"}],"curies":[{"name":"wp","href":"https:\/\/api.w.org\/{rel}","templated":true}]}}