{"id":55747,"date":"2026-04-26T09:17:11","date_gmt":"2026-04-26T09:17:11","guid":{"rendered":""},"modified":"2026-04-26T09:17:11","modified_gmt":"2026-04-26T09:17:11","slug":"overeny-mereo-cleaner-mereo-500-ml-univerzalni-cistici-prostredek-55747","status":"publish","type":"product","link":"https:\/\/www.koupelnapro.com\/produkt\/overeny-mereo-cleaner-mereo-500-ml-univerzalni-cistici-prostredek-55747\/","title":{"rendered":"Ov\u011b\u0159en\u00fd Mereo Cleaner Mereo 500 ml, univerz\u00e1ln\u00ed \u010dist\u00edc\u00ed prost\u0159edek"},"content":{"rendered":"<p>                Mereo Cleaner &#8211; \u010cist\u00edc\u00ed prost\u0159edek pro odstran\u011bn\u00ed vodn\u00edho kamene, ne\u010distot, usazenin a bakteri\u00ed na sklech sprchov\u00fdch kout\u016f, bateri\u00edch, obkladech a sanit\u00e1rn\u00ed keramice. N\u00e1vod k pou\u017eit\u00ed: P\u0159\u00edpravek nast\u0159\u00edkejte na zne\u010di\u0161t\u011bnou plochu, vlhk\u00fdm had\u0159\u00edkem  nebo houbou rozet\u0159ete a potom opl\u00e1chn\u011bte \u010distou vodou. Na siln\u011b  zne\u010di\u0161t\u011bn\u00e1 m\u00edsta aplikujte p\u0159\u00edpravek a ponechte jej asi 10 minut p\u016fsobit. Potom postupujte v\u00fd\u0161e uveden\u00fdm zp\u016fsobem.            <\/p><\/div>\n<div id=\"parametes\">\n<div class=\"param-wrapper\">\n<div class=\"param-item\">        \t        <span>Objem<\/span>        \t        <strong>        \t                500 ml            \t    <\/strong>        \t    <\/div>\n<\/p><\/div>\n<\/p><\/div>\n<\/p><\/div>\n<\/p><\/div>\n<\/p><\/div>\n<\/div>\n","protected":false},"excerpt":{"rendered":"<p>Mereo Cleaner &#8211; \u010cist\u00edc\u00ed prost\u0159edek pro odstran\u011bn\u00ed vodn\u00edho kamene, ne\u010distot, usazenin a bakteri\u00ed na sklech sprchov\u00fdch kout\u016f, bateri\u00edch, obkladech a sanit\u00e1rn\u00ed keramice. N\u00e1vod k pou\u017eit\u00ed: P\u0159\u00edpravek nast\u0159\u00edkejte na zne\u010di\u0161t\u011bnou plochu, vlhk\u00fdm had\u0159\u00edkem nebo houbou rozet\u0159ete a potom opl\u00e1chn\u011bte \u010distou vodou. Na siln\u011b zne\u010di\u0161t\u011bn\u00e1 m\u00edsta aplikujte p\u0159\u00edpravek a ponechte jej asi 10 minut p\u016fsobit. Potom postupujte [&hellip;]<\/p>\n","protected":false},"featured_media":55847,"template":"","meta":[],"product_brand":[],"product_cat":[189],"product_tag":[],"class_list":{"0":"post-55747","1":"product","2":"type-product","3":"status-publish","4":"has-post-thumbnail","6":"product_cat-sprchove-kouty-a-vanicky","8":"first","9":"instock","10":"sale","11":"shipping-taxable","12":"purchasable","13":"product-type-simple"},"yoast_head":"<!-- This site is optimized with the Yoast SEO plugin v26.8 - https:\/\/yoast.com\/product\/yoast-seo-wordpress\/ -->\n<title>Ov\u011b\u0159en\u00fd Mereo Cleaner Mereo 500 ml, univerz\u00e1ln\u00ed \u010dist\u00edc\u00ed prost\u0159edek - Vybaven\u00ed pro d\u016fm<\/title>\n<meta name=\"robots\" content=\"index, follow, max-snippet:-1, max-image-preview:large, max-video-preview:-1\" \/>\n<link rel=\"canonical\" href=\"https:\/\/www.koupelnapro.com\/index.php\/produkt\/overeny-mereo-cleaner-mereo-500-ml-univerzalni-cistici-prostredek-55747\/\" \/>\n<meta property=\"og:locale\" content=\"cs_CZ\" \/>\n<meta property=\"og:type\" content=\"article\" \/>\n<meta property=\"og:title\" content=\"Ov\u011b\u0159en\u00fd Mereo Cleaner Mereo 500 ml, univerz\u00e1ln\u00ed \u010dist\u00edc\u00ed prost\u0159edek - Vybaven\u00ed pro d\u016fm\" \/>\n<meta property=\"og:description\" content=\"Mereo Cleaner &#8211; \u010cist\u00edc\u00ed prost\u0159edek pro odstran\u011bn\u00ed vodn\u00edho kamene, ne\u010distot, usazenin a bakteri\u00ed na sklech sprchov\u00fdch kout\u016f, bateri\u00edch, obkladech a sanit\u00e1rn\u00ed keramice. N\u00e1vod k pou\u017eit\u00ed: P\u0159\u00edpravek nast\u0159\u00edkejte na zne\u010di\u0161t\u011bnou plochu, vlhk\u00fdm had\u0159\u00edkem nebo houbou rozet\u0159ete a potom opl\u00e1chn\u011bte \u010distou vodou. Na siln\u011b zne\u010di\u0161t\u011bn\u00e1 m\u00edsta aplikujte p\u0159\u00edpravek a ponechte jej asi 10 minut p\u016fsobit. Potom postupujte [&hellip;]\" \/>\n<meta property=\"og:url\" content=\"https:\/\/www.koupelnapro.com\/index.php\/produkt\/overeny-mereo-cleaner-mereo-500-ml-univerzalni-cistici-prostredek-55747\/\" \/>\n<meta property=\"og:site_name\" content=\"Vybaven\u00ed pro d\u016fm\" \/>\n<meta property=\"og:image\" content=\"https:\/\/www.koupelnapro.com\/wp-content\/uploads\/2026\/SK0002894-CZ20260425-093531-0-1777080932-4c86ff703de0914e122f7588ce4f9a7d-cleaner-jpg-2023-12-08-13-.webp\" \/>\n\t<meta property=\"og:image:width\" content=\"800\" \/>\n\t<meta property=\"og:image:height\" content=\"800\" \/>\n\t<meta property=\"og:image:type\" content=\"image\/webp\" \/>\n<meta name=\"twitter:card\" content=\"summary_large_image\" \/>\n<script type=\"application\/ld+json\" class=\"yoast-schema-graph\">{\"@context\":\"https:\/\/schema.org\",\"@graph\":[{\"@type\":\"WebPage\",\"@id\":\"https:\/\/www.koupelnapro.com\/index.php\/produkt\/overeny-mereo-cleaner-mereo-500-ml-univerzalni-cistici-prostredek-55747\/\",\"url\":\"https:\/\/www.koupelnapro.com\/index.php\/produkt\/overeny-mereo-cleaner-mereo-500-ml-univerzalni-cistici-prostredek-55747\/\",\"name\":\"Ov\u011b\u0159en\u00fd Mereo Cleaner Mereo 500 ml, univerz\u00e1ln\u00ed \u010dist\u00edc\u00ed prost\u0159edek - Vybaven\u00ed pro d\u016fm\",\"isPartOf\":{\"@id\":\"https:\/\/www.koupelnapro.com\/#website\"},\"primaryImageOfPage\":{\"@id\":\"https:\/\/www.koupelnapro.com\/index.php\/produkt\/overeny-mereo-cleaner-mereo-500-ml-univerzalni-cistici-prostredek-55747\/#primaryimage\"},\"image\":{\"@id\":\"https:\/\/www.koupelnapro.com\/index.php\/produkt\/overeny-mereo-cleaner-mereo-500-ml-univerzalni-cistici-prostredek-55747\/#primaryimage\"},\"thumbnailUrl\":\"https:\/\/www.koupelnapro.com\/wp-content\/uploads\/2026\/SK0002894-CZ20260425-093531-0-1777080932-4c86ff703de0914e122f7588ce4f9a7d-cleaner-jpg-2023-12-08-13-.webp\",\"datePublished\":\"2026-04-26T09:17:11+00:00\",\"breadcrumb\":{\"@id\":\"https:\/\/www.koupelnapro.com\/index.php\/produkt\/overeny-mereo-cleaner-mereo-500-ml-univerzalni-cistici-prostredek-55747\/#breadcrumb\"},\"inLanguage\":\"cs\",\"potentialAction\":[{\"@type\":\"ReadAction\",\"target\":[\"https:\/\/www.koupelnapro.com\/index.php\/produkt\/overeny-mereo-cleaner-mereo-500-ml-univerzalni-cistici-prostredek-55747\/\"]}]},{\"@type\":\"ImageObject\",\"inLanguage\":\"cs\",\"@id\":\"https:\/\/www.koupelnapro.com\/index.php\/produkt\/overeny-mereo-cleaner-mereo-500-ml-univerzalni-cistici-prostredek-55747\/#primaryimage\",\"url\":\"https:\/\/www.koupelnapro.com\/wp-content\/uploads\/2026\/SK0002894-CZ20260425-093531-0-1777080932-4c86ff703de0914e122f7588ce4f9a7d-cleaner-jpg-2023-12-08-13-.webp\",\"contentUrl\":\"https:\/\/www.koupelnapro.com\/wp-content\/uploads\/2026\/SK0002894-CZ20260425-093531-0-1777080932-4c86ff703de0914e122f7588ce4f9a7d-cleaner-jpg-2023-12-08-13-.webp\",\"width\":800,\"height\":800},{\"@type\":\"BreadcrumbList\",\"@id\":\"https:\/\/www.koupelnapro.com\/index.php\/produkt\/overeny-mereo-cleaner-mereo-500-ml-univerzalni-cistici-prostredek-55747\/#breadcrumb\",\"itemListElement\":[{\"@type\":\"ListItem\",\"position\":1,\"name\":\"Home\",\"item\":\"https:\/\/www.koupelnapro.com\/\"},{\"@type\":\"ListItem\",\"position\":2,\"name\":\"Products\",\"item\":\"https:\/\/www.koupelnapro.com\/products\/\"},{\"@type\":\"ListItem\",\"position\":3,\"name\":\"Ov\u011b\u0159en\u00fd Mereo Cleaner Mereo 500 ml, univerz\u00e1ln\u00ed \u010dist\u00edc\u00ed prost\u0159edek\"}]},{\"@type\":\"WebSite\",\"@id\":\"https:\/\/www.koupelnapro.com\/#website\",\"url\":\"https:\/\/www.koupelnapro.com\/\",\"name\":\"Vybaven\u00ed pro d\u016fm\",\"description\":\"Vybaven\u00ed pro d\u016fm\",\"publisher\":{\"@id\":\"https:\/\/www.koupelnapro.com\/#organization\"},\"potentialAction\":[{\"@type\":\"SearchAction\",\"target\":{\"@type\":\"EntryPoint\",\"urlTemplate\":\"https:\/\/www.koupelnapro.com\/?s={search_term_string}\"},\"query-input\":{\"@type\":\"PropertyValueSpecification\",\"valueRequired\":true,\"valueName\":\"search_term_string\"}}],\"inLanguage\":\"cs\"},{\"@type\":\"Organization\",\"@id\":\"https:\/\/www.koupelnapro.com\/#organization\",\"name\":\"Vybaven\u00ed pro d\u016fm\",\"url\":\"https:\/\/www.koupelnapro.com\/\",\"logo\":{\"@type\":\"ImageObject\",\"inLanguage\":\"cs\",\"@id\":\"https:\/\/www.koupelnapro.com\/#\/schema\/logo\/image\/\",\"url\":\"https:\/\/www.koupelnapro.com\/wp-content\/uploads\/2026\/04\/koupelnapro-logo-deep-green.svg\",\"contentUrl\":\"https:\/\/www.koupelnapro.com\/wp-content\/uploads\/2026\/04\/koupelnapro-logo-deep-green.svg\",\"width\":920,\"height\":160,\"caption\":\"Vybaven\u00ed pro d\u016fm\"},\"image\":{\"@id\":\"https:\/\/www.koupelnapro.com\/#\/schema\/logo\/image\/\"}}]}<\/script>\n<!-- \/ Yoast SEO plugin. -->","yoast_head_json":{"title":"Ov\u011b\u0159en\u00fd Mereo Cleaner Mereo 500 ml, univerz\u00e1ln\u00ed \u010dist\u00edc\u00ed prost\u0159edek - Vybaven\u00ed pro d\u016fm","robots":{"index":"index","follow":"follow","max-snippet":"max-snippet:-1","max-image-preview":"max-image-preview:large","max-video-preview":"max-video-preview:-1"},"canonical":"https:\/\/www.koupelnapro.com\/index.php\/produkt\/overeny-mereo-cleaner-mereo-500-ml-univerzalni-cistici-prostredek-55747\/","og_locale":"cs_CZ","og_type":"article","og_title":"Ov\u011b\u0159en\u00fd Mereo Cleaner Mereo 500 ml, univerz\u00e1ln\u00ed \u010dist\u00edc\u00ed prost\u0159edek - Vybaven\u00ed pro d\u016fm","og_description":"Mereo Cleaner &#8211; \u010cist\u00edc\u00ed prost\u0159edek pro odstran\u011bn\u00ed vodn\u00edho kamene, ne\u010distot, usazenin a bakteri\u00ed na sklech sprchov\u00fdch kout\u016f, bateri\u00edch, obkladech a sanit\u00e1rn\u00ed keramice. N\u00e1vod k pou\u017eit\u00ed: P\u0159\u00edpravek nast\u0159\u00edkejte na zne\u010di\u0161t\u011bnou plochu, vlhk\u00fdm had\u0159\u00edkem nebo houbou rozet\u0159ete a potom opl\u00e1chn\u011bte \u010distou vodou. Na siln\u011b zne\u010di\u0161t\u011bn\u00e1 m\u00edsta aplikujte p\u0159\u00edpravek a ponechte jej asi 10 minut p\u016fsobit. Potom postupujte [&hellip;]","og_url":"https:\/\/www.koupelnapro.com\/index.php\/produkt\/overeny-mereo-cleaner-mereo-500-ml-univerzalni-cistici-prostredek-55747\/","og_site_name":"Vybaven\u00ed pro d\u016fm","og_image":[{"width":800,"height":800,"url":"https:\/\/www.koupelnapro.com\/wp-content\/uploads\/2026\/SK0002894-CZ20260425-093531-0-1777080932-4c86ff703de0914e122f7588ce4f9a7d-cleaner-jpg-2023-12-08-13-.webp","type":"image\/webp"}],"twitter_card":"summary_large_image","schema":{"@context":"https:\/\/schema.org","@graph":[{"@type":"WebPage","@id":"https:\/\/www.koupelnapro.com\/index.php\/produkt\/overeny-mereo-cleaner-mereo-500-ml-univerzalni-cistici-prostredek-55747\/","url":"https:\/\/www.koupelnapro.com\/index.php\/produkt\/overeny-mereo-cleaner-mereo-500-ml-univerzalni-cistici-prostredek-55747\/","name":"Ov\u011b\u0159en\u00fd Mereo Cleaner Mereo 500 ml, univerz\u00e1ln\u00ed \u010dist\u00edc\u00ed prost\u0159edek - Vybaven\u00ed pro d\u016fm","isPartOf":{"@id":"https:\/\/www.koupelnapro.com\/#website"},"primaryImageOfPage":{"@id":"https:\/\/www.koupelnapro.com\/index.php\/produkt\/overeny-mereo-cleaner-mereo-500-ml-univerzalni-cistici-prostredek-55747\/#primaryimage"},"image":{"@id":"https:\/\/www.koupelnapro.com\/index.php\/produkt\/overeny-mereo-cleaner-mereo-500-ml-univerzalni-cistici-prostredek-55747\/#primaryimage"},"thumbnailUrl":"https:\/\/www.koupelnapro.com\/wp-content\/uploads\/2026\/SK0002894-CZ20260425-093531-0-1777080932-4c86ff703de0914e122f7588ce4f9a7d-cleaner-jpg-2023-12-08-13-.webp","datePublished":"2026-04-26T09:17:11+00:00","breadcrumb":{"@id":"https:\/\/www.koupelnapro.com\/index.php\/produkt\/overeny-mereo-cleaner-mereo-500-ml-univerzalni-cistici-prostredek-55747\/#breadcrumb"},"inLanguage":"cs","potentialAction":[{"@type":"ReadAction","target":["https:\/\/www.koupelnapro.com\/index.php\/produkt\/overeny-mereo-cleaner-mereo-500-ml-univerzalni-cistici-prostredek-55747\/"]}]},{"@type":"ImageObject","inLanguage":"cs","@id":"https:\/\/www.koupelnapro.com\/index.php\/produkt\/overeny-mereo-cleaner-mereo-500-ml-univerzalni-cistici-prostredek-55747\/#primaryimage","url":"https:\/\/www.koupelnapro.com\/wp-content\/uploads\/2026\/SK0002894-CZ20260425-093531-0-1777080932-4c86ff703de0914e122f7588ce4f9a7d-cleaner-jpg-2023-12-08-13-.webp","contentUrl":"https:\/\/www.koupelnapro.com\/wp-content\/uploads\/2026\/SK0002894-CZ20260425-093531-0-1777080932-4c86ff703de0914e122f7588ce4f9a7d-cleaner-jpg-2023-12-08-13-.webp","width":800,"height":800},{"@type":"BreadcrumbList","@id":"https:\/\/www.koupelnapro.com\/index.php\/produkt\/overeny-mereo-cleaner-mereo-500-ml-univerzalni-cistici-prostredek-55747\/#breadcrumb","itemListElement":[{"@type":"ListItem","position":1,"name":"Home","item":"https:\/\/www.koupelnapro.com\/"},{"@type":"ListItem","position":2,"name":"Products","item":"https:\/\/www.koupelnapro.com\/products\/"},{"@type":"ListItem","position":3,"name":"Ov\u011b\u0159en\u00fd Mereo Cleaner Mereo 500 ml, univerz\u00e1ln\u00ed \u010dist\u00edc\u00ed prost\u0159edek"}]},{"@type":"WebSite","@id":"https:\/\/www.koupelnapro.com\/#website","url":"https:\/\/www.koupelnapro.com\/","name":"Vybaven\u00ed pro d\u016fm","description":"Vybaven\u00ed pro d\u016fm","publisher":{"@id":"https:\/\/www.koupelnapro.com\/#organization"},"potentialAction":[{"@type":"SearchAction","target":{"@type":"EntryPoint","urlTemplate":"https:\/\/www.koupelnapro.com\/?s={search_term_string}"},"query-input":{"@type":"PropertyValueSpecification","valueRequired":true,"valueName":"search_term_string"}}],"inLanguage":"cs"},{"@type":"Organization","@id":"https:\/\/www.koupelnapro.com\/#organization","name":"Vybaven\u00ed pro d\u016fm","url":"https:\/\/www.koupelnapro.com\/","logo":{"@type":"ImageObject","inLanguage":"cs","@id":"https:\/\/www.koupelnapro.com\/#\/schema\/logo\/image\/","url":"https:\/\/www.koupelnapro.com\/wp-content\/uploads\/2026\/04\/koupelnapro-logo-deep-green.svg","contentUrl":"https:\/\/www.koupelnapro.com\/wp-content\/uploads\/2026\/04\/koupelnapro-logo-deep-green.svg","width":920,"height":160,"caption":"Vybaven\u00ed pro d\u016fm"},"image":{"@id":"https:\/\/www.koupelnapro.com\/#\/schema\/logo\/image\/"}}]}},"_links":{"self":[{"href":"https:\/\/www.koupelnapro.com\/wp-json\/wp\/v2\/product\/55747","targetHints":{"allow":["GET"]}}],"collection":[{"href":"https:\/\/www.koupelnapro.com\/wp-json\/wp\/v2\/product"}],"about":[{"href":"https:\/\/www.koupelnapro.com\/wp-json\/wp\/v2\/types\/product"}],"wp:featuredmedia":[{"embeddable":true,"href":"https:\/\/www.koupelnapro.com\/wp-json\/wp\/v2\/media\/55847"}],"wp:attachment":[{"href":"https:\/\/www.koupelnapro.com\/wp-json\/wp\/v2\/media?parent=55747"}],"wp:term":[{"taxonomy":"product_brand","embeddable":true,"href":"https:\/\/www.koupelnapro.com\/wp-json\/wp\/v2\/product_brand?post=55747"},{"taxonomy":"product_cat","embeddable":true,"href":"https:\/\/www.koupelnapro.com\/wp-json\/wp\/v2\/product_cat?post=55747"},{"taxonomy":"product_tag","embeddable":true,"href":"https:\/\/www.koupelnapro.com\/wp-json\/wp\/v2\/product_tag?post=55747"}],"curies":[{"name":"wp","href":"https:\/\/api.w.org\/{rel}","templated":true}]}}