{"id":54895,"date":"2026-04-26T09:17:07","date_gmt":"2026-04-26T09:17:07","guid":{"rendered":""},"modified":"2026-04-26T09:17:07","modified_gmt":"2026-04-26T09:17:07","slug":"vaillant-prodluz-kus-odkoureni-0-5m-o80-125mm-cenovy-hit-54895","status":"publish","type":"product","link":"https:\/\/www.koupelnapro.com\/index.php\/produkt\/vaillant-prodluz-kus-odkoureni-0-5m-o80-125mm-cenovy-hit-54895\/","title":{"rendered":"Vaillant Prodlu\u017e. kus odkou\u0159en\u00ed 0,5m, O80\/125mm Cenov\u00fd Hit"},"content":{"rendered":"<div id=\"e18893271\" class=\"pages\">\n<div>\n<div id=\"PDDescription\" class=\"UserContentView userContent v1a v1 bs-view dcon dc159 PDDescription\" ><dc-con><dc-con><bs-empty><\/bs-empty><\/dc-con><dc-con>        <\/p>\n<div class=\"customDescription\">                    <\/div>\n<p><\/dc-con><dc-con><\/p>\n<p><strong>Syst\u00e9m odkou\u0159en\u00ed<\/strong><\/p>\n<p>Pro kondenza\u010dn\u00ed kotle: 466\/4-5 a 656\/4-5 ecoTEC plus<br \/>Syst\u00e9m odkou\u0159en\u00ed \u00d8 80\/125 mm<br \/>Prodlu\u017eovac\u00ed kus odkou\u0159en\u00ed 0,5 m, \u00d8 80\/125 mm<\/p>\n<p>\u00a0<\/p>\n<p>\u00a0<\/p>\n<p>\u00a0<\/p>\n<p><\/dc-con><\/dc-con><\/div>\n<\/p><\/div>\n<div id=\"PDTable3\" class=\"ProductDetailTableView v3a v3 bs-view dcon dc180 PDTable3\" >\n<table>\n<thead><\/thead>\n<tbody>\n<tr class=\"attribute attr_prumer\">\n<td class=\"caption\">Pr\u016fm\u011br<\/td>\n<td class=\"value\">80\/125 mm<\/td>\n<\/tr>\n<tr class=\"attribute attr_typ\">\n<td class=\"caption\">Typ<\/td>\n<td class=\"value\">Trubky<\/td>\n<\/tr>\n<tr class=\"attribute attr_bsshop_maker\">\n<td class=\"caption\">V\u00fdrobce<\/td>\n<td class=\"value\">Vaillant<\/td>\n<\/tr>\n<\/tbody>\n<\/table>\n<\/div>\n<\/div>\n<div id=\"e18893272\" class=\"tabs\">\n","protected":false},"excerpt":{"rendered":"<p>Syst\u00e9m odkou\u0159en\u00ed Pro kondenza\u010dn\u00ed kotle: 466\/4-5 a 656\/4-5 ecoTEC plusSyst\u00e9m odkou\u0159en\u00ed \u00d8 80\/125 mmProdlu\u017eovac\u00ed kus odkou\u0159en\u00ed 0,5 m, \u00d8 80\/125 mm \u00a0 \u00a0 \u00a0 Pr\u016fm\u011br 80\/125 mm Typ Trubky V\u00fdrobce Vaillant<\/p>\n","protected":false},"featured_media":54995,"comment_status":"open","ping_status":"open","template":"","meta":[],"product_brand":[],"product_cat":[166],"product_tag":[],"class_list":{"0":"post-54895","1":"product","2":"type-product","3":"status-publish","4":"has-post-thumbnail","6":"product_cat-kotle","8":"first","9":"instock","10":"sale","11":"shipping-taxable","12":"purchasable","13":"product-type-simple"},"yoast_head":"<!-- This site is optimized with the Yoast SEO plugin v26.8 - https:\/\/yoast.com\/product\/yoast-seo-wordpress\/ -->\n<title>Vaillant Prodlu\u017e. kus odkou\u0159en\u00ed 0,5m, O80\/125mm Cenov\u00fd Hit -<\/title>\n<meta name=\"robots\" content=\"index, follow, max-snippet:-1, max-image-preview:large, max-video-preview:-1\" \/>\n<link rel=\"canonical\" href=\"https:\/\/www.koupelnapro.com\/index.php\/produkt\/vaillant-prodluz-kus-odkoureni-0-5m-o80-125mm-cenovy-hit-54895\/\" \/>\n<meta property=\"og:locale\" content=\"cs_CZ\" \/>\n<meta property=\"og:type\" content=\"article\" \/>\n<meta property=\"og:title\" content=\"Vaillant Prodlu\u017e. kus odkou\u0159en\u00ed 0,5m, O80\/125mm Cenov\u00fd Hit -\" \/>\n<meta property=\"og:description\" content=\"Syst\u00e9m odkou\u0159en\u00ed Pro kondenza\u010dn\u00ed kotle: 466\/4-5 a 656\/4-5 ecoTEC plusSyst\u00e9m odkou\u0159en\u00ed \u00d8 80\/125 mmProdlu\u017eovac\u00ed kus odkou\u0159en\u00ed 0,5 m, \u00d8 80\/125 mm \u00a0 \u00a0 \u00a0 Pr\u016fm\u011br 80\/125 mm Typ Trubky V\u00fdrobce Vaillant\" \/>\n<meta property=\"og:url\" content=\"https:\/\/www.koupelnapro.com\/index.php\/produkt\/vaillant-prodluz-kus-odkoureni-0-5m-o80-125mm-cenovy-hit-54895\/\" \/>\n<meta property=\"og:image\" content=\"https:\/\/www.koupelnapro.com\/wp-content\/uploads\/2026\/SK0003775-CZ20260425-093449-0-1777080895-vaillant-prodluz-kus-odkoureni-0-5m-o80-125mm.webp\" \/>\n\t<meta property=\"og:image:width\" content=\"1000\" \/>\n\t<meta property=\"og:image:height\" content=\"525\" \/>\n\t<meta property=\"og:image:type\" content=\"image\/webp\" \/>\n<meta name=\"twitter:card\" content=\"summary_large_image\" \/>\n<script type=\"application\/ld+json\" class=\"yoast-schema-graph\">{\"@context\":\"https:\/\/schema.org\",\"@graph\":[{\"@type\":\"WebPage\",\"@id\":\"https:\/\/www.koupelnapro.com\/index.php\/produkt\/vaillant-prodluz-kus-odkoureni-0-5m-o80-125mm-cenovy-hit-54895\/\",\"url\":\"https:\/\/www.koupelnapro.com\/index.php\/produkt\/vaillant-prodluz-kus-odkoureni-0-5m-o80-125mm-cenovy-hit-54895\/\",\"name\":\"Vaillant Prodlu\u017e. kus odkou\u0159en\u00ed 0,5m, O80\/125mm Cenov\u00fd Hit -\",\"isPartOf\":{\"@id\":\"https:\/\/www.koupelnapro.com\/#website\"},\"primaryImageOfPage\":{\"@id\":\"https:\/\/www.koupelnapro.com\/index.php\/produkt\/vaillant-prodluz-kus-odkoureni-0-5m-o80-125mm-cenovy-hit-54895\/#primaryimage\"},\"image\":{\"@id\":\"https:\/\/www.koupelnapro.com\/index.php\/produkt\/vaillant-prodluz-kus-odkoureni-0-5m-o80-125mm-cenovy-hit-54895\/#primaryimage\"},\"thumbnailUrl\":\"https:\/\/www.koupelnapro.com\/wp-content\/uploads\/2026\/SK0003775-CZ20260425-093449-0-1777080895-vaillant-prodluz-kus-odkoureni-0-5m-o80-125mm.webp\",\"datePublished\":\"2026-04-26T09:17:07+00:00\",\"breadcrumb\":{\"@id\":\"https:\/\/www.koupelnapro.com\/index.php\/produkt\/vaillant-prodluz-kus-odkoureni-0-5m-o80-125mm-cenovy-hit-54895\/#breadcrumb\"},\"inLanguage\":\"cs\",\"potentialAction\":[{\"@type\":\"ReadAction\",\"target\":[\"https:\/\/www.koupelnapro.com\/index.php\/produkt\/vaillant-prodluz-kus-odkoureni-0-5m-o80-125mm-cenovy-hit-54895\/\"]}]},{\"@type\":\"ImageObject\",\"inLanguage\":\"cs\",\"@id\":\"https:\/\/www.koupelnapro.com\/index.php\/produkt\/vaillant-prodluz-kus-odkoureni-0-5m-o80-125mm-cenovy-hit-54895\/#primaryimage\",\"url\":\"https:\/\/www.koupelnapro.com\/wp-content\/uploads\/2026\/SK0003775-CZ20260425-093449-0-1777080895-vaillant-prodluz-kus-odkoureni-0-5m-o80-125mm.webp\",\"contentUrl\":\"https:\/\/www.koupelnapro.com\/wp-content\/uploads\/2026\/SK0003775-CZ20260425-093449-0-1777080895-vaillant-prodluz-kus-odkoureni-0-5m-o80-125mm.webp\",\"width\":1000,\"height\":525},{\"@type\":\"BreadcrumbList\",\"@id\":\"https:\/\/www.koupelnapro.com\/index.php\/produkt\/vaillant-prodluz-kus-odkoureni-0-5m-o80-125mm-cenovy-hit-54895\/#breadcrumb\",\"itemListElement\":[{\"@type\":\"ListItem\",\"position\":1,\"name\":\"Home\",\"item\":\"https:\/\/www.koupelnapro.com\/\"},{\"@type\":\"ListItem\",\"position\":2,\"name\":\"Products\",\"item\":\"https:\/\/www.koupelnapro.com\/index.php\/products\/\"},{\"@type\":\"ListItem\",\"position\":3,\"name\":\"Vaillant Prodlu\u017e. kus odkou\u0159en\u00ed 0,5m, O80\/125mm Cenov\u00fd Hit\"}]},{\"@type\":\"WebSite\",\"@id\":\"https:\/\/www.koupelnapro.com\/#website\",\"url\":\"https:\/\/www.koupelnapro.com\/\",\"name\":\"\",\"description\":\"\",\"potentialAction\":[{\"@type\":\"SearchAction\",\"target\":{\"@type\":\"EntryPoint\",\"urlTemplate\":\"https:\/\/www.koupelnapro.com\/?s={search_term_string}\"},\"query-input\":{\"@type\":\"PropertyValueSpecification\",\"valueRequired\":true,\"valueName\":\"search_term_string\"}}],\"inLanguage\":\"cs\"}]}<\/script>\n<!-- \/ Yoast SEO plugin. -->","yoast_head_json":{"title":"Vaillant Prodlu\u017e. kus odkou\u0159en\u00ed 0,5m, O80\/125mm Cenov\u00fd Hit -","robots":{"index":"index","follow":"follow","max-snippet":"max-snippet:-1","max-image-preview":"max-image-preview:large","max-video-preview":"max-video-preview:-1"},"canonical":"https:\/\/www.koupelnapro.com\/index.php\/produkt\/vaillant-prodluz-kus-odkoureni-0-5m-o80-125mm-cenovy-hit-54895\/","og_locale":"cs_CZ","og_type":"article","og_title":"Vaillant Prodlu\u017e. kus odkou\u0159en\u00ed 0,5m, O80\/125mm Cenov\u00fd Hit -","og_description":"Syst\u00e9m odkou\u0159en\u00ed Pro kondenza\u010dn\u00ed kotle: 466\/4-5 a 656\/4-5 ecoTEC plusSyst\u00e9m odkou\u0159en\u00ed \u00d8 80\/125 mmProdlu\u017eovac\u00ed kus odkou\u0159en\u00ed 0,5 m, \u00d8 80\/125 mm \u00a0 \u00a0 \u00a0 Pr\u016fm\u011br 80\/125 mm Typ Trubky V\u00fdrobce Vaillant","og_url":"https:\/\/www.koupelnapro.com\/index.php\/produkt\/vaillant-prodluz-kus-odkoureni-0-5m-o80-125mm-cenovy-hit-54895\/","og_image":[{"width":1000,"height":525,"url":"https:\/\/www.koupelnapro.com\/wp-content\/uploads\/2026\/SK0003775-CZ20260425-093449-0-1777080895-vaillant-prodluz-kus-odkoureni-0-5m-o80-125mm.webp","type":"image\/webp"}],"twitter_card":"summary_large_image","schema":{"@context":"https:\/\/schema.org","@graph":[{"@type":"WebPage","@id":"https:\/\/www.koupelnapro.com\/index.php\/produkt\/vaillant-prodluz-kus-odkoureni-0-5m-o80-125mm-cenovy-hit-54895\/","url":"https:\/\/www.koupelnapro.com\/index.php\/produkt\/vaillant-prodluz-kus-odkoureni-0-5m-o80-125mm-cenovy-hit-54895\/","name":"Vaillant Prodlu\u017e. kus odkou\u0159en\u00ed 0,5m, O80\/125mm Cenov\u00fd Hit -","isPartOf":{"@id":"https:\/\/www.koupelnapro.com\/#website"},"primaryImageOfPage":{"@id":"https:\/\/www.koupelnapro.com\/index.php\/produkt\/vaillant-prodluz-kus-odkoureni-0-5m-o80-125mm-cenovy-hit-54895\/#primaryimage"},"image":{"@id":"https:\/\/www.koupelnapro.com\/index.php\/produkt\/vaillant-prodluz-kus-odkoureni-0-5m-o80-125mm-cenovy-hit-54895\/#primaryimage"},"thumbnailUrl":"https:\/\/www.koupelnapro.com\/wp-content\/uploads\/2026\/SK0003775-CZ20260425-093449-0-1777080895-vaillant-prodluz-kus-odkoureni-0-5m-o80-125mm.webp","datePublished":"2026-04-26T09:17:07+00:00","breadcrumb":{"@id":"https:\/\/www.koupelnapro.com\/index.php\/produkt\/vaillant-prodluz-kus-odkoureni-0-5m-o80-125mm-cenovy-hit-54895\/#breadcrumb"},"inLanguage":"cs","potentialAction":[{"@type":"ReadAction","target":["https:\/\/www.koupelnapro.com\/index.php\/produkt\/vaillant-prodluz-kus-odkoureni-0-5m-o80-125mm-cenovy-hit-54895\/"]}]},{"@type":"ImageObject","inLanguage":"cs","@id":"https:\/\/www.koupelnapro.com\/index.php\/produkt\/vaillant-prodluz-kus-odkoureni-0-5m-o80-125mm-cenovy-hit-54895\/#primaryimage","url":"https:\/\/www.koupelnapro.com\/wp-content\/uploads\/2026\/SK0003775-CZ20260425-093449-0-1777080895-vaillant-prodluz-kus-odkoureni-0-5m-o80-125mm.webp","contentUrl":"https:\/\/www.koupelnapro.com\/wp-content\/uploads\/2026\/SK0003775-CZ20260425-093449-0-1777080895-vaillant-prodluz-kus-odkoureni-0-5m-o80-125mm.webp","width":1000,"height":525},{"@type":"BreadcrumbList","@id":"https:\/\/www.koupelnapro.com\/index.php\/produkt\/vaillant-prodluz-kus-odkoureni-0-5m-o80-125mm-cenovy-hit-54895\/#breadcrumb","itemListElement":[{"@type":"ListItem","position":1,"name":"Home","item":"https:\/\/www.koupelnapro.com\/"},{"@type":"ListItem","position":2,"name":"Products","item":"https:\/\/www.koupelnapro.com\/index.php\/products\/"},{"@type":"ListItem","position":3,"name":"Vaillant Prodlu\u017e. kus odkou\u0159en\u00ed 0,5m, O80\/125mm Cenov\u00fd Hit"}]},{"@type":"WebSite","@id":"https:\/\/www.koupelnapro.com\/#website","url":"https:\/\/www.koupelnapro.com\/","name":"","description":"","potentialAction":[{"@type":"SearchAction","target":{"@type":"EntryPoint","urlTemplate":"https:\/\/www.koupelnapro.com\/?s={search_term_string}"},"query-input":{"@type":"PropertyValueSpecification","valueRequired":true,"valueName":"search_term_string"}}],"inLanguage":"cs"}]}},"_links":{"self":[{"href":"https:\/\/www.koupelnapro.com\/index.php\/wp-json\/wp\/v2\/product\/54895","targetHints":{"allow":["GET"]}}],"collection":[{"href":"https:\/\/www.koupelnapro.com\/index.php\/wp-json\/wp\/v2\/product"}],"about":[{"href":"https:\/\/www.koupelnapro.com\/index.php\/wp-json\/wp\/v2\/types\/product"}],"replies":[{"embeddable":true,"href":"https:\/\/www.koupelnapro.com\/index.php\/wp-json\/wp\/v2\/comments?post=54895"}],"wp:featuredmedia":[{"embeddable":true,"href":"https:\/\/www.koupelnapro.com\/index.php\/wp-json\/wp\/v2\/media\/54995"}],"wp:attachment":[{"href":"https:\/\/www.koupelnapro.com\/index.php\/wp-json\/wp\/v2\/media?parent=54895"}],"wp:term":[{"taxonomy":"product_brand","embeddable":true,"href":"https:\/\/www.koupelnapro.com\/index.php\/wp-json\/wp\/v2\/product_brand?post=54895"},{"taxonomy":"product_cat","embeddable":true,"href":"https:\/\/www.koupelnapro.com\/index.php\/wp-json\/wp\/v2\/product_cat?post=54895"},{"taxonomy":"product_tag","embeddable":true,"href":"https:\/\/www.koupelnapro.com\/index.php\/wp-json\/wp\/v2\/product_tag?post=54895"}],"curies":[{"name":"wp","href":"https:\/\/api.w.org\/{rel}","templated":true}]}}

Vaillant Prodluž. kus odkouření 0,5m, O80/125mm Cenový Hit

<div id="e18893271" class="pages">
<div>
<div id="PDDescription" class="UserContentView userContent v1a v1 bs-view dcon dc159 PDDescription" ><dc-con><dc-con><bs-empty></bs-empty></dc-con><dc-con>        </p>
<div class="customDescription">                    </div>
<p></dc-con><dc-con></p>
<p><strong>Systém odkouření</strong></p>
<p>Pro kondenzační kotle: 466/4-5 a 656/4-5 ecoTEC plus<br />Systém odkouření Ø 80/125 mm<br />Prodlužovací kus odkouření 0,5 m, Ø 80/125 mm</p>
<p> </p>
<p> </p>
<p> </p>
<p></dc-con></dc-con></div>
</p></div>
<div id="PDTable3" class="ProductDetailTableView v3a v3 bs-view dcon dc180 PDTable3" >
<table>
<thead></thead>
<tbody>
<tr class="attribute attr_prumer">
<td class="caption">Průměr</td>
<td class="value">80/125 mm</td>
</tr>
<tr class="attribute attr_typ">
<td class="caption">Typ</td>
<td class="value">Trubky</td>
</tr>
<tr class="attribute attr_bsshop_maker">
<td class="caption">Výrobce</td>
<td class="value">Vaillant</td>
</tr>
</tbody>
</table>
</div>
</div>
<div id="e18893272" class="tabs">

<p>Systém odkouření Pro kondenzační kotle: 466/4-5 a 656/4-5 ecoTEC plusSystém odkouření Ø 80/125 mmProdlužovací kus odkouření 0,5 m, Ø 80/125 mm       Průměr 80/125 mm Typ Trubky Výrobce Vaillant</p>

<!-- This site is optimized with the Yoast SEO plugin v26.8 - https://yoast.com/product/yoast-seo-wordpress/ -->
<title>Vaillant Prodluž. kus odkouření 0,5m, O80/125mm Cenový Hit -</title>
<meta name="robots" content="index, follow, max-snippet:-1, max-image-preview:large, max-video-preview:-1" />
<link rel="canonical" href="https://www.koupelnapro.com/index.php/produkt/vaillant-prodluz-kus-odkoureni-0-5m-o80-125mm-cenovy-hit-54895/" />
<meta property="og:locale" content="cs_CZ" />
<meta property="og:type" content="article" />
<meta property="og:title" content="Vaillant Prodluž. kus odkouření 0,5m, O80/125mm Cenový Hit -" />
<meta property="og:description" content="Systém odkouření Pro kondenzační kotle: 466/4-5 a 656/4-5 ecoTEC plusSystém odkouření Ø 80/125 mmProdlužovací kus odkouření 0,5 m, Ø 80/125 mm       Průměr 80/125 mm Typ Trubky Výrobce Vaillant" />
<meta property="og:url" content="https://www.koupelnapro.com/index.php/produkt/vaillant-prodluz-kus-odkoureni-0-5m-o80-125mm-cenovy-hit-54895/" />
<meta property="og:image" content="https://www.koupelnapro.com/wp-content/uploads/2026/SK0003775-CZ20260425-093449-0-1777080895-vaillant-prodluz-kus-odkoureni-0-5m-o80-125mm.webp" />
	<meta property="og:image:width" content="1000" />
	<meta property="og:image:height" content="525" />
	<meta property="og:image:type" content="image/webp" />
<meta name="twitter:card" content="summary_large_image" />
<script type="application/ld+json" class="yoast-schema-graph">{"@context":"https://schema.org","@graph":[{"@type":"WebPage","@id":"https://www.koupelnapro.com/index.php/produkt/vaillant-prodluz-kus-odkoureni-0-5m-o80-125mm-cenovy-hit-54895/","url":"https://www.koupelnapro.com/index.php/produkt/vaillant-prodluz-kus-odkoureni-0-5m-o80-125mm-cenovy-hit-54895/","name":"Vaillant Prodluž. kus odkouření 0,5m, O80/125mm Cenový Hit -","isPartOf":{"@id":"https://www.koupelnapro.com/#website"},"primaryImageOfPage":{"@id":"https://www.koupelnapro.com/index.php/produkt/vaillant-prodluz-kus-odkoureni-0-5m-o80-125mm-cenovy-hit-54895/#primaryimage"},"image":{"@id":"https://www.koupelnapro.com/index.php/produkt/vaillant-prodluz-kus-odkoureni-0-5m-o80-125mm-cenovy-hit-54895/#primaryimage"},"thumbnailUrl":"https://www.koupelnapro.com/wp-content/uploads/2026/SK0003775-CZ20260425-093449-0-1777080895-vaillant-prodluz-kus-odkoureni-0-5m-o80-125mm.webp","datePublished":"2026-04-26T09:17:07+00:00","breadcrumb":{"@id":"https://www.koupelnapro.com/index.php/produkt/vaillant-prodluz-kus-odkoureni-0-5m-o80-125mm-cenovy-hit-54895/#breadcrumb"},"inLanguage":"cs","potentialAction":[{"@type":"ReadAction","target":["https://www.koupelnapro.com/index.php/produkt/vaillant-prodluz-kus-odkoureni-0-5m-o80-125mm-cenovy-hit-54895/"]}]},{"@type":"ImageObject","inLanguage":"cs","@id":"https://www.koupelnapro.com/index.php/produkt/vaillant-prodluz-kus-odkoureni-0-5m-o80-125mm-cenovy-hit-54895/#primaryimage","url":"https://www.koupelnapro.com/wp-content/uploads/2026/SK0003775-CZ20260425-093449-0-1777080895-vaillant-prodluz-kus-odkoureni-0-5m-o80-125mm.webp","contentUrl":"https://www.koupelnapro.com/wp-content/uploads/2026/SK0003775-CZ20260425-093449-0-1777080895-vaillant-prodluz-kus-odkoureni-0-5m-o80-125mm.webp","width":1000,"height":525},{"@type":"BreadcrumbList","@id":"https://www.koupelnapro.com/index.php/produkt/vaillant-prodluz-kus-odkoureni-0-5m-o80-125mm-cenovy-hit-54895/#breadcrumb","itemListElement":[{"@type":"ListItem","position":1,"name":"Home","item":"https://www.koupelnapro.com/"},{"@type":"ListItem","position":2,"name":"Products","item":"https://www.koupelnapro.com/index.php/products/"},{"@type":"ListItem","position":3,"name":"Vaillant Prodluž. kus odkouření 0,5m, O80/125mm Cenový Hit"}]},{"@type":"WebSite","@id":"https://www.koupelnapro.com/#website","url":"https://www.koupelnapro.com/","name":"","description":"","potentialAction":[{"@type":"SearchAction","target":{"@type":"EntryPoint","urlTemplate":"https://www.koupelnapro.com/?s={search_term_string}"},"query-input":{"@type":"PropertyValueSpecification","valueRequired":true,"valueName":"search_term_string"}}],"inLanguage":"cs"}]}</script>
<!-- / Yoast SEO plugin. -->

Vaillant Prodluž. kus odkouření 0,5m, O80/125mm Cenový Hit -

Systém odkouření Pro kondenzační kotle: 466/4-5 a 656/4-5 ecoTEC plusSystém odkouření Ø 80/125 mmProdlužovací kus odkouření 0,5 m, Ø 80/125 mm       Průměr 80/125 mm Typ Trubky Výrobce Vaillant
