{"id":54525,"date":"2026-04-26T09:17:05","date_gmt":"2026-04-26T09:17:05","guid":{"rendered":""},"modified":"2026-04-26T09:17:05","modified_gmt":"2026-04-26T09:17:05","slug":"bosch-az-378-odkoureni-svisle-1350-mm-cerne-ihned-k-objednani-54525","status":"publish","type":"product","link":"https:\/\/www.koupelnapro.com\/index.php\/produkt\/bosch-az-378-odkoureni-svisle-1350-mm-cerne-ihned-k-objednani-54525\/","title":{"rendered":"Bosch AZ 378 &#8211; Odkou\u0159en\u00ed svisl\u00e9 1350 mm, \u010dern\u00e9 Ihned K Objedn\u00e1n\u00ed"},"content":{"rendered":"<div id=\"e7405785\" class=\"pages\">\n<div>\n<div id=\"PDDescription\" class=\"UserContentView userContent v1a v1 bs-view dcon dc159 PDDescription\" ><dc-con><dc-con><bs-empty><\/bs-empty><\/dc-con><dc-con>        <\/p>\n<div class=\"customDescription\">                    <\/div>\n<p><\/dc-con><dc-con><\/p>\n<p><strong>D\u011blen\u00e9 odkou\u0159en\u00ed AZ \u202680\/80<\/strong><\/p>\n<p><strong><span style=\"color: #ff0000; font-weight: bold;\"><span style=\"color: #000000; text-transform: none; text-indent: 0px; letter-spacing: normal; font-family: Arial, Verdana, Tahoma; font-size: 14px; font-style: normal; word-spacing: 0px; float: none; display: inline !important; white-space: normal; orphans: 2; widows: 2; background-color: #ffffff; font-variant-ligatures: normal; font-variant-caps: normal; -webkit-text-stroke-width: 0px; text-decoration-style: initial; text-decoration-color: initial;\"><span style=\"color: #ff0000; text-transform: none; text-indent: 0px; letter-spacing: normal; font-family: Arial, Verdana, Tahoma; font-size: 14px; font-style: normal; font-weight: normal; word-spacing: 0px; float: none; display: inline !important; white-space: normal; orphans: 2; widows: 2; background-color: #ffffff; font-variant-ligatures: normal; font-variant-caps: normal; -webkit-text-stroke-width: 0px; text-decoration-style: initial; text-decoration-color: initial;\"><span style=\"color: #ff0000;\"><span style=\"color: #ff0000;\">Cena platn\u00e1 do vyprod\u00e1n\u00ed skladov\u00fdch z\u00e1sob!<\/span><\/span><\/span><\/span><\/span><\/strong><\/p>\n<p><strong>Pro kotle \u0159ady<\/strong>: Ceraclass, Ceraclass Excellence, Ceraclass Acu, Ceraclass Acu Comfort<\/p>\n<p><strong>AZ 378<\/strong> &#8211; Odkou\u0159en\u00ed svisl\u00e9 1350 mm, \u010dern\u00e9<\/p>\n<p>\u00a0<\/p>\n<p><\/dc-con><\/dc-con><\/div>\n<\/p><\/div>\n<div id=\"PDTable3\" class=\"ProductDetailTableView v3a v3 bs-view dcon dc180 PDTable3\" >\n<table>\n<thead><\/thead>\n<tbody>\n<tr class=\"attribute attr_prumer\">\n<td class=\"caption\">Pr\u016fm\u011br<\/td>\n<td class=\"value\">80 mm<\/td>\n<\/tr>\n<tr class=\"attribute attr_typ\">\n<td class=\"caption\">Typ<\/td>\n<td class=\"value\">Sady odkou\u0159en\u00ed<\/td>\n<\/tr>\n<tr class=\"attribute attr_bsshop_maker\">\n<td class=\"caption\">V\u00fdrobce<\/td>\n<td class=\"value\">Bosch<\/td>\n<\/tr>\n<\/tbody>\n<\/table>\n<\/div>\n<div id=\"ProductMedia\" class=\"ProductMediaView MediaViewBase v1a v1 bs-view dcon dc404 ProductMedia\" ><bs-empty><\/bs-empty><\/p>\n<div class=\"files\">\n<div class=\"title sub\">Soubory<\/div>\n<p><a href=\"\/media\/2714\/navod-k-montazi-az-odkoureni-svisle.pdf?&amp;key=ZGpmIyQwNUZfMjcxNA==\" class=\"pdf\">N&#225;vod k mont&#225;\u017ei AZ Odkou\u0159en&#237; svisl&#233;<\/a><\/div>\n<p><bs-empty><\/bs-empty><\/div>\n<div id=\"PdProductGpsr\" class=\"ProductGpsrView v1a v1 bs-view dcon dc212 PdProductGpsr\" >\n<div class=\"subject\"><dc-root class=\"dcon dc214\"><span class=\"title\">Zodpov\u011bdn&#253; subjekt:<\/span><dc-con><dc-con><span class=\"company\">Bosch Termotechnika s.r.o.<\/span><span class=\"name\">Bosch<\/span><\/dc-con><dc-con><span class=\"street\">Pr\u016fmyslov&#225; 372\/1<\/span><span class=\"city\">Praha 10 &#8211; \u0160t\u011brboholy<\/span><span class=\"zip\">108 00<\/span><span class=\"country\">\u010cesko<\/span><\/dc-con><span class=\"email\">vytapeni@cz.bosch.com<\/span><span class=\"phone\">840 111 190<\/span><bs-empty><\/bs-empty><a href=\"https:\/\/www.bosch-homecomfort.com\/cz\/cs\/rodinne-domy-a-byty\/zakaznicka-podpora\/kontaktujte-nas\/\" class=\"link\" target=\"_blank\">https:\/\/www.bosch-homecomfort.com\/cz\/cs\/rodinne-domy-a-byty\/zakaznicka-podpora\/kontaktujte-nas\/<\/a><\/dc-con><bs-empty><\/bs-empty><\/dc-root><\/div>\n<p><bs-empty><\/bs-empty><\/div>\n<\/div>\n<div id=\"e7405786\" class=\"tabs\">\n","protected":false},"excerpt":{"rendered":"<p>D\u011blen\u00e9 odkou\u0159en\u00ed AZ \u202680\/80 Cena platn\u00e1 do vyprod\u00e1n\u00ed skladov\u00fdch z\u00e1sob! Pro kotle \u0159ady: Ceraclass, Ceraclass Excellence, Ceraclass Acu, Ceraclass Acu Comfort AZ 378 &#8211; Odkou\u0159en\u00ed svisl\u00e9 1350 mm, \u010dern\u00e9 \u00a0 Pr\u016fm\u011br 80 mm Typ Sady odkou\u0159en\u00ed V\u00fdrobce Bosch Soubory N&#225;vod k mont&#225;\u017ei AZ Odkou\u0159en&#237; svisl&#233; Zodpov\u011bdn&#253; subjekt:Bosch Termotechnika s.r.o.BoschPr\u016fmyslov&#225; 372\/1Praha 10 &#8211; \u0160t\u011brboholy108 00\u010ceskovytapeni@cz.bosch.com840 111 [&hellip;]<\/p>\n","protected":false},"featured_media":54625,"comment_status":"open","ping_status":"open","template":"","meta":[],"product_brand":[],"product_cat":[166],"product_tag":[],"class_list":{"0":"post-54525","1":"product","2":"type-product","3":"status-publish","4":"has-post-thumbnail","6":"product_cat-kotle","8":"first","9":"instock","10":"sale","11":"shipping-taxable","12":"purchasable","13":"product-type-simple"},"yoast_head":"<!-- This site is optimized with the Yoast SEO plugin v26.8 - https:\/\/yoast.com\/product\/yoast-seo-wordpress\/ -->\n<title>Bosch AZ 378 - Odkou\u0159en\u00ed svisl\u00e9 1350 mm, \u010dern\u00e9 Ihned K Objedn\u00e1n\u00ed -<\/title>\n<meta name=\"robots\" content=\"index, follow, max-snippet:-1, max-image-preview:large, max-video-preview:-1\" \/>\n<link rel=\"canonical\" href=\"https:\/\/www.koupelnapro.com\/index.php\/produkt\/bosch-az-378-odkoureni-svisle-1350-mm-cerne-ihned-k-objednani-54525\/\" \/>\n<meta property=\"og:locale\" content=\"cs_CZ\" \/>\n<meta property=\"og:type\" content=\"article\" \/>\n<meta property=\"og:title\" content=\"Bosch AZ 378 - Odkou\u0159en\u00ed svisl\u00e9 1350 mm, \u010dern\u00e9 Ihned K Objedn\u00e1n\u00ed -\" \/>\n<meta property=\"og:description\" content=\"D\u011blen\u00e9 odkou\u0159en\u00ed AZ \u202680\/80 Cena platn\u00e1 do vyprod\u00e1n\u00ed skladov\u00fdch z\u00e1sob! Pro kotle \u0159ady: Ceraclass, Ceraclass Excellence, Ceraclass Acu, Ceraclass Acu Comfort AZ 378 &#8211; Odkou\u0159en\u00ed svisl\u00e9 1350 mm, \u010dern\u00e9 \u00a0 Pr\u016fm\u011br 80 mm Typ Sady odkou\u0159en\u00ed V\u00fdrobce Bosch Soubory N&#225;vod k mont&#225;\u017ei AZ Odkou\u0159en&#237; svisl&#233; Zodpov\u011bdn&#253; subjekt:Bosch Termotechnika s.r.o.BoschPr\u016fmyslov&#225; 372\/1Praha 10 &#8211; \u0160t\u011brboholy108 00\u010ceskovytapeni@cz.bosch.com840 111 [&hellip;]\" \/>\n<meta property=\"og:url\" content=\"https:\/\/www.koupelnapro.com\/index.php\/produkt\/bosch-az-378-odkoureni-svisle-1350-mm-cerne-ihned-k-objednani-54525\/\" \/>\n<meta property=\"og:image\" content=\"https:\/\/www.koupelnapro.com\/wp-content\/uploads\/2026\/SK0003582-CZ20260425-093449-0-1777080895-bosch-az-378-odkoureni-svisle-1350-mm-cerne.webp\" \/>\n\t<meta property=\"og:image:width\" content=\"1000\" \/>\n\t<meta property=\"og:image:height\" content=\"525\" \/>\n\t<meta property=\"og:image:type\" content=\"image\/webp\" \/>\n<meta name=\"twitter:card\" content=\"summary_large_image\" \/>\n<script type=\"application\/ld+json\" class=\"yoast-schema-graph\">{\"@context\":\"https:\/\/schema.org\",\"@graph\":[{\"@type\":\"WebPage\",\"@id\":\"https:\/\/www.koupelnapro.com\/index.php\/produkt\/bosch-az-378-odkoureni-svisle-1350-mm-cerne-ihned-k-objednani-54525\/\",\"url\":\"https:\/\/www.koupelnapro.com\/index.php\/produkt\/bosch-az-378-odkoureni-svisle-1350-mm-cerne-ihned-k-objednani-54525\/\",\"name\":\"Bosch AZ 378 - Odkou\u0159en\u00ed svisl\u00e9 1350 mm, \u010dern\u00e9 Ihned K Objedn\u00e1n\u00ed -\",\"isPartOf\":{\"@id\":\"https:\/\/www.koupelnapro.com\/#website\"},\"primaryImageOfPage\":{\"@id\":\"https:\/\/www.koupelnapro.com\/index.php\/produkt\/bosch-az-378-odkoureni-svisle-1350-mm-cerne-ihned-k-objednani-54525\/#primaryimage\"},\"image\":{\"@id\":\"https:\/\/www.koupelnapro.com\/index.php\/produkt\/bosch-az-378-odkoureni-svisle-1350-mm-cerne-ihned-k-objednani-54525\/#primaryimage\"},\"thumbnailUrl\":\"https:\/\/www.koupelnapro.com\/wp-content\/uploads\/2026\/SK0003582-CZ20260425-093449-0-1777080895-bosch-az-378-odkoureni-svisle-1350-mm-cerne.webp\",\"datePublished\":\"2026-04-26T09:17:05+00:00\",\"breadcrumb\":{\"@id\":\"https:\/\/www.koupelnapro.com\/index.php\/produkt\/bosch-az-378-odkoureni-svisle-1350-mm-cerne-ihned-k-objednani-54525\/#breadcrumb\"},\"inLanguage\":\"cs\",\"potentialAction\":[{\"@type\":\"ReadAction\",\"target\":[\"https:\/\/www.koupelnapro.com\/index.php\/produkt\/bosch-az-378-odkoureni-svisle-1350-mm-cerne-ihned-k-objednani-54525\/\"]}]},{\"@type\":\"ImageObject\",\"inLanguage\":\"cs\",\"@id\":\"https:\/\/www.koupelnapro.com\/index.php\/produkt\/bosch-az-378-odkoureni-svisle-1350-mm-cerne-ihned-k-objednani-54525\/#primaryimage\",\"url\":\"https:\/\/www.koupelnapro.com\/wp-content\/uploads\/2026\/SK0003582-CZ20260425-093449-0-1777080895-bosch-az-378-odkoureni-svisle-1350-mm-cerne.webp\",\"contentUrl\":\"https:\/\/www.koupelnapro.com\/wp-content\/uploads\/2026\/SK0003582-CZ20260425-093449-0-1777080895-bosch-az-378-odkoureni-svisle-1350-mm-cerne.webp\",\"width\":1000,\"height\":525},{\"@type\":\"BreadcrumbList\",\"@id\":\"https:\/\/www.koupelnapro.com\/index.php\/produkt\/bosch-az-378-odkoureni-svisle-1350-mm-cerne-ihned-k-objednani-54525\/#breadcrumb\",\"itemListElement\":[{\"@type\":\"ListItem\",\"position\":1,\"name\":\"Home\",\"item\":\"https:\/\/www.koupelnapro.com\/\"},{\"@type\":\"ListItem\",\"position\":2,\"name\":\"Products\",\"item\":\"https:\/\/www.koupelnapro.com\/index.php\/products\/\"},{\"@type\":\"ListItem\",\"position\":3,\"name\":\"Bosch AZ 378 &#8211; Odkou\u0159en\u00ed svisl\u00e9 1350 mm, \u010dern\u00e9 Ihned K Objedn\u00e1n\u00ed\"}]},{\"@type\":\"WebSite\",\"@id\":\"https:\/\/www.koupelnapro.com\/#website\",\"url\":\"https:\/\/www.koupelnapro.com\/\",\"name\":\"\",\"description\":\"\",\"potentialAction\":[{\"@type\":\"SearchAction\",\"target\":{\"@type\":\"EntryPoint\",\"urlTemplate\":\"https:\/\/www.koupelnapro.com\/?s={search_term_string}\"},\"query-input\":{\"@type\":\"PropertyValueSpecification\",\"valueRequired\":true,\"valueName\":\"search_term_string\"}}],\"inLanguage\":\"cs\"}]}<\/script>\n<!-- \/ Yoast SEO plugin. -->","yoast_head_json":{"title":"Bosch AZ 378 - Odkou\u0159en\u00ed svisl\u00e9 1350 mm, \u010dern\u00e9 Ihned K Objedn\u00e1n\u00ed -","robots":{"index":"index","follow":"follow","max-snippet":"max-snippet:-1","max-image-preview":"max-image-preview:large","max-video-preview":"max-video-preview:-1"},"canonical":"https:\/\/www.koupelnapro.com\/index.php\/produkt\/bosch-az-378-odkoureni-svisle-1350-mm-cerne-ihned-k-objednani-54525\/","og_locale":"cs_CZ","og_type":"article","og_title":"Bosch AZ 378 - Odkou\u0159en\u00ed svisl\u00e9 1350 mm, \u010dern\u00e9 Ihned K Objedn\u00e1n\u00ed -","og_description":"D\u011blen\u00e9 odkou\u0159en\u00ed AZ \u202680\/80 Cena platn\u00e1 do vyprod\u00e1n\u00ed skladov\u00fdch z\u00e1sob! Pro kotle \u0159ady: Ceraclass, Ceraclass Excellence, Ceraclass Acu, Ceraclass Acu Comfort AZ 378 &#8211; Odkou\u0159en\u00ed svisl\u00e9 1350 mm, \u010dern\u00e9 \u00a0 Pr\u016fm\u011br 80 mm Typ Sady odkou\u0159en\u00ed V\u00fdrobce Bosch Soubory N&#225;vod k mont&#225;\u017ei AZ Odkou\u0159en&#237; svisl&#233; Zodpov\u011bdn&#253; subjekt:Bosch Termotechnika s.r.o.BoschPr\u016fmyslov&#225; 372\/1Praha 10 &#8211; \u0160t\u011brboholy108 00\u010ceskovytapeni@cz.bosch.com840 111 [&hellip;]","og_url":"https:\/\/www.koupelnapro.com\/index.php\/produkt\/bosch-az-378-odkoureni-svisle-1350-mm-cerne-ihned-k-objednani-54525\/","og_image":[{"width":1000,"height":525,"url":"https:\/\/www.koupelnapro.com\/wp-content\/uploads\/2026\/SK0003582-CZ20260425-093449-0-1777080895-bosch-az-378-odkoureni-svisle-1350-mm-cerne.webp","type":"image\/webp"}],"twitter_card":"summary_large_image","schema":{"@context":"https:\/\/schema.org","@graph":[{"@type":"WebPage","@id":"https:\/\/www.koupelnapro.com\/index.php\/produkt\/bosch-az-378-odkoureni-svisle-1350-mm-cerne-ihned-k-objednani-54525\/","url":"https:\/\/www.koupelnapro.com\/index.php\/produkt\/bosch-az-378-odkoureni-svisle-1350-mm-cerne-ihned-k-objednani-54525\/","name":"Bosch AZ 378 - Odkou\u0159en\u00ed svisl\u00e9 1350 mm, \u010dern\u00e9 Ihned K Objedn\u00e1n\u00ed -","isPartOf":{"@id":"https:\/\/www.koupelnapro.com\/#website"},"primaryImageOfPage":{"@id":"https:\/\/www.koupelnapro.com\/index.php\/produkt\/bosch-az-378-odkoureni-svisle-1350-mm-cerne-ihned-k-objednani-54525\/#primaryimage"},"image":{"@id":"https:\/\/www.koupelnapro.com\/index.php\/produkt\/bosch-az-378-odkoureni-svisle-1350-mm-cerne-ihned-k-objednani-54525\/#primaryimage"},"thumbnailUrl":"https:\/\/www.koupelnapro.com\/wp-content\/uploads\/2026\/SK0003582-CZ20260425-093449-0-1777080895-bosch-az-378-odkoureni-svisle-1350-mm-cerne.webp","datePublished":"2026-04-26T09:17:05+00:00","breadcrumb":{"@id":"https:\/\/www.koupelnapro.com\/index.php\/produkt\/bosch-az-378-odkoureni-svisle-1350-mm-cerne-ihned-k-objednani-54525\/#breadcrumb"},"inLanguage":"cs","potentialAction":[{"@type":"ReadAction","target":["https:\/\/www.koupelnapro.com\/index.php\/produkt\/bosch-az-378-odkoureni-svisle-1350-mm-cerne-ihned-k-objednani-54525\/"]}]},{"@type":"ImageObject","inLanguage":"cs","@id":"https:\/\/www.koupelnapro.com\/index.php\/produkt\/bosch-az-378-odkoureni-svisle-1350-mm-cerne-ihned-k-objednani-54525\/#primaryimage","url":"https:\/\/www.koupelnapro.com\/wp-content\/uploads\/2026\/SK0003582-CZ20260425-093449-0-1777080895-bosch-az-378-odkoureni-svisle-1350-mm-cerne.webp","contentUrl":"https:\/\/www.koupelnapro.com\/wp-content\/uploads\/2026\/SK0003582-CZ20260425-093449-0-1777080895-bosch-az-378-odkoureni-svisle-1350-mm-cerne.webp","width":1000,"height":525},{"@type":"BreadcrumbList","@id":"https:\/\/www.koupelnapro.com\/index.php\/produkt\/bosch-az-378-odkoureni-svisle-1350-mm-cerne-ihned-k-objednani-54525\/#breadcrumb","itemListElement":[{"@type":"ListItem","position":1,"name":"Home","item":"https:\/\/www.koupelnapro.com\/"},{"@type":"ListItem","position":2,"name":"Products","item":"https:\/\/www.koupelnapro.com\/index.php\/products\/"},{"@type":"ListItem","position":3,"name":"Bosch AZ 378 &#8211; Odkou\u0159en\u00ed svisl\u00e9 1350 mm, \u010dern\u00e9 Ihned K Objedn\u00e1n\u00ed"}]},{"@type":"WebSite","@id":"https:\/\/www.koupelnapro.com\/#website","url":"https:\/\/www.koupelnapro.com\/","name":"","description":"","potentialAction":[{"@type":"SearchAction","target":{"@type":"EntryPoint","urlTemplate":"https:\/\/www.koupelnapro.com\/?s={search_term_string}"},"query-input":{"@type":"PropertyValueSpecification","valueRequired":true,"valueName":"search_term_string"}}],"inLanguage":"cs"}]}},"_links":{"self":[{"href":"https:\/\/www.koupelnapro.com\/index.php\/wp-json\/wp\/v2\/product\/54525","targetHints":{"allow":["GET"]}}],"collection":[{"href":"https:\/\/www.koupelnapro.com\/index.php\/wp-json\/wp\/v2\/product"}],"about":[{"href":"https:\/\/www.koupelnapro.com\/index.php\/wp-json\/wp\/v2\/types\/product"}],"replies":[{"embeddable":true,"href":"https:\/\/www.koupelnapro.com\/index.php\/wp-json\/wp\/v2\/comments?post=54525"}],"wp:featuredmedia":[{"embeddable":true,"href":"https:\/\/www.koupelnapro.com\/index.php\/wp-json\/wp\/v2\/media\/54625"}],"wp:attachment":[{"href":"https:\/\/www.koupelnapro.com\/index.php\/wp-json\/wp\/v2\/media?parent=54525"}],"wp:term":[{"taxonomy":"product_brand","embeddable":true,"href":"https:\/\/www.koupelnapro.com\/index.php\/wp-json\/wp\/v2\/product_brand?post=54525"},{"taxonomy":"product_cat","embeddable":true,"href":"https:\/\/www.koupelnapro.com\/index.php\/wp-json\/wp\/v2\/product_cat?post=54525"},{"taxonomy":"product_tag","embeddable":true,"href":"https:\/\/www.koupelnapro.com\/index.php\/wp-json\/wp\/v2\/product_tag?post=54525"}],"curies":[{"name":"wp","href":"https:\/\/api.w.org\/{rel}","templated":true}]}}