{"id":5367,"date":"2026-04-26T09:13:09","date_gmt":"2026-04-26T09:13:09","guid":{"rendered":""},"modified":"2026-04-26T09:13:09","modified_gmt":"2026-04-26T09:13:09","slug":"1barva-pripojka-pro-led-pasek-s-kabelem-pro-10mm-sirku-pasku-vysoce-kvalitni-5367","status":"publish","type":"product","link":"https:\/\/www.koupelnapro.com\/index.php\/produkt\/1barva-pripojka-pro-led-pasek-s-kabelem-pro-10mm-sirku-pasku-vysoce-kvalitni-5367\/","title":{"rendered":"1barva p\u0159\u00edpojka pro LED p\u00e1sek s kabelem pro 10mm \u0161\u00ed\u0159ku p\u00e1sku Vysoce Kvalitn\u00ed"},"content":{"rendered":"<div id=\"e9243504\" class=\"pages\">\n<div id=\"PDDescription\" class=\"UserContentView userContent v1a v1 bs-view dcon dc150 PDDescription\" >\n<p>P\u0159\u00edpojka s\u00a0konektorem a\u00a0kabelem pro LED jednobarevn\u00fd p\u00e1sek &#8211; 8\u00a0a 10\u00a0mm dle varianty<\/p>\n<p>D\u00e9lka p\u0159\u00edpojky v\u010detn\u011b kabelu je 15-17cm.<\/p>\n<p>\u00a0<\/p>\n<table dir=\"ltr\" border=\"1\" frame=\"border\" rules=\"all\" align=\"center\">\n<tbody>\n<tr>\n<td colspan=\"3\">P\u0159ehled pou\u017eit\u00ed p\u0159\u00edpojek pro profily<\/td>\n<\/tr>\n<tr>\n<td>\u00a0<\/td>\n<td>P\u0159\u00edpojka 8mm<\/td>\n<td>P\u0159\u00edpojka 10mm<\/td>\n<\/tr>\n<tr>\n<td>K<\/td>\n<td>ANO<\/td>\n<td>NE<\/td>\n<\/tr>\n<tr>\n<td>\n<p>Mikro<\/p>\n<\/td>\n<td>NE<\/td>\n<td>NE<\/td>\n<\/tr>\n<tr>\n<td>Mikro 2<\/td>\n<td>NE<\/td>\n<td>NE<\/td>\n<\/tr>\n<tr>\n<td>N2<\/td>\n<td>ANO<\/td>\n<td>NE<\/td>\n<\/tr>\n<tr>\n<td>N3<\/td>\n<td>ANO<\/td>\n<td>NE<\/td>\n<\/tr>\n<tr>\n<td>N4<\/td>\n<td>ANO<\/td>\n<td>NE<\/td>\n<\/tr>\n<tr>\n<td>N5<\/td>\n<td>ANO<\/td>\n<td>NE<\/td>\n<\/tr>\n<tr>\n<td>N6B<\/td>\n<td>ANO<\/td>\n<td>NE<\/td>\n<\/tr>\n<tr>\n<td>N7<\/td>\n<td>NE<\/td>\n<td>NE<\/td>\n<\/tr>\n<tr>\n<td>N8<\/td>\n<td>ANO<\/td>\n<td>NE<\/td>\n<\/tr>\n<tr>\n<td>Pochoz\u00ed HR<\/td>\n<td>NE<\/td>\n<td>NE<\/td>\n<\/tr>\n<tr>\n<td>R1<\/td>\n<td>NE<\/td>\n<td>NE<\/td>\n<\/tr>\n<tr>\n<td>R4<\/td>\n<td>ANO<\/td>\n<td>ANO<\/td>\n<\/tr>\n<tr>\n<td>S<\/td>\n<td>NE<\/td>\n<td>NE<\/td>\n<\/tr>\n<tr>\n<td>TRIANGEL<\/td>\n<td>ANO<\/td>\n<td>NE<\/td>\n<\/tr>\n<tr>\n<td>TUBE<\/td>\n<td>NE<\/td>\n<td>NE<\/td>\n<\/tr>\n<tr>\n<td>V3B<\/td>\n<td>ANO<\/td>\n<td>NE<\/td>\n<\/tr>\n<tr>\n<td>V4 mini<\/td>\n<td>NE<\/td>\n<td>NE<\/td>\n<\/tr>\n<tr>\n<td>V5<\/td>\n<td>ANO<\/td>\n<td>NE<\/td>\n<\/tr>\n<\/tbody>\n<\/table>\n<div id=\"PDTable3\" class=\"ProductDetailTableView v3a v3 bs-view dcon dc175 PDTable3\" >\n<table>\n<thead><\/thead>\n<tbody>\n<tr class=\"attribute attr_bsshop_maker\">\n<td class=\"caption\">V\u00fdrobce<\/td>\n<td class=\"value\">T-LED s.r.o.<\/td>\n<\/tr>\n<\/tbody>\n<\/table><\/div>\n<\/div>\n<div id=\"ProductMedia\" class=\"ProductMediaView MediaViewBase v1a v1 bs-view dcon dc398 ProductMedia\" ><bs-empty><\/bs-empty><\/p>\n<div class=\"files\">\n<div class=\"title sub\">Soubory<\/div>\n<p>Prohl&#225;\u0161en&#237; o shod\u011b konektory<\/p><\/div>\n<p><bs-empty><\/bs-empty><\/div>\n<\/div>\n<div id=\"e9243505\" class=\"tabs\">\n","protected":false},"excerpt":{"rendered":"<p>P\u0159\u00edpojka s\u00a0konektorem a\u00a0kabelem pro LED jednobarevn\u00fd p\u00e1sek &#8211; 8\u00a0a 10\u00a0mm dle varianty D\u00e9lka p\u0159\u00edpojky v\u010detn\u011b kabelu je 15-17cm. \u00a0 P\u0159ehled pou\u017eit\u00ed p\u0159\u00edpojek pro profily \u00a0 P\u0159\u00edpojka 8mm P\u0159\u00edpojka 10mm K ANO NE Mikro NE NE Mikro 2 NE NE N2 ANO NE N3 ANO NE N4 ANO NE N5 ANO NE N6B ANO NE N7 [&hellip;]<\/p>\n","protected":false},"featured_media":5467,"comment_status":"open","ping_status":"open","template":"","meta":[],"product_brand":[],"product_cat":[37],"product_tag":[],"class_list":{"0":"post-5367","1":"product","2":"type-product","3":"status-publish","4":"has-post-thumbnail","6":"product_cat-sv-237-tidla-a-led","8":"first","9":"instock","10":"sale","11":"shipping-taxable","12":"purchasable","13":"product-type-simple"},"yoast_head":"<!-- This site is optimized with the Yoast SEO plugin v26.8 - https:\/\/yoast.com\/product\/yoast-seo-wordpress\/ -->\n<title>1barva p\u0159\u00edpojka pro LED p\u00e1sek s kabelem pro 10mm \u0161\u00ed\u0159ku p\u00e1sku Vysoce Kvalitn\u00ed -<\/title>\n<meta name=\"robots\" content=\"index, follow, max-snippet:-1, max-image-preview:large, max-video-preview:-1\" \/>\n<link rel=\"canonical\" href=\"https:\/\/www.koupelnapro.com\/index.php\/produkt\/1barva-pripojka-pro-led-pasek-s-kabelem-pro-10mm-sirku-pasku-vysoce-kvalitni-5367\/\" \/>\n<meta property=\"og:locale\" content=\"cs_CZ\" \/>\n<meta property=\"og:type\" content=\"article\" \/>\n<meta property=\"og:title\" content=\"1barva p\u0159\u00edpojka pro LED p\u00e1sek s kabelem pro 10mm \u0161\u00ed\u0159ku p\u00e1sku Vysoce Kvalitn\u00ed -\" \/>\n<meta property=\"og:description\" content=\"P\u0159\u00edpojka s\u00a0konektorem a\u00a0kabelem pro LED jednobarevn\u00fd p\u00e1sek &#8211; 8\u00a0a 10\u00a0mm dle varianty D\u00e9lka p\u0159\u00edpojky v\u010detn\u011b kabelu je 15-17cm. \u00a0 P\u0159ehled pou\u017eit\u00ed p\u0159\u00edpojek pro profily \u00a0 P\u0159\u00edpojka 8mm P\u0159\u00edpojka 10mm K ANO NE Mikro NE NE Mikro 2 NE NE N2 ANO NE N3 ANO NE N4 ANO NE N5 ANO NE N6B ANO NE N7 [&hellip;]\" \/>\n<meta property=\"og:url\" content=\"https:\/\/www.koupelnapro.com\/index.php\/produkt\/1barva-pripojka-pro-led-pasek-s-kabelem-pro-10mm-sirku-pasku-vysoce-kvalitni-5367\/\" \/>\n<meta property=\"og:image\" content=\"https:\/\/www.koupelnapro.com\/wp-content\/uploads\/2026\/SK0003941-CZ20260425-091623-0-1777079785-1barva-pripojka-pro-led-pasek-s-kabelem-pro-10mm-sirku-pask.webp\" \/>\n\t<meta property=\"og:image:width\" content=\"1000\" \/>\n\t<meta property=\"og:image:height\" content=\"525\" \/>\n\t<meta property=\"og:image:type\" content=\"image\/webp\" \/>\n<meta name=\"twitter:card\" content=\"summary_large_image\" \/>\n<script type=\"application\/ld+json\" class=\"yoast-schema-graph\">{\"@context\":\"https:\/\/schema.org\",\"@graph\":[{\"@type\":\"WebPage\",\"@id\":\"https:\/\/www.koupelnapro.com\/index.php\/produkt\/1barva-pripojka-pro-led-pasek-s-kabelem-pro-10mm-sirku-pasku-vysoce-kvalitni-5367\/\",\"url\":\"https:\/\/www.koupelnapro.com\/index.php\/produkt\/1barva-pripojka-pro-led-pasek-s-kabelem-pro-10mm-sirku-pasku-vysoce-kvalitni-5367\/\",\"name\":\"1barva p\u0159\u00edpojka pro LED p\u00e1sek s kabelem pro 10mm \u0161\u00ed\u0159ku p\u00e1sku Vysoce Kvalitn\u00ed -\",\"isPartOf\":{\"@id\":\"https:\/\/www.koupelnapro.com\/#website\"},\"primaryImageOfPage\":{\"@id\":\"https:\/\/www.koupelnapro.com\/index.php\/produkt\/1barva-pripojka-pro-led-pasek-s-kabelem-pro-10mm-sirku-pasku-vysoce-kvalitni-5367\/#primaryimage\"},\"image\":{\"@id\":\"https:\/\/www.koupelnapro.com\/index.php\/produkt\/1barva-pripojka-pro-led-pasek-s-kabelem-pro-10mm-sirku-pasku-vysoce-kvalitni-5367\/#primaryimage\"},\"thumbnailUrl\":\"https:\/\/www.koupelnapro.com\/wp-content\/uploads\/2026\/SK0003941-CZ20260425-091623-0-1777079785-1barva-pripojka-pro-led-pasek-s-kabelem-pro-10mm-sirku-pask.webp\",\"datePublished\":\"2026-04-26T09:13:09+00:00\",\"breadcrumb\":{\"@id\":\"https:\/\/www.koupelnapro.com\/index.php\/produkt\/1barva-pripojka-pro-led-pasek-s-kabelem-pro-10mm-sirku-pasku-vysoce-kvalitni-5367\/#breadcrumb\"},\"inLanguage\":\"cs\",\"potentialAction\":[{\"@type\":\"ReadAction\",\"target\":[\"https:\/\/www.koupelnapro.com\/index.php\/produkt\/1barva-pripojka-pro-led-pasek-s-kabelem-pro-10mm-sirku-pasku-vysoce-kvalitni-5367\/\"]}]},{\"@type\":\"ImageObject\",\"inLanguage\":\"cs\",\"@id\":\"https:\/\/www.koupelnapro.com\/index.php\/produkt\/1barva-pripojka-pro-led-pasek-s-kabelem-pro-10mm-sirku-pasku-vysoce-kvalitni-5367\/#primaryimage\",\"url\":\"https:\/\/www.koupelnapro.com\/wp-content\/uploads\/2026\/SK0003941-CZ20260425-091623-0-1777079785-1barva-pripojka-pro-led-pasek-s-kabelem-pro-10mm-sirku-pask.webp\",\"contentUrl\":\"https:\/\/www.koupelnapro.com\/wp-content\/uploads\/2026\/SK0003941-CZ20260425-091623-0-1777079785-1barva-pripojka-pro-led-pasek-s-kabelem-pro-10mm-sirku-pask.webp\",\"width\":1000,\"height\":525},{\"@type\":\"BreadcrumbList\",\"@id\":\"https:\/\/www.koupelnapro.com\/index.php\/produkt\/1barva-pripojka-pro-led-pasek-s-kabelem-pro-10mm-sirku-pasku-vysoce-kvalitni-5367\/#breadcrumb\",\"itemListElement\":[{\"@type\":\"ListItem\",\"position\":1,\"name\":\"Home\",\"item\":\"https:\/\/www.koupelnapro.com\/\"},{\"@type\":\"ListItem\",\"position\":2,\"name\":\"Products\",\"item\":\"https:\/\/www.koupelnapro.com\/index.php\/products\/\"},{\"@type\":\"ListItem\",\"position\":3,\"name\":\"1barva p\u0159\u00edpojka pro LED p\u00e1sek s kabelem pro 10mm \u0161\u00ed\u0159ku p\u00e1sku Vysoce Kvalitn\u00ed\"}]},{\"@type\":\"WebSite\",\"@id\":\"https:\/\/www.koupelnapro.com\/#website\",\"url\":\"https:\/\/www.koupelnapro.com\/\",\"name\":\"\",\"description\":\"\",\"potentialAction\":[{\"@type\":\"SearchAction\",\"target\":{\"@type\":\"EntryPoint\",\"urlTemplate\":\"https:\/\/www.koupelnapro.com\/?s={search_term_string}\"},\"query-input\":{\"@type\":\"PropertyValueSpecification\",\"valueRequired\":true,\"valueName\":\"search_term_string\"}}],\"inLanguage\":\"cs\"}]}<\/script>\n<!-- \/ Yoast SEO plugin. -->","yoast_head_json":{"title":"1barva p\u0159\u00edpojka pro LED p\u00e1sek s kabelem pro 10mm \u0161\u00ed\u0159ku p\u00e1sku Vysoce Kvalitn\u00ed -","robots":{"index":"index","follow":"follow","max-snippet":"max-snippet:-1","max-image-preview":"max-image-preview:large","max-video-preview":"max-video-preview:-1"},"canonical":"https:\/\/www.koupelnapro.com\/index.php\/produkt\/1barva-pripojka-pro-led-pasek-s-kabelem-pro-10mm-sirku-pasku-vysoce-kvalitni-5367\/","og_locale":"cs_CZ","og_type":"article","og_title":"1barva p\u0159\u00edpojka pro LED p\u00e1sek s kabelem pro 10mm \u0161\u00ed\u0159ku p\u00e1sku Vysoce Kvalitn\u00ed -","og_description":"P\u0159\u00edpojka s\u00a0konektorem a\u00a0kabelem pro LED jednobarevn\u00fd p\u00e1sek &#8211; 8\u00a0a 10\u00a0mm dle varianty D\u00e9lka p\u0159\u00edpojky v\u010detn\u011b kabelu je 15-17cm. \u00a0 P\u0159ehled pou\u017eit\u00ed p\u0159\u00edpojek pro profily \u00a0 P\u0159\u00edpojka 8mm P\u0159\u00edpojka 10mm K ANO NE Mikro NE NE Mikro 2 NE NE N2 ANO NE N3 ANO NE N4 ANO NE N5 ANO NE N6B ANO NE N7 [&hellip;]","og_url":"https:\/\/www.koupelnapro.com\/index.php\/produkt\/1barva-pripojka-pro-led-pasek-s-kabelem-pro-10mm-sirku-pasku-vysoce-kvalitni-5367\/","og_image":[{"width":1000,"height":525,"url":"https:\/\/www.koupelnapro.com\/wp-content\/uploads\/2026\/SK0003941-CZ20260425-091623-0-1777079785-1barva-pripojka-pro-led-pasek-s-kabelem-pro-10mm-sirku-pask.webp","type":"image\/webp"}],"twitter_card":"summary_large_image","schema":{"@context":"https:\/\/schema.org","@graph":[{"@type":"WebPage","@id":"https:\/\/www.koupelnapro.com\/index.php\/produkt\/1barva-pripojka-pro-led-pasek-s-kabelem-pro-10mm-sirku-pasku-vysoce-kvalitni-5367\/","url":"https:\/\/www.koupelnapro.com\/index.php\/produkt\/1barva-pripojka-pro-led-pasek-s-kabelem-pro-10mm-sirku-pasku-vysoce-kvalitni-5367\/","name":"1barva p\u0159\u00edpojka pro LED p\u00e1sek s kabelem pro 10mm \u0161\u00ed\u0159ku p\u00e1sku Vysoce Kvalitn\u00ed -","isPartOf":{"@id":"https:\/\/www.koupelnapro.com\/#website"},"primaryImageOfPage":{"@id":"https:\/\/www.koupelnapro.com\/index.php\/produkt\/1barva-pripojka-pro-led-pasek-s-kabelem-pro-10mm-sirku-pasku-vysoce-kvalitni-5367\/#primaryimage"},"image":{"@id":"https:\/\/www.koupelnapro.com\/index.php\/produkt\/1barva-pripojka-pro-led-pasek-s-kabelem-pro-10mm-sirku-pasku-vysoce-kvalitni-5367\/#primaryimage"},"thumbnailUrl":"https:\/\/www.koupelnapro.com\/wp-content\/uploads\/2026\/SK0003941-CZ20260425-091623-0-1777079785-1barva-pripojka-pro-led-pasek-s-kabelem-pro-10mm-sirku-pask.webp","datePublished":"2026-04-26T09:13:09+00:00","breadcrumb":{"@id":"https:\/\/www.koupelnapro.com\/index.php\/produkt\/1barva-pripojka-pro-led-pasek-s-kabelem-pro-10mm-sirku-pasku-vysoce-kvalitni-5367\/#breadcrumb"},"inLanguage":"cs","potentialAction":[{"@type":"ReadAction","target":["https:\/\/www.koupelnapro.com\/index.php\/produkt\/1barva-pripojka-pro-led-pasek-s-kabelem-pro-10mm-sirku-pasku-vysoce-kvalitni-5367\/"]}]},{"@type":"ImageObject","inLanguage":"cs","@id":"https:\/\/www.koupelnapro.com\/index.php\/produkt\/1barva-pripojka-pro-led-pasek-s-kabelem-pro-10mm-sirku-pasku-vysoce-kvalitni-5367\/#primaryimage","url":"https:\/\/www.koupelnapro.com\/wp-content\/uploads\/2026\/SK0003941-CZ20260425-091623-0-1777079785-1barva-pripojka-pro-led-pasek-s-kabelem-pro-10mm-sirku-pask.webp","contentUrl":"https:\/\/www.koupelnapro.com\/wp-content\/uploads\/2026\/SK0003941-CZ20260425-091623-0-1777079785-1barva-pripojka-pro-led-pasek-s-kabelem-pro-10mm-sirku-pask.webp","width":1000,"height":525},{"@type":"BreadcrumbList","@id":"https:\/\/www.koupelnapro.com\/index.php\/produkt\/1barva-pripojka-pro-led-pasek-s-kabelem-pro-10mm-sirku-pasku-vysoce-kvalitni-5367\/#breadcrumb","itemListElement":[{"@type":"ListItem","position":1,"name":"Home","item":"https:\/\/www.koupelnapro.com\/"},{"@type":"ListItem","position":2,"name":"Products","item":"https:\/\/www.koupelnapro.com\/index.php\/products\/"},{"@type":"ListItem","position":3,"name":"1barva p\u0159\u00edpojka pro LED p\u00e1sek s kabelem pro 10mm \u0161\u00ed\u0159ku p\u00e1sku Vysoce Kvalitn\u00ed"}]},{"@type":"WebSite","@id":"https:\/\/www.koupelnapro.com\/#website","url":"https:\/\/www.koupelnapro.com\/","name":"","description":"","potentialAction":[{"@type":"SearchAction","target":{"@type":"EntryPoint","urlTemplate":"https:\/\/www.koupelnapro.com\/?s={search_term_string}"},"query-input":{"@type":"PropertyValueSpecification","valueRequired":true,"valueName":"search_term_string"}}],"inLanguage":"cs"}]}},"_links":{"self":[{"href":"https:\/\/www.koupelnapro.com\/index.php\/wp-json\/wp\/v2\/product\/5367","targetHints":{"allow":["GET"]}}],"collection":[{"href":"https:\/\/www.koupelnapro.com\/index.php\/wp-json\/wp\/v2\/product"}],"about":[{"href":"https:\/\/www.koupelnapro.com\/index.php\/wp-json\/wp\/v2\/types\/product"}],"replies":[{"embeddable":true,"href":"https:\/\/www.koupelnapro.com\/index.php\/wp-json\/wp\/v2\/comments?post=5367"}],"wp:featuredmedia":[{"embeddable":true,"href":"https:\/\/www.koupelnapro.com\/index.php\/wp-json\/wp\/v2\/media\/5467"}],"wp:attachment":[{"href":"https:\/\/www.koupelnapro.com\/index.php\/wp-json\/wp\/v2\/media?parent=5367"}],"wp:term":[{"taxonomy":"product_brand","embeddable":true,"href":"https:\/\/www.koupelnapro.com\/index.php\/wp-json\/wp\/v2\/product_brand?post=5367"},{"taxonomy":"product_cat","embeddable":true,"href":"https:\/\/www.koupelnapro.com\/index.php\/wp-json\/wp\/v2\/product_cat?post=5367"},{"taxonomy":"product_tag","embeddable":true,"href":"https:\/\/www.koupelnapro.com\/index.php\/wp-json\/wp\/v2\/product_tag?post=5367"}],"curies":[{"name":"wp","href":"https:\/\/api.w.org\/{rel}","templated":true}]}}