{"id":53112,"date":"2026-04-26T09:16:58","date_gmt":"2026-04-26T09:16:58","guid":{"rendered":""},"modified":"2026-04-26T09:16:58","modified_gmt":"2026-04-26T09:16:58","slug":"profi-rich-sifon-vanickovy-pr-90mm-vraceni-zdarma-53112","status":"publish","type":"product","link":"https:\/\/www.koupelnapro.com\/index.php\/produkt\/profi-rich-sifon-vanickovy-pr-90mm-vraceni-zdarma-53112\/","title":{"rendered":"PROFI-RICH Sifon vani\u010dkov\u00fd pr.90mm Vr\u00e1cen\u00ed Zdarma"},"content":{"rendered":"<div id=\"e6940944\" class=\"pages\">\n<div>\n<div id=\"PDDescription\" class=\"UserContentView userContent v1a v1 bs-view dcon dc159 PDDescription\" ><dc-con><dc-con><bs-empty><\/bs-empty><\/dc-con><dc-con>        <\/p>\n<div class=\"customDescription\">                    <\/div>\n<p><\/dc-con><dc-con><\/p>\n<div>Sifony pro sprchov\u00e9 vani\u010dky vynikaj\u00ed n\u00edzkou stavebn\u00ed v\u00fd\u0161kou, snadnou instalac\u00ed a vysok\u00fdm pr\u016ftokem vody. T\u011bla vpust\u00ed jsou vyr\u00e1b\u011bna z materi\u00e1lu ABS, jeho\u017e vlastnosti jsou vhodn\u00e9 pro spojen\u00ed s PVC hydroizolac\u00ed lepen\u00edm, \u010d\u00edm\u017e vznikne 100%-n\u00ed vodot\u011bsn\u00e9 spojen\u00ed. V\u00edko je vyrobeno z le\u0161t\u011bn\u00e9 nerezi. T\u011bsn\u011bn\u00ed je vyrobeno z pry\u017ee.<\/p>\n<\/div>\n<table class='techparam_table'>\n<tr>\n<td>Typ<\/td>\n<td>Sifon;Pro sprchovou vani\u010dku<\/td>\n<\/tr>\n<tr>\n<td>Tvar<\/td>\n<td>Kulat\u00fd<\/td>\n<\/tr>\n<tr>\n<td>Barva<\/td>\n<td>Chrom<\/td>\n<\/tr>\n<tr>\n<td>Pr\u016fm\u011br<\/td>\n<td>90 mm<\/td>\n<\/tr>\n<tr>\n<td>Materi\u00e1l<\/td>\n<td>Polypropylen\/pry\u017e\/pochromovan\u00e1 mosaz<\/td>\n<\/tr>\n<tr>\n<td>Pr\u016ftok (l\/min)<\/td>\n<td>30<\/td>\n<\/tr>\n<tr>\n<td>Stavebn\u00ed v\u00fd\u0161ka<\/td>\n<td>85 mm<\/td>\n<\/tr>\n<tr>\n<td>Provozn\u00ed teplota<\/td>\n<td>max. 80 \u00b0C<\/td>\n<\/tr>\n<\/table>\n<p><\/dc-con><\/dc-con><\/div>\n<\/p><\/div>\n<div id=\"PDTable3\" class=\"ProductDetailTableView v3a v3 bs-view dcon dc180 PDTable3\" >\n<table>\n<thead><\/thead>\n<tbody>\n<tr class=\"attribute attr_kategorie\">\n<td class=\"caption\">Kategorie<\/td>\n<td class=\"value\">Sifon<\/td>\n<\/tr>\n<tr class=\"attribute attr_bsshop_maker\">\n<td class=\"caption\">V\u00fdrobce<\/td>\n<td class=\"value\">Mereo<\/td>\n<\/tr>\n<\/tbody>\n<\/table>\n<\/div>\n<div id=\"ProductMedia\" class=\"ProductMediaView MediaViewBase v1a v1 bs-view dcon dc404 ProductMedia\" ><bs-empty><\/bs-empty><\/p>\n<div class=\"files\">\n<div class=\"title sub\">Soubory<\/div>\n<p><a href=\"\/media\/8402\/t-165-005-pr6040c-technicky-list.pdf?&amp;key=ZGpmIyQwNUZfODQwMg==\" class=\"pdf\">T_165_005_PR6040C_technicky_list.pdf<\/a><a href=\"\/media\/42693\/j6756482c87824-t-165-005-pr6040c-technicky-list-pdf-2023-11-10-08-36-07.pdf?&amp;key=ZGpmIyQwNUZfNDI2OTM=\" class=\"pdf\">j6756482c87824-t-165-005-pr6040c-technicky-list-pdf-2023-11-10-08-36-07.pdf<\/a><\/div>\n<p><bs-empty><\/bs-empty><\/div>\n<div id=\"PdProductGpsr\" class=\"ProductGpsrView v1a v1 bs-view dcon dc212 PdProductGpsr\" >\n<div class=\"subject\"><dc-root class=\"dcon dc214\"><span class=\"title\">Zodpov\u011bdn&#253; subjekt:<\/span><dc-con><dc-con><span class=\"company\">MSO Trade a.s.<\/span><span class=\"name\">MSO Trade<\/span><\/dc-con><dc-con><span class=\"street\">Svatoborsk&#225; 1431\/87c<\/span><span class=\"city\">Kyjov<\/span><span class=\"zip\">697 01<\/span><span class=\"country\">\u010cesko<\/span><\/dc-con><span class=\"email\">objednavky@msotrade.cz<\/span><span class=\"phone\">518 398 831<\/span><bs-empty><\/bs-empty><a href=\"https:\/\/www.msotrade.cz\/kontakt\/\" class=\"link\" target=\"_blank\">https:\/\/www.msotrade.cz\/kontakt\/<\/a><\/dc-con><bs-empty><\/bs-empty><\/dc-root><\/div>\n<p><bs-empty><\/bs-empty><\/div>\n<\/div>\n<div id=\"e6940945\" class=\"tabs\">\n","protected":false},"excerpt":{"rendered":"<p>Sifony pro sprchov\u00e9 vani\u010dky vynikaj\u00ed n\u00edzkou stavebn\u00ed v\u00fd\u0161kou, snadnou instalac\u00ed a vysok\u00fdm pr\u016ftokem vody. T\u011bla vpust\u00ed jsou vyr\u00e1b\u011bna z materi\u00e1lu ABS, jeho\u017e vlastnosti jsou vhodn\u00e9 pro spojen\u00ed s PVC hydroizolac\u00ed lepen\u00edm, \u010d\u00edm\u017e vznikne 100%-n\u00ed vodot\u011bsn\u00e9 spojen\u00ed. V\u00edko je vyrobeno z le\u0161t\u011bn\u00e9 nerezi. T\u011bsn\u011bn\u00ed je vyrobeno z pry\u017ee. Typ Sifon;Pro sprchovou vani\u010dku Tvar Kulat\u00fd Barva Chrom [&hellip;]<\/p>\n","protected":false},"featured_media":53212,"comment_status":"open","ping_status":"open","template":"","meta":[],"product_brand":[],"product_cat":[171],"product_tag":[],"class_list":{"0":"post-53112","1":"product","2":"type-product","3":"status-publish","4":"has-post-thumbnail","6":"product_cat-vybaven-237-koupelny","8":"first","9":"instock","10":"sale","11":"shipping-taxable","12":"purchasable","13":"product-type-simple"},"yoast_head":"<!-- This site is optimized with the Yoast SEO plugin v26.8 - https:\/\/yoast.com\/product\/yoast-seo-wordpress\/ -->\n<title>PROFI-RICH Sifon vani\u010dkov\u00fd pr.90mm Vr\u00e1cen\u00ed Zdarma -<\/title>\n<meta name=\"robots\" content=\"index, follow, max-snippet:-1, max-image-preview:large, max-video-preview:-1\" \/>\n<link rel=\"canonical\" href=\"https:\/\/www.koupelnapro.com\/index.php\/produkt\/profi-rich-sifon-vanickovy-pr-90mm-vraceni-zdarma-53112\/\" \/>\n<meta property=\"og:locale\" content=\"cs_CZ\" \/>\n<meta property=\"og:type\" content=\"article\" \/>\n<meta property=\"og:title\" content=\"PROFI-RICH Sifon vani\u010dkov\u00fd pr.90mm Vr\u00e1cen\u00ed Zdarma -\" \/>\n<meta property=\"og:description\" content=\"Sifony pro sprchov\u00e9 vani\u010dky vynikaj\u00ed n\u00edzkou stavebn\u00ed v\u00fd\u0161kou, snadnou instalac\u00ed a vysok\u00fdm pr\u016ftokem vody. T\u011bla vpust\u00ed jsou vyr\u00e1b\u011bna z materi\u00e1lu ABS, jeho\u017e vlastnosti jsou vhodn\u00e9 pro spojen\u00ed s PVC hydroizolac\u00ed lepen\u00edm, \u010d\u00edm\u017e vznikne 100%-n\u00ed vodot\u011bsn\u00e9 spojen\u00ed. V\u00edko je vyrobeno z le\u0161t\u011bn\u00e9 nerezi. T\u011bsn\u011bn\u00ed je vyrobeno z pry\u017ee. Typ Sifon;Pro sprchovou vani\u010dku Tvar Kulat\u00fd Barva Chrom [&hellip;]\" \/>\n<meta property=\"og:url\" content=\"https:\/\/www.koupelnapro.com\/index.php\/produkt\/profi-rich-sifon-vanickovy-pr-90mm-vraceni-zdarma-53112\/\" \/>\n<meta property=\"og:image\" content=\"https:\/\/www.koupelnapro.com\/wp-content\/uploads\/2026\/SK0002842-CZ20260425-093449-0-1777080895-profi-rich-sifon-vanickovy-pr-90mm.webp\" \/>\n\t<meta property=\"og:image:width\" content=\"1000\" \/>\n\t<meta property=\"og:image:height\" content=\"525\" \/>\n\t<meta property=\"og:image:type\" content=\"image\/webp\" \/>\n<meta name=\"twitter:card\" content=\"summary_large_image\" \/>\n<meta name=\"twitter:label1\" content=\"Odhadovan\u00e1 doba \u010dten\u00ed\" \/>\n\t<meta name=\"twitter:data1\" content=\"1 minuta\" \/>\n<script type=\"application\/ld+json\" class=\"yoast-schema-graph\">{\"@context\":\"https:\/\/schema.org\",\"@graph\":[{\"@type\":\"WebPage\",\"@id\":\"https:\/\/www.koupelnapro.com\/index.php\/produkt\/profi-rich-sifon-vanickovy-pr-90mm-vraceni-zdarma-53112\/\",\"url\":\"https:\/\/www.koupelnapro.com\/index.php\/produkt\/profi-rich-sifon-vanickovy-pr-90mm-vraceni-zdarma-53112\/\",\"name\":\"PROFI-RICH Sifon vani\u010dkov\u00fd pr.90mm Vr\u00e1cen\u00ed Zdarma -\",\"isPartOf\":{\"@id\":\"https:\/\/www.koupelnapro.com\/#website\"},\"primaryImageOfPage\":{\"@id\":\"https:\/\/www.koupelnapro.com\/index.php\/produkt\/profi-rich-sifon-vanickovy-pr-90mm-vraceni-zdarma-53112\/#primaryimage\"},\"image\":{\"@id\":\"https:\/\/www.koupelnapro.com\/index.php\/produkt\/profi-rich-sifon-vanickovy-pr-90mm-vraceni-zdarma-53112\/#primaryimage\"},\"thumbnailUrl\":\"https:\/\/www.koupelnapro.com\/wp-content\/uploads\/2026\/SK0002842-CZ20260425-093449-0-1777080895-profi-rich-sifon-vanickovy-pr-90mm.webp\",\"datePublished\":\"2026-04-26T09:16:58+00:00\",\"breadcrumb\":{\"@id\":\"https:\/\/www.koupelnapro.com\/index.php\/produkt\/profi-rich-sifon-vanickovy-pr-90mm-vraceni-zdarma-53112\/#breadcrumb\"},\"inLanguage\":\"cs\",\"potentialAction\":[{\"@type\":\"ReadAction\",\"target\":[\"https:\/\/www.koupelnapro.com\/index.php\/produkt\/profi-rich-sifon-vanickovy-pr-90mm-vraceni-zdarma-53112\/\"]}]},{\"@type\":\"ImageObject\",\"inLanguage\":\"cs\",\"@id\":\"https:\/\/www.koupelnapro.com\/index.php\/produkt\/profi-rich-sifon-vanickovy-pr-90mm-vraceni-zdarma-53112\/#primaryimage\",\"url\":\"https:\/\/www.koupelnapro.com\/wp-content\/uploads\/2026\/SK0002842-CZ20260425-093449-0-1777080895-profi-rich-sifon-vanickovy-pr-90mm.webp\",\"contentUrl\":\"https:\/\/www.koupelnapro.com\/wp-content\/uploads\/2026\/SK0002842-CZ20260425-093449-0-1777080895-profi-rich-sifon-vanickovy-pr-90mm.webp\",\"width\":1000,\"height\":525},{\"@type\":\"BreadcrumbList\",\"@id\":\"https:\/\/www.koupelnapro.com\/index.php\/produkt\/profi-rich-sifon-vanickovy-pr-90mm-vraceni-zdarma-53112\/#breadcrumb\",\"itemListElement\":[{\"@type\":\"ListItem\",\"position\":1,\"name\":\"Home\",\"item\":\"https:\/\/www.koupelnapro.com\/\"},{\"@type\":\"ListItem\",\"position\":2,\"name\":\"Products\",\"item\":\"https:\/\/www.koupelnapro.com\/index.php\/products\/\"},{\"@type\":\"ListItem\",\"position\":3,\"name\":\"PROFI-RICH Sifon vani\u010dkov\u00fd pr.90mm Vr\u00e1cen\u00ed Zdarma\"}]},{\"@type\":\"WebSite\",\"@id\":\"https:\/\/www.koupelnapro.com\/#website\",\"url\":\"https:\/\/www.koupelnapro.com\/\",\"name\":\"\",\"description\":\"\",\"potentialAction\":[{\"@type\":\"SearchAction\",\"target\":{\"@type\":\"EntryPoint\",\"urlTemplate\":\"https:\/\/www.koupelnapro.com\/?s={search_term_string}\"},\"query-input\":{\"@type\":\"PropertyValueSpecification\",\"valueRequired\":true,\"valueName\":\"search_term_string\"}}],\"inLanguage\":\"cs\"}]}<\/script>\n<!-- \/ Yoast SEO plugin. -->","yoast_head_json":{"title":"PROFI-RICH Sifon vani\u010dkov\u00fd pr.90mm Vr\u00e1cen\u00ed Zdarma -","robots":{"index":"index","follow":"follow","max-snippet":"max-snippet:-1","max-image-preview":"max-image-preview:large","max-video-preview":"max-video-preview:-1"},"canonical":"https:\/\/www.koupelnapro.com\/index.php\/produkt\/profi-rich-sifon-vanickovy-pr-90mm-vraceni-zdarma-53112\/","og_locale":"cs_CZ","og_type":"article","og_title":"PROFI-RICH Sifon vani\u010dkov\u00fd pr.90mm Vr\u00e1cen\u00ed Zdarma -","og_description":"Sifony pro sprchov\u00e9 vani\u010dky vynikaj\u00ed n\u00edzkou stavebn\u00ed v\u00fd\u0161kou, snadnou instalac\u00ed a vysok\u00fdm pr\u016ftokem vody. T\u011bla vpust\u00ed jsou vyr\u00e1b\u011bna z materi\u00e1lu ABS, jeho\u017e vlastnosti jsou vhodn\u00e9 pro spojen\u00ed s PVC hydroizolac\u00ed lepen\u00edm, \u010d\u00edm\u017e vznikne 100%-n\u00ed vodot\u011bsn\u00e9 spojen\u00ed. V\u00edko je vyrobeno z le\u0161t\u011bn\u00e9 nerezi. T\u011bsn\u011bn\u00ed je vyrobeno z pry\u017ee. Typ Sifon;Pro sprchovou vani\u010dku Tvar Kulat\u00fd Barva Chrom [&hellip;]","og_url":"https:\/\/www.koupelnapro.com\/index.php\/produkt\/profi-rich-sifon-vanickovy-pr-90mm-vraceni-zdarma-53112\/","og_image":[{"width":1000,"height":525,"url":"https:\/\/www.koupelnapro.com\/wp-content\/uploads\/2026\/SK0002842-CZ20260425-093449-0-1777080895-profi-rich-sifon-vanickovy-pr-90mm.webp","type":"image\/webp"}],"twitter_card":"summary_large_image","twitter_misc":{"Odhadovan\u00e1 doba \u010dten\u00ed":"1 minuta"},"schema":{"@context":"https:\/\/schema.org","@graph":[{"@type":"WebPage","@id":"https:\/\/www.koupelnapro.com\/index.php\/produkt\/profi-rich-sifon-vanickovy-pr-90mm-vraceni-zdarma-53112\/","url":"https:\/\/www.koupelnapro.com\/index.php\/produkt\/profi-rich-sifon-vanickovy-pr-90mm-vraceni-zdarma-53112\/","name":"PROFI-RICH Sifon vani\u010dkov\u00fd pr.90mm Vr\u00e1cen\u00ed Zdarma -","isPartOf":{"@id":"https:\/\/www.koupelnapro.com\/#website"},"primaryImageOfPage":{"@id":"https:\/\/www.koupelnapro.com\/index.php\/produkt\/profi-rich-sifon-vanickovy-pr-90mm-vraceni-zdarma-53112\/#primaryimage"},"image":{"@id":"https:\/\/www.koupelnapro.com\/index.php\/produkt\/profi-rich-sifon-vanickovy-pr-90mm-vraceni-zdarma-53112\/#primaryimage"},"thumbnailUrl":"https:\/\/www.koupelnapro.com\/wp-content\/uploads\/2026\/SK0002842-CZ20260425-093449-0-1777080895-profi-rich-sifon-vanickovy-pr-90mm.webp","datePublished":"2026-04-26T09:16:58+00:00","breadcrumb":{"@id":"https:\/\/www.koupelnapro.com\/index.php\/produkt\/profi-rich-sifon-vanickovy-pr-90mm-vraceni-zdarma-53112\/#breadcrumb"},"inLanguage":"cs","potentialAction":[{"@type":"ReadAction","target":["https:\/\/www.koupelnapro.com\/index.php\/produkt\/profi-rich-sifon-vanickovy-pr-90mm-vraceni-zdarma-53112\/"]}]},{"@type":"ImageObject","inLanguage":"cs","@id":"https:\/\/www.koupelnapro.com\/index.php\/produkt\/profi-rich-sifon-vanickovy-pr-90mm-vraceni-zdarma-53112\/#primaryimage","url":"https:\/\/www.koupelnapro.com\/wp-content\/uploads\/2026\/SK0002842-CZ20260425-093449-0-1777080895-profi-rich-sifon-vanickovy-pr-90mm.webp","contentUrl":"https:\/\/www.koupelnapro.com\/wp-content\/uploads\/2026\/SK0002842-CZ20260425-093449-0-1777080895-profi-rich-sifon-vanickovy-pr-90mm.webp","width":1000,"height":525},{"@type":"BreadcrumbList","@id":"https:\/\/www.koupelnapro.com\/index.php\/produkt\/profi-rich-sifon-vanickovy-pr-90mm-vraceni-zdarma-53112\/#breadcrumb","itemListElement":[{"@type":"ListItem","position":1,"name":"Home","item":"https:\/\/www.koupelnapro.com\/"},{"@type":"ListItem","position":2,"name":"Products","item":"https:\/\/www.koupelnapro.com\/index.php\/products\/"},{"@type":"ListItem","position":3,"name":"PROFI-RICH Sifon vani\u010dkov\u00fd pr.90mm Vr\u00e1cen\u00ed Zdarma"}]},{"@type":"WebSite","@id":"https:\/\/www.koupelnapro.com\/#website","url":"https:\/\/www.koupelnapro.com\/","name":"","description":"","potentialAction":[{"@type":"SearchAction","target":{"@type":"EntryPoint","urlTemplate":"https:\/\/www.koupelnapro.com\/?s={search_term_string}"},"query-input":{"@type":"PropertyValueSpecification","valueRequired":true,"valueName":"search_term_string"}}],"inLanguage":"cs"}]}},"_links":{"self":[{"href":"https:\/\/www.koupelnapro.com\/index.php\/wp-json\/wp\/v2\/product\/53112","targetHints":{"allow":["GET"]}}],"collection":[{"href":"https:\/\/www.koupelnapro.com\/index.php\/wp-json\/wp\/v2\/product"}],"about":[{"href":"https:\/\/www.koupelnapro.com\/index.php\/wp-json\/wp\/v2\/types\/product"}],"replies":[{"embeddable":true,"href":"https:\/\/www.koupelnapro.com\/index.php\/wp-json\/wp\/v2\/comments?post=53112"}],"wp:featuredmedia":[{"embeddable":true,"href":"https:\/\/www.koupelnapro.com\/index.php\/wp-json\/wp\/v2\/media\/53212"}],"wp:attachment":[{"href":"https:\/\/www.koupelnapro.com\/index.php\/wp-json\/wp\/v2\/media?parent=53112"}],"wp:term":[{"taxonomy":"product_brand","embeddable":true,"href":"https:\/\/www.koupelnapro.com\/index.php\/wp-json\/wp\/v2\/product_brand?post=53112"},{"taxonomy":"product_cat","embeddable":true,"href":"https:\/\/www.koupelnapro.com\/index.php\/wp-json\/wp\/v2\/product_cat?post=53112"},{"taxonomy":"product_tag","embeddable":true,"href":"https:\/\/www.koupelnapro.com\/index.php\/wp-json\/wp\/v2\/product_tag?post=53112"}],"curies":[{"name":"wp","href":"https:\/\/api.w.org\/{rel}","templated":true}]}}