{"id":53111,"date":"2026-04-26T09:16:58","date_gmt":"2026-04-26T09:16:58","guid":{"rendered":""},"modified":"2026-04-26T09:16:58","modified_gmt":"2026-04-26T09:16:58","slug":"rychle-dodani-sifon-umyvadlovy-5-4-quot-x-32-bez-pilety-celochrom-53111","status":"publish","type":"product","link":"https:\/\/www.koupelnapro.com\/index.php\/produkt\/rychle-dodani-sifon-umyvadlovy-5-4-quot-x-32-bez-pilety-celochrom-53111\/","title":{"rendered":"Rychl\u00e9 Dod\u00e1n\u00ed Sifon umyvadlov\u00fd 5\/4&quot; x 32 bez pilety celochrom"},"content":{"rendered":"<div id=\"e6940538\" class=\"pages\">\n<div>\n<div id=\"PDDescription\" class=\"UserContentView userContent v1a v1 bs-view dcon dc159 PDDescription\" ><dc-con><dc-con><bs-empty><\/bs-empty><\/dc-con><dc-con>        <\/p>\n<div class=\"customDescription\">                    <\/div>\n<p><\/dc-con><dc-con><\/p>\n<div>Celokovov\u00fd chromovan\u00fd sifon s p\u0159evle\u010denou matic\u00ed v kulat\u00e9m designu.<br \/>Vyroben z pochromovan\u00e9 mosazi.<\/p>\n<p><\/div>\n<table class='techparam_table'>\n<tr>\n<td>Typ<\/td>\n<td>Sifon;Umyvadlov\u00fd<\/td>\n<\/tr>\n<tr>\n<td>Tvar<\/td>\n<td>Kulat\u00fd<\/td>\n<\/tr>\n<tr>\n<td>Barva<\/td>\n<td>Chrom<\/td>\n<\/tr>\n<tr>\n<td>Pr\u016fm\u011br<\/td>\n<td>32 mm<\/td>\n<\/tr>\n<tr>\n<td>Materi\u00e1l<\/td>\n<td>Pochromovan\u00e1 mosaz<\/td>\n<\/tr>\n<tr>\n<td>Velikost<\/td>\n<td>5\/4&#8243;<\/td>\n<\/tr>\n<tr>\n<td>Pr\u016ftok (l\/min)<\/td>\n<td>30<\/td>\n<\/tr>\n<tr>\n<td>Provozn\u00ed teplota<\/td>\n<td>max. 80 \u00b0C<\/td>\n<\/tr>\n<\/table>\n<p><\/dc-con><\/dc-con><\/div>\n<\/p><\/div>\n<div id=\"PDTable3\" class=\"ProductDetailTableView v3a v3 bs-view dcon dc180 PDTable3\" >\n<table>\n<thead><\/thead>\n<tbody>\n<tr class=\"attribute attr_bsshop_maker\">\n<td class=\"caption\">V\u00fdrobce<\/td>\n<td class=\"value\">Mereo<\/td>\n<\/tr>\n<tr class=\"attribute attr_typ\">\n<td class=\"caption\">Typ<\/td>\n<td class=\"value\">Sifony umyvadlov\u00e9<\/td>\n<\/tr>\n<\/tbody>\n<\/table>\n<\/div>\n<div id=\"ProductMedia\" class=\"ProductMediaView MediaViewBase v1a v1 bs-view dcon dc404 ProductMedia\" ><bs-empty><\/bs-empty><\/p>\n<div class=\"files\">\n<div class=\"title sub\">Soubory<\/div>\n<p><a href=\"\/media\/32635\/ch12-ch13-navod-jazyky.pdf?&amp;key=ZGpmIyQwNUZfMzI2MzU=\" class=\"pdf\">CH12_CH13_navod_jazyky.pdf<\/a><a href=\"\/media\/42704\/o6756482e1669b-ch12-ch13-navod-jazyky-pdf-2024-05-15-06-16-14.pdf?&amp;key=ZGpmIyQwNUZfNDI3MDQ=\" class=\"pdf\">o6756482e1669b-ch12-ch13-navod-jazyky-pdf-2024-05-15-06-16-14.pdf<\/a><\/div>\n<p><bs-empty><\/bs-empty><\/div>\n<div id=\"PdProductGpsr\" class=\"ProductGpsrView v1a v1 bs-view dcon dc212 PdProductGpsr\" >\n<div class=\"subject\"><dc-root class=\"dcon dc214\"><span class=\"title\">Zodpov\u011bdn&#253; subjekt:<\/span><dc-con><dc-con><span class=\"company\">MSO Trade a.s.<\/span><span class=\"name\">MSO Trade<\/span><\/dc-con><dc-con><span class=\"street\">Svatoborsk&#225; 1431\/87c<\/span><span class=\"city\">Kyjov<\/span><span class=\"zip\">697 01<\/span><span class=\"country\">\u010cesko<\/span><\/dc-con><span class=\"email\">objednavky@msotrade.cz<\/span><span class=\"phone\">518 398 831<\/span><bs-empty><\/bs-empty><a href=\"https:\/\/www.msotrade.cz\/kontakt\/\" class=\"link\" target=\"_blank\">https:\/\/www.msotrade.cz\/kontakt\/<\/a><\/dc-con><bs-empty><\/bs-empty><\/dc-root><\/div>\n<p><bs-empty><\/bs-empty><\/div>\n<\/div>\n<div id=\"e6940539\" class=\"tabs\">\n","protected":false},"excerpt":{"rendered":"<p>Celokovov\u00fd chromovan\u00fd sifon s p\u0159evle\u010denou matic\u00ed v kulat\u00e9m designu.Vyroben z pochromovan\u00e9 mosazi. Typ Sifon;Umyvadlov\u00fd Tvar Kulat\u00fd Barva Chrom Pr\u016fm\u011br 32 mm Materi\u00e1l Pochromovan\u00e1 mosaz Velikost 5\/4&#8243; Pr\u016ftok (l\/min) 30 Provozn\u00ed teplota max. 80 \u00b0C V\u00fdrobce Mereo Typ Sifony umyvadlov\u00e9 Soubory CH12_CH13_navod_jazyky.pdfo6756482e1669b-ch12-ch13-navod-jazyky-pdf-2024-05-15-06-16-14.pdf Zodpov\u011bdn&#253; subjekt:MSO Trade a.s.MSO TradeSvatoborsk&#225; 1431\/87cKyjov697 01\u010ceskoobjednavky@msotrade.cz518 398 831https:\/\/www.msotrade.cz\/kontakt\/<\/p>\n","protected":false},"featured_media":53211,"comment_status":"open","ping_status":"open","template":"","meta":[],"product_brand":[],"product_cat":[171],"product_tag":[],"class_list":{"0":"post-53111","1":"product","2":"type-product","3":"status-publish","4":"has-post-thumbnail","6":"product_cat-vybaven-237-koupelny","8":"first","9":"instock","10":"sale","11":"shipping-taxable","12":"purchasable","13":"product-type-simple"},"yoast_head":"<!-- This site is optimized with the Yoast SEO plugin v26.8 - https:\/\/yoast.com\/product\/yoast-seo-wordpress\/ -->\n<title>Rychl\u00e9 Dod\u00e1n\u00ed Sifon umyvadlov\u00fd 5\/4&quot; x 32 bez pilety celochrom -<\/title>\n<meta name=\"robots\" content=\"index, follow, max-snippet:-1, max-image-preview:large, max-video-preview:-1\" \/>\n<link rel=\"canonical\" href=\"https:\/\/www.koupelnapro.com\/index.php\/produkt\/rychle-dodani-sifon-umyvadlovy-5-4-quot-x-32-bez-pilety-celochrom-53111\/\" \/>\n<meta property=\"og:locale\" content=\"cs_CZ\" \/>\n<meta property=\"og:type\" content=\"article\" \/>\n<meta property=\"og:title\" content=\"Rychl\u00e9 Dod\u00e1n\u00ed Sifon umyvadlov\u00fd 5\/4&quot; x 32 bez pilety celochrom -\" \/>\n<meta property=\"og:description\" content=\"Celokovov\u00fd chromovan\u00fd sifon s p\u0159evle\u010denou matic\u00ed v kulat\u00e9m designu.Vyroben z pochromovan\u00e9 mosazi. Typ Sifon;Umyvadlov\u00fd Tvar Kulat\u00fd Barva Chrom Pr\u016fm\u011br 32 mm Materi\u00e1l Pochromovan\u00e1 mosaz Velikost 5\/4&#8243; Pr\u016ftok (l\/min) 30 Provozn\u00ed teplota max. 80 \u00b0C V\u00fdrobce Mereo Typ Sifony umyvadlov\u00e9 Soubory CH12_CH13_navod_jazyky.pdfo6756482e1669b-ch12-ch13-navod-jazyky-pdf-2024-05-15-06-16-14.pdf Zodpov\u011bdn&#253; subjekt:MSO Trade a.s.MSO TradeSvatoborsk&#225; 1431\/87cKyjov697 01\u010ceskoobjednavky@msotrade.cz518 398 831https:\/\/www.msotrade.cz\/kontakt\/\" \/>\n<meta property=\"og:url\" content=\"https:\/\/www.koupelnapro.com\/index.php\/produkt\/rychle-dodani-sifon-umyvadlovy-5-4-quot-x-32-bez-pilety-celochrom-53111\/\" \/>\n<meta property=\"og:image\" content=\"https:\/\/www.koupelnapro.com\/wp-content\/uploads\/2026\/SK0002841-CZ20260425-093449-0-1777080895-sifon-umyvadlovy-5-4-x-32-bez-pilety-celochrom.webp\" \/>\n\t<meta property=\"og:image:width\" content=\"1000\" \/>\n\t<meta property=\"og:image:height\" content=\"525\" \/>\n\t<meta property=\"og:image:type\" content=\"image\/webp\" \/>\n<meta name=\"twitter:card\" content=\"summary_large_image\" \/>\n<script type=\"application\/ld+json\" class=\"yoast-schema-graph\">{\"@context\":\"https:\/\/schema.org\",\"@graph\":[{\"@type\":\"WebPage\",\"@id\":\"https:\/\/www.koupelnapro.com\/index.php\/produkt\/rychle-dodani-sifon-umyvadlovy-5-4-quot-x-32-bez-pilety-celochrom-53111\/\",\"url\":\"https:\/\/www.koupelnapro.com\/index.php\/produkt\/rychle-dodani-sifon-umyvadlovy-5-4-quot-x-32-bez-pilety-celochrom-53111\/\",\"name\":\"Rychl\u00e9 Dod\u00e1n\u00ed Sifon umyvadlov\u00fd 5\/4&quot; x 32 bez pilety celochrom -\",\"isPartOf\":{\"@id\":\"https:\/\/www.koupelnapro.com\/#website\"},\"primaryImageOfPage\":{\"@id\":\"https:\/\/www.koupelnapro.com\/index.php\/produkt\/rychle-dodani-sifon-umyvadlovy-5-4-quot-x-32-bez-pilety-celochrom-53111\/#primaryimage\"},\"image\":{\"@id\":\"https:\/\/www.koupelnapro.com\/index.php\/produkt\/rychle-dodani-sifon-umyvadlovy-5-4-quot-x-32-bez-pilety-celochrom-53111\/#primaryimage\"},\"thumbnailUrl\":\"https:\/\/www.koupelnapro.com\/wp-content\/uploads\/2026\/SK0002841-CZ20260425-093449-0-1777080895-sifon-umyvadlovy-5-4-x-32-bez-pilety-celochrom.webp\",\"datePublished\":\"2026-04-26T09:16:58+00:00\",\"breadcrumb\":{\"@id\":\"https:\/\/www.koupelnapro.com\/index.php\/produkt\/rychle-dodani-sifon-umyvadlovy-5-4-quot-x-32-bez-pilety-celochrom-53111\/#breadcrumb\"},\"inLanguage\":\"cs\",\"potentialAction\":[{\"@type\":\"ReadAction\",\"target\":[\"https:\/\/www.koupelnapro.com\/index.php\/produkt\/rychle-dodani-sifon-umyvadlovy-5-4-quot-x-32-bez-pilety-celochrom-53111\/\"]}]},{\"@type\":\"ImageObject\",\"inLanguage\":\"cs\",\"@id\":\"https:\/\/www.koupelnapro.com\/index.php\/produkt\/rychle-dodani-sifon-umyvadlovy-5-4-quot-x-32-bez-pilety-celochrom-53111\/#primaryimage\",\"url\":\"https:\/\/www.koupelnapro.com\/wp-content\/uploads\/2026\/SK0002841-CZ20260425-093449-0-1777080895-sifon-umyvadlovy-5-4-x-32-bez-pilety-celochrom.webp\",\"contentUrl\":\"https:\/\/www.koupelnapro.com\/wp-content\/uploads\/2026\/SK0002841-CZ20260425-093449-0-1777080895-sifon-umyvadlovy-5-4-x-32-bez-pilety-celochrom.webp\",\"width\":1000,\"height\":525},{\"@type\":\"BreadcrumbList\",\"@id\":\"https:\/\/www.koupelnapro.com\/index.php\/produkt\/rychle-dodani-sifon-umyvadlovy-5-4-quot-x-32-bez-pilety-celochrom-53111\/#breadcrumb\",\"itemListElement\":[{\"@type\":\"ListItem\",\"position\":1,\"name\":\"Home\",\"item\":\"https:\/\/www.koupelnapro.com\/\"},{\"@type\":\"ListItem\",\"position\":2,\"name\":\"Products\",\"item\":\"https:\/\/www.koupelnapro.com\/index.php\/products\/\"},{\"@type\":\"ListItem\",\"position\":3,\"name\":\"Rychl\u00e9 Dod\u00e1n\u00ed Sifon umyvadlov\u00fd 5\/4&quot; x 32 bez pilety celochrom\"}]},{\"@type\":\"WebSite\",\"@id\":\"https:\/\/www.koupelnapro.com\/#website\",\"url\":\"https:\/\/www.koupelnapro.com\/\",\"name\":\"\",\"description\":\"\",\"potentialAction\":[{\"@type\":\"SearchAction\",\"target\":{\"@type\":\"EntryPoint\",\"urlTemplate\":\"https:\/\/www.koupelnapro.com\/?s={search_term_string}\"},\"query-input\":{\"@type\":\"PropertyValueSpecification\",\"valueRequired\":true,\"valueName\":\"search_term_string\"}}],\"inLanguage\":\"cs\"}]}<\/script>\n<!-- \/ Yoast SEO plugin. -->","yoast_head_json":{"title":"Rychl\u00e9 Dod\u00e1n\u00ed Sifon umyvadlov\u00fd 5\/4&quot; x 32 bez pilety celochrom -","robots":{"index":"index","follow":"follow","max-snippet":"max-snippet:-1","max-image-preview":"max-image-preview:large","max-video-preview":"max-video-preview:-1"},"canonical":"https:\/\/www.koupelnapro.com\/index.php\/produkt\/rychle-dodani-sifon-umyvadlovy-5-4-quot-x-32-bez-pilety-celochrom-53111\/","og_locale":"cs_CZ","og_type":"article","og_title":"Rychl\u00e9 Dod\u00e1n\u00ed Sifon umyvadlov\u00fd 5\/4&quot; x 32 bez pilety celochrom -","og_description":"Celokovov\u00fd chromovan\u00fd sifon s p\u0159evle\u010denou matic\u00ed v kulat\u00e9m designu.Vyroben z pochromovan\u00e9 mosazi. Typ Sifon;Umyvadlov\u00fd Tvar Kulat\u00fd Barva Chrom Pr\u016fm\u011br 32 mm Materi\u00e1l Pochromovan\u00e1 mosaz Velikost 5\/4&#8243; Pr\u016ftok (l\/min) 30 Provozn\u00ed teplota max. 80 \u00b0C V\u00fdrobce Mereo Typ Sifony umyvadlov\u00e9 Soubory CH12_CH13_navod_jazyky.pdfo6756482e1669b-ch12-ch13-navod-jazyky-pdf-2024-05-15-06-16-14.pdf Zodpov\u011bdn&#253; subjekt:MSO Trade a.s.MSO TradeSvatoborsk&#225; 1431\/87cKyjov697 01\u010ceskoobjednavky@msotrade.cz518 398 831https:\/\/www.msotrade.cz\/kontakt\/","og_url":"https:\/\/www.koupelnapro.com\/index.php\/produkt\/rychle-dodani-sifon-umyvadlovy-5-4-quot-x-32-bez-pilety-celochrom-53111\/","og_image":[{"width":1000,"height":525,"url":"https:\/\/www.koupelnapro.com\/wp-content\/uploads\/2026\/SK0002841-CZ20260425-093449-0-1777080895-sifon-umyvadlovy-5-4-x-32-bez-pilety-celochrom.webp","type":"image\/webp"}],"twitter_card":"summary_large_image","schema":{"@context":"https:\/\/schema.org","@graph":[{"@type":"WebPage","@id":"https:\/\/www.koupelnapro.com\/index.php\/produkt\/rychle-dodani-sifon-umyvadlovy-5-4-quot-x-32-bez-pilety-celochrom-53111\/","url":"https:\/\/www.koupelnapro.com\/index.php\/produkt\/rychle-dodani-sifon-umyvadlovy-5-4-quot-x-32-bez-pilety-celochrom-53111\/","name":"Rychl\u00e9 Dod\u00e1n\u00ed Sifon umyvadlov\u00fd 5\/4&quot; x 32 bez pilety celochrom -","isPartOf":{"@id":"https:\/\/www.koupelnapro.com\/#website"},"primaryImageOfPage":{"@id":"https:\/\/www.koupelnapro.com\/index.php\/produkt\/rychle-dodani-sifon-umyvadlovy-5-4-quot-x-32-bez-pilety-celochrom-53111\/#primaryimage"},"image":{"@id":"https:\/\/www.koupelnapro.com\/index.php\/produkt\/rychle-dodani-sifon-umyvadlovy-5-4-quot-x-32-bez-pilety-celochrom-53111\/#primaryimage"},"thumbnailUrl":"https:\/\/www.koupelnapro.com\/wp-content\/uploads\/2026\/SK0002841-CZ20260425-093449-0-1777080895-sifon-umyvadlovy-5-4-x-32-bez-pilety-celochrom.webp","datePublished":"2026-04-26T09:16:58+00:00","breadcrumb":{"@id":"https:\/\/www.koupelnapro.com\/index.php\/produkt\/rychle-dodani-sifon-umyvadlovy-5-4-quot-x-32-bez-pilety-celochrom-53111\/#breadcrumb"},"inLanguage":"cs","potentialAction":[{"@type":"ReadAction","target":["https:\/\/www.koupelnapro.com\/index.php\/produkt\/rychle-dodani-sifon-umyvadlovy-5-4-quot-x-32-bez-pilety-celochrom-53111\/"]}]},{"@type":"ImageObject","inLanguage":"cs","@id":"https:\/\/www.koupelnapro.com\/index.php\/produkt\/rychle-dodani-sifon-umyvadlovy-5-4-quot-x-32-bez-pilety-celochrom-53111\/#primaryimage","url":"https:\/\/www.koupelnapro.com\/wp-content\/uploads\/2026\/SK0002841-CZ20260425-093449-0-1777080895-sifon-umyvadlovy-5-4-x-32-bez-pilety-celochrom.webp","contentUrl":"https:\/\/www.koupelnapro.com\/wp-content\/uploads\/2026\/SK0002841-CZ20260425-093449-0-1777080895-sifon-umyvadlovy-5-4-x-32-bez-pilety-celochrom.webp","width":1000,"height":525},{"@type":"BreadcrumbList","@id":"https:\/\/www.koupelnapro.com\/index.php\/produkt\/rychle-dodani-sifon-umyvadlovy-5-4-quot-x-32-bez-pilety-celochrom-53111\/#breadcrumb","itemListElement":[{"@type":"ListItem","position":1,"name":"Home","item":"https:\/\/www.koupelnapro.com\/"},{"@type":"ListItem","position":2,"name":"Products","item":"https:\/\/www.koupelnapro.com\/index.php\/products\/"},{"@type":"ListItem","position":3,"name":"Rychl\u00e9 Dod\u00e1n\u00ed Sifon umyvadlov\u00fd 5\/4&quot; x 32 bez pilety celochrom"}]},{"@type":"WebSite","@id":"https:\/\/www.koupelnapro.com\/#website","url":"https:\/\/www.koupelnapro.com\/","name":"","description":"","potentialAction":[{"@type":"SearchAction","target":{"@type":"EntryPoint","urlTemplate":"https:\/\/www.koupelnapro.com\/?s={search_term_string}"},"query-input":{"@type":"PropertyValueSpecification","valueRequired":true,"valueName":"search_term_string"}}],"inLanguage":"cs"}]}},"_links":{"self":[{"href":"https:\/\/www.koupelnapro.com\/index.php\/wp-json\/wp\/v2\/product\/53111","targetHints":{"allow":["GET"]}}],"collection":[{"href":"https:\/\/www.koupelnapro.com\/index.php\/wp-json\/wp\/v2\/product"}],"about":[{"href":"https:\/\/www.koupelnapro.com\/index.php\/wp-json\/wp\/v2\/types\/product"}],"replies":[{"embeddable":true,"href":"https:\/\/www.koupelnapro.com\/index.php\/wp-json\/wp\/v2\/comments?post=53111"}],"wp:featuredmedia":[{"embeddable":true,"href":"https:\/\/www.koupelnapro.com\/index.php\/wp-json\/wp\/v2\/media\/53211"}],"wp:attachment":[{"href":"https:\/\/www.koupelnapro.com\/index.php\/wp-json\/wp\/v2\/media?parent=53111"}],"wp:term":[{"taxonomy":"product_brand","embeddable":true,"href":"https:\/\/www.koupelnapro.com\/index.php\/wp-json\/wp\/v2\/product_brand?post=53111"},{"taxonomy":"product_cat","embeddable":true,"href":"https:\/\/www.koupelnapro.com\/index.php\/wp-json\/wp\/v2\/product_cat?post=53111"},{"taxonomy":"product_tag","embeddable":true,"href":"https:\/\/www.koupelnapro.com\/index.php\/wp-json\/wp\/v2\/product_tag?post=53111"}],"curies":[{"name":"wp","href":"https:\/\/api.w.org\/{rel}","templated":true}]}}