{"id":52939,"date":"2026-04-26T09:16:57","date_gmt":"2026-04-26T09:16:57","guid":{"rendered":""},"modified":"2026-04-26T09:16:57","modified_gmt":"2026-04-26T09:16:57","slug":"nejlepsi-volba-geberit-duofix-pro-bidet-do-sadrokartonu-52939","status":"publish","type":"product","link":"https:\/\/www.koupelnapro.com\/index.php\/produkt\/nejlepsi-volba-geberit-duofix-pro-bidet-do-sadrokartonu-52939\/","title":{"rendered":"Nejlep\u0161\u00ed Volba Geberit Duofix pro bidet do s\u00e1drokartonu"},"content":{"rendered":"<div id=\"e18243742\" class=\"pages\">\n<div>\n<div id=\"PDDescription\" class=\"UserContentView userContent v1a v1 bs-view dcon dc159 PDDescription\" ><dc-con><dc-con><bs-empty><\/bs-empty><\/dc-con><dc-con>        <\/p>\n<div class=\"customDescription\">                    <\/div>\n<p><\/dc-con><dc-con><\/p>\n<p><strong>Pro stoj\u00e1nkovou armaturu<\/strong><\/p>\n<p><strong>Geberit Duofix<\/strong> je mont\u00e1\u017en\u00ed prvek pro mont\u00e1\u017e z\u00e1v\u011bsn\u00fdch za\u0159izovac\u00edch p\u0159edm\u011bt\u016f, jako jsou WC, piso\u00e1ry, bidety a umyvadla. Je ur\u010den pro mont\u00e1\u017e such\u00fdm procesem do lehk\u00fdch s\u00e1drokartonov\u00fdch p\u0159\u00ed\u010dek nebo k instalaci p\u0159ed masivn\u00ed st\u011bnu. Sou\u010d\u00e1st\u00ed ka\u017ed\u00e9ho prvku Duofix je splachovac\u00ed n\u00e1dr\u017eka Geberit. Instalace prvku je mimo\u0159\u00e1dn\u011b rychl\u00e1 za pou\u017eit\u00ed pouh\u00fdch \u010dty\u0159 upev\u0148ovac\u00edch bod\u016f. Geberit Duofix p\u0159isp\u00edv\u00e1 podstatnou m\u011brou ke spln\u011bn\u00ed t\u011bch nejvy\u0161\u0161\u00edch n\u00e1rok\u016f na akustickou a protipo\u017e\u00e1rn\u00ed ochranu.<\/p>\n<p>Mont\u00e1\u017en\u00ed prvky Duofix jsou p\u0159edmontovan\u00e9 jednotky s p\u0159\u00edslu\u0161enstv\u00edm pro hrubou mont\u00e1\u017e s p\u0159ipojovac\u00edm PE kolenem pro odpadn\u00ed potrub\u00ed a ve\u0161ker\u00fdm materi\u00e1lem pot\u0159ebn\u00fdm k uchycen\u00ed.<br \/>R\u00e1m prvku je vyroben z ocelov\u00e9ho tuh\u00e9ho profilu s mo\u017enost\u00ed v\u00fd\u0161kov\u00e9ho nastaven\u00ed pomoc\u00ed staviteln\u00fdch podp\u011br.<\/p>\n<p><strong>Je ur\u010den:<\/strong><br \/>&#8211; do lehk\u00fdch s\u00e1drokartonov\u00fdch st\u011bn nebo p\u0159\u00ed\u010dek (kovov\u00e9 profily p\u0159\u00ed\u010dky se spoj\u00ed s r\u00e1mem Duofixu)<br \/>&#8211; pro p\u0159edst\u011bnovou mont\u00e1\u017e bez mokr\u00fdch proces\u016f (prvek se ukotv\u00ed soupravou pro p\u0159edst\u011bnovou mont\u00e1\u017e ke st\u011bn\u011b a do podlahy<br \/>\u00a0 a n\u00e1sledn\u011b se opl\u00e1\u0161t\u00ed s\u00e1drokartonem).<br \/>&#8211; zaru\u010den\u00e1 nosnost v\u0161ech mont\u00e1\u017en\u00edch prvk\u016f Geberit je 400 kg.<\/p>\n<p>Zvl\u00e1\u0161tn\u00ed proveden\u00ed pro mont\u00e1\u017e do rohu umo\u017e\u0148uje um\u00edstit WC i tam, kde to d\u0159\u00edve bylo nemo\u017en\u00e9, nebo vytvo\u0159it fale\u0161n\u00fd roh, kter\u00fd prostorov\u011b roz\u010dlen\u00ed koupelnu a odd\u011bl\u00ed tak nap\u0159. prostor u vany.<br \/>Geberit Duofix jsme vyvinuli tak, aby se v\u00e1m s n\u00edm dob\u0159e pracovalo. Proto je jeho mont\u00e1\u017e rychl\u00e1 a snadn\u00e1.<\/p>\n<p><strong>Podp\u011bry s brzdic\u00edm prvkem:<\/strong><br \/>Mont\u00e1\u017e Duofixu zvl\u00e1dne jeden \u010dlov\u011bk, a to d\u00edky podp\u011br\u00e1m s brzdic\u00edm prvkem, kter\u00fdmi jsme vybavili n\u00e1\u0161 mont\u00e1\u017en\u00ed prvek Duofix. Tyto podp\u011bry udr\u017euj\u00ed r\u00e1m konstrukce b\u011bhem mont\u00e1\u017ee v po\u017eadovan\u00e9 v\u00fd\u0161ce.<\/p>\n<p><strong>Obj\u00edmka odpadn\u00edho kolena s nastavitelnou hloubkou:<\/strong><br \/>Prvek Duofix je vybaven obj\u00edmkou odpadn\u00edho kolena s nastavitelnou hloubkou. D\u00edky flexibiln\u00edmu upevn\u011bn\u00ed se p\u0159en\u00e1\u0161\u00ed m\u00e9n\u011b nap\u011bt\u00ed do potrub\u00ed, a t\u00edm se sni\u017euje mo\u017enost vzniku net\u011bsnost\u00ed. Sou\u010dasn\u011b se zkracuje doba pro p\u0159ipojen\u00ed na kanaliza\u010dn\u00ed potrub\u00ed.<\/p>\n<p><\/dc-con><\/dc-con><\/div>\n<\/p><\/div>\n<div id=\"PDTable3\" class=\"ProductDetailTableView v3a v3 bs-view dcon dc180 PDTable3\" >\n<table>\n<thead><\/thead>\n<tbody>\n<tr class=\"attribute attr_bsshop_maker\">\n<td class=\"caption\">V\u00fdrobce<\/td>\n<td class=\"value\">Geberit<\/td>\n<\/tr>\n<tr class=\"weight\">\n<td class=\"caption\"><span>Hmotnost<\/span><\/td>\n<td class=\"value\"><span>13,90 kg<\/span><\/td>\n<\/tr>\n<\/tbody>\n<\/table>\n<\/div>\n<\/div>\n<div id=\"e18243743\" class=\"tabs\">\n","protected":false},"excerpt":{"rendered":"<p>Pro stoj\u00e1nkovou armaturu Geberit Duofix je mont\u00e1\u017en\u00ed prvek pro mont\u00e1\u017e z\u00e1v\u011bsn\u00fdch za\u0159izovac\u00edch p\u0159edm\u011bt\u016f, jako jsou WC, piso\u00e1ry, bidety a umyvadla. Je ur\u010den pro mont\u00e1\u017e such\u00fdm procesem do lehk\u00fdch s\u00e1drokartonov\u00fdch p\u0159\u00ed\u010dek nebo k instalaci p\u0159ed masivn\u00ed st\u011bnu. Sou\u010d\u00e1st\u00ed ka\u017ed\u00e9ho prvku Duofix je splachovac\u00ed n\u00e1dr\u017eka Geberit. Instalace prvku je mimo\u0159\u00e1dn\u011b rychl\u00e1 za pou\u017eit\u00ed pouh\u00fdch \u010dty\u0159 upev\u0148ovac\u00edch bod\u016f. [&hellip;]<\/p>\n","protected":false},"featured_media":53039,"comment_status":"open","ping_status":"open","template":"","meta":[],"product_brand":[],"product_cat":[171],"product_tag":[],"class_list":{"0":"post-52939","1":"product","2":"type-product","3":"status-publish","4":"has-post-thumbnail","6":"product_cat-vybaven-237-koupelny","8":"first","9":"instock","10":"sale","11":"shipping-taxable","12":"purchasable","13":"product-type-simple"},"yoast_head":"<!-- This site is optimized with the Yoast SEO plugin v26.8 - https:\/\/yoast.com\/product\/yoast-seo-wordpress\/ -->\n<title>Nejlep\u0161\u00ed Volba Geberit Duofix pro bidet do s\u00e1drokartonu -<\/title>\n<meta name=\"robots\" content=\"index, follow, max-snippet:-1, max-image-preview:large, max-video-preview:-1\" \/>\n<link rel=\"canonical\" href=\"https:\/\/www.koupelnapro.com\/index.php\/produkt\/nejlepsi-volba-geberit-duofix-pro-bidet-do-sadrokartonu-52939\/\" \/>\n<meta property=\"og:locale\" content=\"cs_CZ\" \/>\n<meta property=\"og:type\" content=\"article\" \/>\n<meta property=\"og:title\" content=\"Nejlep\u0161\u00ed Volba Geberit Duofix pro bidet do s\u00e1drokartonu -\" \/>\n<meta property=\"og:description\" content=\"Pro stoj\u00e1nkovou armaturu Geberit Duofix je mont\u00e1\u017en\u00ed prvek pro mont\u00e1\u017e z\u00e1v\u011bsn\u00fdch za\u0159izovac\u00edch p\u0159edm\u011bt\u016f, jako jsou WC, piso\u00e1ry, bidety a umyvadla. Je ur\u010den pro mont\u00e1\u017e such\u00fdm procesem do lehk\u00fdch s\u00e1drokartonov\u00fdch p\u0159\u00ed\u010dek nebo k instalaci p\u0159ed masivn\u00ed st\u011bnu. Sou\u010d\u00e1st\u00ed ka\u017ed\u00e9ho prvku Duofix je splachovac\u00ed n\u00e1dr\u017eka Geberit. Instalace prvku je mimo\u0159\u00e1dn\u011b rychl\u00e1 za pou\u017eit\u00ed pouh\u00fdch \u010dty\u0159 upev\u0148ovac\u00edch bod\u016f. [&hellip;]\" \/>\n<meta property=\"og:url\" content=\"https:\/\/www.koupelnapro.com\/index.php\/produkt\/nejlepsi-volba-geberit-duofix-pro-bidet-do-sadrokartonu-52939\/\" \/>\n<meta property=\"og:image\" content=\"https:\/\/www.koupelnapro.com\/wp-content\/uploads\/2026\/SK0002769-CZ20260425-093449-0-1777080895-geberit-duofix-pro-bidet-do-sadrokartonu.webp\" \/>\n\t<meta property=\"og:image:width\" content=\"1000\" \/>\n\t<meta property=\"og:image:height\" content=\"525\" \/>\n\t<meta property=\"og:image:type\" content=\"image\/webp\" \/>\n<meta name=\"twitter:card\" content=\"summary_large_image\" \/>\n<meta name=\"twitter:label1\" content=\"Odhadovan\u00e1 doba \u010dten\u00ed\" \/>\n\t<meta name=\"twitter:data1\" content=\"2 minuty\" \/>\n<script type=\"application\/ld+json\" class=\"yoast-schema-graph\">{\"@context\":\"https:\/\/schema.org\",\"@graph\":[{\"@type\":\"WebPage\",\"@id\":\"https:\/\/www.koupelnapro.com\/index.php\/produkt\/nejlepsi-volba-geberit-duofix-pro-bidet-do-sadrokartonu-52939\/\",\"url\":\"https:\/\/www.koupelnapro.com\/index.php\/produkt\/nejlepsi-volba-geberit-duofix-pro-bidet-do-sadrokartonu-52939\/\",\"name\":\"Nejlep\u0161\u00ed Volba Geberit Duofix pro bidet do s\u00e1drokartonu -\",\"isPartOf\":{\"@id\":\"https:\/\/www.koupelnapro.com\/#website\"},\"primaryImageOfPage\":{\"@id\":\"https:\/\/www.koupelnapro.com\/index.php\/produkt\/nejlepsi-volba-geberit-duofix-pro-bidet-do-sadrokartonu-52939\/#primaryimage\"},\"image\":{\"@id\":\"https:\/\/www.koupelnapro.com\/index.php\/produkt\/nejlepsi-volba-geberit-duofix-pro-bidet-do-sadrokartonu-52939\/#primaryimage\"},\"thumbnailUrl\":\"https:\/\/www.koupelnapro.com\/wp-content\/uploads\/2026\/SK0002769-CZ20260425-093449-0-1777080895-geberit-duofix-pro-bidet-do-sadrokartonu.webp\",\"datePublished\":\"2026-04-26T09:16:57+00:00\",\"breadcrumb\":{\"@id\":\"https:\/\/www.koupelnapro.com\/index.php\/produkt\/nejlepsi-volba-geberit-duofix-pro-bidet-do-sadrokartonu-52939\/#breadcrumb\"},\"inLanguage\":\"cs\",\"potentialAction\":[{\"@type\":\"ReadAction\",\"target\":[\"https:\/\/www.koupelnapro.com\/index.php\/produkt\/nejlepsi-volba-geberit-duofix-pro-bidet-do-sadrokartonu-52939\/\"]}]},{\"@type\":\"ImageObject\",\"inLanguage\":\"cs\",\"@id\":\"https:\/\/www.koupelnapro.com\/index.php\/produkt\/nejlepsi-volba-geberit-duofix-pro-bidet-do-sadrokartonu-52939\/#primaryimage\",\"url\":\"https:\/\/www.koupelnapro.com\/wp-content\/uploads\/2026\/SK0002769-CZ20260425-093449-0-1777080895-geberit-duofix-pro-bidet-do-sadrokartonu.webp\",\"contentUrl\":\"https:\/\/www.koupelnapro.com\/wp-content\/uploads\/2026\/SK0002769-CZ20260425-093449-0-1777080895-geberit-duofix-pro-bidet-do-sadrokartonu.webp\",\"width\":1000,\"height\":525},{\"@type\":\"BreadcrumbList\",\"@id\":\"https:\/\/www.koupelnapro.com\/index.php\/produkt\/nejlepsi-volba-geberit-duofix-pro-bidet-do-sadrokartonu-52939\/#breadcrumb\",\"itemListElement\":[{\"@type\":\"ListItem\",\"position\":1,\"name\":\"Home\",\"item\":\"https:\/\/www.koupelnapro.com\/\"},{\"@type\":\"ListItem\",\"position\":2,\"name\":\"Products\",\"item\":\"https:\/\/www.koupelnapro.com\/index.php\/products\/\"},{\"@type\":\"ListItem\",\"position\":3,\"name\":\"Nejlep\u0161\u00ed Volba Geberit Duofix pro bidet do s\u00e1drokartonu\"}]},{\"@type\":\"WebSite\",\"@id\":\"https:\/\/www.koupelnapro.com\/#website\",\"url\":\"https:\/\/www.koupelnapro.com\/\",\"name\":\"\",\"description\":\"\",\"potentialAction\":[{\"@type\":\"SearchAction\",\"target\":{\"@type\":\"EntryPoint\",\"urlTemplate\":\"https:\/\/www.koupelnapro.com\/?s={search_term_string}\"},\"query-input\":{\"@type\":\"PropertyValueSpecification\",\"valueRequired\":true,\"valueName\":\"search_term_string\"}}],\"inLanguage\":\"cs\"}]}<\/script>\n<!-- \/ Yoast SEO plugin. -->","yoast_head_json":{"title":"Nejlep\u0161\u00ed Volba Geberit Duofix pro bidet do s\u00e1drokartonu -","robots":{"index":"index","follow":"follow","max-snippet":"max-snippet:-1","max-image-preview":"max-image-preview:large","max-video-preview":"max-video-preview:-1"},"canonical":"https:\/\/www.koupelnapro.com\/index.php\/produkt\/nejlepsi-volba-geberit-duofix-pro-bidet-do-sadrokartonu-52939\/","og_locale":"cs_CZ","og_type":"article","og_title":"Nejlep\u0161\u00ed Volba Geberit Duofix pro bidet do s\u00e1drokartonu -","og_description":"Pro stoj\u00e1nkovou armaturu Geberit Duofix je mont\u00e1\u017en\u00ed prvek pro mont\u00e1\u017e z\u00e1v\u011bsn\u00fdch za\u0159izovac\u00edch p\u0159edm\u011bt\u016f, jako jsou WC, piso\u00e1ry, bidety a umyvadla. Je ur\u010den pro mont\u00e1\u017e such\u00fdm procesem do lehk\u00fdch s\u00e1drokartonov\u00fdch p\u0159\u00ed\u010dek nebo k instalaci p\u0159ed masivn\u00ed st\u011bnu. Sou\u010d\u00e1st\u00ed ka\u017ed\u00e9ho prvku Duofix je splachovac\u00ed n\u00e1dr\u017eka Geberit. Instalace prvku je mimo\u0159\u00e1dn\u011b rychl\u00e1 za pou\u017eit\u00ed pouh\u00fdch \u010dty\u0159 upev\u0148ovac\u00edch bod\u016f. [&hellip;]","og_url":"https:\/\/www.koupelnapro.com\/index.php\/produkt\/nejlepsi-volba-geberit-duofix-pro-bidet-do-sadrokartonu-52939\/","og_image":[{"width":1000,"height":525,"url":"https:\/\/www.koupelnapro.com\/wp-content\/uploads\/2026\/SK0002769-CZ20260425-093449-0-1777080895-geberit-duofix-pro-bidet-do-sadrokartonu.webp","type":"image\/webp"}],"twitter_card":"summary_large_image","twitter_misc":{"Odhadovan\u00e1 doba \u010dten\u00ed":"2 minuty"},"schema":{"@context":"https:\/\/schema.org","@graph":[{"@type":"WebPage","@id":"https:\/\/www.koupelnapro.com\/index.php\/produkt\/nejlepsi-volba-geberit-duofix-pro-bidet-do-sadrokartonu-52939\/","url":"https:\/\/www.koupelnapro.com\/index.php\/produkt\/nejlepsi-volba-geberit-duofix-pro-bidet-do-sadrokartonu-52939\/","name":"Nejlep\u0161\u00ed Volba Geberit Duofix pro bidet do s\u00e1drokartonu -","isPartOf":{"@id":"https:\/\/www.koupelnapro.com\/#website"},"primaryImageOfPage":{"@id":"https:\/\/www.koupelnapro.com\/index.php\/produkt\/nejlepsi-volba-geberit-duofix-pro-bidet-do-sadrokartonu-52939\/#primaryimage"},"image":{"@id":"https:\/\/www.koupelnapro.com\/index.php\/produkt\/nejlepsi-volba-geberit-duofix-pro-bidet-do-sadrokartonu-52939\/#primaryimage"},"thumbnailUrl":"https:\/\/www.koupelnapro.com\/wp-content\/uploads\/2026\/SK0002769-CZ20260425-093449-0-1777080895-geberit-duofix-pro-bidet-do-sadrokartonu.webp","datePublished":"2026-04-26T09:16:57+00:00","breadcrumb":{"@id":"https:\/\/www.koupelnapro.com\/index.php\/produkt\/nejlepsi-volba-geberit-duofix-pro-bidet-do-sadrokartonu-52939\/#breadcrumb"},"inLanguage":"cs","potentialAction":[{"@type":"ReadAction","target":["https:\/\/www.koupelnapro.com\/index.php\/produkt\/nejlepsi-volba-geberit-duofix-pro-bidet-do-sadrokartonu-52939\/"]}]},{"@type":"ImageObject","inLanguage":"cs","@id":"https:\/\/www.koupelnapro.com\/index.php\/produkt\/nejlepsi-volba-geberit-duofix-pro-bidet-do-sadrokartonu-52939\/#primaryimage","url":"https:\/\/www.koupelnapro.com\/wp-content\/uploads\/2026\/SK0002769-CZ20260425-093449-0-1777080895-geberit-duofix-pro-bidet-do-sadrokartonu.webp","contentUrl":"https:\/\/www.koupelnapro.com\/wp-content\/uploads\/2026\/SK0002769-CZ20260425-093449-0-1777080895-geberit-duofix-pro-bidet-do-sadrokartonu.webp","width":1000,"height":525},{"@type":"BreadcrumbList","@id":"https:\/\/www.koupelnapro.com\/index.php\/produkt\/nejlepsi-volba-geberit-duofix-pro-bidet-do-sadrokartonu-52939\/#breadcrumb","itemListElement":[{"@type":"ListItem","position":1,"name":"Home","item":"https:\/\/www.koupelnapro.com\/"},{"@type":"ListItem","position":2,"name":"Products","item":"https:\/\/www.koupelnapro.com\/index.php\/products\/"},{"@type":"ListItem","position":3,"name":"Nejlep\u0161\u00ed Volba Geberit Duofix pro bidet do s\u00e1drokartonu"}]},{"@type":"WebSite","@id":"https:\/\/www.koupelnapro.com\/#website","url":"https:\/\/www.koupelnapro.com\/","name":"","description":"","potentialAction":[{"@type":"SearchAction","target":{"@type":"EntryPoint","urlTemplate":"https:\/\/www.koupelnapro.com\/?s={search_term_string}"},"query-input":{"@type":"PropertyValueSpecification","valueRequired":true,"valueName":"search_term_string"}}],"inLanguage":"cs"}]}},"_links":{"self":[{"href":"https:\/\/www.koupelnapro.com\/index.php\/wp-json\/wp\/v2\/product\/52939","targetHints":{"allow":["GET"]}}],"collection":[{"href":"https:\/\/www.koupelnapro.com\/index.php\/wp-json\/wp\/v2\/product"}],"about":[{"href":"https:\/\/www.koupelnapro.com\/index.php\/wp-json\/wp\/v2\/types\/product"}],"replies":[{"embeddable":true,"href":"https:\/\/www.koupelnapro.com\/index.php\/wp-json\/wp\/v2\/comments?post=52939"}],"wp:featuredmedia":[{"embeddable":true,"href":"https:\/\/www.koupelnapro.com\/index.php\/wp-json\/wp\/v2\/media\/53039"}],"wp:attachment":[{"href":"https:\/\/www.koupelnapro.com\/index.php\/wp-json\/wp\/v2\/media?parent=52939"}],"wp:term":[{"taxonomy":"product_brand","embeddable":true,"href":"https:\/\/www.koupelnapro.com\/index.php\/wp-json\/wp\/v2\/product_brand?post=52939"},{"taxonomy":"product_cat","embeddable":true,"href":"https:\/\/www.koupelnapro.com\/index.php\/wp-json\/wp\/v2\/product_cat?post=52939"},{"taxonomy":"product_tag","embeddable":true,"href":"https:\/\/www.koupelnapro.com\/index.php\/wp-json\/wp\/v2\/product_tag?post=52939"}],"curies":[{"name":"wp","href":"https:\/\/api.w.org\/{rel}","templated":true}]}}