{"id":52925,"date":"2026-04-26T09:16:57","date_gmt":"2026-04-26T09:16:57","guid":{"rendered":""},"modified":"2026-04-26T09:16:57","modified_gmt":"2026-04-26T09:16:57","slug":"rychle-dodani-ravak-akrylatova-vana-rosa-i-140-x-105-l-akce-dozivotni-zaruka-52925","status":"publish","type":"product","link":"https:\/\/www.koupelnapro.com\/index.php\/produkt\/rychle-dodani-ravak-akrylatova-vana-rosa-i-140-x-105-l-akce-dozivotni-zaruka-52925\/","title":{"rendered":"Rychl\u00e9 Dod\u00e1n\u00ed Ravak akryl\u00e1tov\u00e1 vana Rosa I 140 x 105 L | AKCE Do\u017eivotn\u00ed z\u00e1ruka"},"content":{"rendered":"<div id=\"e18231107\" class=\"pages\">\n<div>\n<div id=\"PDDescription\" class=\"UserContentView userContent v1a v1 bs-view dcon dc159 PDDescription\" ><dc-con><dc-con><bs-empty><\/bs-empty><\/dc-con><dc-con>        <\/p>\n<div class=\"customDescription\">\n<p style=\"text-align: left;\"><strong>Do\u017eivotn\u00ed z\u00e1ruka na akryl\u00e1tov\u00e9 vany RAVAK<\/strong><\/p>\n<p><img decoding=\"async\" title=\"\" style=\"width: 60%;\" src=\"$USER-CONTENT\/Ravak2020_TV-zaruka-CZ.jpg\"><\/p>\n<p>Do\u017eivotn\u00ed z\u00e1ruku na vanu poskytne firma RAVAK a.s. tomu kupuj\u00edc\u00edmu, k        <\/p><\/div>\n<p><\/dc-con><dc-con>Rosa I vznikla pro milovn\u00edky koup\u00e1n\u00ed i milovn\u00edky sprchov\u00e1n\u00ed. Pro rodiny s mal\u00fdmi d\u011btmi i pro lidi, co ocen\u00ed ve van\u011b sed\u00e1tko. Rosa I je prost\u011b pro ka\u017ed\u00e9ho. Lev\u00e1 varianta.<\/dc-con><\/dc-con><\/div>\n<div id=\"PDDescription2\" class=\"UserContentView userContent v1a v1 bs-view dcon dc160 PDDescription2\" >\n<ul>\n<li>rozm\u011bry: 140 x 105 cm<\/li>\n<li>materi\u00e1l: lit\u00fd akryl\u00e1t<\/li>\n<li>varianta vyztu\u017een\u00ed: LA &#8211; sklolamin\u00e1t<\/li>\n<li>objem: 210 l<\/li>\n<li>proveden\u00ed: lev\u00e9 (L)<\/li>\n<li>vanov\u00e1 z\u00e1st\u011bna: CVSK1, VSK2<\/li>\n<li>dopl\u0148ky k dokoupen\u00ed: podpora,\u00a0\u010deln\u00ed panel, vanov\u00fd odtokov\u00fd komplet, vanov\u00e1 stoj\u00e1nkov\u00e1 baterie &#8222;vodop\u00e1d&#8220; RS 025<\/li>\n<\/ul>\n<p>Vanu Rosa I lze doplnit vanovou z\u00e1st\u011bnou VSK2 nebo CVSK1. Jako dopl\u0148ky doporu\u010dujeme \u010deln\u00ed panel, vanov\u00fd odtokov\u00fd komplet. \u010celn\u00ed panel je kompatibiln\u00ed pro lev\u00e9 i prav\u00e9 proveden\u00ed vany. Na vanu navazuje koncept v\u00fdrobk\u016f pro celou koupelnu.<\/p>\n<\/div><\/div>\n<div id=\"PDTable3\" class=\"ProductDetailTableView v3a v3 bs-view dcon dc180 PDTable3\" >\n<table>\n<thead><\/thead>\n<tbody>\n<tr class=\"attribute attr_typ\">\n<td class=\"caption\">Typ<\/td>\n<td class=\"value\">Asymetrick\u00e9 vany<\/td>\n<\/tr>\n<tr class=\"attribute attr_barva\">\n<td class=\"caption\">Barva<\/td>\n<td class=\"value\">B\u00edl\u00e1<\/td>\n<\/tr>\n<tr class=\"attribute attr_delka\">\n<td class=\"caption\">D\u00e9lka v mm<\/td>\n<td class=\"value\">140<\/td>\n<\/tr>\n<tr class=\"attribute attr_pouziti\">\n<td class=\"caption\">Pou\u017eit\u00ed<\/td>\n<td class=\"value\">Lev\u00e1<\/td>\n<\/tr>\n<tr class=\"attribute attr_bsshop_maker\">\n<td class=\"caption\">V\u00fdrobce<\/td>\n<td class=\"value\">Ravak<\/td>\n<\/tr>\n<tr class=\"attribute attr_material\">\n<td class=\"caption\">Materi\u00e1l<\/td>\n<td class=\"value\">Lit\u00fd akryl\u00e1t<\/td>\n<\/tr>\n<tr class=\"attribute attr_sirka\">\n<td class=\"caption\">\u0160\u00ed\u0159ka v mm<\/td>\n<td class=\"value\">105<\/td>\n<\/tr>\n<tr class=\"attribute attr_Vyska\">\n<td class=\"caption\">V\u00fd\u0161ka v mm<\/td>\n<td class=\"value\">47<\/td>\n<\/tr>\n<tr class=\"weight\">\n<td class=\"caption\"><span>Hmotnost<\/span><\/td>\n<td class=\"value\"><span>23,00 kg<\/span><\/td>\n<\/tr>\n<\/tbody>\n<\/table>\n<\/div>\n<div id=\"ProductMedia\" class=\"ProductMediaView MediaViewBase v1a v1 bs-view dcon dc404 ProductMedia\" ><bs-empty><\/bs-empty><\/p>\n<div class=\"files\">\n<div class=\"title sub\">Soubory<\/div>\n<p><a href=\"\/media\/5196\/pov-bathtubs.zip?&amp;key=ZGpmIyQwNUZfNTE5Ng==\" class=\"zip\">pov_bathtubs.zip<\/a><a href=\"\/media\/5197\/mn-vana-rosa.pdf?&amp;key=ZGpmIyQwNUZfNTE5Nw==\" class=\"pdf\">mn_vana-rosa.pdf<\/a><a href=\"\/media\/26382\/20231003114411-pov-bathtubs.zip?&amp;key=ZGpmIyQwNUZfMjYzODI=\" class=\"zip\">20231003114411.pov_bathtubs.zip<\/a><a href=\"\/media\/26383\/20231003114410-mn-vana-rosa.pdf?&amp;key=ZGpmIyQwNUZfMjYzODM=\" class=\"pdf\">20231003114410.mn_vana-rosa.pdf<\/a><\/div>\n<p><bs-empty><\/bs-empty><\/div>\n<\/div>\n<div id=\"e18231108\" class=\"tabs\">\n","protected":false},"excerpt":{"rendered":"<p>Do\u017eivotn\u00ed z\u00e1ruka na akryl\u00e1tov\u00e9 vany RAVAK Do\u017eivotn\u00ed z\u00e1ruku na vanu poskytne firma RAVAK a.s. tomu kupuj\u00edc\u00edmu, k Rosa I vznikla pro milovn\u00edky koup\u00e1n\u00ed i milovn\u00edky sprchov\u00e1n\u00ed. Pro rodiny s mal\u00fdmi d\u011btmi i pro lidi, co ocen\u00ed ve van\u011b sed\u00e1tko. Rosa I je prost\u011b pro ka\u017ed\u00e9ho. Lev\u00e1 varianta. rozm\u011bry: 140 x 105 cm materi\u00e1l: lit\u00fd akryl\u00e1t [&hellip;]<\/p>\n","protected":false},"featured_media":53025,"comment_status":"open","ping_status":"open","template":"","meta":[],"product_brand":[],"product_cat":[171],"product_tag":[],"class_list":{"0":"post-52925","1":"product","2":"type-product","3":"status-publish","4":"has-post-thumbnail","6":"product_cat-vybaven-237-koupelny","8":"first","9":"instock","10":"sale","11":"shipping-taxable","12":"purchasable","13":"product-type-simple"},"yoast_head":"<!-- This site is optimized with the Yoast SEO plugin v26.8 - https:\/\/yoast.com\/product\/yoast-seo-wordpress\/ -->\n<title>Rychl\u00e9 Dod\u00e1n\u00ed Ravak akryl\u00e1tov\u00e1 vana Rosa I 140 x 105 L | AKCE Do\u017eivotn\u00ed z\u00e1ruka -<\/title>\n<meta name=\"robots\" content=\"index, follow, max-snippet:-1, max-image-preview:large, max-video-preview:-1\" \/>\n<link rel=\"canonical\" href=\"https:\/\/www.koupelnapro.com\/index.php\/produkt\/rychle-dodani-ravak-akrylatova-vana-rosa-i-140-x-105-l-akce-dozivotni-zaruka-52925\/\" \/>\n<meta property=\"og:locale\" content=\"cs_CZ\" \/>\n<meta property=\"og:type\" content=\"article\" \/>\n<meta property=\"og:title\" content=\"Rychl\u00e9 Dod\u00e1n\u00ed Ravak akryl\u00e1tov\u00e1 vana Rosa I 140 x 105 L | AKCE Do\u017eivotn\u00ed z\u00e1ruka -\" \/>\n<meta property=\"og:description\" content=\"Do\u017eivotn\u00ed z\u00e1ruka na akryl\u00e1tov\u00e9 vany RAVAK Do\u017eivotn\u00ed z\u00e1ruku na vanu poskytne firma RAVAK a.s. tomu kupuj\u00edc\u00edmu, k Rosa I vznikla pro milovn\u00edky koup\u00e1n\u00ed i milovn\u00edky sprchov\u00e1n\u00ed. Pro rodiny s mal\u00fdmi d\u011btmi i pro lidi, co ocen\u00ed ve van\u011b sed\u00e1tko. Rosa I je prost\u011b pro ka\u017ed\u00e9ho. Lev\u00e1 varianta. rozm\u011bry: 140 x 105 cm materi\u00e1l: lit\u00fd akryl\u00e1t [&hellip;]\" \/>\n<meta property=\"og:url\" content=\"https:\/\/www.koupelnapro.com\/index.php\/produkt\/rychle-dodani-ravak-akrylatova-vana-rosa-i-140-x-105-l-akce-dozivotni-zaruka-52925\/\" \/>\n<meta property=\"og:image\" content=\"https:\/\/www.koupelnapro.com\/wp-content\/uploads\/2026\/SK0002755-CZ20260425-093449-0-1777080895-ravak-akrylatova-vana-rosa-i-140-x-105-l-akce-dozivotni-zar.webp\" \/>\n\t<meta property=\"og:image:width\" content=\"1000\" \/>\n\t<meta property=\"og:image:height\" content=\"525\" \/>\n\t<meta property=\"og:image:type\" content=\"image\/webp\" \/>\n<meta name=\"twitter:card\" content=\"summary_large_image\" \/>\n<meta name=\"twitter:label1\" content=\"Odhadovan\u00e1 doba \u010dten\u00ed\" \/>\n\t<meta name=\"twitter:data1\" content=\"1 minuta\" \/>\n<script type=\"application\/ld+json\" class=\"yoast-schema-graph\">{\"@context\":\"https:\/\/schema.org\",\"@graph\":[{\"@type\":\"WebPage\",\"@id\":\"https:\/\/www.koupelnapro.com\/index.php\/produkt\/rychle-dodani-ravak-akrylatova-vana-rosa-i-140-x-105-l-akce-dozivotni-zaruka-52925\/\",\"url\":\"https:\/\/www.koupelnapro.com\/index.php\/produkt\/rychle-dodani-ravak-akrylatova-vana-rosa-i-140-x-105-l-akce-dozivotni-zaruka-52925\/\",\"name\":\"Rychl\u00e9 Dod\u00e1n\u00ed Ravak akryl\u00e1tov\u00e1 vana Rosa I 140 x 105 L | AKCE Do\u017eivotn\u00ed z\u00e1ruka -\",\"isPartOf\":{\"@id\":\"https:\/\/www.koupelnapro.com\/#website\"},\"primaryImageOfPage\":{\"@id\":\"https:\/\/www.koupelnapro.com\/index.php\/produkt\/rychle-dodani-ravak-akrylatova-vana-rosa-i-140-x-105-l-akce-dozivotni-zaruka-52925\/#primaryimage\"},\"image\":{\"@id\":\"https:\/\/www.koupelnapro.com\/index.php\/produkt\/rychle-dodani-ravak-akrylatova-vana-rosa-i-140-x-105-l-akce-dozivotni-zaruka-52925\/#primaryimage\"},\"thumbnailUrl\":\"https:\/\/www.koupelnapro.com\/wp-content\/uploads\/2026\/SK0002755-CZ20260425-093449-0-1777080895-ravak-akrylatova-vana-rosa-i-140-x-105-l-akce-dozivotni-zar.webp\",\"datePublished\":\"2026-04-26T09:16:57+00:00\",\"breadcrumb\":{\"@id\":\"https:\/\/www.koupelnapro.com\/index.php\/produkt\/rychle-dodani-ravak-akrylatova-vana-rosa-i-140-x-105-l-akce-dozivotni-zaruka-52925\/#breadcrumb\"},\"inLanguage\":\"cs\",\"potentialAction\":[{\"@type\":\"ReadAction\",\"target\":[\"https:\/\/www.koupelnapro.com\/index.php\/produkt\/rychle-dodani-ravak-akrylatova-vana-rosa-i-140-x-105-l-akce-dozivotni-zaruka-52925\/\"]}]},{\"@type\":\"ImageObject\",\"inLanguage\":\"cs\",\"@id\":\"https:\/\/www.koupelnapro.com\/index.php\/produkt\/rychle-dodani-ravak-akrylatova-vana-rosa-i-140-x-105-l-akce-dozivotni-zaruka-52925\/#primaryimage\",\"url\":\"https:\/\/www.koupelnapro.com\/wp-content\/uploads\/2026\/SK0002755-CZ20260425-093449-0-1777080895-ravak-akrylatova-vana-rosa-i-140-x-105-l-akce-dozivotni-zar.webp\",\"contentUrl\":\"https:\/\/www.koupelnapro.com\/wp-content\/uploads\/2026\/SK0002755-CZ20260425-093449-0-1777080895-ravak-akrylatova-vana-rosa-i-140-x-105-l-akce-dozivotni-zar.webp\",\"width\":1000,\"height\":525},{\"@type\":\"BreadcrumbList\",\"@id\":\"https:\/\/www.koupelnapro.com\/index.php\/produkt\/rychle-dodani-ravak-akrylatova-vana-rosa-i-140-x-105-l-akce-dozivotni-zaruka-52925\/#breadcrumb\",\"itemListElement\":[{\"@type\":\"ListItem\",\"position\":1,\"name\":\"Home\",\"item\":\"https:\/\/www.koupelnapro.com\/\"},{\"@type\":\"ListItem\",\"position\":2,\"name\":\"Products\",\"item\":\"https:\/\/www.koupelnapro.com\/index.php\/products\/\"},{\"@type\":\"ListItem\",\"position\":3,\"name\":\"Rychl\u00e9 Dod\u00e1n\u00ed Ravak akryl\u00e1tov\u00e1 vana Rosa I 140 x 105 L | AKCE Do\u017eivotn\u00ed z\u00e1ruka\"}]},{\"@type\":\"WebSite\",\"@id\":\"https:\/\/www.koupelnapro.com\/#website\",\"url\":\"https:\/\/www.koupelnapro.com\/\",\"name\":\"\",\"description\":\"\",\"potentialAction\":[{\"@type\":\"SearchAction\",\"target\":{\"@type\":\"EntryPoint\",\"urlTemplate\":\"https:\/\/www.koupelnapro.com\/?s={search_term_string}\"},\"query-input\":{\"@type\":\"PropertyValueSpecification\",\"valueRequired\":true,\"valueName\":\"search_term_string\"}}],\"inLanguage\":\"cs\"}]}<\/script>\n<!-- \/ Yoast SEO plugin. -->","yoast_head_json":{"title":"Rychl\u00e9 Dod\u00e1n\u00ed Ravak akryl\u00e1tov\u00e1 vana Rosa I 140 x 105 L | AKCE Do\u017eivotn\u00ed z\u00e1ruka -","robots":{"index":"index","follow":"follow","max-snippet":"max-snippet:-1","max-image-preview":"max-image-preview:large","max-video-preview":"max-video-preview:-1"},"canonical":"https:\/\/www.koupelnapro.com\/index.php\/produkt\/rychle-dodani-ravak-akrylatova-vana-rosa-i-140-x-105-l-akce-dozivotni-zaruka-52925\/","og_locale":"cs_CZ","og_type":"article","og_title":"Rychl\u00e9 Dod\u00e1n\u00ed Ravak akryl\u00e1tov\u00e1 vana Rosa I 140 x 105 L | AKCE Do\u017eivotn\u00ed z\u00e1ruka -","og_description":"Do\u017eivotn\u00ed z\u00e1ruka na akryl\u00e1tov\u00e9 vany RAVAK Do\u017eivotn\u00ed z\u00e1ruku na vanu poskytne firma RAVAK a.s. tomu kupuj\u00edc\u00edmu, k Rosa I vznikla pro milovn\u00edky koup\u00e1n\u00ed i milovn\u00edky sprchov\u00e1n\u00ed. Pro rodiny s mal\u00fdmi d\u011btmi i pro lidi, co ocen\u00ed ve van\u011b sed\u00e1tko. Rosa I je prost\u011b pro ka\u017ed\u00e9ho. Lev\u00e1 varianta. rozm\u011bry: 140 x 105 cm materi\u00e1l: lit\u00fd akryl\u00e1t [&hellip;]","og_url":"https:\/\/www.koupelnapro.com\/index.php\/produkt\/rychle-dodani-ravak-akrylatova-vana-rosa-i-140-x-105-l-akce-dozivotni-zaruka-52925\/","og_image":[{"width":1000,"height":525,"url":"https:\/\/www.koupelnapro.com\/wp-content\/uploads\/2026\/SK0002755-CZ20260425-093449-0-1777080895-ravak-akrylatova-vana-rosa-i-140-x-105-l-akce-dozivotni-zar.webp","type":"image\/webp"}],"twitter_card":"summary_large_image","twitter_misc":{"Odhadovan\u00e1 doba \u010dten\u00ed":"1 minuta"},"schema":{"@context":"https:\/\/schema.org","@graph":[{"@type":"WebPage","@id":"https:\/\/www.koupelnapro.com\/index.php\/produkt\/rychle-dodani-ravak-akrylatova-vana-rosa-i-140-x-105-l-akce-dozivotni-zaruka-52925\/","url":"https:\/\/www.koupelnapro.com\/index.php\/produkt\/rychle-dodani-ravak-akrylatova-vana-rosa-i-140-x-105-l-akce-dozivotni-zaruka-52925\/","name":"Rychl\u00e9 Dod\u00e1n\u00ed Ravak akryl\u00e1tov\u00e1 vana Rosa I 140 x 105 L | AKCE Do\u017eivotn\u00ed z\u00e1ruka -","isPartOf":{"@id":"https:\/\/www.koupelnapro.com\/#website"},"primaryImageOfPage":{"@id":"https:\/\/www.koupelnapro.com\/index.php\/produkt\/rychle-dodani-ravak-akrylatova-vana-rosa-i-140-x-105-l-akce-dozivotni-zaruka-52925\/#primaryimage"},"image":{"@id":"https:\/\/www.koupelnapro.com\/index.php\/produkt\/rychle-dodani-ravak-akrylatova-vana-rosa-i-140-x-105-l-akce-dozivotni-zaruka-52925\/#primaryimage"},"thumbnailUrl":"https:\/\/www.koupelnapro.com\/wp-content\/uploads\/2026\/SK0002755-CZ20260425-093449-0-1777080895-ravak-akrylatova-vana-rosa-i-140-x-105-l-akce-dozivotni-zar.webp","datePublished":"2026-04-26T09:16:57+00:00","breadcrumb":{"@id":"https:\/\/www.koupelnapro.com\/index.php\/produkt\/rychle-dodani-ravak-akrylatova-vana-rosa-i-140-x-105-l-akce-dozivotni-zaruka-52925\/#breadcrumb"},"inLanguage":"cs","potentialAction":[{"@type":"ReadAction","target":["https:\/\/www.koupelnapro.com\/index.php\/produkt\/rychle-dodani-ravak-akrylatova-vana-rosa-i-140-x-105-l-akce-dozivotni-zaruka-52925\/"]}]},{"@type":"ImageObject","inLanguage":"cs","@id":"https:\/\/www.koupelnapro.com\/index.php\/produkt\/rychle-dodani-ravak-akrylatova-vana-rosa-i-140-x-105-l-akce-dozivotni-zaruka-52925\/#primaryimage","url":"https:\/\/www.koupelnapro.com\/wp-content\/uploads\/2026\/SK0002755-CZ20260425-093449-0-1777080895-ravak-akrylatova-vana-rosa-i-140-x-105-l-akce-dozivotni-zar.webp","contentUrl":"https:\/\/www.koupelnapro.com\/wp-content\/uploads\/2026\/SK0002755-CZ20260425-093449-0-1777080895-ravak-akrylatova-vana-rosa-i-140-x-105-l-akce-dozivotni-zar.webp","width":1000,"height":525},{"@type":"BreadcrumbList","@id":"https:\/\/www.koupelnapro.com\/index.php\/produkt\/rychle-dodani-ravak-akrylatova-vana-rosa-i-140-x-105-l-akce-dozivotni-zaruka-52925\/#breadcrumb","itemListElement":[{"@type":"ListItem","position":1,"name":"Home","item":"https:\/\/www.koupelnapro.com\/"},{"@type":"ListItem","position":2,"name":"Products","item":"https:\/\/www.koupelnapro.com\/index.php\/products\/"},{"@type":"ListItem","position":3,"name":"Rychl\u00e9 Dod\u00e1n\u00ed Ravak akryl\u00e1tov\u00e1 vana Rosa I 140 x 105 L | AKCE Do\u017eivotn\u00ed z\u00e1ruka"}]},{"@type":"WebSite","@id":"https:\/\/www.koupelnapro.com\/#website","url":"https:\/\/www.koupelnapro.com\/","name":"","description":"","potentialAction":[{"@type":"SearchAction","target":{"@type":"EntryPoint","urlTemplate":"https:\/\/www.koupelnapro.com\/?s={search_term_string}"},"query-input":{"@type":"PropertyValueSpecification","valueRequired":true,"valueName":"search_term_string"}}],"inLanguage":"cs"}]}},"_links":{"self":[{"href":"https:\/\/www.koupelnapro.com\/index.php\/wp-json\/wp\/v2\/product\/52925","targetHints":{"allow":["GET"]}}],"collection":[{"href":"https:\/\/www.koupelnapro.com\/index.php\/wp-json\/wp\/v2\/product"}],"about":[{"href":"https:\/\/www.koupelnapro.com\/index.php\/wp-json\/wp\/v2\/types\/product"}],"replies":[{"embeddable":true,"href":"https:\/\/www.koupelnapro.com\/index.php\/wp-json\/wp\/v2\/comments?post=52925"}],"wp:featuredmedia":[{"embeddable":true,"href":"https:\/\/www.koupelnapro.com\/index.php\/wp-json\/wp\/v2\/media\/53025"}],"wp:attachment":[{"href":"https:\/\/www.koupelnapro.com\/index.php\/wp-json\/wp\/v2\/media?parent=52925"}],"wp:term":[{"taxonomy":"product_brand","embeddable":true,"href":"https:\/\/www.koupelnapro.com\/index.php\/wp-json\/wp\/v2\/product_brand?post=52925"},{"taxonomy":"product_cat","embeddable":true,"href":"https:\/\/www.koupelnapro.com\/index.php\/wp-json\/wp\/v2\/product_cat?post=52925"},{"taxonomy":"product_tag","embeddable":true,"href":"https:\/\/www.koupelnapro.com\/index.php\/wp-json\/wp\/v2\/product_tag?post=52925"}],"curies":[{"name":"wp","href":"https:\/\/api.w.org\/{rel}","templated":true}]}}