{"id":46752,"date":"2026-04-26T09:16:29","date_gmt":"2026-04-26T09:16:29","guid":{"rendered":""},"modified":"2026-04-26T09:16:29","modified_gmt":"2026-04-26T09:16:29","slug":"akce-21215-kotou-269-diamantov-yacute-pln-yacute-celoobvodov-yacute-150x2-6x22-2mm-festa-46752","status":"publish","type":"product","link":"https:\/\/www.koupelnapro.com\/index.php\/produkt\/akce-21215-kotou-269-diamantov-yacute-pln-yacute-celoobvodov-yacute-150x2-6x22-2mm-festa-46752\/","title":{"rendered":"Akce 21215 | kotou&#269; diamantov&yacute; pln&yacute;-celoobvodov&yacute; |  150&#215;2,6&#215;22,2mm | FESTA"},"content":{"rendered":"<p><!-- More info -->\t\t\t\t\t<\/p>\n<section id=\"idTab1\" class=\"page-product-box tab-pane active\" role=\"tabpanel\" aria-labelledby=\"idTab1\">\t\t\t\t\t\t<!-- full description -->\t\t\t\t\t\t<\/p>\n<div class=\"rte\">Profesion\u00e1ln\u00ed diamantov\u00fd kotou\u010d FESTA, proveden\u00ed : PLN\u00dd &#8211; celoobvodov\u00fd, kvalitn\u00ed diamantov\u00e1 vrstva s vysok\u00fdm obsahem diamantov\u00e9ho prachu, p\u0159esn\u00e9 zpracov\u00e1n\u00ed &#8211; napojen\u00ed na nosn\u00fd disk kotou\u010de odol\u00e1vaj\u00edc\u00ed vysok\u00fdm teplot\u00e1m, pou\u017eit\u00ed : ur\u010den\u00fd pro mokr\u00e9 i such\u00e9 \u0159ez\u00e1n\u00ed dla\u017eby a obklad\u016f, betonu, cihel, zdiva, \u017euly, mramoru, kamene, skla, keramiky.<\/div>\n<\/section>\n<p>\t\t\t\t\t<!--end  More info -->\t\t\t\t\t\t\t\t\t\t\t\t\t<!-- Data sheet -->\t\t\t\t\t<\/p>\n<section id=\"idTab2\" class=\"page-product-box tab-pane\" role=\"tabpanel\" aria-labelledby=\"idTab2\">\n<table class=\"table-data-sheet\">\n<tr class=\"odd\">\n<td>Akce<\/td>\n<td>Ano <\/td>\n<\/tr>\n<tr class=\"even\">\n<td>Sleva<\/td>\n<td>Ano <\/td>\n<\/tr>\n<\/table>\n<\/section>\n<p>\t\t\t\t\t<!--end Data sheet -->\t\t\t\t\t\t\t\t\t\t\t\t\t\t\t\t\t\t\t\t\t\t\t\t\t\t\t<\/div>\n<\/p><\/div>\n<p><!--QTR Accessories --><\/p>\n","protected":false},"excerpt":{"rendered":"<p>Profesion\u00e1ln\u00ed diamantov\u00fd kotou\u010d FESTA, proveden\u00ed : PLN\u00dd &#8211; celoobvodov\u00fd, kvalitn\u00ed diamantov\u00e1 vrstva s vysok\u00fdm obsahem diamantov\u00e9ho prachu, p\u0159esn\u00e9 zpracov\u00e1n\u00ed &#8211; napojen\u00ed na nosn\u00fd disk kotou\u010de odol\u00e1vaj\u00edc\u00ed vysok\u00fdm teplot\u00e1m, pou\u017eit\u00ed : ur\u010den\u00fd pro mokr\u00e9 i such\u00e9 \u0159ez\u00e1n\u00ed dla\u017eby a obklad\u016f, betonu, cihel, zdiva, \u017euly, mramoru, kamene, skla, keramiky. Akce Ano Sleva Ano<\/p>\n","protected":false},"featured_media":46852,"comment_status":"open","ping_status":"open","template":"","meta":[],"product_brand":[],"product_cat":[160,159],"product_tag":[],"class_list":{"0":"post-46752","1":"product","2":"type-product","3":"status-publish","4":"has-post-thumbnail","6":"product_cat-sleva","7":"product_cat-v-yacute-prodej","9":"first","10":"instock","11":"sale","12":"shipping-taxable","13":"purchasable","14":"product-type-simple"},"yoast_head":"<!-- This site is optimized with the Yoast SEO plugin v26.8 - https:\/\/yoast.com\/product\/yoast-seo-wordpress\/ -->\n<title>Akce 21215 | kotou&#269; diamantov&yacute; pln&yacute;-celoobvodov&yacute; | 150x2,6x22,2mm | FESTA -<\/title>\n<meta name=\"robots\" content=\"index, follow, max-snippet:-1, max-image-preview:large, max-video-preview:-1\" \/>\n<link rel=\"canonical\" href=\"https:\/\/www.koupelnapro.com\/index.php\/produkt\/akce-21215-kotou-269-diamantov-yacute-pln-yacute-celoobvodov-yacute-150x2-6x22-2mm-festa-46752\/\" \/>\n<meta property=\"og:locale\" content=\"cs_CZ\" \/>\n<meta property=\"og:type\" content=\"article\" \/>\n<meta property=\"og:title\" content=\"Akce 21215 | kotou&#269; diamantov&yacute; pln&yacute;-celoobvodov&yacute; | 150x2,6x22,2mm | FESTA -\" \/>\n<meta property=\"og:description\" content=\"Profesion\u00e1ln\u00ed diamantov\u00fd kotou\u010d FESTA, proveden\u00ed : PLN\u00dd &#8211; celoobvodov\u00fd, kvalitn\u00ed diamantov\u00e1 vrstva s vysok\u00fdm obsahem diamantov\u00e9ho prachu, p\u0159esn\u00e9 zpracov\u00e1n\u00ed &#8211; napojen\u00ed na nosn\u00fd disk kotou\u010de odol\u00e1vaj\u00edc\u00ed vysok\u00fdm teplot\u00e1m, pou\u017eit\u00ed : ur\u010den\u00fd pro mokr\u00e9 i such\u00e9 \u0159ez\u00e1n\u00ed dla\u017eby a obklad\u016f, betonu, cihel, zdiva, \u017euly, mramoru, kamene, skla, keramiky. Akce Ano Sleva Ano\" \/>\n<meta property=\"og:url\" content=\"https:\/\/www.koupelnapro.com\/index.php\/produkt\/akce-21215-kotou-269-diamantov-yacute-pln-yacute-celoobvodov-yacute-150x2-6x22-2mm-festa-46752\/\" \/>\n<meta property=\"og:image\" content=\"https:\/\/www.koupelnapro.com\/wp-content\/uploads\/2026\/SK0003380-CZ20260425-093107-0-1777080667-64509-large_default.webp\" \/>\n\t<meta property=\"og:image:width\" content=\"470\" \/>\n\t<meta property=\"og:image:height\" content=\"470\" \/>\n\t<meta property=\"og:image:type\" content=\"image\/webp\" \/>\n<meta name=\"twitter:card\" content=\"summary_large_image\" \/>\n<script type=\"application\/ld+json\" class=\"yoast-schema-graph\">{\"@context\":\"https:\/\/schema.org\",\"@graph\":[{\"@type\":\"WebPage\",\"@id\":\"https:\/\/www.koupelnapro.com\/index.php\/produkt\/akce-21215-kotou-269-diamantov-yacute-pln-yacute-celoobvodov-yacute-150x2-6x22-2mm-festa-46752\/\",\"url\":\"https:\/\/www.koupelnapro.com\/index.php\/produkt\/akce-21215-kotou-269-diamantov-yacute-pln-yacute-celoobvodov-yacute-150x2-6x22-2mm-festa-46752\/\",\"name\":\"Akce 21215 | kotou&#269; diamantov&yacute; pln&yacute;-celoobvodov&yacute; | 150x2,6x22,2mm | FESTA -\",\"isPartOf\":{\"@id\":\"https:\/\/www.koupelnapro.com\/#website\"},\"primaryImageOfPage\":{\"@id\":\"https:\/\/www.koupelnapro.com\/index.php\/produkt\/akce-21215-kotou-269-diamantov-yacute-pln-yacute-celoobvodov-yacute-150x2-6x22-2mm-festa-46752\/#primaryimage\"},\"image\":{\"@id\":\"https:\/\/www.koupelnapro.com\/index.php\/produkt\/akce-21215-kotou-269-diamantov-yacute-pln-yacute-celoobvodov-yacute-150x2-6x22-2mm-festa-46752\/#primaryimage\"},\"thumbnailUrl\":\"https:\/\/www.koupelnapro.com\/wp-content\/uploads\/2026\/SK0003380-CZ20260425-093107-0-1777080667-64509-large_default.webp\",\"datePublished\":\"2026-04-26T09:16:29+00:00\",\"breadcrumb\":{\"@id\":\"https:\/\/www.koupelnapro.com\/index.php\/produkt\/akce-21215-kotou-269-diamantov-yacute-pln-yacute-celoobvodov-yacute-150x2-6x22-2mm-festa-46752\/#breadcrumb\"},\"inLanguage\":\"cs\",\"potentialAction\":[{\"@type\":\"ReadAction\",\"target\":[\"https:\/\/www.koupelnapro.com\/index.php\/produkt\/akce-21215-kotou-269-diamantov-yacute-pln-yacute-celoobvodov-yacute-150x2-6x22-2mm-festa-46752\/\"]}]},{\"@type\":\"ImageObject\",\"inLanguage\":\"cs\",\"@id\":\"https:\/\/www.koupelnapro.com\/index.php\/produkt\/akce-21215-kotou-269-diamantov-yacute-pln-yacute-celoobvodov-yacute-150x2-6x22-2mm-festa-46752\/#primaryimage\",\"url\":\"https:\/\/www.koupelnapro.com\/wp-content\/uploads\/2026\/SK0003380-CZ20260425-093107-0-1777080667-64509-large_default.webp\",\"contentUrl\":\"https:\/\/www.koupelnapro.com\/wp-content\/uploads\/2026\/SK0003380-CZ20260425-093107-0-1777080667-64509-large_default.webp\",\"width\":470,\"height\":470},{\"@type\":\"BreadcrumbList\",\"@id\":\"https:\/\/www.koupelnapro.com\/index.php\/produkt\/akce-21215-kotou-269-diamantov-yacute-pln-yacute-celoobvodov-yacute-150x2-6x22-2mm-festa-46752\/#breadcrumb\",\"itemListElement\":[{\"@type\":\"ListItem\",\"position\":1,\"name\":\"Home\",\"item\":\"https:\/\/www.koupelnapro.com\/\"},{\"@type\":\"ListItem\",\"position\":2,\"name\":\"Products\",\"item\":\"https:\/\/www.koupelnapro.com\/index.php\/products\/\"},{\"@type\":\"ListItem\",\"position\":3,\"name\":\"Akce 21215 | kotou&#269; diamantov&yacute; pln&yacute;-celoobvodov&yacute; | 150&#215;2,6&#215;22,2mm | FESTA\"}]},{\"@type\":\"WebSite\",\"@id\":\"https:\/\/www.koupelnapro.com\/#website\",\"url\":\"https:\/\/www.koupelnapro.com\/\",\"name\":\"\",\"description\":\"\",\"potentialAction\":[{\"@type\":\"SearchAction\",\"target\":{\"@type\":\"EntryPoint\",\"urlTemplate\":\"https:\/\/www.koupelnapro.com\/?s={search_term_string}\"},\"query-input\":{\"@type\":\"PropertyValueSpecification\",\"valueRequired\":true,\"valueName\":\"search_term_string\"}}],\"inLanguage\":\"cs\"}]}<\/script>\n<!-- \/ Yoast SEO plugin. -->","yoast_head_json":{"title":"Akce 21215 | kotou&#269; diamantov&yacute; pln&yacute;-celoobvodov&yacute; | 150x2,6x22,2mm | FESTA -","robots":{"index":"index","follow":"follow","max-snippet":"max-snippet:-1","max-image-preview":"max-image-preview:large","max-video-preview":"max-video-preview:-1"},"canonical":"https:\/\/www.koupelnapro.com\/index.php\/produkt\/akce-21215-kotou-269-diamantov-yacute-pln-yacute-celoobvodov-yacute-150x2-6x22-2mm-festa-46752\/","og_locale":"cs_CZ","og_type":"article","og_title":"Akce 21215 | kotou&#269; diamantov&yacute; pln&yacute;-celoobvodov&yacute; | 150x2,6x22,2mm | FESTA -","og_description":"Profesion\u00e1ln\u00ed diamantov\u00fd kotou\u010d FESTA, proveden\u00ed : PLN\u00dd &#8211; celoobvodov\u00fd, kvalitn\u00ed diamantov\u00e1 vrstva s vysok\u00fdm obsahem diamantov\u00e9ho prachu, p\u0159esn\u00e9 zpracov\u00e1n\u00ed &#8211; napojen\u00ed na nosn\u00fd disk kotou\u010de odol\u00e1vaj\u00edc\u00ed vysok\u00fdm teplot\u00e1m, pou\u017eit\u00ed : ur\u010den\u00fd pro mokr\u00e9 i such\u00e9 \u0159ez\u00e1n\u00ed dla\u017eby a obklad\u016f, betonu, cihel, zdiva, \u017euly, mramoru, kamene, skla, keramiky. Akce Ano Sleva Ano","og_url":"https:\/\/www.koupelnapro.com\/index.php\/produkt\/akce-21215-kotou-269-diamantov-yacute-pln-yacute-celoobvodov-yacute-150x2-6x22-2mm-festa-46752\/","og_image":[{"width":470,"height":470,"url":"https:\/\/www.koupelnapro.com\/wp-content\/uploads\/2026\/SK0003380-CZ20260425-093107-0-1777080667-64509-large_default.webp","type":"image\/webp"}],"twitter_card":"summary_large_image","schema":{"@context":"https:\/\/schema.org","@graph":[{"@type":"WebPage","@id":"https:\/\/www.koupelnapro.com\/index.php\/produkt\/akce-21215-kotou-269-diamantov-yacute-pln-yacute-celoobvodov-yacute-150x2-6x22-2mm-festa-46752\/","url":"https:\/\/www.koupelnapro.com\/index.php\/produkt\/akce-21215-kotou-269-diamantov-yacute-pln-yacute-celoobvodov-yacute-150x2-6x22-2mm-festa-46752\/","name":"Akce 21215 | kotou&#269; diamantov&yacute; pln&yacute;-celoobvodov&yacute; | 150x2,6x22,2mm | FESTA -","isPartOf":{"@id":"https:\/\/www.koupelnapro.com\/#website"},"primaryImageOfPage":{"@id":"https:\/\/www.koupelnapro.com\/index.php\/produkt\/akce-21215-kotou-269-diamantov-yacute-pln-yacute-celoobvodov-yacute-150x2-6x22-2mm-festa-46752\/#primaryimage"},"image":{"@id":"https:\/\/www.koupelnapro.com\/index.php\/produkt\/akce-21215-kotou-269-diamantov-yacute-pln-yacute-celoobvodov-yacute-150x2-6x22-2mm-festa-46752\/#primaryimage"},"thumbnailUrl":"https:\/\/www.koupelnapro.com\/wp-content\/uploads\/2026\/SK0003380-CZ20260425-093107-0-1777080667-64509-large_default.webp","datePublished":"2026-04-26T09:16:29+00:00","breadcrumb":{"@id":"https:\/\/www.koupelnapro.com\/index.php\/produkt\/akce-21215-kotou-269-diamantov-yacute-pln-yacute-celoobvodov-yacute-150x2-6x22-2mm-festa-46752\/#breadcrumb"},"inLanguage":"cs","potentialAction":[{"@type":"ReadAction","target":["https:\/\/www.koupelnapro.com\/index.php\/produkt\/akce-21215-kotou-269-diamantov-yacute-pln-yacute-celoobvodov-yacute-150x2-6x22-2mm-festa-46752\/"]}]},{"@type":"ImageObject","inLanguage":"cs","@id":"https:\/\/www.koupelnapro.com\/index.php\/produkt\/akce-21215-kotou-269-diamantov-yacute-pln-yacute-celoobvodov-yacute-150x2-6x22-2mm-festa-46752\/#primaryimage","url":"https:\/\/www.koupelnapro.com\/wp-content\/uploads\/2026\/SK0003380-CZ20260425-093107-0-1777080667-64509-large_default.webp","contentUrl":"https:\/\/www.koupelnapro.com\/wp-content\/uploads\/2026\/SK0003380-CZ20260425-093107-0-1777080667-64509-large_default.webp","width":470,"height":470},{"@type":"BreadcrumbList","@id":"https:\/\/www.koupelnapro.com\/index.php\/produkt\/akce-21215-kotou-269-diamantov-yacute-pln-yacute-celoobvodov-yacute-150x2-6x22-2mm-festa-46752\/#breadcrumb","itemListElement":[{"@type":"ListItem","position":1,"name":"Home","item":"https:\/\/www.koupelnapro.com\/"},{"@type":"ListItem","position":2,"name":"Products","item":"https:\/\/www.koupelnapro.com\/index.php\/products\/"},{"@type":"ListItem","position":3,"name":"Akce 21215 | kotou&#269; diamantov&yacute; pln&yacute;-celoobvodov&yacute; | 150&#215;2,6&#215;22,2mm | FESTA"}]},{"@type":"WebSite","@id":"https:\/\/www.koupelnapro.com\/#website","url":"https:\/\/www.koupelnapro.com\/","name":"","description":"","potentialAction":[{"@type":"SearchAction","target":{"@type":"EntryPoint","urlTemplate":"https:\/\/www.koupelnapro.com\/?s={search_term_string}"},"query-input":{"@type":"PropertyValueSpecification","valueRequired":true,"valueName":"search_term_string"}}],"inLanguage":"cs"}]}},"_links":{"self":[{"href":"https:\/\/www.koupelnapro.com\/index.php\/wp-json\/wp\/v2\/product\/46752","targetHints":{"allow":["GET"]}}],"collection":[{"href":"https:\/\/www.koupelnapro.com\/index.php\/wp-json\/wp\/v2\/product"}],"about":[{"href":"https:\/\/www.koupelnapro.com\/index.php\/wp-json\/wp\/v2\/types\/product"}],"replies":[{"embeddable":true,"href":"https:\/\/www.koupelnapro.com\/index.php\/wp-json\/wp\/v2\/comments?post=46752"}],"wp:featuredmedia":[{"embeddable":true,"href":"https:\/\/www.koupelnapro.com\/index.php\/wp-json\/wp\/v2\/media\/46852"}],"wp:attachment":[{"href":"https:\/\/www.koupelnapro.com\/index.php\/wp-json\/wp\/v2\/media?parent=46752"}],"wp:term":[{"taxonomy":"product_brand","embeddable":true,"href":"https:\/\/www.koupelnapro.com\/index.php\/wp-json\/wp\/v2\/product_brand?post=46752"},{"taxonomy":"product_cat","embeddable":true,"href":"https:\/\/www.koupelnapro.com\/index.php\/wp-json\/wp\/v2\/product_cat?post=46752"},{"taxonomy":"product_tag","embeddable":true,"href":"https:\/\/www.koupelnapro.com\/index.php\/wp-json\/wp\/v2\/product_tag?post=46752"}],"curies":[{"name":"wp","href":"https:\/\/api.w.org\/{rel}","templated":true}]}}