{"id":46734,"date":"2026-04-26T09:16:29","date_gmt":"2026-04-26T09:16:29","guid":{"rendered":""},"modified":"2026-04-26T09:16:29","modified_gmt":"2026-04-26T09:16:29","slug":"24746-vykru-382-ovac-iacute-korunka-karbidov-aacute-pr-103mm-v-269-vrt-aacute-ku-a-una-scaron-e-269-e-festa-must-have-46734","status":"publish","type":"product","link":"https:\/\/www.koupelnapro.com\/index.php\/produkt\/24746-vykru-382-ovac-iacute-korunka-karbidov-aacute-pr-103mm-v-269-vrt-aacute-ku-a-una-scaron-e-269-e-festa-must-have-46734\/","title":{"rendered":"24746 | vykru&#382;ovac&iacute; korunka | karbidov&aacute; | pr.103mm  v&#269;.vrt&aacute;ku a una&scaron;e&#269;e | FESTA Must-Have"},"content":{"rendered":"<p><!-- More info -->\t\t\t\t\t<\/p>\n<section id=\"idTab1\" class=\"page-product-box tab-pane active\" role=\"tabpanel\" aria-labelledby=\"idTab1\">\t\t\t\t\t\t<!-- full description -->\t\t\t\t\t\t<\/p>\n<div class=\"rte\">korunka s karbidov\u00fdm ost\u0159\u00edm pro \u010dist\u00e9 a p\u0159esn\u00e9 vrt\u00e1n\u00ed keramick\u00e9 dla\u017eby a obklad\u016f, sou\u010d\u00e1st\u00ed balen\u00ed je i una\u0161e\u010d a speci\u00e1ln\u00ed vod\u00edc\u00ed vrt\u00e1k<\/div>\n<\/section>\n<p>\t\t\t\t\t<!--end  More info -->\t\t\t\t\t\t\t\t\t\t\t\t\t\t\t\t\t\t\t\t\t\t\t\t\t\t\t\t\t\t\t<\/div>\n<\/p><\/div>\n<p><!--QTR Accessories --><\/p>\n","protected":false},"excerpt":{"rendered":"<p>korunka s karbidov\u00fdm ost\u0159\u00edm pro \u010dist\u00e9 a p\u0159esn\u00e9 vrt\u00e1n\u00ed keramick\u00e9 dla\u017eby a obklad\u016f, sou\u010d\u00e1st\u00ed balen\u00ed je i una\u0161e\u010d a speci\u00e1ln\u00ed vod\u00edc\u00ed vrt\u00e1k<\/p>\n","protected":false},"featured_media":46834,"comment_status":"open","ping_status":"open","template":"","meta":[],"product_brand":[],"product_cat":[153],"product_tag":[],"class_list":{"0":"post-46734","1":"product","2":"type-product","3":"status-publish","4":"has-post-thumbnail","6":"product_cat-n-aacute-rad-iacute","8":"first","9":"instock","10":"sale","11":"shipping-taxable","12":"purchasable","13":"product-type-simple"},"yoast_head":"<!-- This site is optimized with the Yoast SEO plugin v26.8 - https:\/\/yoast.com\/product\/yoast-seo-wordpress\/ -->\n<title>24746 | vykru&#382;ovac&iacute; korunka | karbidov&aacute; | pr.103mm v&#269;.vrt&aacute;ku a una&scaron;e&#269;e | FESTA Must-Have -<\/title>\n<meta name=\"robots\" content=\"index, follow, max-snippet:-1, max-image-preview:large, max-video-preview:-1\" \/>\n<link rel=\"canonical\" href=\"https:\/\/www.koupelnapro.com\/index.php\/produkt\/24746-vykru-382-ovac-iacute-korunka-karbidov-aacute-pr-103mm-v-269-vrt-aacute-ku-a-una-scaron-e-269-e-festa-must-have-46734\/\" \/>\n<meta property=\"og:locale\" content=\"cs_CZ\" \/>\n<meta property=\"og:type\" content=\"article\" \/>\n<meta property=\"og:title\" content=\"24746 | vykru&#382;ovac&iacute; korunka | karbidov&aacute; | pr.103mm v&#269;.vrt&aacute;ku a una&scaron;e&#269;e | FESTA Must-Have -\" \/>\n<meta property=\"og:description\" content=\"korunka s karbidov\u00fdm ost\u0159\u00edm pro \u010dist\u00e9 a p\u0159esn\u00e9 vrt\u00e1n\u00ed keramick\u00e9 dla\u017eby a obklad\u016f, sou\u010d\u00e1st\u00ed balen\u00ed je i una\u0161e\u010d a speci\u00e1ln\u00ed vod\u00edc\u00ed vrt\u00e1k\" \/>\n<meta property=\"og:url\" content=\"https:\/\/www.koupelnapro.com\/index.php\/produkt\/24746-vykru-382-ovac-iacute-korunka-karbidov-aacute-pr-103mm-v-269-vrt-aacute-ku-a-una-scaron-e-269-e-festa-must-have-46734\/\" \/>\n<meta property=\"og:image\" content=\"https:\/\/www.koupelnapro.com\/wp-content\/uploads\/2026\/SK0003355-CZ20260425-093107-0-1777080667-64452-large_default.webp\" \/>\n\t<meta property=\"og:image:width\" content=\"470\" \/>\n\t<meta property=\"og:image:height\" content=\"470\" \/>\n\t<meta property=\"og:image:type\" content=\"image\/webp\" \/>\n<meta name=\"twitter:card\" content=\"summary_large_image\" \/>\n<script type=\"application\/ld+json\" class=\"yoast-schema-graph\">{\"@context\":\"https:\/\/schema.org\",\"@graph\":[{\"@type\":\"WebPage\",\"@id\":\"https:\/\/www.koupelnapro.com\/index.php\/produkt\/24746-vykru-382-ovac-iacute-korunka-karbidov-aacute-pr-103mm-v-269-vrt-aacute-ku-a-una-scaron-e-269-e-festa-must-have-46734\/\",\"url\":\"https:\/\/www.koupelnapro.com\/index.php\/produkt\/24746-vykru-382-ovac-iacute-korunka-karbidov-aacute-pr-103mm-v-269-vrt-aacute-ku-a-una-scaron-e-269-e-festa-must-have-46734\/\",\"name\":\"24746 | vykru&#382;ovac&iacute; korunka | karbidov&aacute; | pr.103mm v&#269;.vrt&aacute;ku a una&scaron;e&#269;e | FESTA Must-Have -\",\"isPartOf\":{\"@id\":\"https:\/\/www.koupelnapro.com\/#website\"},\"primaryImageOfPage\":{\"@id\":\"https:\/\/www.koupelnapro.com\/index.php\/produkt\/24746-vykru-382-ovac-iacute-korunka-karbidov-aacute-pr-103mm-v-269-vrt-aacute-ku-a-una-scaron-e-269-e-festa-must-have-46734\/#primaryimage\"},\"image\":{\"@id\":\"https:\/\/www.koupelnapro.com\/index.php\/produkt\/24746-vykru-382-ovac-iacute-korunka-karbidov-aacute-pr-103mm-v-269-vrt-aacute-ku-a-una-scaron-e-269-e-festa-must-have-46734\/#primaryimage\"},\"thumbnailUrl\":\"https:\/\/www.koupelnapro.com\/wp-content\/uploads\/2026\/SK0003355-CZ20260425-093107-0-1777080667-64452-large_default.webp\",\"datePublished\":\"2026-04-26T09:16:29+00:00\",\"breadcrumb\":{\"@id\":\"https:\/\/www.koupelnapro.com\/index.php\/produkt\/24746-vykru-382-ovac-iacute-korunka-karbidov-aacute-pr-103mm-v-269-vrt-aacute-ku-a-una-scaron-e-269-e-festa-must-have-46734\/#breadcrumb\"},\"inLanguage\":\"cs\",\"potentialAction\":[{\"@type\":\"ReadAction\",\"target\":[\"https:\/\/www.koupelnapro.com\/index.php\/produkt\/24746-vykru-382-ovac-iacute-korunka-karbidov-aacute-pr-103mm-v-269-vrt-aacute-ku-a-una-scaron-e-269-e-festa-must-have-46734\/\"]}]},{\"@type\":\"ImageObject\",\"inLanguage\":\"cs\",\"@id\":\"https:\/\/www.koupelnapro.com\/index.php\/produkt\/24746-vykru-382-ovac-iacute-korunka-karbidov-aacute-pr-103mm-v-269-vrt-aacute-ku-a-una-scaron-e-269-e-festa-must-have-46734\/#primaryimage\",\"url\":\"https:\/\/www.koupelnapro.com\/wp-content\/uploads\/2026\/SK0003355-CZ20260425-093107-0-1777080667-64452-large_default.webp\",\"contentUrl\":\"https:\/\/www.koupelnapro.com\/wp-content\/uploads\/2026\/SK0003355-CZ20260425-093107-0-1777080667-64452-large_default.webp\",\"width\":470,\"height\":470},{\"@type\":\"BreadcrumbList\",\"@id\":\"https:\/\/www.koupelnapro.com\/index.php\/produkt\/24746-vykru-382-ovac-iacute-korunka-karbidov-aacute-pr-103mm-v-269-vrt-aacute-ku-a-una-scaron-e-269-e-festa-must-have-46734\/#breadcrumb\",\"itemListElement\":[{\"@type\":\"ListItem\",\"position\":1,\"name\":\"Home\",\"item\":\"https:\/\/www.koupelnapro.com\/\"},{\"@type\":\"ListItem\",\"position\":2,\"name\":\"Products\",\"item\":\"https:\/\/www.koupelnapro.com\/index.php\/products\/\"},{\"@type\":\"ListItem\",\"position\":3,\"name\":\"24746 | vykru&#382;ovac&iacute; korunka | karbidov&aacute; | pr.103mm v&#269;.vrt&aacute;ku a una&scaron;e&#269;e | FESTA Must-Have\"}]},{\"@type\":\"WebSite\",\"@id\":\"https:\/\/www.koupelnapro.com\/#website\",\"url\":\"https:\/\/www.koupelnapro.com\/\",\"name\":\"\",\"description\":\"\",\"potentialAction\":[{\"@type\":\"SearchAction\",\"target\":{\"@type\":\"EntryPoint\",\"urlTemplate\":\"https:\/\/www.koupelnapro.com\/?s={search_term_string}\"},\"query-input\":{\"@type\":\"PropertyValueSpecification\",\"valueRequired\":true,\"valueName\":\"search_term_string\"}}],\"inLanguage\":\"cs\"}]}<\/script>\n<!-- \/ Yoast SEO plugin. -->","yoast_head_json":{"title":"24746 | vykru&#382;ovac&iacute; korunka | karbidov&aacute; | pr.103mm v&#269;.vrt&aacute;ku a una&scaron;e&#269;e | FESTA Must-Have -","robots":{"index":"index","follow":"follow","max-snippet":"max-snippet:-1","max-image-preview":"max-image-preview:large","max-video-preview":"max-video-preview:-1"},"canonical":"https:\/\/www.koupelnapro.com\/index.php\/produkt\/24746-vykru-382-ovac-iacute-korunka-karbidov-aacute-pr-103mm-v-269-vrt-aacute-ku-a-una-scaron-e-269-e-festa-must-have-46734\/","og_locale":"cs_CZ","og_type":"article","og_title":"24746 | vykru&#382;ovac&iacute; korunka | karbidov&aacute; | pr.103mm v&#269;.vrt&aacute;ku a una&scaron;e&#269;e | FESTA Must-Have -","og_description":"korunka s karbidov\u00fdm ost\u0159\u00edm pro \u010dist\u00e9 a p\u0159esn\u00e9 vrt\u00e1n\u00ed keramick\u00e9 dla\u017eby a obklad\u016f, sou\u010d\u00e1st\u00ed balen\u00ed je i una\u0161e\u010d a speci\u00e1ln\u00ed vod\u00edc\u00ed vrt\u00e1k","og_url":"https:\/\/www.koupelnapro.com\/index.php\/produkt\/24746-vykru-382-ovac-iacute-korunka-karbidov-aacute-pr-103mm-v-269-vrt-aacute-ku-a-una-scaron-e-269-e-festa-must-have-46734\/","og_image":[{"width":470,"height":470,"url":"https:\/\/www.koupelnapro.com\/wp-content\/uploads\/2026\/SK0003355-CZ20260425-093107-0-1777080667-64452-large_default.webp","type":"image\/webp"}],"twitter_card":"summary_large_image","schema":{"@context":"https:\/\/schema.org","@graph":[{"@type":"WebPage","@id":"https:\/\/www.koupelnapro.com\/index.php\/produkt\/24746-vykru-382-ovac-iacute-korunka-karbidov-aacute-pr-103mm-v-269-vrt-aacute-ku-a-una-scaron-e-269-e-festa-must-have-46734\/","url":"https:\/\/www.koupelnapro.com\/index.php\/produkt\/24746-vykru-382-ovac-iacute-korunka-karbidov-aacute-pr-103mm-v-269-vrt-aacute-ku-a-una-scaron-e-269-e-festa-must-have-46734\/","name":"24746 | vykru&#382;ovac&iacute; korunka | karbidov&aacute; | pr.103mm v&#269;.vrt&aacute;ku a una&scaron;e&#269;e | FESTA Must-Have -","isPartOf":{"@id":"https:\/\/www.koupelnapro.com\/#website"},"primaryImageOfPage":{"@id":"https:\/\/www.koupelnapro.com\/index.php\/produkt\/24746-vykru-382-ovac-iacute-korunka-karbidov-aacute-pr-103mm-v-269-vrt-aacute-ku-a-una-scaron-e-269-e-festa-must-have-46734\/#primaryimage"},"image":{"@id":"https:\/\/www.koupelnapro.com\/index.php\/produkt\/24746-vykru-382-ovac-iacute-korunka-karbidov-aacute-pr-103mm-v-269-vrt-aacute-ku-a-una-scaron-e-269-e-festa-must-have-46734\/#primaryimage"},"thumbnailUrl":"https:\/\/www.koupelnapro.com\/wp-content\/uploads\/2026\/SK0003355-CZ20260425-093107-0-1777080667-64452-large_default.webp","datePublished":"2026-04-26T09:16:29+00:00","breadcrumb":{"@id":"https:\/\/www.koupelnapro.com\/index.php\/produkt\/24746-vykru-382-ovac-iacute-korunka-karbidov-aacute-pr-103mm-v-269-vrt-aacute-ku-a-una-scaron-e-269-e-festa-must-have-46734\/#breadcrumb"},"inLanguage":"cs","potentialAction":[{"@type":"ReadAction","target":["https:\/\/www.koupelnapro.com\/index.php\/produkt\/24746-vykru-382-ovac-iacute-korunka-karbidov-aacute-pr-103mm-v-269-vrt-aacute-ku-a-una-scaron-e-269-e-festa-must-have-46734\/"]}]},{"@type":"ImageObject","inLanguage":"cs","@id":"https:\/\/www.koupelnapro.com\/index.php\/produkt\/24746-vykru-382-ovac-iacute-korunka-karbidov-aacute-pr-103mm-v-269-vrt-aacute-ku-a-una-scaron-e-269-e-festa-must-have-46734\/#primaryimage","url":"https:\/\/www.koupelnapro.com\/wp-content\/uploads\/2026\/SK0003355-CZ20260425-093107-0-1777080667-64452-large_default.webp","contentUrl":"https:\/\/www.koupelnapro.com\/wp-content\/uploads\/2026\/SK0003355-CZ20260425-093107-0-1777080667-64452-large_default.webp","width":470,"height":470},{"@type":"BreadcrumbList","@id":"https:\/\/www.koupelnapro.com\/index.php\/produkt\/24746-vykru-382-ovac-iacute-korunka-karbidov-aacute-pr-103mm-v-269-vrt-aacute-ku-a-una-scaron-e-269-e-festa-must-have-46734\/#breadcrumb","itemListElement":[{"@type":"ListItem","position":1,"name":"Home","item":"https:\/\/www.koupelnapro.com\/"},{"@type":"ListItem","position":2,"name":"Products","item":"https:\/\/www.koupelnapro.com\/index.php\/products\/"},{"@type":"ListItem","position":3,"name":"24746 | vykru&#382;ovac&iacute; korunka | karbidov&aacute; | pr.103mm v&#269;.vrt&aacute;ku a una&scaron;e&#269;e | FESTA Must-Have"}]},{"@type":"WebSite","@id":"https:\/\/www.koupelnapro.com\/#website","url":"https:\/\/www.koupelnapro.com\/","name":"","description":"","potentialAction":[{"@type":"SearchAction","target":{"@type":"EntryPoint","urlTemplate":"https:\/\/www.koupelnapro.com\/?s={search_term_string}"},"query-input":{"@type":"PropertyValueSpecification","valueRequired":true,"valueName":"search_term_string"}}],"inLanguage":"cs"}]}},"_links":{"self":[{"href":"https:\/\/www.koupelnapro.com\/index.php\/wp-json\/wp\/v2\/product\/46734","targetHints":{"allow":["GET"]}}],"collection":[{"href":"https:\/\/www.koupelnapro.com\/index.php\/wp-json\/wp\/v2\/product"}],"about":[{"href":"https:\/\/www.koupelnapro.com\/index.php\/wp-json\/wp\/v2\/types\/product"}],"replies":[{"embeddable":true,"href":"https:\/\/www.koupelnapro.com\/index.php\/wp-json\/wp\/v2\/comments?post=46734"}],"wp:featuredmedia":[{"embeddable":true,"href":"https:\/\/www.koupelnapro.com\/index.php\/wp-json\/wp\/v2\/media\/46834"}],"wp:attachment":[{"href":"https:\/\/www.koupelnapro.com\/index.php\/wp-json\/wp\/v2\/media?parent=46734"}],"wp:term":[{"taxonomy":"product_brand","embeddable":true,"href":"https:\/\/www.koupelnapro.com\/index.php\/wp-json\/wp\/v2\/product_brand?post=46734"},{"taxonomy":"product_cat","embeddable":true,"href":"https:\/\/www.koupelnapro.com\/index.php\/wp-json\/wp\/v2\/product_cat?post=46734"},{"taxonomy":"product_tag","embeddable":true,"href":"https:\/\/www.koupelnapro.com\/index.php\/wp-json\/wp\/v2\/product_tag?post=46734"}],"curies":[{"name":"wp","href":"https:\/\/api.w.org\/{rel}","templated":true}]}}

<p><!-- More info -->					</p>
<section id="idTab1" class="page-product-box tab-pane active" role="tabpanel" aria-labelledby="idTab1">						<!-- full description -->						</p>
<div class="rte">korunka s karbidovým ostřím pro čisté a přesné vrtání keramické dlažby a obkladů, součástí balení je i unašeč a speciální vodící vrták</div>
</section>
<p>					<!--end  More info -->																															</div>
</p></div>
<p><!--QTR Accessories --></p>

<p>korunka s karbidovým ostřím pro čisté a přesné vrtání keramické dlažby a obkladů, součástí balení je i unašeč a speciální vodící vrták</p>

<!-- This site is optimized with the Yoast SEO plugin v26.8 - https://yoast.com/product/yoast-seo-wordpress/ -->
<title>24746 | vykru&#382;ovac&iacute; korunka | karbidov&aacute; | pr.103mm v&#269;.vrt&aacute;ku a una&scaron;e&#269;e | FESTA Must-Have -</title>
<meta name="robots" content="index, follow, max-snippet:-1, max-image-preview:large, max-video-preview:-1" />
<link rel="canonical" href="https://www.koupelnapro.com/index.php/produkt/24746-vykru-382-ovac-iacute-korunka-karbidov-aacute-pr-103mm-v-269-vrt-aacute-ku-a-una-scaron-e-269-e-festa-must-have-46734/" />
<meta property="og:locale" content="cs_CZ" />
<meta property="og:type" content="article" />
<meta property="og:title" content="24746 | vykru&#382;ovac&iacute; korunka | karbidov&aacute; | pr.103mm v&#269;.vrt&aacute;ku a una&scaron;e&#269;e | FESTA Must-Have -" />
<meta property="og:description" content="korunka s karbidovým ostřím pro čisté a přesné vrtání keramické dlažby a obkladů, součástí balení je i unašeč a speciální vodící vrták" />
<meta property="og:url" content="https://www.koupelnapro.com/index.php/produkt/24746-vykru-382-ovac-iacute-korunka-karbidov-aacute-pr-103mm-v-269-vrt-aacute-ku-a-una-scaron-e-269-e-festa-must-have-46734/" />
<meta property="og:image" content="https://www.koupelnapro.com/wp-content/uploads/2026/SK0003355-CZ20260425-093107-0-1777080667-64452-large_default.webp" />
	<meta property="og:image:width" content="470" />
	<meta property="og:image:height" content="470" />
	<meta property="og:image:type" content="image/webp" />
<meta name="twitter:card" content="summary_large_image" />
<script type="application/ld+json" class="yoast-schema-graph">{"@context":"https://schema.org","@graph":[{"@type":"WebPage","@id":"https://www.koupelnapro.com/index.php/produkt/24746-vykru-382-ovac-iacute-korunka-karbidov-aacute-pr-103mm-v-269-vrt-aacute-ku-a-una-scaron-e-269-e-festa-must-have-46734/","url":"https://www.koupelnapro.com/index.php/produkt/24746-vykru-382-ovac-iacute-korunka-karbidov-aacute-pr-103mm-v-269-vrt-aacute-ku-a-una-scaron-e-269-e-festa-must-have-46734/","name":"24746 | vykru&#382;ovac&iacute; korunka | karbidov&aacute; | pr.103mm v&#269;.vrt&aacute;ku a una&scaron;e&#269;e | FESTA Must-Have -","isPartOf":{"@id":"https://www.koupelnapro.com/#website"},"primaryImageOfPage":{"@id":"https://www.koupelnapro.com/index.php/produkt/24746-vykru-382-ovac-iacute-korunka-karbidov-aacute-pr-103mm-v-269-vrt-aacute-ku-a-una-scaron-e-269-e-festa-must-have-46734/#primaryimage"},"image":{"@id":"https://www.koupelnapro.com/index.php/produkt/24746-vykru-382-ovac-iacute-korunka-karbidov-aacute-pr-103mm-v-269-vrt-aacute-ku-a-una-scaron-e-269-e-festa-must-have-46734/#primaryimage"},"thumbnailUrl":"https://www.koupelnapro.com/wp-content/uploads/2026/SK0003355-CZ20260425-093107-0-1777080667-64452-large_default.webp","datePublished":"2026-04-26T09:16:29+00:00","breadcrumb":{"@id":"https://www.koupelnapro.com/index.php/produkt/24746-vykru-382-ovac-iacute-korunka-karbidov-aacute-pr-103mm-v-269-vrt-aacute-ku-a-una-scaron-e-269-e-festa-must-have-46734/#breadcrumb"},"inLanguage":"cs","potentialAction":[{"@type":"ReadAction","target":["https://www.koupelnapro.com/index.php/produkt/24746-vykru-382-ovac-iacute-korunka-karbidov-aacute-pr-103mm-v-269-vrt-aacute-ku-a-una-scaron-e-269-e-festa-must-have-46734/"]}]},{"@type":"ImageObject","inLanguage":"cs","@id":"https://www.koupelnapro.com/index.php/produkt/24746-vykru-382-ovac-iacute-korunka-karbidov-aacute-pr-103mm-v-269-vrt-aacute-ku-a-una-scaron-e-269-e-festa-must-have-46734/#primaryimage","url":"https://www.koupelnapro.com/wp-content/uploads/2026/SK0003355-CZ20260425-093107-0-1777080667-64452-large_default.webp","contentUrl":"https://www.koupelnapro.com/wp-content/uploads/2026/SK0003355-CZ20260425-093107-0-1777080667-64452-large_default.webp","width":470,"height":470},{"@type":"BreadcrumbList","@id":"https://www.koupelnapro.com/index.php/produkt/24746-vykru-382-ovac-iacute-korunka-karbidov-aacute-pr-103mm-v-269-vrt-aacute-ku-a-una-scaron-e-269-e-festa-must-have-46734/#breadcrumb","itemListElement":[{"@type":"ListItem","position":1,"name":"Home","item":"https://www.koupelnapro.com/"},{"@type":"ListItem","position":2,"name":"Products","item":"https://www.koupelnapro.com/index.php/products/"},{"@type":"ListItem","position":3,"name":"24746 | vykru&#382;ovac&iacute; korunka | karbidov&aacute; | pr.103mm v&#269;.vrt&aacute;ku a una&scaron;e&#269;e | FESTA Must-Have"}]},{"@type":"WebSite","@id":"https://www.koupelnapro.com/#website","url":"https://www.koupelnapro.com/","name":"","description":"","potentialAction":[{"@type":"SearchAction","target":{"@type":"EntryPoint","urlTemplate":"https://www.koupelnapro.com/?s={search_term_string}"},"query-input":{"@type":"PropertyValueSpecification","valueRequired":true,"valueName":"search_term_string"}}],"inLanguage":"cs"}]}</script>
<!-- / Yoast SEO plugin. -->

korunka s karbidovým ostřím pro čisté a přesné vrtání keramické dlažby a obkladů, součástí balení je i unašeč a speciální vodící vrták
