{"id":46726,"date":"2026-04-26T09:16:29","date_gmt":"2026-04-26T09:16:29","guid":{"rendered":""},"modified":"2026-04-26T09:16:29","modified_gmt":"2026-04-26T09:16:29","slug":"15992-vodov-aacute-ha-hadicov-aacute-dl-10m-sklen-283-n-eacute-trubice-cenova-bomba-46726","status":"publish","type":"product","link":"https:\/\/www.koupelnapro.com\/index.php\/produkt\/15992-vodov-aacute-ha-hadicov-aacute-dl-10m-sklen-283-n-eacute-trubice-cenova-bomba-46726\/","title":{"rendered":"15992 | vodov&aacute;ha hadicov&aacute; | dl.10m | sklen&#283;n&eacute; trubice Cenov\u00e1 Bomba"},"content":{"rendered":"<p><!-- More info -->\t\t\t\t\t<\/p>\n<section id=\"idTab1\" class=\"page-product-box tab-pane active\" role=\"tabpanel\" aria-labelledby=\"idTab1\">\t\t\t\t\t\t<!-- full description -->\t\t\t\t\t\t<\/p>\n<div class=\"rte\">Hadicov\u00e1 vodov\u00e1ha 10m, je jednoduch\u00fd stavebnick\u00fd m\u011b\u0159ick\u00fd n\u00e1stroj pro vym\u011b\u0159en\u00ed roviny na stavb\u011b. K m\u011b\u0159en\u00ed je t\u0159eba dvou pracovn\u00edk\u016f. Pokud maj\u00ed praxi a um\u00ed s n\u00ed dob\u0159e m\u011b\u0159it, dosahuj\u00ed t\u00e9m\u011b\u0159 stejn\u00e9 p\u0159esnosti, jako geodet s optick\u00fdm nivela\u010dn\u00edm p\u0159\u00edstrojem.<\/div>\n<\/section>\n<p>\t\t\t\t\t<!--end  More info -->\t\t\t\t\t\t\t\t\t\t\t\t\t<!-- Data sheet -->\t\t\t\t\t<\/p>\n<section id=\"idTab2\" class=\"page-product-box tab-pane\" role=\"tabpanel\" aria-labelledby=\"idTab2\">\n<table class=\"table-data-sheet\">\n<tr class=\"odd\">\n<td>Akce<\/td>\n<td>Ano <\/td>\n<\/tr>\n<tr class=\"even\">\n<td>Sleva<\/td>\n<td>Ano <\/td>\n<\/tr>\n<\/table>\n<\/section>\n<p>\t\t\t\t\t<!--end Data sheet -->\t\t\t\t\t\t\t\t\t\t\t\t\t\t\t\t\t\t\t\t\t\t\t\t\t\t\t<\/div>\n<\/p><\/div>\n<p><!--QTR Accessories --><\/p>\n","protected":false},"excerpt":{"rendered":"<p>Hadicov\u00e1 vodov\u00e1ha 10m, je jednoduch\u00fd stavebnick\u00fd m\u011b\u0159ick\u00fd n\u00e1stroj pro vym\u011b\u0159en\u00ed roviny na stavb\u011b. K m\u011b\u0159en\u00ed je t\u0159eba dvou pracovn\u00edk\u016f. Pokud maj\u00ed praxi a um\u00ed s n\u00ed dob\u0159e m\u011b\u0159it, dosahuj\u00ed t\u00e9m\u011b\u0159 stejn\u00e9 p\u0159esnosti, jako geodet s optick\u00fdm nivela\u010dn\u00edm p\u0159\u00edstrojem. Akce Ano Sleva Ano<\/p>\n","protected":false},"featured_media":46826,"comment_status":"open","ping_status":"open","template":"","meta":[],"product_brand":[],"product_cat":[160,159],"product_tag":[],"class_list":{"0":"post-46726","1":"product","2":"type-product","3":"status-publish","4":"has-post-thumbnail","6":"product_cat-sleva","7":"product_cat-v-yacute-prodej","9":"first","10":"instock","11":"sale","12":"shipping-taxable","13":"purchasable","14":"product-type-simple"},"yoast_head":"<!-- This site is optimized with the Yoast SEO plugin v26.8 - https:\/\/yoast.com\/product\/yoast-seo-wordpress\/ -->\n<title>15992 | vodov&aacute;ha hadicov&aacute; | dl.10m | sklen&#283;n&eacute; trubice Cenov\u00e1 Bomba -<\/title>\n<meta name=\"robots\" content=\"index, follow, max-snippet:-1, max-image-preview:large, max-video-preview:-1\" \/>\n<link rel=\"canonical\" href=\"https:\/\/www.koupelnapro.com\/index.php\/produkt\/15992-vodov-aacute-ha-hadicov-aacute-dl-10m-sklen-283-n-eacute-trubice-cenova-bomba-46726\/\" \/>\n<meta property=\"og:locale\" content=\"cs_CZ\" \/>\n<meta property=\"og:type\" content=\"article\" \/>\n<meta property=\"og:title\" content=\"15992 | vodov&aacute;ha hadicov&aacute; | dl.10m | sklen&#283;n&eacute; trubice Cenov\u00e1 Bomba -\" \/>\n<meta property=\"og:description\" content=\"Hadicov\u00e1 vodov\u00e1ha 10m, je jednoduch\u00fd stavebnick\u00fd m\u011b\u0159ick\u00fd n\u00e1stroj pro vym\u011b\u0159en\u00ed roviny na stavb\u011b. K m\u011b\u0159en\u00ed je t\u0159eba dvou pracovn\u00edk\u016f. Pokud maj\u00ed praxi a um\u00ed s n\u00ed dob\u0159e m\u011b\u0159it, dosahuj\u00ed t\u00e9m\u011b\u0159 stejn\u00e9 p\u0159esnosti, jako geodet s optick\u00fdm nivela\u010dn\u00edm p\u0159\u00edstrojem. Akce Ano Sleva Ano\" \/>\n<meta property=\"og:url\" content=\"https:\/\/www.koupelnapro.com\/index.php\/produkt\/15992-vodov-aacute-ha-hadicov-aacute-dl-10m-sklen-283-n-eacute-trubice-cenova-bomba-46726\/\" \/>\n<meta property=\"og:image\" content=\"https:\/\/www.koupelnapro.com\/wp-content\/uploads\/2026\/SK0003343-CZ20260425-093107-0-1777080667-64435-large_default.webp\" \/>\n\t<meta property=\"og:image:width\" content=\"470\" \/>\n\t<meta property=\"og:image:height\" content=\"470\" \/>\n\t<meta property=\"og:image:type\" content=\"image\/webp\" \/>\n<meta name=\"twitter:card\" content=\"summary_large_image\" \/>\n<script type=\"application\/ld+json\" class=\"yoast-schema-graph\">{\"@context\":\"https:\/\/schema.org\",\"@graph\":[{\"@type\":\"WebPage\",\"@id\":\"https:\/\/www.koupelnapro.com\/index.php\/produkt\/15992-vodov-aacute-ha-hadicov-aacute-dl-10m-sklen-283-n-eacute-trubice-cenova-bomba-46726\/\",\"url\":\"https:\/\/www.koupelnapro.com\/index.php\/produkt\/15992-vodov-aacute-ha-hadicov-aacute-dl-10m-sklen-283-n-eacute-trubice-cenova-bomba-46726\/\",\"name\":\"15992 | vodov&aacute;ha hadicov&aacute; | dl.10m | sklen&#283;n&eacute; trubice Cenov\u00e1 Bomba -\",\"isPartOf\":{\"@id\":\"https:\/\/www.koupelnapro.com\/#website\"},\"primaryImageOfPage\":{\"@id\":\"https:\/\/www.koupelnapro.com\/index.php\/produkt\/15992-vodov-aacute-ha-hadicov-aacute-dl-10m-sklen-283-n-eacute-trubice-cenova-bomba-46726\/#primaryimage\"},\"image\":{\"@id\":\"https:\/\/www.koupelnapro.com\/index.php\/produkt\/15992-vodov-aacute-ha-hadicov-aacute-dl-10m-sklen-283-n-eacute-trubice-cenova-bomba-46726\/#primaryimage\"},\"thumbnailUrl\":\"https:\/\/www.koupelnapro.com\/wp-content\/uploads\/2026\/SK0003343-CZ20260425-093107-0-1777080667-64435-large_default.webp\",\"datePublished\":\"2026-04-26T09:16:29+00:00\",\"breadcrumb\":{\"@id\":\"https:\/\/www.koupelnapro.com\/index.php\/produkt\/15992-vodov-aacute-ha-hadicov-aacute-dl-10m-sklen-283-n-eacute-trubice-cenova-bomba-46726\/#breadcrumb\"},\"inLanguage\":\"cs\",\"potentialAction\":[{\"@type\":\"ReadAction\",\"target\":[\"https:\/\/www.koupelnapro.com\/index.php\/produkt\/15992-vodov-aacute-ha-hadicov-aacute-dl-10m-sklen-283-n-eacute-trubice-cenova-bomba-46726\/\"]}]},{\"@type\":\"ImageObject\",\"inLanguage\":\"cs\",\"@id\":\"https:\/\/www.koupelnapro.com\/index.php\/produkt\/15992-vodov-aacute-ha-hadicov-aacute-dl-10m-sklen-283-n-eacute-trubice-cenova-bomba-46726\/#primaryimage\",\"url\":\"https:\/\/www.koupelnapro.com\/wp-content\/uploads\/2026\/SK0003343-CZ20260425-093107-0-1777080667-64435-large_default.webp\",\"contentUrl\":\"https:\/\/www.koupelnapro.com\/wp-content\/uploads\/2026\/SK0003343-CZ20260425-093107-0-1777080667-64435-large_default.webp\",\"width\":470,\"height\":470},{\"@type\":\"BreadcrumbList\",\"@id\":\"https:\/\/www.koupelnapro.com\/index.php\/produkt\/15992-vodov-aacute-ha-hadicov-aacute-dl-10m-sklen-283-n-eacute-trubice-cenova-bomba-46726\/#breadcrumb\",\"itemListElement\":[{\"@type\":\"ListItem\",\"position\":1,\"name\":\"Home\",\"item\":\"https:\/\/www.koupelnapro.com\/\"},{\"@type\":\"ListItem\",\"position\":2,\"name\":\"Products\",\"item\":\"https:\/\/www.koupelnapro.com\/index.php\/products\/\"},{\"@type\":\"ListItem\",\"position\":3,\"name\":\"15992 | vodov&aacute;ha hadicov&aacute; | dl.10m | sklen&#283;n&eacute; trubice Cenov\u00e1 Bomba\"}]},{\"@type\":\"WebSite\",\"@id\":\"https:\/\/www.koupelnapro.com\/#website\",\"url\":\"https:\/\/www.koupelnapro.com\/\",\"name\":\"\",\"description\":\"\",\"potentialAction\":[{\"@type\":\"SearchAction\",\"target\":{\"@type\":\"EntryPoint\",\"urlTemplate\":\"https:\/\/www.koupelnapro.com\/?s={search_term_string}\"},\"query-input\":{\"@type\":\"PropertyValueSpecification\",\"valueRequired\":true,\"valueName\":\"search_term_string\"}}],\"inLanguage\":\"cs\"}]}<\/script>\n<!-- \/ Yoast SEO plugin. -->","yoast_head_json":{"title":"15992 | vodov&aacute;ha hadicov&aacute; | dl.10m | sklen&#283;n&eacute; trubice Cenov\u00e1 Bomba -","robots":{"index":"index","follow":"follow","max-snippet":"max-snippet:-1","max-image-preview":"max-image-preview:large","max-video-preview":"max-video-preview:-1"},"canonical":"https:\/\/www.koupelnapro.com\/index.php\/produkt\/15992-vodov-aacute-ha-hadicov-aacute-dl-10m-sklen-283-n-eacute-trubice-cenova-bomba-46726\/","og_locale":"cs_CZ","og_type":"article","og_title":"15992 | vodov&aacute;ha hadicov&aacute; | dl.10m | sklen&#283;n&eacute; trubice Cenov\u00e1 Bomba -","og_description":"Hadicov\u00e1 vodov\u00e1ha 10m, je jednoduch\u00fd stavebnick\u00fd m\u011b\u0159ick\u00fd n\u00e1stroj pro vym\u011b\u0159en\u00ed roviny na stavb\u011b. K m\u011b\u0159en\u00ed je t\u0159eba dvou pracovn\u00edk\u016f. Pokud maj\u00ed praxi a um\u00ed s n\u00ed dob\u0159e m\u011b\u0159it, dosahuj\u00ed t\u00e9m\u011b\u0159 stejn\u00e9 p\u0159esnosti, jako geodet s optick\u00fdm nivela\u010dn\u00edm p\u0159\u00edstrojem. Akce Ano Sleva Ano","og_url":"https:\/\/www.koupelnapro.com\/index.php\/produkt\/15992-vodov-aacute-ha-hadicov-aacute-dl-10m-sklen-283-n-eacute-trubice-cenova-bomba-46726\/","og_image":[{"width":470,"height":470,"url":"https:\/\/www.koupelnapro.com\/wp-content\/uploads\/2026\/SK0003343-CZ20260425-093107-0-1777080667-64435-large_default.webp","type":"image\/webp"}],"twitter_card":"summary_large_image","schema":{"@context":"https:\/\/schema.org","@graph":[{"@type":"WebPage","@id":"https:\/\/www.koupelnapro.com\/index.php\/produkt\/15992-vodov-aacute-ha-hadicov-aacute-dl-10m-sklen-283-n-eacute-trubice-cenova-bomba-46726\/","url":"https:\/\/www.koupelnapro.com\/index.php\/produkt\/15992-vodov-aacute-ha-hadicov-aacute-dl-10m-sklen-283-n-eacute-trubice-cenova-bomba-46726\/","name":"15992 | vodov&aacute;ha hadicov&aacute; | dl.10m | sklen&#283;n&eacute; trubice Cenov\u00e1 Bomba -","isPartOf":{"@id":"https:\/\/www.koupelnapro.com\/#website"},"primaryImageOfPage":{"@id":"https:\/\/www.koupelnapro.com\/index.php\/produkt\/15992-vodov-aacute-ha-hadicov-aacute-dl-10m-sklen-283-n-eacute-trubice-cenova-bomba-46726\/#primaryimage"},"image":{"@id":"https:\/\/www.koupelnapro.com\/index.php\/produkt\/15992-vodov-aacute-ha-hadicov-aacute-dl-10m-sklen-283-n-eacute-trubice-cenova-bomba-46726\/#primaryimage"},"thumbnailUrl":"https:\/\/www.koupelnapro.com\/wp-content\/uploads\/2026\/SK0003343-CZ20260425-093107-0-1777080667-64435-large_default.webp","datePublished":"2026-04-26T09:16:29+00:00","breadcrumb":{"@id":"https:\/\/www.koupelnapro.com\/index.php\/produkt\/15992-vodov-aacute-ha-hadicov-aacute-dl-10m-sklen-283-n-eacute-trubice-cenova-bomba-46726\/#breadcrumb"},"inLanguage":"cs","potentialAction":[{"@type":"ReadAction","target":["https:\/\/www.koupelnapro.com\/index.php\/produkt\/15992-vodov-aacute-ha-hadicov-aacute-dl-10m-sklen-283-n-eacute-trubice-cenova-bomba-46726\/"]}]},{"@type":"ImageObject","inLanguage":"cs","@id":"https:\/\/www.koupelnapro.com\/index.php\/produkt\/15992-vodov-aacute-ha-hadicov-aacute-dl-10m-sklen-283-n-eacute-trubice-cenova-bomba-46726\/#primaryimage","url":"https:\/\/www.koupelnapro.com\/wp-content\/uploads\/2026\/SK0003343-CZ20260425-093107-0-1777080667-64435-large_default.webp","contentUrl":"https:\/\/www.koupelnapro.com\/wp-content\/uploads\/2026\/SK0003343-CZ20260425-093107-0-1777080667-64435-large_default.webp","width":470,"height":470},{"@type":"BreadcrumbList","@id":"https:\/\/www.koupelnapro.com\/index.php\/produkt\/15992-vodov-aacute-ha-hadicov-aacute-dl-10m-sklen-283-n-eacute-trubice-cenova-bomba-46726\/#breadcrumb","itemListElement":[{"@type":"ListItem","position":1,"name":"Home","item":"https:\/\/www.koupelnapro.com\/"},{"@type":"ListItem","position":2,"name":"Products","item":"https:\/\/www.koupelnapro.com\/index.php\/products\/"},{"@type":"ListItem","position":3,"name":"15992 | vodov&aacute;ha hadicov&aacute; | dl.10m | sklen&#283;n&eacute; trubice Cenov\u00e1 Bomba"}]},{"@type":"WebSite","@id":"https:\/\/www.koupelnapro.com\/#website","url":"https:\/\/www.koupelnapro.com\/","name":"","description":"","potentialAction":[{"@type":"SearchAction","target":{"@type":"EntryPoint","urlTemplate":"https:\/\/www.koupelnapro.com\/?s={search_term_string}"},"query-input":{"@type":"PropertyValueSpecification","valueRequired":true,"valueName":"search_term_string"}}],"inLanguage":"cs"}]}},"_links":{"self":[{"href":"https:\/\/www.koupelnapro.com\/index.php\/wp-json\/wp\/v2\/product\/46726","targetHints":{"allow":["GET"]}}],"collection":[{"href":"https:\/\/www.koupelnapro.com\/index.php\/wp-json\/wp\/v2\/product"}],"about":[{"href":"https:\/\/www.koupelnapro.com\/index.php\/wp-json\/wp\/v2\/types\/product"}],"replies":[{"embeddable":true,"href":"https:\/\/www.koupelnapro.com\/index.php\/wp-json\/wp\/v2\/comments?post=46726"}],"wp:featuredmedia":[{"embeddable":true,"href":"https:\/\/www.koupelnapro.com\/index.php\/wp-json\/wp\/v2\/media\/46826"}],"wp:attachment":[{"href":"https:\/\/www.koupelnapro.com\/index.php\/wp-json\/wp\/v2\/media?parent=46726"}],"wp:term":[{"taxonomy":"product_brand","embeddable":true,"href":"https:\/\/www.koupelnapro.com\/index.php\/wp-json\/wp\/v2\/product_brand?post=46726"},{"taxonomy":"product_cat","embeddable":true,"href":"https:\/\/www.koupelnapro.com\/index.php\/wp-json\/wp\/v2\/product_cat?post=46726"},{"taxonomy":"product_tag","embeddable":true,"href":"https:\/\/www.koupelnapro.com\/index.php\/wp-json\/wp\/v2\/product_tag?post=46726"}],"curies":[{"name":"wp","href":"https:\/\/api.w.org\/{rel}","templated":true}]}}