{"id":46717,"date":"2026-04-26T09:16:29","date_gmt":"2026-04-26T09:16:29","guid":{"rendered":""},"modified":"2026-04-26T09:16:29","modified_gmt":"2026-04-26T09:16:29","slug":"11226-festa-metr-dl-2m-scaron-16mm-b-iacute-l-aacute-super-cena-46717","status":"publish","type":"product","link":"https:\/\/www.koupelnapro.com\/index.php\/produkt\/11226-festa-metr-dl-2m-scaron-16mm-b-iacute-l-aacute-super-cena-46717\/","title":{"rendered":"11226 | FESTA metr | dl.2m &scaron;.16mm | b&iacute;l&aacute; Super Cena"},"content":{"rendered":"<p><!-- More info -->\t\t\t\t\t<\/p>\n<section id=\"idTab1\" class=\"page-product-box tab-pane active\" role=\"tabpanel\" aria-labelledby=\"idTab1\">\t\t\t\t\t\t<!-- full description -->\t\t\t\t\t\t<\/p>\n<div class=\"rte\">metr svinovac\u00ed 2 m x 16mm<br \/>kalen\u00e1 p\u00e1ska, pouzdro metru vyrobeno z ABS plastu, \u0161irok\u00e1 dob\u0159e \u010diteln\u00e1 stupnice s velk\u00fdmi \u010d\u00edsly, klip na opasek<br \/>CE certifik\u00e1t &#8211; metr vhodn\u00fd ke kalibraci<\/div>\n<\/section>\n<p>\t\t\t\t\t<!--end  More info -->\t\t\t\t\t\t\t\t\t\t\t\t\t<!-- Data sheet -->\t\t\t\t\t<\/p>\n<section id=\"idTab2\" class=\"page-product-box tab-pane\" role=\"tabpanel\" aria-labelledby=\"idTab2\">\n<table class=\"table-data-sheet\">\n<tr class=\"odd\">\n<td>Akce<\/td>\n<td>Ano <\/td>\n<\/tr>\n<tr class=\"even\">\n<td>Sleva<\/td>\n<td>Ano <\/td>\n<\/tr>\n<\/table>\n<\/section>\n<p>\t\t\t\t\t<!--end Data sheet -->\t\t\t\t\t\t\t\t\t\t\t\t\t\t\t\t\t\t\t\t\t\t\t\t\t\t\t<\/div>\n<\/p><\/div>\n<p><!--QTR Accessories --><\/p>\n","protected":false},"excerpt":{"rendered":"<p>metr svinovac\u00ed 2 m x 16mmkalen\u00e1 p\u00e1ska, pouzdro metru vyrobeno z ABS plastu, \u0161irok\u00e1 dob\u0159e \u010diteln\u00e1 stupnice s velk\u00fdmi \u010d\u00edsly, klip na opasekCE certifik\u00e1t &#8211; metr vhodn\u00fd ke kalibraci Akce Ano Sleva Ano<\/p>\n","protected":false},"featured_media":46817,"comment_status":"open","ping_status":"open","template":"","meta":[],"product_brand":[],"product_cat":[160,159],"product_tag":[],"class_list":{"0":"post-46717","1":"product","2":"type-product","3":"status-publish","4":"has-post-thumbnail","6":"product_cat-sleva","7":"product_cat-v-yacute-prodej","9":"first","10":"instock","11":"sale","12":"shipping-taxable","13":"purchasable","14":"product-type-simple"},"yoast_head":"<!-- This site is optimized with the Yoast SEO plugin v26.8 - https:\/\/yoast.com\/product\/yoast-seo-wordpress\/ -->\n<title>11226 | FESTA metr | dl.2m &scaron;.16mm | b&iacute;l&aacute; Super Cena -<\/title>\n<meta name=\"robots\" content=\"index, follow, max-snippet:-1, max-image-preview:large, max-video-preview:-1\" \/>\n<link rel=\"canonical\" href=\"https:\/\/www.koupelnapro.com\/index.php\/produkt\/11226-festa-metr-dl-2m-scaron-16mm-b-iacute-l-aacute-super-cena-46717\/\" \/>\n<meta property=\"og:locale\" content=\"cs_CZ\" \/>\n<meta property=\"og:type\" content=\"article\" \/>\n<meta property=\"og:title\" content=\"11226 | FESTA metr | dl.2m &scaron;.16mm | b&iacute;l&aacute; Super Cena -\" \/>\n<meta property=\"og:description\" content=\"metr svinovac\u00ed 2 m x 16mmkalen\u00e1 p\u00e1ska, pouzdro metru vyrobeno z ABS plastu, \u0161irok\u00e1 dob\u0159e \u010diteln\u00e1 stupnice s velk\u00fdmi \u010d\u00edsly, klip na opasekCE certifik\u00e1t &#8211; metr vhodn\u00fd ke kalibraci Akce Ano Sleva Ano\" \/>\n<meta property=\"og:url\" content=\"https:\/\/www.koupelnapro.com\/index.php\/produkt\/11226-festa-metr-dl-2m-scaron-16mm-b-iacute-l-aacute-super-cena-46717\/\" \/>\n<meta property=\"og:image\" content=\"https:\/\/www.koupelnapro.com\/wp-content\/uploads\/2026\/SK0003325-CZ20260425-093107-0-1777080667-64382-large_default.webp\" \/>\n\t<meta property=\"og:image:width\" content=\"470\" \/>\n\t<meta property=\"og:image:height\" content=\"470\" \/>\n\t<meta property=\"og:image:type\" content=\"image\/webp\" \/>\n<meta name=\"twitter:card\" content=\"summary_large_image\" \/>\n<script type=\"application\/ld+json\" class=\"yoast-schema-graph\">{\"@context\":\"https:\/\/schema.org\",\"@graph\":[{\"@type\":\"WebPage\",\"@id\":\"https:\/\/www.koupelnapro.com\/index.php\/produkt\/11226-festa-metr-dl-2m-scaron-16mm-b-iacute-l-aacute-super-cena-46717\/\",\"url\":\"https:\/\/www.koupelnapro.com\/index.php\/produkt\/11226-festa-metr-dl-2m-scaron-16mm-b-iacute-l-aacute-super-cena-46717\/\",\"name\":\"11226 | FESTA metr | dl.2m &scaron;.16mm | b&iacute;l&aacute; Super Cena -\",\"isPartOf\":{\"@id\":\"https:\/\/www.koupelnapro.com\/#website\"},\"primaryImageOfPage\":{\"@id\":\"https:\/\/www.koupelnapro.com\/index.php\/produkt\/11226-festa-metr-dl-2m-scaron-16mm-b-iacute-l-aacute-super-cena-46717\/#primaryimage\"},\"image\":{\"@id\":\"https:\/\/www.koupelnapro.com\/index.php\/produkt\/11226-festa-metr-dl-2m-scaron-16mm-b-iacute-l-aacute-super-cena-46717\/#primaryimage\"},\"thumbnailUrl\":\"https:\/\/www.koupelnapro.com\/wp-content\/uploads\/2026\/SK0003325-CZ20260425-093107-0-1777080667-64382-large_default.webp\",\"datePublished\":\"2026-04-26T09:16:29+00:00\",\"breadcrumb\":{\"@id\":\"https:\/\/www.koupelnapro.com\/index.php\/produkt\/11226-festa-metr-dl-2m-scaron-16mm-b-iacute-l-aacute-super-cena-46717\/#breadcrumb\"},\"inLanguage\":\"cs\",\"potentialAction\":[{\"@type\":\"ReadAction\",\"target\":[\"https:\/\/www.koupelnapro.com\/index.php\/produkt\/11226-festa-metr-dl-2m-scaron-16mm-b-iacute-l-aacute-super-cena-46717\/\"]}]},{\"@type\":\"ImageObject\",\"inLanguage\":\"cs\",\"@id\":\"https:\/\/www.koupelnapro.com\/index.php\/produkt\/11226-festa-metr-dl-2m-scaron-16mm-b-iacute-l-aacute-super-cena-46717\/#primaryimage\",\"url\":\"https:\/\/www.koupelnapro.com\/wp-content\/uploads\/2026\/SK0003325-CZ20260425-093107-0-1777080667-64382-large_default.webp\",\"contentUrl\":\"https:\/\/www.koupelnapro.com\/wp-content\/uploads\/2026\/SK0003325-CZ20260425-093107-0-1777080667-64382-large_default.webp\",\"width\":470,\"height\":470},{\"@type\":\"BreadcrumbList\",\"@id\":\"https:\/\/www.koupelnapro.com\/index.php\/produkt\/11226-festa-metr-dl-2m-scaron-16mm-b-iacute-l-aacute-super-cena-46717\/#breadcrumb\",\"itemListElement\":[{\"@type\":\"ListItem\",\"position\":1,\"name\":\"Home\",\"item\":\"https:\/\/www.koupelnapro.com\/\"},{\"@type\":\"ListItem\",\"position\":2,\"name\":\"Products\",\"item\":\"https:\/\/www.koupelnapro.com\/index.php\/products\/\"},{\"@type\":\"ListItem\",\"position\":3,\"name\":\"11226 | FESTA metr | dl.2m &scaron;.16mm | b&iacute;l&aacute; Super Cena\"}]},{\"@type\":\"WebSite\",\"@id\":\"https:\/\/www.koupelnapro.com\/#website\",\"url\":\"https:\/\/www.koupelnapro.com\/\",\"name\":\"\",\"description\":\"\",\"potentialAction\":[{\"@type\":\"SearchAction\",\"target\":{\"@type\":\"EntryPoint\",\"urlTemplate\":\"https:\/\/www.koupelnapro.com\/?s={search_term_string}\"},\"query-input\":{\"@type\":\"PropertyValueSpecification\",\"valueRequired\":true,\"valueName\":\"search_term_string\"}}],\"inLanguage\":\"cs\"}]}<\/script>\n<!-- \/ Yoast SEO plugin. -->","yoast_head_json":{"title":"11226 | FESTA metr | dl.2m &scaron;.16mm | b&iacute;l&aacute; Super Cena -","robots":{"index":"index","follow":"follow","max-snippet":"max-snippet:-1","max-image-preview":"max-image-preview:large","max-video-preview":"max-video-preview:-1"},"canonical":"https:\/\/www.koupelnapro.com\/index.php\/produkt\/11226-festa-metr-dl-2m-scaron-16mm-b-iacute-l-aacute-super-cena-46717\/","og_locale":"cs_CZ","og_type":"article","og_title":"11226 | FESTA metr | dl.2m &scaron;.16mm | b&iacute;l&aacute; Super Cena -","og_description":"metr svinovac\u00ed 2 m x 16mmkalen\u00e1 p\u00e1ska, pouzdro metru vyrobeno z ABS plastu, \u0161irok\u00e1 dob\u0159e \u010diteln\u00e1 stupnice s velk\u00fdmi \u010d\u00edsly, klip na opasekCE certifik\u00e1t &#8211; metr vhodn\u00fd ke kalibraci Akce Ano Sleva Ano","og_url":"https:\/\/www.koupelnapro.com\/index.php\/produkt\/11226-festa-metr-dl-2m-scaron-16mm-b-iacute-l-aacute-super-cena-46717\/","og_image":[{"width":470,"height":470,"url":"https:\/\/www.koupelnapro.com\/wp-content\/uploads\/2026\/SK0003325-CZ20260425-093107-0-1777080667-64382-large_default.webp","type":"image\/webp"}],"twitter_card":"summary_large_image","schema":{"@context":"https:\/\/schema.org","@graph":[{"@type":"WebPage","@id":"https:\/\/www.koupelnapro.com\/index.php\/produkt\/11226-festa-metr-dl-2m-scaron-16mm-b-iacute-l-aacute-super-cena-46717\/","url":"https:\/\/www.koupelnapro.com\/index.php\/produkt\/11226-festa-metr-dl-2m-scaron-16mm-b-iacute-l-aacute-super-cena-46717\/","name":"11226 | FESTA metr | dl.2m &scaron;.16mm | b&iacute;l&aacute; Super Cena -","isPartOf":{"@id":"https:\/\/www.koupelnapro.com\/#website"},"primaryImageOfPage":{"@id":"https:\/\/www.koupelnapro.com\/index.php\/produkt\/11226-festa-metr-dl-2m-scaron-16mm-b-iacute-l-aacute-super-cena-46717\/#primaryimage"},"image":{"@id":"https:\/\/www.koupelnapro.com\/index.php\/produkt\/11226-festa-metr-dl-2m-scaron-16mm-b-iacute-l-aacute-super-cena-46717\/#primaryimage"},"thumbnailUrl":"https:\/\/www.koupelnapro.com\/wp-content\/uploads\/2026\/SK0003325-CZ20260425-093107-0-1777080667-64382-large_default.webp","datePublished":"2026-04-26T09:16:29+00:00","breadcrumb":{"@id":"https:\/\/www.koupelnapro.com\/index.php\/produkt\/11226-festa-metr-dl-2m-scaron-16mm-b-iacute-l-aacute-super-cena-46717\/#breadcrumb"},"inLanguage":"cs","potentialAction":[{"@type":"ReadAction","target":["https:\/\/www.koupelnapro.com\/index.php\/produkt\/11226-festa-metr-dl-2m-scaron-16mm-b-iacute-l-aacute-super-cena-46717\/"]}]},{"@type":"ImageObject","inLanguage":"cs","@id":"https:\/\/www.koupelnapro.com\/index.php\/produkt\/11226-festa-metr-dl-2m-scaron-16mm-b-iacute-l-aacute-super-cena-46717\/#primaryimage","url":"https:\/\/www.koupelnapro.com\/wp-content\/uploads\/2026\/SK0003325-CZ20260425-093107-0-1777080667-64382-large_default.webp","contentUrl":"https:\/\/www.koupelnapro.com\/wp-content\/uploads\/2026\/SK0003325-CZ20260425-093107-0-1777080667-64382-large_default.webp","width":470,"height":470},{"@type":"BreadcrumbList","@id":"https:\/\/www.koupelnapro.com\/index.php\/produkt\/11226-festa-metr-dl-2m-scaron-16mm-b-iacute-l-aacute-super-cena-46717\/#breadcrumb","itemListElement":[{"@type":"ListItem","position":1,"name":"Home","item":"https:\/\/www.koupelnapro.com\/"},{"@type":"ListItem","position":2,"name":"Products","item":"https:\/\/www.koupelnapro.com\/index.php\/products\/"},{"@type":"ListItem","position":3,"name":"11226 | FESTA metr | dl.2m &scaron;.16mm | b&iacute;l&aacute; Super Cena"}]},{"@type":"WebSite","@id":"https:\/\/www.koupelnapro.com\/#website","url":"https:\/\/www.koupelnapro.com\/","name":"","description":"","potentialAction":[{"@type":"SearchAction","target":{"@type":"EntryPoint","urlTemplate":"https:\/\/www.koupelnapro.com\/?s={search_term_string}"},"query-input":{"@type":"PropertyValueSpecification","valueRequired":true,"valueName":"search_term_string"}}],"inLanguage":"cs"}]}},"_links":{"self":[{"href":"https:\/\/www.koupelnapro.com\/index.php\/wp-json\/wp\/v2\/product\/46717","targetHints":{"allow":["GET"]}}],"collection":[{"href":"https:\/\/www.koupelnapro.com\/index.php\/wp-json\/wp\/v2\/product"}],"about":[{"href":"https:\/\/www.koupelnapro.com\/index.php\/wp-json\/wp\/v2\/types\/product"}],"replies":[{"embeddable":true,"href":"https:\/\/www.koupelnapro.com\/index.php\/wp-json\/wp\/v2\/comments?post=46717"}],"wp:featuredmedia":[{"embeddable":true,"href":"https:\/\/www.koupelnapro.com\/index.php\/wp-json\/wp\/v2\/media\/46817"}],"wp:attachment":[{"href":"https:\/\/www.koupelnapro.com\/index.php\/wp-json\/wp\/v2\/media?parent=46717"}],"wp:term":[{"taxonomy":"product_brand","embeddable":true,"href":"https:\/\/www.koupelnapro.com\/index.php\/wp-json\/wp\/v2\/product_brand?post=46717"},{"taxonomy":"product_cat","embeddable":true,"href":"https:\/\/www.koupelnapro.com\/index.php\/wp-json\/wp\/v2\/product_cat?post=46717"},{"taxonomy":"product_tag","embeddable":true,"href":"https:\/\/www.koupelnapro.com\/index.php\/wp-json\/wp\/v2\/product_tag?post=46717"}],"curies":[{"name":"wp","href":"https:\/\/api.w.org\/{rel}","templated":true}]}}

<p><!-- More info -->					</p>
<section id="idTab1" class="page-product-box tab-pane active" role="tabpanel" aria-labelledby="idTab1">						<!-- full description -->						</p>
<div class="rte">metr svinovací 2 m x 16mm<br />kalená páska, pouzdro metru vyrobeno z ABS plastu, široká dobře čitelná stupnice s velkými čísly, klip na opasek<br />CE certifikát &#8211; metr vhodný ke kalibraci</div>
</section>
<p>					<!--end  More info -->													<!-- Data sheet -->					</p>
<section id="idTab2" class="page-product-box tab-pane" role="tabpanel" aria-labelledby="idTab2">
<table class="table-data-sheet">
<tr class="odd">
<td>Akce</td>
<td>Ano </td>
</tr>
<tr class="even">
<td>Sleva</td>
<td>Ano </td>
</tr>
</table>
</section>
<p>					<!--end Data sheet -->																											</div>
</p></div>
<p><!--QTR Accessories --></p>

<p>metr svinovací 2 m x 16mmkalená páska, pouzdro metru vyrobeno z ABS plastu, široká dobře čitelná stupnice s velkými čísly, klip na opasekCE certifikát &#8211; metr vhodný ke kalibraci Akce Ano Sleva Ano</p>

<!-- This site is optimized with the Yoast SEO plugin v26.8 - https://yoast.com/product/yoast-seo-wordpress/ -->
<title>11226 | FESTA metr | dl.2m &scaron;.16mm | b&iacute;l&aacute; Super Cena -</title>
<meta name="robots" content="index, follow, max-snippet:-1, max-image-preview:large, max-video-preview:-1" />
<link rel="canonical" href="https://www.koupelnapro.com/index.php/produkt/11226-festa-metr-dl-2m-scaron-16mm-b-iacute-l-aacute-super-cena-46717/" />
<meta property="og:locale" content="cs_CZ" />
<meta property="og:type" content="article" />
<meta property="og:title" content="11226 | FESTA metr | dl.2m &scaron;.16mm | b&iacute;l&aacute; Super Cena -" />
<meta property="og:description" content="metr svinovací 2 m x 16mmkalená páska, pouzdro metru vyrobeno z ABS plastu, široká dobře čitelná stupnice s velkými čísly, klip na opasekCE certifikát &#8211; metr vhodný ke kalibraci Akce Ano Sleva Ano" />
<meta property="og:url" content="https://www.koupelnapro.com/index.php/produkt/11226-festa-metr-dl-2m-scaron-16mm-b-iacute-l-aacute-super-cena-46717/" />
<meta property="og:image" content="https://www.koupelnapro.com/wp-content/uploads/2026/SK0003325-CZ20260425-093107-0-1777080667-64382-large_default.webp" />
	<meta property="og:image:width" content="470" />
	<meta property="og:image:height" content="470" />
	<meta property="og:image:type" content="image/webp" />
<meta name="twitter:card" content="summary_large_image" />
<script type="application/ld+json" class="yoast-schema-graph">{"@context":"https://schema.org","@graph":[{"@type":"WebPage","@id":"https://www.koupelnapro.com/index.php/produkt/11226-festa-metr-dl-2m-scaron-16mm-b-iacute-l-aacute-super-cena-46717/","url":"https://www.koupelnapro.com/index.php/produkt/11226-festa-metr-dl-2m-scaron-16mm-b-iacute-l-aacute-super-cena-46717/","name":"11226 | FESTA metr | dl.2m &scaron;.16mm | b&iacute;l&aacute; Super Cena -","isPartOf":{"@id":"https://www.koupelnapro.com/#website"},"primaryImageOfPage":{"@id":"https://www.koupelnapro.com/index.php/produkt/11226-festa-metr-dl-2m-scaron-16mm-b-iacute-l-aacute-super-cena-46717/#primaryimage"},"image":{"@id":"https://www.koupelnapro.com/index.php/produkt/11226-festa-metr-dl-2m-scaron-16mm-b-iacute-l-aacute-super-cena-46717/#primaryimage"},"thumbnailUrl":"https://www.koupelnapro.com/wp-content/uploads/2026/SK0003325-CZ20260425-093107-0-1777080667-64382-large_default.webp","datePublished":"2026-04-26T09:16:29+00:00","breadcrumb":{"@id":"https://www.koupelnapro.com/index.php/produkt/11226-festa-metr-dl-2m-scaron-16mm-b-iacute-l-aacute-super-cena-46717/#breadcrumb"},"inLanguage":"cs","potentialAction":[{"@type":"ReadAction","target":["https://www.koupelnapro.com/index.php/produkt/11226-festa-metr-dl-2m-scaron-16mm-b-iacute-l-aacute-super-cena-46717/"]}]},{"@type":"ImageObject","inLanguage":"cs","@id":"https://www.koupelnapro.com/index.php/produkt/11226-festa-metr-dl-2m-scaron-16mm-b-iacute-l-aacute-super-cena-46717/#primaryimage","url":"https://www.koupelnapro.com/wp-content/uploads/2026/SK0003325-CZ20260425-093107-0-1777080667-64382-large_default.webp","contentUrl":"https://www.koupelnapro.com/wp-content/uploads/2026/SK0003325-CZ20260425-093107-0-1777080667-64382-large_default.webp","width":470,"height":470},{"@type":"BreadcrumbList","@id":"https://www.koupelnapro.com/index.php/produkt/11226-festa-metr-dl-2m-scaron-16mm-b-iacute-l-aacute-super-cena-46717/#breadcrumb","itemListElement":[{"@type":"ListItem","position":1,"name":"Home","item":"https://www.koupelnapro.com/"},{"@type":"ListItem","position":2,"name":"Products","item":"https://www.koupelnapro.com/index.php/products/"},{"@type":"ListItem","position":3,"name":"11226 | FESTA metr | dl.2m &scaron;.16mm | b&iacute;l&aacute; Super Cena"}]},{"@type":"WebSite","@id":"https://www.koupelnapro.com/#website","url":"https://www.koupelnapro.com/","name":"","description":"","potentialAction":[{"@type":"SearchAction","target":{"@type":"EntryPoint","urlTemplate":"https://www.koupelnapro.com/?s={search_term_string}"},"query-input":{"@type":"PropertyValueSpecification","valueRequired":true,"valueName":"search_term_string"}}],"inLanguage":"cs"}]}</script>
<!-- / Yoast SEO plugin. -->

metr svinovací 2 m x 16mmkalená páska, pouzdro metru vyrobeno z ABS plastu, široká dobře čitelná stupnice s velkými čísly, klip na opasekCE certifikát &#8211; metr vhodný ke kalibraci Akce Ano Sleva Ano
