{"id":46715,"date":"2026-04-26T09:16:29","date_gmt":"2026-04-26T09:16:29","guid":{"rendered":""},"modified":"2026-04-26T09:16:29","modified_gmt":"2026-04-26T09:16:29","slug":"sezonni-sleva-10025-komelon-kmc-25-metr-dl-5m-scaron-25mm-382-lut-yacute-46715","status":"publish","type":"product","link":"https:\/\/www.koupelnapro.com\/index.php\/produkt\/sezonni-sleva-10025-komelon-kmc-25-metr-dl-5m-scaron-25mm-382-lut-yacute-46715\/","title":{"rendered":"Sez\u00f3nn\u00ed Sleva 10025 | KOMELON KMC 25 metr | dl.5m &scaron;.25mm | &#382;lut&yacute;"},"content":{"rendered":"<p><!-- More info -->\t\t\t\t\t<\/p>\n<section id=\"idTab1\" class=\"page-product-box tab-pane active\" role=\"tabpanel\" aria-labelledby=\"idTab1\">\t\t\t\t\t\t<!-- full description -->\t\t\t\t\t\t<\/p>\n<div class=\"rte\">vysoce p\u0159esn\u00fd a kvalitn\u00ed svinovac\u00ed metr<br \/>II.t\u0159\u00edda p\u0159esnosti &#8211; vhodn\u00fd metr ke kalibraci<br \/>\u0161irok\u00e1 25 mm p\u00e1ska z tvrzen\u00e9 oceli s fosf\u00e1tovou antikorozn\u00ed \u00fapravou, dob\u0159e \u010diteln\u00e1 stupnice chr\u00e1n\u011bna nylonovou vrstnou DURA NY Coat &#8211; desetin\u00e1sobn\u011b vy\u0161\u0161\u00ed odolnost proti ot\u011bru<br \/>kvalitn\u00ed mechanismus nav\u00edjen\u00ed, brzda s dorazem z m\u011bk\u010den\u00e9 gumy &#8211; snadn\u00fd posuv p\u00e1sky a dlouh\u00e1 \u017eivotnost metru<br \/>p\u00e1ska je zakon\u010dena plovouc\u00ed zar\u00e1\u017ekou &#8211; vnit\u0159n\u00ed i vn\u011bj\u0161\u00ed m\u011b\u0159en\u00ed, konec p\u00e1sky je vyztu\u017een proti vytr\u017een\u00ed zar\u00e1\u017eky<br \/>pouzdro metru vyrobeno z kvalitn\u00edho ABS plastu &#8211; odoln\u011bj\u0161\u00ed v\u016f\u010di po\u0161kozen\u00ed p\u0159i n\u00e1razu, klip na opasek<\/div>\n<\/section>\n<p>\t\t\t\t\t<!--end  More info -->\t\t\t\t\t\t\t\t\t\t\t\t\t<!-- Data sheet -->\t\t\t\t\t<\/p>\n<section id=\"idTab2\" class=\"page-product-box tab-pane\" role=\"tabpanel\" aria-labelledby=\"idTab2\">\n<table class=\"table-data-sheet\">\n<tr class=\"odd\">\n<td>Akce<\/td>\n<td>Ano <\/td>\n<\/tr>\n<tr class=\"even\">\n<td>Sleva<\/td>\n<td>Ano <\/td>\n<\/tr>\n<\/table>\n<\/section>\n<p>\t\t\t\t\t<!--end Data sheet -->\t\t\t\t\t\t\t\t\t\t\t\t\t\t\t\t\t\t\t\t\t\t\t\t\t\t\t<\/div>\n<\/p><\/div>\n<p><!--QTR Accessories --><\/p>\n","protected":false},"excerpt":{"rendered":"<p>vysoce p\u0159esn\u00fd a kvalitn\u00ed svinovac\u00ed metrII.t\u0159\u00edda p\u0159esnosti &#8211; vhodn\u00fd metr ke kalibraci\u0161irok\u00e1 25 mm p\u00e1ska z tvrzen\u00e9 oceli s fosf\u00e1tovou antikorozn\u00ed \u00fapravou, dob\u0159e \u010diteln\u00e1 stupnice chr\u00e1n\u011bna nylonovou vrstnou DURA NY Coat &#8211; desetin\u00e1sobn\u011b vy\u0161\u0161\u00ed odolnost proti ot\u011brukvalitn\u00ed mechanismus nav\u00edjen\u00ed, brzda s dorazem z m\u011bk\u010den\u00e9 gumy &#8211; snadn\u00fd posuv p\u00e1sky a dlouh\u00e1 \u017eivotnost metrup\u00e1ska je zakon\u010dena [&hellip;]<\/p>\n","protected":false},"featured_media":46815,"comment_status":"open","ping_status":"open","template":"","meta":[],"product_brand":[],"product_cat":[160,159],"product_tag":[],"class_list":{"0":"post-46715","1":"product","2":"type-product","3":"status-publish","4":"has-post-thumbnail","6":"product_cat-sleva","7":"product_cat-v-yacute-prodej","9":"first","10":"instock","11":"sale","12":"shipping-taxable","13":"purchasable","14":"product-type-simple"},"yoast_head":"<!-- This site is optimized with the Yoast SEO plugin v26.8 - https:\/\/yoast.com\/product\/yoast-seo-wordpress\/ -->\n<title>Sez\u00f3nn\u00ed Sleva 10025 | KOMELON KMC 25 metr | dl.5m &scaron;.25mm | &#382;lut&yacute; -<\/title>\n<meta name=\"robots\" content=\"index, follow, max-snippet:-1, max-image-preview:large, max-video-preview:-1\" \/>\n<link rel=\"canonical\" href=\"https:\/\/www.koupelnapro.com\/index.php\/produkt\/sezonni-sleva-10025-komelon-kmc-25-metr-dl-5m-scaron-25mm-382-lut-yacute-46715\/\" \/>\n<meta property=\"og:locale\" content=\"cs_CZ\" \/>\n<meta property=\"og:type\" content=\"article\" \/>\n<meta property=\"og:title\" content=\"Sez\u00f3nn\u00ed Sleva 10025 | KOMELON KMC 25 metr | dl.5m &scaron;.25mm | &#382;lut&yacute; -\" \/>\n<meta property=\"og:description\" content=\"vysoce p\u0159esn\u00fd a kvalitn\u00ed svinovac\u00ed metrII.t\u0159\u00edda p\u0159esnosti &#8211; vhodn\u00fd metr ke kalibraci\u0161irok\u00e1 25 mm p\u00e1ska z tvrzen\u00e9 oceli s fosf\u00e1tovou antikorozn\u00ed \u00fapravou, dob\u0159e \u010diteln\u00e1 stupnice chr\u00e1n\u011bna nylonovou vrstnou DURA NY Coat &#8211; desetin\u00e1sobn\u011b vy\u0161\u0161\u00ed odolnost proti ot\u011brukvalitn\u00ed mechanismus nav\u00edjen\u00ed, brzda s dorazem z m\u011bk\u010den\u00e9 gumy &#8211; snadn\u00fd posuv p\u00e1sky a dlouh\u00e1 \u017eivotnost metrup\u00e1ska je zakon\u010dena [&hellip;]\" \/>\n<meta property=\"og:url\" content=\"https:\/\/www.koupelnapro.com\/index.php\/produkt\/sezonni-sleva-10025-komelon-kmc-25-metr-dl-5m-scaron-25mm-382-lut-yacute-46715\/\" \/>\n<meta property=\"og:image\" content=\"https:\/\/www.koupelnapro.com\/wp-content\/uploads\/2026\/SK0003323-CZ20260425-093107-0-1777080667-64380-large_default.webp\" \/>\n\t<meta property=\"og:image:width\" content=\"470\" \/>\n\t<meta property=\"og:image:height\" content=\"470\" \/>\n\t<meta property=\"og:image:type\" content=\"image\/webp\" \/>\n<meta name=\"twitter:card\" content=\"summary_large_image\" \/>\n<meta name=\"twitter:label1\" content=\"Odhadovan\u00e1 doba \u010dten\u00ed\" \/>\n\t<meta name=\"twitter:data1\" content=\"1 minuta\" \/>\n<script type=\"application\/ld+json\" class=\"yoast-schema-graph\">{\"@context\":\"https:\/\/schema.org\",\"@graph\":[{\"@type\":\"WebPage\",\"@id\":\"https:\/\/www.koupelnapro.com\/index.php\/produkt\/sezonni-sleva-10025-komelon-kmc-25-metr-dl-5m-scaron-25mm-382-lut-yacute-46715\/\",\"url\":\"https:\/\/www.koupelnapro.com\/index.php\/produkt\/sezonni-sleva-10025-komelon-kmc-25-metr-dl-5m-scaron-25mm-382-lut-yacute-46715\/\",\"name\":\"Sez\u00f3nn\u00ed Sleva 10025 | KOMELON KMC 25 metr | dl.5m &scaron;.25mm | &#382;lut&yacute; -\",\"isPartOf\":{\"@id\":\"https:\/\/www.koupelnapro.com\/#website\"},\"primaryImageOfPage\":{\"@id\":\"https:\/\/www.koupelnapro.com\/index.php\/produkt\/sezonni-sleva-10025-komelon-kmc-25-metr-dl-5m-scaron-25mm-382-lut-yacute-46715\/#primaryimage\"},\"image\":{\"@id\":\"https:\/\/www.koupelnapro.com\/index.php\/produkt\/sezonni-sleva-10025-komelon-kmc-25-metr-dl-5m-scaron-25mm-382-lut-yacute-46715\/#primaryimage\"},\"thumbnailUrl\":\"https:\/\/www.koupelnapro.com\/wp-content\/uploads\/2026\/SK0003323-CZ20260425-093107-0-1777080667-64380-large_default.webp\",\"datePublished\":\"2026-04-26T09:16:29+00:00\",\"breadcrumb\":{\"@id\":\"https:\/\/www.koupelnapro.com\/index.php\/produkt\/sezonni-sleva-10025-komelon-kmc-25-metr-dl-5m-scaron-25mm-382-lut-yacute-46715\/#breadcrumb\"},\"inLanguage\":\"cs\",\"potentialAction\":[{\"@type\":\"ReadAction\",\"target\":[\"https:\/\/www.koupelnapro.com\/index.php\/produkt\/sezonni-sleva-10025-komelon-kmc-25-metr-dl-5m-scaron-25mm-382-lut-yacute-46715\/\"]}]},{\"@type\":\"ImageObject\",\"inLanguage\":\"cs\",\"@id\":\"https:\/\/www.koupelnapro.com\/index.php\/produkt\/sezonni-sleva-10025-komelon-kmc-25-metr-dl-5m-scaron-25mm-382-lut-yacute-46715\/#primaryimage\",\"url\":\"https:\/\/www.koupelnapro.com\/wp-content\/uploads\/2026\/SK0003323-CZ20260425-093107-0-1777080667-64380-large_default.webp\",\"contentUrl\":\"https:\/\/www.koupelnapro.com\/wp-content\/uploads\/2026\/SK0003323-CZ20260425-093107-0-1777080667-64380-large_default.webp\",\"width\":470,\"height\":470},{\"@type\":\"BreadcrumbList\",\"@id\":\"https:\/\/www.koupelnapro.com\/index.php\/produkt\/sezonni-sleva-10025-komelon-kmc-25-metr-dl-5m-scaron-25mm-382-lut-yacute-46715\/#breadcrumb\",\"itemListElement\":[{\"@type\":\"ListItem\",\"position\":1,\"name\":\"Home\",\"item\":\"https:\/\/www.koupelnapro.com\/\"},{\"@type\":\"ListItem\",\"position\":2,\"name\":\"Products\",\"item\":\"https:\/\/www.koupelnapro.com\/index.php\/products\/\"},{\"@type\":\"ListItem\",\"position\":3,\"name\":\"Sez\u00f3nn\u00ed Sleva 10025 | KOMELON KMC 25 metr | dl.5m &scaron;.25mm | &#382;lut&yacute;\"}]},{\"@type\":\"WebSite\",\"@id\":\"https:\/\/www.koupelnapro.com\/#website\",\"url\":\"https:\/\/www.koupelnapro.com\/\",\"name\":\"\",\"description\":\"\",\"potentialAction\":[{\"@type\":\"SearchAction\",\"target\":{\"@type\":\"EntryPoint\",\"urlTemplate\":\"https:\/\/www.koupelnapro.com\/?s={search_term_string}\"},\"query-input\":{\"@type\":\"PropertyValueSpecification\",\"valueRequired\":true,\"valueName\":\"search_term_string\"}}],\"inLanguage\":\"cs\"}]}<\/script>\n<!-- \/ Yoast SEO plugin. -->","yoast_head_json":{"title":"Sez\u00f3nn\u00ed Sleva 10025 | KOMELON KMC 25 metr | dl.5m &scaron;.25mm | &#382;lut&yacute; -","robots":{"index":"index","follow":"follow","max-snippet":"max-snippet:-1","max-image-preview":"max-image-preview:large","max-video-preview":"max-video-preview:-1"},"canonical":"https:\/\/www.koupelnapro.com\/index.php\/produkt\/sezonni-sleva-10025-komelon-kmc-25-metr-dl-5m-scaron-25mm-382-lut-yacute-46715\/","og_locale":"cs_CZ","og_type":"article","og_title":"Sez\u00f3nn\u00ed Sleva 10025 | KOMELON KMC 25 metr | dl.5m &scaron;.25mm | &#382;lut&yacute; -","og_description":"vysoce p\u0159esn\u00fd a kvalitn\u00ed svinovac\u00ed metrII.t\u0159\u00edda p\u0159esnosti &#8211; vhodn\u00fd metr ke kalibraci\u0161irok\u00e1 25 mm p\u00e1ska z tvrzen\u00e9 oceli s fosf\u00e1tovou antikorozn\u00ed \u00fapravou, dob\u0159e \u010diteln\u00e1 stupnice chr\u00e1n\u011bna nylonovou vrstnou DURA NY Coat &#8211; desetin\u00e1sobn\u011b vy\u0161\u0161\u00ed odolnost proti ot\u011brukvalitn\u00ed mechanismus nav\u00edjen\u00ed, brzda s dorazem z m\u011bk\u010den\u00e9 gumy &#8211; snadn\u00fd posuv p\u00e1sky a dlouh\u00e1 \u017eivotnost metrup\u00e1ska je zakon\u010dena [&hellip;]","og_url":"https:\/\/www.koupelnapro.com\/index.php\/produkt\/sezonni-sleva-10025-komelon-kmc-25-metr-dl-5m-scaron-25mm-382-lut-yacute-46715\/","og_image":[{"width":470,"height":470,"url":"https:\/\/www.koupelnapro.com\/wp-content\/uploads\/2026\/SK0003323-CZ20260425-093107-0-1777080667-64380-large_default.webp","type":"image\/webp"}],"twitter_card":"summary_large_image","twitter_misc":{"Odhadovan\u00e1 doba \u010dten\u00ed":"1 minuta"},"schema":{"@context":"https:\/\/schema.org","@graph":[{"@type":"WebPage","@id":"https:\/\/www.koupelnapro.com\/index.php\/produkt\/sezonni-sleva-10025-komelon-kmc-25-metr-dl-5m-scaron-25mm-382-lut-yacute-46715\/","url":"https:\/\/www.koupelnapro.com\/index.php\/produkt\/sezonni-sleva-10025-komelon-kmc-25-metr-dl-5m-scaron-25mm-382-lut-yacute-46715\/","name":"Sez\u00f3nn\u00ed Sleva 10025 | KOMELON KMC 25 metr | dl.5m &scaron;.25mm | &#382;lut&yacute; -","isPartOf":{"@id":"https:\/\/www.koupelnapro.com\/#website"},"primaryImageOfPage":{"@id":"https:\/\/www.koupelnapro.com\/index.php\/produkt\/sezonni-sleva-10025-komelon-kmc-25-metr-dl-5m-scaron-25mm-382-lut-yacute-46715\/#primaryimage"},"image":{"@id":"https:\/\/www.koupelnapro.com\/index.php\/produkt\/sezonni-sleva-10025-komelon-kmc-25-metr-dl-5m-scaron-25mm-382-lut-yacute-46715\/#primaryimage"},"thumbnailUrl":"https:\/\/www.koupelnapro.com\/wp-content\/uploads\/2026\/SK0003323-CZ20260425-093107-0-1777080667-64380-large_default.webp","datePublished":"2026-04-26T09:16:29+00:00","breadcrumb":{"@id":"https:\/\/www.koupelnapro.com\/index.php\/produkt\/sezonni-sleva-10025-komelon-kmc-25-metr-dl-5m-scaron-25mm-382-lut-yacute-46715\/#breadcrumb"},"inLanguage":"cs","potentialAction":[{"@type":"ReadAction","target":["https:\/\/www.koupelnapro.com\/index.php\/produkt\/sezonni-sleva-10025-komelon-kmc-25-metr-dl-5m-scaron-25mm-382-lut-yacute-46715\/"]}]},{"@type":"ImageObject","inLanguage":"cs","@id":"https:\/\/www.koupelnapro.com\/index.php\/produkt\/sezonni-sleva-10025-komelon-kmc-25-metr-dl-5m-scaron-25mm-382-lut-yacute-46715\/#primaryimage","url":"https:\/\/www.koupelnapro.com\/wp-content\/uploads\/2026\/SK0003323-CZ20260425-093107-0-1777080667-64380-large_default.webp","contentUrl":"https:\/\/www.koupelnapro.com\/wp-content\/uploads\/2026\/SK0003323-CZ20260425-093107-0-1777080667-64380-large_default.webp","width":470,"height":470},{"@type":"BreadcrumbList","@id":"https:\/\/www.koupelnapro.com\/index.php\/produkt\/sezonni-sleva-10025-komelon-kmc-25-metr-dl-5m-scaron-25mm-382-lut-yacute-46715\/#breadcrumb","itemListElement":[{"@type":"ListItem","position":1,"name":"Home","item":"https:\/\/www.koupelnapro.com\/"},{"@type":"ListItem","position":2,"name":"Products","item":"https:\/\/www.koupelnapro.com\/index.php\/products\/"},{"@type":"ListItem","position":3,"name":"Sez\u00f3nn\u00ed Sleva 10025 | KOMELON KMC 25 metr | dl.5m &scaron;.25mm | &#382;lut&yacute;"}]},{"@type":"WebSite","@id":"https:\/\/www.koupelnapro.com\/#website","url":"https:\/\/www.koupelnapro.com\/","name":"","description":"","potentialAction":[{"@type":"SearchAction","target":{"@type":"EntryPoint","urlTemplate":"https:\/\/www.koupelnapro.com\/?s={search_term_string}"},"query-input":{"@type":"PropertyValueSpecification","valueRequired":true,"valueName":"search_term_string"}}],"inLanguage":"cs"}]}},"_links":{"self":[{"href":"https:\/\/www.koupelnapro.com\/index.php\/wp-json\/wp\/v2\/product\/46715","targetHints":{"allow":["GET"]}}],"collection":[{"href":"https:\/\/www.koupelnapro.com\/index.php\/wp-json\/wp\/v2\/product"}],"about":[{"href":"https:\/\/www.koupelnapro.com\/index.php\/wp-json\/wp\/v2\/types\/product"}],"replies":[{"embeddable":true,"href":"https:\/\/www.koupelnapro.com\/index.php\/wp-json\/wp\/v2\/comments?post=46715"}],"wp:featuredmedia":[{"embeddable":true,"href":"https:\/\/www.koupelnapro.com\/index.php\/wp-json\/wp\/v2\/media\/46815"}],"wp:attachment":[{"href":"https:\/\/www.koupelnapro.com\/index.php\/wp-json\/wp\/v2\/media?parent=46715"}],"wp:term":[{"taxonomy":"product_brand","embeddable":true,"href":"https:\/\/www.koupelnapro.com\/index.php\/wp-json\/wp\/v2\/product_brand?post=46715"},{"taxonomy":"product_cat","embeddable":true,"href":"https:\/\/www.koupelnapro.com\/index.php\/wp-json\/wp\/v2\/product_cat?post=46715"},{"taxonomy":"product_tag","embeddable":true,"href":"https:\/\/www.koupelnapro.com\/index.php\/wp-json\/wp\/v2\/product_tag?post=46715"}],"curies":[{"name":"wp","href":"https:\/\/api.w.org\/{rel}","templated":true}]}}