{"id":46590,"date":"2026-04-26T09:16:28","date_gmt":"2026-04-26T09:16:28","guid":{"rendered":""},"modified":"2026-04-26T09:16:28","modified_gmt":"2026-04-26T09:16:28","slug":"39145-zednick-aacute-n-aacute-doba-obd-eacute-ln-iacute-k-71x40x21-45l-primo-od-vyrobce-46590","status":"publish","type":"product","link":"https:\/\/www.koupelnapro.com\/index.php\/produkt\/39145-zednick-aacute-n-aacute-doba-obd-eacute-ln-iacute-k-71x40x21-45l-primo-od-vyrobce-46590\/","title":{"rendered":"39145 | zednick&aacute; n&aacute;doba | obd&eacute;ln&iacute;k | 71x40x21 | 45L P\u0159\u00edmo Od V\u00fdrobce"},"content":{"rendered":"<p><!-- More info -->\t\t\t\t\t<\/p>\n<section id=\"idTab1\" class=\"page-product-box tab-pane active\" role=\"tabpanel\" aria-labelledby=\"idTab1\">\t\t\t\t\t\t<!-- full description -->\t\t\t\t\t\t<\/p>\n<div class=\"rte\">Zednick\u00e1 n\u00e1doba, vyrobeno z polyethylenu, nevhodn\u00e9 pro potravin\u00e1\u0159sk\u00e9 \u00fa\u010dely, pou\u017eit\u00ed : univerz\u00e1ln\u00ed pou\u017eit\u00ed stavebnictv\u00ed, dom\u00e1cnost, hospod\u00e1\u0159sk\u00e9 , \u00faklidov\u00e9 a jin\u00e9 pr\u00e1ce.<\/div>\n<\/section>\n<p>\t\t\t\t\t<!--end  More info -->\t\t\t\t\t\t\t\t\t\t\t\t\t\t\t\t\t\t\t\t\t\t\t\t\t\t\t\t\t\t\t<\/div>\n<\/p><\/div>\n<p><!--QTR Accessories --><\/p>\n","protected":false},"excerpt":{"rendered":"<p>Zednick\u00e1 n\u00e1doba, vyrobeno z polyethylenu, nevhodn\u00e9 pro potravin\u00e1\u0159sk\u00e9 \u00fa\u010dely, pou\u017eit\u00ed : univerz\u00e1ln\u00ed pou\u017eit\u00ed stavebnictv\u00ed, dom\u00e1cnost, hospod\u00e1\u0159sk\u00e9 , \u00faklidov\u00e9 a jin\u00e9 pr\u00e1ce.<\/p>\n","protected":false},"featured_media":46690,"comment_status":"open","ping_status":"open","template":"","meta":[],"product_brand":[],"product_cat":[153],"product_tag":[],"class_list":{"0":"post-46590","1":"product","2":"type-product","3":"status-publish","4":"has-post-thumbnail","6":"product_cat-n-aacute-rad-iacute","8":"first","9":"instock","10":"sale","11":"shipping-taxable","12":"purchasable","13":"product-type-simple"},"yoast_head":"<!-- This site is optimized with the Yoast SEO plugin v26.8 - https:\/\/yoast.com\/product\/yoast-seo-wordpress\/ -->\n<title>39145 | zednick&aacute; n&aacute;doba | obd&eacute;ln&iacute;k | 71x40x21 | 45L P\u0159\u00edmo Od V\u00fdrobce -<\/title>\n<meta name=\"robots\" content=\"index, follow, max-snippet:-1, max-image-preview:large, max-video-preview:-1\" \/>\n<link rel=\"canonical\" href=\"https:\/\/www.koupelnapro.com\/index.php\/produkt\/39145-zednick-aacute-n-aacute-doba-obd-eacute-ln-iacute-k-71x40x21-45l-primo-od-vyrobce-46590\/\" \/>\n<meta property=\"og:locale\" content=\"cs_CZ\" \/>\n<meta property=\"og:type\" content=\"article\" \/>\n<meta property=\"og:title\" content=\"39145 | zednick&aacute; n&aacute;doba | obd&eacute;ln&iacute;k | 71x40x21 | 45L P\u0159\u00edmo Od V\u00fdrobce -\" \/>\n<meta property=\"og:description\" content=\"Zednick\u00e1 n\u00e1doba, vyrobeno z polyethylenu, nevhodn\u00e9 pro potravin\u00e1\u0159sk\u00e9 \u00fa\u010dely, pou\u017eit\u00ed : univerz\u00e1ln\u00ed pou\u017eit\u00ed stavebnictv\u00ed, dom\u00e1cnost, hospod\u00e1\u0159sk\u00e9 , \u00faklidov\u00e9 a jin\u00e9 pr\u00e1ce.\" \/>\n<meta property=\"og:url\" content=\"https:\/\/www.koupelnapro.com\/index.php\/produkt\/39145-zednick-aacute-n-aacute-doba-obd-eacute-ln-iacute-k-71x40x21-45l-primo-od-vyrobce-46590\/\" \/>\n<meta property=\"og:image\" content=\"https:\/\/www.koupelnapro.com\/wp-content\/uploads\/2026\/SK0003287-CZ20260425-093107-0-1777080667-64331-large_default.webp\" \/>\n\t<meta property=\"og:image:width\" content=\"470\" \/>\n\t<meta property=\"og:image:height\" content=\"470\" \/>\n\t<meta property=\"og:image:type\" content=\"image\/webp\" \/>\n<meta name=\"twitter:card\" content=\"summary_large_image\" \/>\n<script type=\"application\/ld+json\" class=\"yoast-schema-graph\">{\"@context\":\"https:\/\/schema.org\",\"@graph\":[{\"@type\":\"WebPage\",\"@id\":\"https:\/\/www.koupelnapro.com\/index.php\/produkt\/39145-zednick-aacute-n-aacute-doba-obd-eacute-ln-iacute-k-71x40x21-45l-primo-od-vyrobce-46590\/\",\"url\":\"https:\/\/www.koupelnapro.com\/index.php\/produkt\/39145-zednick-aacute-n-aacute-doba-obd-eacute-ln-iacute-k-71x40x21-45l-primo-od-vyrobce-46590\/\",\"name\":\"39145 | zednick&aacute; n&aacute;doba | obd&eacute;ln&iacute;k | 71x40x21 | 45L P\u0159\u00edmo Od V\u00fdrobce -\",\"isPartOf\":{\"@id\":\"https:\/\/www.koupelnapro.com\/#website\"},\"primaryImageOfPage\":{\"@id\":\"https:\/\/www.koupelnapro.com\/index.php\/produkt\/39145-zednick-aacute-n-aacute-doba-obd-eacute-ln-iacute-k-71x40x21-45l-primo-od-vyrobce-46590\/#primaryimage\"},\"image\":{\"@id\":\"https:\/\/www.koupelnapro.com\/index.php\/produkt\/39145-zednick-aacute-n-aacute-doba-obd-eacute-ln-iacute-k-71x40x21-45l-primo-od-vyrobce-46590\/#primaryimage\"},\"thumbnailUrl\":\"https:\/\/www.koupelnapro.com\/wp-content\/uploads\/2026\/SK0003287-CZ20260425-093107-0-1777080667-64331-large_default.webp\",\"datePublished\":\"2026-04-26T09:16:28+00:00\",\"breadcrumb\":{\"@id\":\"https:\/\/www.koupelnapro.com\/index.php\/produkt\/39145-zednick-aacute-n-aacute-doba-obd-eacute-ln-iacute-k-71x40x21-45l-primo-od-vyrobce-46590\/#breadcrumb\"},\"inLanguage\":\"cs\",\"potentialAction\":[{\"@type\":\"ReadAction\",\"target\":[\"https:\/\/www.koupelnapro.com\/index.php\/produkt\/39145-zednick-aacute-n-aacute-doba-obd-eacute-ln-iacute-k-71x40x21-45l-primo-od-vyrobce-46590\/\"]}]},{\"@type\":\"ImageObject\",\"inLanguage\":\"cs\",\"@id\":\"https:\/\/www.koupelnapro.com\/index.php\/produkt\/39145-zednick-aacute-n-aacute-doba-obd-eacute-ln-iacute-k-71x40x21-45l-primo-od-vyrobce-46590\/#primaryimage\",\"url\":\"https:\/\/www.koupelnapro.com\/wp-content\/uploads\/2026\/SK0003287-CZ20260425-093107-0-1777080667-64331-large_default.webp\",\"contentUrl\":\"https:\/\/www.koupelnapro.com\/wp-content\/uploads\/2026\/SK0003287-CZ20260425-093107-0-1777080667-64331-large_default.webp\",\"width\":470,\"height\":470},{\"@type\":\"BreadcrumbList\",\"@id\":\"https:\/\/www.koupelnapro.com\/index.php\/produkt\/39145-zednick-aacute-n-aacute-doba-obd-eacute-ln-iacute-k-71x40x21-45l-primo-od-vyrobce-46590\/#breadcrumb\",\"itemListElement\":[{\"@type\":\"ListItem\",\"position\":1,\"name\":\"Home\",\"item\":\"https:\/\/www.koupelnapro.com\/\"},{\"@type\":\"ListItem\",\"position\":2,\"name\":\"Products\",\"item\":\"https:\/\/www.koupelnapro.com\/index.php\/products\/\"},{\"@type\":\"ListItem\",\"position\":3,\"name\":\"39145 | zednick&aacute; n&aacute;doba | obd&eacute;ln&iacute;k | 71x40x21 | 45L P\u0159\u00edmo Od V\u00fdrobce\"}]},{\"@type\":\"WebSite\",\"@id\":\"https:\/\/www.koupelnapro.com\/#website\",\"url\":\"https:\/\/www.koupelnapro.com\/\",\"name\":\"\",\"description\":\"\",\"potentialAction\":[{\"@type\":\"SearchAction\",\"target\":{\"@type\":\"EntryPoint\",\"urlTemplate\":\"https:\/\/www.koupelnapro.com\/?s={search_term_string}\"},\"query-input\":{\"@type\":\"PropertyValueSpecification\",\"valueRequired\":true,\"valueName\":\"search_term_string\"}}],\"inLanguage\":\"cs\"}]}<\/script>\n<!-- \/ Yoast SEO plugin. -->","yoast_head_json":{"title":"39145 | zednick&aacute; n&aacute;doba | obd&eacute;ln&iacute;k | 71x40x21 | 45L P\u0159\u00edmo Od V\u00fdrobce -","robots":{"index":"index","follow":"follow","max-snippet":"max-snippet:-1","max-image-preview":"max-image-preview:large","max-video-preview":"max-video-preview:-1"},"canonical":"https:\/\/www.koupelnapro.com\/index.php\/produkt\/39145-zednick-aacute-n-aacute-doba-obd-eacute-ln-iacute-k-71x40x21-45l-primo-od-vyrobce-46590\/","og_locale":"cs_CZ","og_type":"article","og_title":"39145 | zednick&aacute; n&aacute;doba | obd&eacute;ln&iacute;k | 71x40x21 | 45L P\u0159\u00edmo Od V\u00fdrobce -","og_description":"Zednick\u00e1 n\u00e1doba, vyrobeno z polyethylenu, nevhodn\u00e9 pro potravin\u00e1\u0159sk\u00e9 \u00fa\u010dely, pou\u017eit\u00ed : univerz\u00e1ln\u00ed pou\u017eit\u00ed stavebnictv\u00ed, dom\u00e1cnost, hospod\u00e1\u0159sk\u00e9 , \u00faklidov\u00e9 a jin\u00e9 pr\u00e1ce.","og_url":"https:\/\/www.koupelnapro.com\/index.php\/produkt\/39145-zednick-aacute-n-aacute-doba-obd-eacute-ln-iacute-k-71x40x21-45l-primo-od-vyrobce-46590\/","og_image":[{"width":470,"height":470,"url":"https:\/\/www.koupelnapro.com\/wp-content\/uploads\/2026\/SK0003287-CZ20260425-093107-0-1777080667-64331-large_default.webp","type":"image\/webp"}],"twitter_card":"summary_large_image","schema":{"@context":"https:\/\/schema.org","@graph":[{"@type":"WebPage","@id":"https:\/\/www.koupelnapro.com\/index.php\/produkt\/39145-zednick-aacute-n-aacute-doba-obd-eacute-ln-iacute-k-71x40x21-45l-primo-od-vyrobce-46590\/","url":"https:\/\/www.koupelnapro.com\/index.php\/produkt\/39145-zednick-aacute-n-aacute-doba-obd-eacute-ln-iacute-k-71x40x21-45l-primo-od-vyrobce-46590\/","name":"39145 | zednick&aacute; n&aacute;doba | obd&eacute;ln&iacute;k | 71x40x21 | 45L P\u0159\u00edmo Od V\u00fdrobce -","isPartOf":{"@id":"https:\/\/www.koupelnapro.com\/#website"},"primaryImageOfPage":{"@id":"https:\/\/www.koupelnapro.com\/index.php\/produkt\/39145-zednick-aacute-n-aacute-doba-obd-eacute-ln-iacute-k-71x40x21-45l-primo-od-vyrobce-46590\/#primaryimage"},"image":{"@id":"https:\/\/www.koupelnapro.com\/index.php\/produkt\/39145-zednick-aacute-n-aacute-doba-obd-eacute-ln-iacute-k-71x40x21-45l-primo-od-vyrobce-46590\/#primaryimage"},"thumbnailUrl":"https:\/\/www.koupelnapro.com\/wp-content\/uploads\/2026\/SK0003287-CZ20260425-093107-0-1777080667-64331-large_default.webp","datePublished":"2026-04-26T09:16:28+00:00","breadcrumb":{"@id":"https:\/\/www.koupelnapro.com\/index.php\/produkt\/39145-zednick-aacute-n-aacute-doba-obd-eacute-ln-iacute-k-71x40x21-45l-primo-od-vyrobce-46590\/#breadcrumb"},"inLanguage":"cs","potentialAction":[{"@type":"ReadAction","target":["https:\/\/www.koupelnapro.com\/index.php\/produkt\/39145-zednick-aacute-n-aacute-doba-obd-eacute-ln-iacute-k-71x40x21-45l-primo-od-vyrobce-46590\/"]}]},{"@type":"ImageObject","inLanguage":"cs","@id":"https:\/\/www.koupelnapro.com\/index.php\/produkt\/39145-zednick-aacute-n-aacute-doba-obd-eacute-ln-iacute-k-71x40x21-45l-primo-od-vyrobce-46590\/#primaryimage","url":"https:\/\/www.koupelnapro.com\/wp-content\/uploads\/2026\/SK0003287-CZ20260425-093107-0-1777080667-64331-large_default.webp","contentUrl":"https:\/\/www.koupelnapro.com\/wp-content\/uploads\/2026\/SK0003287-CZ20260425-093107-0-1777080667-64331-large_default.webp","width":470,"height":470},{"@type":"BreadcrumbList","@id":"https:\/\/www.koupelnapro.com\/index.php\/produkt\/39145-zednick-aacute-n-aacute-doba-obd-eacute-ln-iacute-k-71x40x21-45l-primo-od-vyrobce-46590\/#breadcrumb","itemListElement":[{"@type":"ListItem","position":1,"name":"Home","item":"https:\/\/www.koupelnapro.com\/"},{"@type":"ListItem","position":2,"name":"Products","item":"https:\/\/www.koupelnapro.com\/index.php\/products\/"},{"@type":"ListItem","position":3,"name":"39145 | zednick&aacute; n&aacute;doba | obd&eacute;ln&iacute;k | 71x40x21 | 45L P\u0159\u00edmo Od V\u00fdrobce"}]},{"@type":"WebSite","@id":"https:\/\/www.koupelnapro.com\/#website","url":"https:\/\/www.koupelnapro.com\/","name":"","description":"","potentialAction":[{"@type":"SearchAction","target":{"@type":"EntryPoint","urlTemplate":"https:\/\/www.koupelnapro.com\/?s={search_term_string}"},"query-input":{"@type":"PropertyValueSpecification","valueRequired":true,"valueName":"search_term_string"}}],"inLanguage":"cs"}]}},"_links":{"self":[{"href":"https:\/\/www.koupelnapro.com\/index.php\/wp-json\/wp\/v2\/product\/46590","targetHints":{"allow":["GET"]}}],"collection":[{"href":"https:\/\/www.koupelnapro.com\/index.php\/wp-json\/wp\/v2\/product"}],"about":[{"href":"https:\/\/www.koupelnapro.com\/index.php\/wp-json\/wp\/v2\/types\/product"}],"replies":[{"embeddable":true,"href":"https:\/\/www.koupelnapro.com\/index.php\/wp-json\/wp\/v2\/comments?post=46590"}],"wp:featuredmedia":[{"embeddable":true,"href":"https:\/\/www.koupelnapro.com\/index.php\/wp-json\/wp\/v2\/media\/46690"}],"wp:attachment":[{"href":"https:\/\/www.koupelnapro.com\/index.php\/wp-json\/wp\/v2\/media?parent=46590"}],"wp:term":[{"taxonomy":"product_brand","embeddable":true,"href":"https:\/\/www.koupelnapro.com\/index.php\/wp-json\/wp\/v2\/product_brand?post=46590"},{"taxonomy":"product_cat","embeddable":true,"href":"https:\/\/www.koupelnapro.com\/index.php\/wp-json\/wp\/v2\/product_cat?post=46590"},{"taxonomy":"product_tag","embeddable":true,"href":"https:\/\/www.koupelnapro.com\/index.php\/wp-json\/wp\/v2\/product_tag?post=46590"}],"curies":[{"name":"wp","href":"https:\/\/api.w.org\/{rel}","templated":true}]}}

39145 | zednick&aacute; n&aacute;doba | obd&eacute;ln&iacute;k | 71x40x21 | 45L Přímo Od Výrobce

<p><!-- More info -->					</p>
<section id="idTab1" class="page-product-box tab-pane active" role="tabpanel" aria-labelledby="idTab1">						<!-- full description -->						</p>
<div class="rte">Zednická nádoba, vyrobeno z polyethylenu, nevhodné pro potravinářské účely, použití : univerzální použití stavebnictví, domácnost, hospodářské , úklidové a jiné práce.</div>
</section>
<p>					<!--end  More info -->																															</div>
</p></div>
<p><!--QTR Accessories --></p>

<p>Zednická nádoba, vyrobeno z polyethylenu, nevhodné pro potravinářské účely, použití : univerzální použití stavebnictví, domácnost, hospodářské , úklidové a jiné práce.</p>

<!-- This site is optimized with the Yoast SEO plugin v26.8 - https://yoast.com/product/yoast-seo-wordpress/ -->
<title>39145 | zednick&aacute; n&aacute;doba | obd&eacute;ln&iacute;k | 71x40x21 | 45L Přímo Od Výrobce -</title>
<meta name="robots" content="index, follow, max-snippet:-1, max-image-preview:large, max-video-preview:-1" />
<link rel="canonical" href="https://www.koupelnapro.com/index.php/produkt/39145-zednick-aacute-n-aacute-doba-obd-eacute-ln-iacute-k-71x40x21-45l-primo-od-vyrobce-46590/" />
<meta property="og:locale" content="cs_CZ" />
<meta property="og:type" content="article" />
<meta property="og:title" content="39145 | zednick&aacute; n&aacute;doba | obd&eacute;ln&iacute;k | 71x40x21 | 45L Přímo Od Výrobce -" />
<meta property="og:description" content="Zednická nádoba, vyrobeno z polyethylenu, nevhodné pro potravinářské účely, použití : univerzální použití stavebnictví, domácnost, hospodářské , úklidové a jiné práce." />
<meta property="og:url" content="https://www.koupelnapro.com/index.php/produkt/39145-zednick-aacute-n-aacute-doba-obd-eacute-ln-iacute-k-71x40x21-45l-primo-od-vyrobce-46590/" />
<meta property="og:image" content="https://www.koupelnapro.com/wp-content/uploads/2026/SK0003287-CZ20260425-093107-0-1777080667-64331-large_default.webp" />
	<meta property="og:image:width" content="470" />
	<meta property="og:image:height" content="470" />
	<meta property="og:image:type" content="image/webp" />
<meta name="twitter:card" content="summary_large_image" />
<script type="application/ld+json" class="yoast-schema-graph">{"@context":"https://schema.org","@graph":[{"@type":"WebPage","@id":"https://www.koupelnapro.com/index.php/produkt/39145-zednick-aacute-n-aacute-doba-obd-eacute-ln-iacute-k-71x40x21-45l-primo-od-vyrobce-46590/","url":"https://www.koupelnapro.com/index.php/produkt/39145-zednick-aacute-n-aacute-doba-obd-eacute-ln-iacute-k-71x40x21-45l-primo-od-vyrobce-46590/","name":"39145 | zednick&aacute; n&aacute;doba | obd&eacute;ln&iacute;k | 71x40x21 | 45L Přímo Od Výrobce -","isPartOf":{"@id":"https://www.koupelnapro.com/#website"},"primaryImageOfPage":{"@id":"https://www.koupelnapro.com/index.php/produkt/39145-zednick-aacute-n-aacute-doba-obd-eacute-ln-iacute-k-71x40x21-45l-primo-od-vyrobce-46590/#primaryimage"},"image":{"@id":"https://www.koupelnapro.com/index.php/produkt/39145-zednick-aacute-n-aacute-doba-obd-eacute-ln-iacute-k-71x40x21-45l-primo-od-vyrobce-46590/#primaryimage"},"thumbnailUrl":"https://www.koupelnapro.com/wp-content/uploads/2026/SK0003287-CZ20260425-093107-0-1777080667-64331-large_default.webp","datePublished":"2026-04-26T09:16:28+00:00","breadcrumb":{"@id":"https://www.koupelnapro.com/index.php/produkt/39145-zednick-aacute-n-aacute-doba-obd-eacute-ln-iacute-k-71x40x21-45l-primo-od-vyrobce-46590/#breadcrumb"},"inLanguage":"cs","potentialAction":[{"@type":"ReadAction","target":["https://www.koupelnapro.com/index.php/produkt/39145-zednick-aacute-n-aacute-doba-obd-eacute-ln-iacute-k-71x40x21-45l-primo-od-vyrobce-46590/"]}]},{"@type":"ImageObject","inLanguage":"cs","@id":"https://www.koupelnapro.com/index.php/produkt/39145-zednick-aacute-n-aacute-doba-obd-eacute-ln-iacute-k-71x40x21-45l-primo-od-vyrobce-46590/#primaryimage","url":"https://www.koupelnapro.com/wp-content/uploads/2026/SK0003287-CZ20260425-093107-0-1777080667-64331-large_default.webp","contentUrl":"https://www.koupelnapro.com/wp-content/uploads/2026/SK0003287-CZ20260425-093107-0-1777080667-64331-large_default.webp","width":470,"height":470},{"@type":"BreadcrumbList","@id":"https://www.koupelnapro.com/index.php/produkt/39145-zednick-aacute-n-aacute-doba-obd-eacute-ln-iacute-k-71x40x21-45l-primo-od-vyrobce-46590/#breadcrumb","itemListElement":[{"@type":"ListItem","position":1,"name":"Home","item":"https://www.koupelnapro.com/"},{"@type":"ListItem","position":2,"name":"Products","item":"https://www.koupelnapro.com/index.php/products/"},{"@type":"ListItem","position":3,"name":"39145 | zednick&aacute; n&aacute;doba | obd&eacute;ln&iacute;k | 71x40x21 | 45L Přímo Od Výrobce"}]},{"@type":"WebSite","@id":"https://www.koupelnapro.com/#website","url":"https://www.koupelnapro.com/","name":"","description":"","potentialAction":[{"@type":"SearchAction","target":{"@type":"EntryPoint","urlTemplate":"https://www.koupelnapro.com/?s={search_term_string}"},"query-input":{"@type":"PropertyValueSpecification","valueRequired":true,"valueName":"search_term_string"}}],"inLanguage":"cs"}]}</script>
<!-- / Yoast SEO plugin. -->

39145 | zednick&aacute; n&aacute;doba | obd&eacute;ln&iacute;k | 71x40x21 | 45L Přímo Od Výrobce -

Zednická nádoba, vyrobeno z polyethylenu, nevhodné pro potravinářské účely, použití : univerzální použití stavebnictví, domácnost, hospodářské , úklidové a jiné práce.
