{"id":46494,"date":"2026-04-26T09:16:28","date_gmt":"2026-04-26T09:16:28","guid":{"rendered":""},"modified":"2026-04-26T09:16:28","modified_gmt":"2026-04-26T09:16:28","slug":"24779-brusn-aacute-korunka-diamantov-aacute-ku-382-el-20-48mm-m14-pro-uacute-hlov-eacute-brusky-festa-vikendova-akce-46494","status":"publish","type":"product","link":"https:\/\/www.koupelnapro.com\/index.php\/produkt\/24779-brusn-aacute-korunka-diamantov-aacute-ku-382-el-20-48mm-m14-pro-uacute-hlov-eacute-brusky-festa-vikendova-akce-46494\/","title":{"rendered":"24779 | brusn&aacute; korunka | diamantov&aacute; | ku&#382;el | 20-48mm | M14 &#8211; pro &uacute;hlov&eacute; brusky | FESTA V\u00edkendov\u00e1 Akce"},"content":{"rendered":"<p><!-- More info -->\t\t\t\t\t<\/p>\n<section id=\"idTab1\" class=\"page-product-box tab-pane active\" role=\"tabpanel\" aria-labelledby=\"idTab1\">\t\t\t\t\t\t<!-- full description -->\t\t\t\t\t\t<\/p>\n<div class=\"rte\">Korunka brusn\u00e1 FESTA diamantov\u00e1 ku\u017eel 20-48mm<\/p>\n<p>profesion\u00e1ln\u00ed brusn\u00e1 diamantov\u00e1 korunka se z\u00e1vitem M14 &#8211; pro \u00fahlov\u00e9 brusky<br \/>ku\u017eelov\u00fd tvar pro rychl\u00e9 zabrou\u0161en\u00ed &#8211; za\u010di\u0161t\u011bn\u00ed vykrou\u017een\u00fdch otvor\u016f nebo zv\u011bt\u0161en\u00ed vykrou\u017een\u00fdch otvor\u016f na pot\u0159ebn\u00fd pr\u016fm\u011br<br \/>pro &#8222;such\u00e9&#8220; brou\u0161en\u00ed kamene, dla\u017eby, obklad\u016f, \u017euly, mramoru a jin\u00fdch extr\u00e9mn\u011b tvrd\u00fdch materi\u00e1l\u016f nejen ve stavebnictv\u00ed<br \/>doporu\u010den\u00fd pracovn\u00ed postup &#8211; na\u0161roubujte korunku p\u0159\u00edmo na z\u00e1vit hlavy \u00fahlov\u00e9 brusky, pevn\u011b dot\u00e1hn\u011bte &#8211; vhodn\u00e9 na zabru\u0161ov\u00e1n\u00ed hran, \u00fapravy vnit\u0159n\u00edch otvor\u016f v dla\u017eb\u011b, atd&#8230;<\/div>\n<\/section>\n<p>\t\t\t\t\t<!--end  More info -->\t\t\t\t\t\t\t\t\t\t\t\t\t\t\t\t\t\t\t\t\t\t\t\t\t\t\t\t\t\t\t<\/div>\n<\/p><\/div>\n<p><!--QTR Accessories --><\/p>\n","protected":false},"excerpt":{"rendered":"<p>Korunka brusn\u00e1 FESTA diamantov\u00e1 ku\u017eel 20-48mm profesion\u00e1ln\u00ed brusn\u00e1 diamantov\u00e1 korunka se z\u00e1vitem M14 &#8211; pro \u00fahlov\u00e9 bruskyku\u017eelov\u00fd tvar pro rychl\u00e9 zabrou\u0161en\u00ed &#8211; za\u010di\u0161t\u011bn\u00ed vykrou\u017een\u00fdch otvor\u016f nebo zv\u011bt\u0161en\u00ed vykrou\u017een\u00fdch otvor\u016f na pot\u0159ebn\u00fd pr\u016fm\u011brpro &#8222;such\u00e9&#8220; brou\u0161en\u00ed kamene, dla\u017eby, obklad\u016f, \u017euly, mramoru a jin\u00fdch extr\u00e9mn\u011b tvrd\u00fdch materi\u00e1l\u016f nejen ve stavebnictv\u00eddoporu\u010den\u00fd pracovn\u00ed postup &#8211; na\u0161roubujte korunku p\u0159\u00edmo na z\u00e1vit [&hellip;]<\/p>\n","protected":false},"featured_media":46594,"comment_status":"open","ping_status":"open","template":"","meta":[],"product_brand":[],"product_cat":[153],"product_tag":[],"class_list":{"0":"post-46494","1":"product","2":"type-product","3":"status-publish","4":"has-post-thumbnail","6":"product_cat-n-aacute-rad-iacute","8":"first","9":"instock","10":"sale","11":"shipping-taxable","12":"purchasable","13":"product-type-simple"},"yoast_head":"<!-- This site is optimized with the Yoast SEO plugin v26.8 - https:\/\/yoast.com\/product\/yoast-seo-wordpress\/ -->\n<title>24779 | brusn&aacute; korunka | diamantov&aacute; | ku&#382;el | 20-48mm | M14 - pro &uacute;hlov&eacute; brusky | FESTA V\u00edkendov\u00e1 Akce -<\/title>\n<meta name=\"robots\" content=\"index, follow, max-snippet:-1, max-image-preview:large, max-video-preview:-1\" \/>\n<link rel=\"canonical\" href=\"https:\/\/www.koupelnapro.com\/index.php\/produkt\/24779-brusn-aacute-korunka-diamantov-aacute-ku-382-el-20-48mm-m14-pro-uacute-hlov-eacute-brusky-festa-vikendova-akce-46494\/\" \/>\n<meta property=\"og:locale\" content=\"cs_CZ\" \/>\n<meta property=\"og:type\" content=\"article\" \/>\n<meta property=\"og:title\" content=\"24779 | brusn&aacute; korunka | diamantov&aacute; | ku&#382;el | 20-48mm | M14 - pro &uacute;hlov&eacute; brusky | FESTA V\u00edkendov\u00e1 Akce -\" \/>\n<meta property=\"og:description\" content=\"Korunka brusn\u00e1 FESTA diamantov\u00e1 ku\u017eel 20-48mm profesion\u00e1ln\u00ed brusn\u00e1 diamantov\u00e1 korunka se z\u00e1vitem M14 &#8211; pro \u00fahlov\u00e9 bruskyku\u017eelov\u00fd tvar pro rychl\u00e9 zabrou\u0161en\u00ed &#8211; za\u010di\u0161t\u011bn\u00ed vykrou\u017een\u00fdch otvor\u016f nebo zv\u011bt\u0161en\u00ed vykrou\u017een\u00fdch otvor\u016f na pot\u0159ebn\u00fd pr\u016fm\u011brpro &#8222;such\u00e9&#8220; brou\u0161en\u00ed kamene, dla\u017eby, obklad\u016f, \u017euly, mramoru a jin\u00fdch extr\u00e9mn\u011b tvrd\u00fdch materi\u00e1l\u016f nejen ve stavebnictv\u00eddoporu\u010den\u00fd pracovn\u00ed postup &#8211; na\u0161roubujte korunku p\u0159\u00edmo na z\u00e1vit [&hellip;]\" \/>\n<meta property=\"og:url\" content=\"https:\/\/www.koupelnapro.com\/index.php\/produkt\/24779-brusn-aacute-korunka-diamantov-aacute-ku-382-el-20-48mm-m14-pro-uacute-hlov-eacute-brusky-festa-vikendova-akce-46494\/\" \/>\n<meta property=\"og:image\" content=\"https:\/\/www.koupelnapro.com\/wp-content\/uploads\/2026\/SK0003148-CZ20260425-093107-0-1777080667-63881-large_default.webp\" \/>\n\t<meta property=\"og:image:width\" content=\"470\" \/>\n\t<meta property=\"og:image:height\" content=\"470\" \/>\n\t<meta property=\"og:image:type\" content=\"image\/webp\" \/>\n<meta name=\"twitter:card\" content=\"summary_large_image\" \/>\n<meta name=\"twitter:label1\" content=\"Odhadovan\u00e1 doba \u010dten\u00ed\" \/>\n\t<meta name=\"twitter:data1\" content=\"1 minuta\" \/>\n<script type=\"application\/ld+json\" class=\"yoast-schema-graph\">{\"@context\":\"https:\/\/schema.org\",\"@graph\":[{\"@type\":\"WebPage\",\"@id\":\"https:\/\/www.koupelnapro.com\/index.php\/produkt\/24779-brusn-aacute-korunka-diamantov-aacute-ku-382-el-20-48mm-m14-pro-uacute-hlov-eacute-brusky-festa-vikendova-akce-46494\/\",\"url\":\"https:\/\/www.koupelnapro.com\/index.php\/produkt\/24779-brusn-aacute-korunka-diamantov-aacute-ku-382-el-20-48mm-m14-pro-uacute-hlov-eacute-brusky-festa-vikendova-akce-46494\/\",\"name\":\"24779 | brusn&aacute; korunka | diamantov&aacute; | ku&#382;el | 20-48mm | M14 - pro &uacute;hlov&eacute; brusky | FESTA V\u00edkendov\u00e1 Akce -\",\"isPartOf\":{\"@id\":\"https:\/\/www.koupelnapro.com\/#website\"},\"primaryImageOfPage\":{\"@id\":\"https:\/\/www.koupelnapro.com\/index.php\/produkt\/24779-brusn-aacute-korunka-diamantov-aacute-ku-382-el-20-48mm-m14-pro-uacute-hlov-eacute-brusky-festa-vikendova-akce-46494\/#primaryimage\"},\"image\":{\"@id\":\"https:\/\/www.koupelnapro.com\/index.php\/produkt\/24779-brusn-aacute-korunka-diamantov-aacute-ku-382-el-20-48mm-m14-pro-uacute-hlov-eacute-brusky-festa-vikendova-akce-46494\/#primaryimage\"},\"thumbnailUrl\":\"https:\/\/www.koupelnapro.com\/wp-content\/uploads\/2026\/SK0003148-CZ20260425-093107-0-1777080667-63881-large_default.webp\",\"datePublished\":\"2026-04-26T09:16:28+00:00\",\"breadcrumb\":{\"@id\":\"https:\/\/www.koupelnapro.com\/index.php\/produkt\/24779-brusn-aacute-korunka-diamantov-aacute-ku-382-el-20-48mm-m14-pro-uacute-hlov-eacute-brusky-festa-vikendova-akce-46494\/#breadcrumb\"},\"inLanguage\":\"cs\",\"potentialAction\":[{\"@type\":\"ReadAction\",\"target\":[\"https:\/\/www.koupelnapro.com\/index.php\/produkt\/24779-brusn-aacute-korunka-diamantov-aacute-ku-382-el-20-48mm-m14-pro-uacute-hlov-eacute-brusky-festa-vikendova-akce-46494\/\"]}]},{\"@type\":\"ImageObject\",\"inLanguage\":\"cs\",\"@id\":\"https:\/\/www.koupelnapro.com\/index.php\/produkt\/24779-brusn-aacute-korunka-diamantov-aacute-ku-382-el-20-48mm-m14-pro-uacute-hlov-eacute-brusky-festa-vikendova-akce-46494\/#primaryimage\",\"url\":\"https:\/\/www.koupelnapro.com\/wp-content\/uploads\/2026\/SK0003148-CZ20260425-093107-0-1777080667-63881-large_default.webp\",\"contentUrl\":\"https:\/\/www.koupelnapro.com\/wp-content\/uploads\/2026\/SK0003148-CZ20260425-093107-0-1777080667-63881-large_default.webp\",\"width\":470,\"height\":470},{\"@type\":\"BreadcrumbList\",\"@id\":\"https:\/\/www.koupelnapro.com\/index.php\/produkt\/24779-brusn-aacute-korunka-diamantov-aacute-ku-382-el-20-48mm-m14-pro-uacute-hlov-eacute-brusky-festa-vikendova-akce-46494\/#breadcrumb\",\"itemListElement\":[{\"@type\":\"ListItem\",\"position\":1,\"name\":\"Home\",\"item\":\"https:\/\/www.koupelnapro.com\/\"},{\"@type\":\"ListItem\",\"position\":2,\"name\":\"Products\",\"item\":\"https:\/\/www.koupelnapro.com\/index.php\/products\/\"},{\"@type\":\"ListItem\",\"position\":3,\"name\":\"24779 | brusn&aacute; korunka | diamantov&aacute; | ku&#382;el | 20-48mm | M14 &#8211; pro &uacute;hlov&eacute; brusky | FESTA V\u00edkendov\u00e1 Akce\"}]},{\"@type\":\"WebSite\",\"@id\":\"https:\/\/www.koupelnapro.com\/#website\",\"url\":\"https:\/\/www.koupelnapro.com\/\",\"name\":\"\",\"description\":\"\",\"potentialAction\":[{\"@type\":\"SearchAction\",\"target\":{\"@type\":\"EntryPoint\",\"urlTemplate\":\"https:\/\/www.koupelnapro.com\/?s={search_term_string}\"},\"query-input\":{\"@type\":\"PropertyValueSpecification\",\"valueRequired\":true,\"valueName\":\"search_term_string\"}}],\"inLanguage\":\"cs\"}]}<\/script>\n<!-- \/ Yoast SEO plugin. -->","yoast_head_json":{"title":"24779 | brusn&aacute; korunka | diamantov&aacute; | ku&#382;el | 20-48mm | M14 - pro &uacute;hlov&eacute; brusky | FESTA V\u00edkendov\u00e1 Akce -","robots":{"index":"index","follow":"follow","max-snippet":"max-snippet:-1","max-image-preview":"max-image-preview:large","max-video-preview":"max-video-preview:-1"},"canonical":"https:\/\/www.koupelnapro.com\/index.php\/produkt\/24779-brusn-aacute-korunka-diamantov-aacute-ku-382-el-20-48mm-m14-pro-uacute-hlov-eacute-brusky-festa-vikendova-akce-46494\/","og_locale":"cs_CZ","og_type":"article","og_title":"24779 | brusn&aacute; korunka | diamantov&aacute; | ku&#382;el | 20-48mm | M14 - pro &uacute;hlov&eacute; brusky | FESTA V\u00edkendov\u00e1 Akce -","og_description":"Korunka brusn\u00e1 FESTA diamantov\u00e1 ku\u017eel 20-48mm profesion\u00e1ln\u00ed brusn\u00e1 diamantov\u00e1 korunka se z\u00e1vitem M14 &#8211; pro \u00fahlov\u00e9 bruskyku\u017eelov\u00fd tvar pro rychl\u00e9 zabrou\u0161en\u00ed &#8211; za\u010di\u0161t\u011bn\u00ed vykrou\u017een\u00fdch otvor\u016f nebo zv\u011bt\u0161en\u00ed vykrou\u017een\u00fdch otvor\u016f na pot\u0159ebn\u00fd pr\u016fm\u011brpro &#8222;such\u00e9&#8220; brou\u0161en\u00ed kamene, dla\u017eby, obklad\u016f, \u017euly, mramoru a jin\u00fdch extr\u00e9mn\u011b tvrd\u00fdch materi\u00e1l\u016f nejen ve stavebnictv\u00eddoporu\u010den\u00fd pracovn\u00ed postup &#8211; na\u0161roubujte korunku p\u0159\u00edmo na z\u00e1vit [&hellip;]","og_url":"https:\/\/www.koupelnapro.com\/index.php\/produkt\/24779-brusn-aacute-korunka-diamantov-aacute-ku-382-el-20-48mm-m14-pro-uacute-hlov-eacute-brusky-festa-vikendova-akce-46494\/","og_image":[{"width":470,"height":470,"url":"https:\/\/www.koupelnapro.com\/wp-content\/uploads\/2026\/SK0003148-CZ20260425-093107-0-1777080667-63881-large_default.webp","type":"image\/webp"}],"twitter_card":"summary_large_image","twitter_misc":{"Odhadovan\u00e1 doba \u010dten\u00ed":"1 minuta"},"schema":{"@context":"https:\/\/schema.org","@graph":[{"@type":"WebPage","@id":"https:\/\/www.koupelnapro.com\/index.php\/produkt\/24779-brusn-aacute-korunka-diamantov-aacute-ku-382-el-20-48mm-m14-pro-uacute-hlov-eacute-brusky-festa-vikendova-akce-46494\/","url":"https:\/\/www.koupelnapro.com\/index.php\/produkt\/24779-brusn-aacute-korunka-diamantov-aacute-ku-382-el-20-48mm-m14-pro-uacute-hlov-eacute-brusky-festa-vikendova-akce-46494\/","name":"24779 | brusn&aacute; korunka | diamantov&aacute; | ku&#382;el | 20-48mm | M14 - pro &uacute;hlov&eacute; brusky | FESTA V\u00edkendov\u00e1 Akce -","isPartOf":{"@id":"https:\/\/www.koupelnapro.com\/#website"},"primaryImageOfPage":{"@id":"https:\/\/www.koupelnapro.com\/index.php\/produkt\/24779-brusn-aacute-korunka-diamantov-aacute-ku-382-el-20-48mm-m14-pro-uacute-hlov-eacute-brusky-festa-vikendova-akce-46494\/#primaryimage"},"image":{"@id":"https:\/\/www.koupelnapro.com\/index.php\/produkt\/24779-brusn-aacute-korunka-diamantov-aacute-ku-382-el-20-48mm-m14-pro-uacute-hlov-eacute-brusky-festa-vikendova-akce-46494\/#primaryimage"},"thumbnailUrl":"https:\/\/www.koupelnapro.com\/wp-content\/uploads\/2026\/SK0003148-CZ20260425-093107-0-1777080667-63881-large_default.webp","datePublished":"2026-04-26T09:16:28+00:00","breadcrumb":{"@id":"https:\/\/www.koupelnapro.com\/index.php\/produkt\/24779-brusn-aacute-korunka-diamantov-aacute-ku-382-el-20-48mm-m14-pro-uacute-hlov-eacute-brusky-festa-vikendova-akce-46494\/#breadcrumb"},"inLanguage":"cs","potentialAction":[{"@type":"ReadAction","target":["https:\/\/www.koupelnapro.com\/index.php\/produkt\/24779-brusn-aacute-korunka-diamantov-aacute-ku-382-el-20-48mm-m14-pro-uacute-hlov-eacute-brusky-festa-vikendova-akce-46494\/"]}]},{"@type":"ImageObject","inLanguage":"cs","@id":"https:\/\/www.koupelnapro.com\/index.php\/produkt\/24779-brusn-aacute-korunka-diamantov-aacute-ku-382-el-20-48mm-m14-pro-uacute-hlov-eacute-brusky-festa-vikendova-akce-46494\/#primaryimage","url":"https:\/\/www.koupelnapro.com\/wp-content\/uploads\/2026\/SK0003148-CZ20260425-093107-0-1777080667-63881-large_default.webp","contentUrl":"https:\/\/www.koupelnapro.com\/wp-content\/uploads\/2026\/SK0003148-CZ20260425-093107-0-1777080667-63881-large_default.webp","width":470,"height":470},{"@type":"BreadcrumbList","@id":"https:\/\/www.koupelnapro.com\/index.php\/produkt\/24779-brusn-aacute-korunka-diamantov-aacute-ku-382-el-20-48mm-m14-pro-uacute-hlov-eacute-brusky-festa-vikendova-akce-46494\/#breadcrumb","itemListElement":[{"@type":"ListItem","position":1,"name":"Home","item":"https:\/\/www.koupelnapro.com\/"},{"@type":"ListItem","position":2,"name":"Products","item":"https:\/\/www.koupelnapro.com\/index.php\/products\/"},{"@type":"ListItem","position":3,"name":"24779 | brusn&aacute; korunka | diamantov&aacute; | ku&#382;el | 20-48mm | M14 &#8211; pro &uacute;hlov&eacute; brusky | FESTA V\u00edkendov\u00e1 Akce"}]},{"@type":"WebSite","@id":"https:\/\/www.koupelnapro.com\/#website","url":"https:\/\/www.koupelnapro.com\/","name":"","description":"","potentialAction":[{"@type":"SearchAction","target":{"@type":"EntryPoint","urlTemplate":"https:\/\/www.koupelnapro.com\/?s={search_term_string}"},"query-input":{"@type":"PropertyValueSpecification","valueRequired":true,"valueName":"search_term_string"}}],"inLanguage":"cs"}]}},"_links":{"self":[{"href":"https:\/\/www.koupelnapro.com\/index.php\/wp-json\/wp\/v2\/product\/46494","targetHints":{"allow":["GET"]}}],"collection":[{"href":"https:\/\/www.koupelnapro.com\/index.php\/wp-json\/wp\/v2\/product"}],"about":[{"href":"https:\/\/www.koupelnapro.com\/index.php\/wp-json\/wp\/v2\/types\/product"}],"replies":[{"embeddable":true,"href":"https:\/\/www.koupelnapro.com\/index.php\/wp-json\/wp\/v2\/comments?post=46494"}],"wp:featuredmedia":[{"embeddable":true,"href":"https:\/\/www.koupelnapro.com\/index.php\/wp-json\/wp\/v2\/media\/46594"}],"wp:attachment":[{"href":"https:\/\/www.koupelnapro.com\/index.php\/wp-json\/wp\/v2\/media?parent=46494"}],"wp:term":[{"taxonomy":"product_brand","embeddable":true,"href":"https:\/\/www.koupelnapro.com\/index.php\/wp-json\/wp\/v2\/product_brand?post=46494"},{"taxonomy":"product_cat","embeddable":true,"href":"https:\/\/www.koupelnapro.com\/index.php\/wp-json\/wp\/v2\/product_cat?post=46494"},{"taxonomy":"product_tag","embeddable":true,"href":"https:\/\/www.koupelnapro.com\/index.php\/wp-json\/wp\/v2\/product_tag?post=46494"}],"curies":[{"name":"wp","href":"https:\/\/api.w.org\/{rel}","templated":true}]}}