{"id":46389,"date":"2026-04-26T09:16:27","date_gmt":"2026-04-26T09:16:27","guid":{"rendered":""},"modified":"2026-04-26T09:16:27","modified_gmt":"2026-04-26T09:16:27","slug":"24792-vykru-382-ovac-iacute-korunka-diamantov-aacute-pr-60mm-m14-pro-uacute-hlov-eacute-brusky-festa-nejprodavanejsi-46389","status":"publish","type":"product","link":"https:\/\/www.koupelnapro.com\/index.php\/produkt\/24792-vykru-382-ovac-iacute-korunka-diamantov-aacute-pr-60mm-m14-pro-uacute-hlov-eacute-brusky-festa-nejprodavanejsi-46389\/","title":{"rendered":"24792 | vykru&#382;ovac&iacute; korunka | diamantov&aacute; | pr.60mm | M14 &#8211; pro &uacute;hlov&eacute; brusky | FESTA Nejprod\u00e1van\u011bj\u0161\u00ed"},"content":{"rendered":"<p><!-- More info -->\t\t\t\t\t<\/p>\n<section id=\"idTab1\" class=\"page-product-box tab-pane active\" role=\"tabpanel\" aria-labelledby=\"idTab1\">\t\t\t\t\t\t<!-- full description -->\t\t\t\t\t\t<\/p>\n<div class=\"rte\">Profesion\u00e1ln\u00ed vykru\u017eovac\u00ed diamantov\u00e1 korunka se z\u00e1vitem M14 &#8211; pro \u00fahlov\u00e9 brusky<\/p>\n<p>pro &#8222;such\u00e9&#8220; p\u0159esn\u00e9 a rychl\u00e9 vrt\u00e1n\u00ed do kamene, dla\u017eby, obklad\u016f, \u017euly, mramoru a jin\u00fdch extr\u00e9mn\u011b tvrd\u00fdch materi\u00e1l\u016f nejen ve stavebnictv\u00ed<br \/>v\u00fd\u0161ka vrstvy diamantu 10 mm, dlouh\u00e1 \u017eivotnost<br \/>bez nutnosti pou\u017e\u00edt jak\u00fdkoli pomocn\u00fd n\u00e1stroj vykrou\u017e\u00edte p\u0159esn\u00fd otvor na po\u017eadovan\u00e9m m\u00edst\u011b<br \/>doporu\u010den\u00fd pracovn\u00ed postup &#8211; na\u0161roubujte korunku p\u0159\u00edmo na z\u00e1vit hlavy \u00fahlov\u00e9 brusky, pevn\u011b dot\u00e1hn\u011bte, vykru\u017eovat po\u017eadovan\u00fd otvor za\u010dn\u011bte pod \u00fahlem 45 \u00b0, korunka a rychlost brusky okam\u017eit\u011b zajist\u00ed uchycen\u00ed v po\u017eadovan\u00e9m m\u00edst\u011b, pomalu p\u0159i rovnom\u011brn\u011b vytvo\u0159en\u00e9m tlaku narovnejte sm\u011br vykru\u017eov\u00e1n\u00ed do svisl\u00e9 polohy, men\u0161\u00ed pr\u016fm\u011bry 6 &#8211; 14 cm je u vrt\u00e1n\u00ed do tvrd\u00fdch dla\u017eeb, mezi jednotliv\u00fdmi vrty, ZCHLADIT &#8211; sta\u010d\u00ed pono\u0159it do sklenice s vodou nebo nechat v ot\u00e1\u010dk\u00e1ch ochladit vzduchem!<\/div>\n<\/section>\n<p>\t\t\t\t\t<!--end  More info -->\t\t\t\t\t\t\t\t\t\t\t\t\t\t\t\t\t\t\t\t\t\t\t\t\t\t\t\t\t\t\t<\/div>\n<\/p><\/div>\n<p><!--QTR Accessories --><\/p>\n","protected":false},"excerpt":{"rendered":"<p>Profesion\u00e1ln\u00ed vykru\u017eovac\u00ed diamantov\u00e1 korunka se z\u00e1vitem M14 &#8211; pro \u00fahlov\u00e9 brusky pro &#8222;such\u00e9&#8220; p\u0159esn\u00e9 a rychl\u00e9 vrt\u00e1n\u00ed do kamene, dla\u017eby, obklad\u016f, \u017euly, mramoru a jin\u00fdch extr\u00e9mn\u011b tvrd\u00fdch materi\u00e1l\u016f nejen ve stavebnictv\u00edv\u00fd\u0161ka vrstvy diamantu 10 mm, dlouh\u00e1 \u017eivotnostbez nutnosti pou\u017e\u00edt jak\u00fdkoli pomocn\u00fd n\u00e1stroj vykrou\u017e\u00edte p\u0159esn\u00fd otvor na po\u017eadovan\u00e9m m\u00edst\u011bdoporu\u010den\u00fd pracovn\u00ed postup &#8211; na\u0161roubujte korunku p\u0159\u00edmo na [&hellip;]<\/p>\n","protected":false},"featured_media":46489,"comment_status":"open","ping_status":"open","template":"","meta":[],"product_brand":[],"product_cat":[153],"product_tag":[],"class_list":{"0":"post-46389","1":"product","2":"type-product","3":"status-publish","4":"has-post-thumbnail","6":"product_cat-n-aacute-rad-iacute","8":"first","9":"instock","10":"sale","11":"shipping-taxable","12":"purchasable","13":"product-type-simple"},"yoast_head":"<!-- This site is optimized with the Yoast SEO plugin v26.8 - https:\/\/yoast.com\/product\/yoast-seo-wordpress\/ -->\n<title>24792 | vykru&#382;ovac&iacute; korunka | diamantov&aacute; | pr.60mm | M14 - pro &uacute;hlov&eacute; brusky | FESTA Nejprod\u00e1van\u011bj\u0161\u00ed -<\/title>\n<meta name=\"robots\" content=\"index, follow, max-snippet:-1, max-image-preview:large, max-video-preview:-1\" \/>\n<link rel=\"canonical\" href=\"https:\/\/www.koupelnapro.com\/index.php\/produkt\/24792-vykru-382-ovac-iacute-korunka-diamantov-aacute-pr-60mm-m14-pro-uacute-hlov-eacute-brusky-festa-nejprodavanejsi-46389\/\" \/>\n<meta property=\"og:locale\" content=\"cs_CZ\" \/>\n<meta property=\"og:type\" content=\"article\" \/>\n<meta property=\"og:title\" content=\"24792 | vykru&#382;ovac&iacute; korunka | diamantov&aacute; | pr.60mm | M14 - pro &uacute;hlov&eacute; brusky | FESTA Nejprod\u00e1van\u011bj\u0161\u00ed -\" \/>\n<meta property=\"og:description\" content=\"Profesion\u00e1ln\u00ed vykru\u017eovac\u00ed diamantov\u00e1 korunka se z\u00e1vitem M14 &#8211; pro \u00fahlov\u00e9 brusky pro &#8222;such\u00e9&#8220; p\u0159esn\u00e9 a rychl\u00e9 vrt\u00e1n\u00ed do kamene, dla\u017eby, obklad\u016f, \u017euly, mramoru a jin\u00fdch extr\u00e9mn\u011b tvrd\u00fdch materi\u00e1l\u016f nejen ve stavebnictv\u00edv\u00fd\u0161ka vrstvy diamantu 10 mm, dlouh\u00e1 \u017eivotnostbez nutnosti pou\u017e\u00edt jak\u00fdkoli pomocn\u00fd n\u00e1stroj vykrou\u017e\u00edte p\u0159esn\u00fd otvor na po\u017eadovan\u00e9m m\u00edst\u011bdoporu\u010den\u00fd pracovn\u00ed postup &#8211; na\u0161roubujte korunku p\u0159\u00edmo na [&hellip;]\" \/>\n<meta property=\"og:url\" content=\"https:\/\/www.koupelnapro.com\/index.php\/produkt\/24792-vykru-382-ovac-iacute-korunka-diamantov-aacute-pr-60mm-m14-pro-uacute-hlov-eacute-brusky-festa-nejprodavanejsi-46389\/\" \/>\n<meta property=\"og:image\" content=\"https:\/\/www.koupelnapro.com\/wp-content\/uploads\/2026\/SK0003141-CZ20260425-093107-0-1777080667-63889-large_default.webp\" \/>\n\t<meta property=\"og:image:width\" content=\"470\" \/>\n\t<meta property=\"og:image:height\" content=\"470\" \/>\n\t<meta property=\"og:image:type\" content=\"image\/webp\" \/>\n<meta name=\"twitter:card\" content=\"summary_large_image\" \/>\n<meta name=\"twitter:label1\" content=\"Odhadovan\u00e1 doba \u010dten\u00ed\" \/>\n\t<meta name=\"twitter:data1\" content=\"1 minuta\" \/>\n<script type=\"application\/ld+json\" class=\"yoast-schema-graph\">{\"@context\":\"https:\/\/schema.org\",\"@graph\":[{\"@type\":\"WebPage\",\"@id\":\"https:\/\/www.koupelnapro.com\/index.php\/produkt\/24792-vykru-382-ovac-iacute-korunka-diamantov-aacute-pr-60mm-m14-pro-uacute-hlov-eacute-brusky-festa-nejprodavanejsi-46389\/\",\"url\":\"https:\/\/www.koupelnapro.com\/index.php\/produkt\/24792-vykru-382-ovac-iacute-korunka-diamantov-aacute-pr-60mm-m14-pro-uacute-hlov-eacute-brusky-festa-nejprodavanejsi-46389\/\",\"name\":\"24792 | vykru&#382;ovac&iacute; korunka | diamantov&aacute; | pr.60mm | M14 - pro &uacute;hlov&eacute; brusky | FESTA Nejprod\u00e1van\u011bj\u0161\u00ed -\",\"isPartOf\":{\"@id\":\"https:\/\/www.koupelnapro.com\/#website\"},\"primaryImageOfPage\":{\"@id\":\"https:\/\/www.koupelnapro.com\/index.php\/produkt\/24792-vykru-382-ovac-iacute-korunka-diamantov-aacute-pr-60mm-m14-pro-uacute-hlov-eacute-brusky-festa-nejprodavanejsi-46389\/#primaryimage\"},\"image\":{\"@id\":\"https:\/\/www.koupelnapro.com\/index.php\/produkt\/24792-vykru-382-ovac-iacute-korunka-diamantov-aacute-pr-60mm-m14-pro-uacute-hlov-eacute-brusky-festa-nejprodavanejsi-46389\/#primaryimage\"},\"thumbnailUrl\":\"https:\/\/www.koupelnapro.com\/wp-content\/uploads\/2026\/SK0003141-CZ20260425-093107-0-1777080667-63889-large_default.webp\",\"datePublished\":\"2026-04-26T09:16:27+00:00\",\"breadcrumb\":{\"@id\":\"https:\/\/www.koupelnapro.com\/index.php\/produkt\/24792-vykru-382-ovac-iacute-korunka-diamantov-aacute-pr-60mm-m14-pro-uacute-hlov-eacute-brusky-festa-nejprodavanejsi-46389\/#breadcrumb\"},\"inLanguage\":\"cs\",\"potentialAction\":[{\"@type\":\"ReadAction\",\"target\":[\"https:\/\/www.koupelnapro.com\/index.php\/produkt\/24792-vykru-382-ovac-iacute-korunka-diamantov-aacute-pr-60mm-m14-pro-uacute-hlov-eacute-brusky-festa-nejprodavanejsi-46389\/\"]}]},{\"@type\":\"ImageObject\",\"inLanguage\":\"cs\",\"@id\":\"https:\/\/www.koupelnapro.com\/index.php\/produkt\/24792-vykru-382-ovac-iacute-korunka-diamantov-aacute-pr-60mm-m14-pro-uacute-hlov-eacute-brusky-festa-nejprodavanejsi-46389\/#primaryimage\",\"url\":\"https:\/\/www.koupelnapro.com\/wp-content\/uploads\/2026\/SK0003141-CZ20260425-093107-0-1777080667-63889-large_default.webp\",\"contentUrl\":\"https:\/\/www.koupelnapro.com\/wp-content\/uploads\/2026\/SK0003141-CZ20260425-093107-0-1777080667-63889-large_default.webp\",\"width\":470,\"height\":470},{\"@type\":\"BreadcrumbList\",\"@id\":\"https:\/\/www.koupelnapro.com\/index.php\/produkt\/24792-vykru-382-ovac-iacute-korunka-diamantov-aacute-pr-60mm-m14-pro-uacute-hlov-eacute-brusky-festa-nejprodavanejsi-46389\/#breadcrumb\",\"itemListElement\":[{\"@type\":\"ListItem\",\"position\":1,\"name\":\"Home\",\"item\":\"https:\/\/www.koupelnapro.com\/\"},{\"@type\":\"ListItem\",\"position\":2,\"name\":\"Products\",\"item\":\"https:\/\/www.koupelnapro.com\/index.php\/products\/\"},{\"@type\":\"ListItem\",\"position\":3,\"name\":\"24792 | vykru&#382;ovac&iacute; korunka | diamantov&aacute; | pr.60mm | M14 &#8211; pro &uacute;hlov&eacute; brusky | FESTA Nejprod\u00e1van\u011bj\u0161\u00ed\"}]},{\"@type\":\"WebSite\",\"@id\":\"https:\/\/www.koupelnapro.com\/#website\",\"url\":\"https:\/\/www.koupelnapro.com\/\",\"name\":\"\",\"description\":\"\",\"potentialAction\":[{\"@type\":\"SearchAction\",\"target\":{\"@type\":\"EntryPoint\",\"urlTemplate\":\"https:\/\/www.koupelnapro.com\/?s={search_term_string}\"},\"query-input\":{\"@type\":\"PropertyValueSpecification\",\"valueRequired\":true,\"valueName\":\"search_term_string\"}}],\"inLanguage\":\"cs\"}]}<\/script>\n<!-- \/ Yoast SEO plugin. -->","yoast_head_json":{"title":"24792 | vykru&#382;ovac&iacute; korunka | diamantov&aacute; | pr.60mm | M14 - pro &uacute;hlov&eacute; brusky | FESTA Nejprod\u00e1van\u011bj\u0161\u00ed -","robots":{"index":"index","follow":"follow","max-snippet":"max-snippet:-1","max-image-preview":"max-image-preview:large","max-video-preview":"max-video-preview:-1"},"canonical":"https:\/\/www.koupelnapro.com\/index.php\/produkt\/24792-vykru-382-ovac-iacute-korunka-diamantov-aacute-pr-60mm-m14-pro-uacute-hlov-eacute-brusky-festa-nejprodavanejsi-46389\/","og_locale":"cs_CZ","og_type":"article","og_title":"24792 | vykru&#382;ovac&iacute; korunka | diamantov&aacute; | pr.60mm | M14 - pro &uacute;hlov&eacute; brusky | FESTA Nejprod\u00e1van\u011bj\u0161\u00ed -","og_description":"Profesion\u00e1ln\u00ed vykru\u017eovac\u00ed diamantov\u00e1 korunka se z\u00e1vitem M14 &#8211; pro \u00fahlov\u00e9 brusky pro &#8222;such\u00e9&#8220; p\u0159esn\u00e9 a rychl\u00e9 vrt\u00e1n\u00ed do kamene, dla\u017eby, obklad\u016f, \u017euly, mramoru a jin\u00fdch extr\u00e9mn\u011b tvrd\u00fdch materi\u00e1l\u016f nejen ve stavebnictv\u00edv\u00fd\u0161ka vrstvy diamantu 10 mm, dlouh\u00e1 \u017eivotnostbez nutnosti pou\u017e\u00edt jak\u00fdkoli pomocn\u00fd n\u00e1stroj vykrou\u017e\u00edte p\u0159esn\u00fd otvor na po\u017eadovan\u00e9m m\u00edst\u011bdoporu\u010den\u00fd pracovn\u00ed postup &#8211; na\u0161roubujte korunku p\u0159\u00edmo na [&hellip;]","og_url":"https:\/\/www.koupelnapro.com\/index.php\/produkt\/24792-vykru-382-ovac-iacute-korunka-diamantov-aacute-pr-60mm-m14-pro-uacute-hlov-eacute-brusky-festa-nejprodavanejsi-46389\/","og_image":[{"width":470,"height":470,"url":"https:\/\/www.koupelnapro.com\/wp-content\/uploads\/2026\/SK0003141-CZ20260425-093107-0-1777080667-63889-large_default.webp","type":"image\/webp"}],"twitter_card":"summary_large_image","twitter_misc":{"Odhadovan\u00e1 doba \u010dten\u00ed":"1 minuta"},"schema":{"@context":"https:\/\/schema.org","@graph":[{"@type":"WebPage","@id":"https:\/\/www.koupelnapro.com\/index.php\/produkt\/24792-vykru-382-ovac-iacute-korunka-diamantov-aacute-pr-60mm-m14-pro-uacute-hlov-eacute-brusky-festa-nejprodavanejsi-46389\/","url":"https:\/\/www.koupelnapro.com\/index.php\/produkt\/24792-vykru-382-ovac-iacute-korunka-diamantov-aacute-pr-60mm-m14-pro-uacute-hlov-eacute-brusky-festa-nejprodavanejsi-46389\/","name":"24792 | vykru&#382;ovac&iacute; korunka | diamantov&aacute; | pr.60mm | M14 - pro &uacute;hlov&eacute; brusky | FESTA Nejprod\u00e1van\u011bj\u0161\u00ed -","isPartOf":{"@id":"https:\/\/www.koupelnapro.com\/#website"},"primaryImageOfPage":{"@id":"https:\/\/www.koupelnapro.com\/index.php\/produkt\/24792-vykru-382-ovac-iacute-korunka-diamantov-aacute-pr-60mm-m14-pro-uacute-hlov-eacute-brusky-festa-nejprodavanejsi-46389\/#primaryimage"},"image":{"@id":"https:\/\/www.koupelnapro.com\/index.php\/produkt\/24792-vykru-382-ovac-iacute-korunka-diamantov-aacute-pr-60mm-m14-pro-uacute-hlov-eacute-brusky-festa-nejprodavanejsi-46389\/#primaryimage"},"thumbnailUrl":"https:\/\/www.koupelnapro.com\/wp-content\/uploads\/2026\/SK0003141-CZ20260425-093107-0-1777080667-63889-large_default.webp","datePublished":"2026-04-26T09:16:27+00:00","breadcrumb":{"@id":"https:\/\/www.koupelnapro.com\/index.php\/produkt\/24792-vykru-382-ovac-iacute-korunka-diamantov-aacute-pr-60mm-m14-pro-uacute-hlov-eacute-brusky-festa-nejprodavanejsi-46389\/#breadcrumb"},"inLanguage":"cs","potentialAction":[{"@type":"ReadAction","target":["https:\/\/www.koupelnapro.com\/index.php\/produkt\/24792-vykru-382-ovac-iacute-korunka-diamantov-aacute-pr-60mm-m14-pro-uacute-hlov-eacute-brusky-festa-nejprodavanejsi-46389\/"]}]},{"@type":"ImageObject","inLanguage":"cs","@id":"https:\/\/www.koupelnapro.com\/index.php\/produkt\/24792-vykru-382-ovac-iacute-korunka-diamantov-aacute-pr-60mm-m14-pro-uacute-hlov-eacute-brusky-festa-nejprodavanejsi-46389\/#primaryimage","url":"https:\/\/www.koupelnapro.com\/wp-content\/uploads\/2026\/SK0003141-CZ20260425-093107-0-1777080667-63889-large_default.webp","contentUrl":"https:\/\/www.koupelnapro.com\/wp-content\/uploads\/2026\/SK0003141-CZ20260425-093107-0-1777080667-63889-large_default.webp","width":470,"height":470},{"@type":"BreadcrumbList","@id":"https:\/\/www.koupelnapro.com\/index.php\/produkt\/24792-vykru-382-ovac-iacute-korunka-diamantov-aacute-pr-60mm-m14-pro-uacute-hlov-eacute-brusky-festa-nejprodavanejsi-46389\/#breadcrumb","itemListElement":[{"@type":"ListItem","position":1,"name":"Home","item":"https:\/\/www.koupelnapro.com\/"},{"@type":"ListItem","position":2,"name":"Products","item":"https:\/\/www.koupelnapro.com\/index.php\/products\/"},{"@type":"ListItem","position":3,"name":"24792 | vykru&#382;ovac&iacute; korunka | diamantov&aacute; | pr.60mm | M14 &#8211; pro &uacute;hlov&eacute; brusky | FESTA Nejprod\u00e1van\u011bj\u0161\u00ed"}]},{"@type":"WebSite","@id":"https:\/\/www.koupelnapro.com\/#website","url":"https:\/\/www.koupelnapro.com\/","name":"","description":"","potentialAction":[{"@type":"SearchAction","target":{"@type":"EntryPoint","urlTemplate":"https:\/\/www.koupelnapro.com\/?s={search_term_string}"},"query-input":{"@type":"PropertyValueSpecification","valueRequired":true,"valueName":"search_term_string"}}],"inLanguage":"cs"}]}},"_links":{"self":[{"href":"https:\/\/www.koupelnapro.com\/index.php\/wp-json\/wp\/v2\/product\/46389","targetHints":{"allow":["GET"]}}],"collection":[{"href":"https:\/\/www.koupelnapro.com\/index.php\/wp-json\/wp\/v2\/product"}],"about":[{"href":"https:\/\/www.koupelnapro.com\/index.php\/wp-json\/wp\/v2\/types\/product"}],"replies":[{"embeddable":true,"href":"https:\/\/www.koupelnapro.com\/index.php\/wp-json\/wp\/v2\/comments?post=46389"}],"wp:featuredmedia":[{"embeddable":true,"href":"https:\/\/www.koupelnapro.com\/index.php\/wp-json\/wp\/v2\/media\/46489"}],"wp:attachment":[{"href":"https:\/\/www.koupelnapro.com\/index.php\/wp-json\/wp\/v2\/media?parent=46389"}],"wp:term":[{"taxonomy":"product_brand","embeddable":true,"href":"https:\/\/www.koupelnapro.com\/index.php\/wp-json\/wp\/v2\/product_brand?post=46389"},{"taxonomy":"product_cat","embeddable":true,"href":"https:\/\/www.koupelnapro.com\/index.php\/wp-json\/wp\/v2\/product_cat?post=46389"},{"taxonomy":"product_tag","embeddable":true,"href":"https:\/\/www.koupelnapro.com\/index.php\/wp-json\/wp\/v2\/product_tag?post=46389"}],"curies":[{"name":"wp","href":"https:\/\/api.w.org\/{rel}","templated":true}]}}