{"id":46350,"date":"2026-04-26T09:16:27","date_gmt":"2026-04-26T09:16:27","guid":{"rendered":""},"modified":"2026-04-26T09:16:27","modified_gmt":"2026-04-26T09:16:27","slug":"34407-hlad-iacute-tko-duren-280x140x20-plastov-aacute-ru-269-ka-festa-top-prodej-46350","status":"publish","type":"product","link":"https:\/\/www.koupelnapro.com\/index.php\/produkt\/34407-hlad-iacute-tko-duren-280x140x20-plastov-aacute-ru-269-ka-festa-top-prodej-46350\/","title":{"rendered":"34407 | hlad&iacute;tko duren | 280x140x20 | plastov&aacute; ru&#269;ka | FESTA Top Prodej"},"content":{"rendered":"<p><!-- More info -->\t\t\t\t\t<\/p>\n<section id=\"idTab1\" class=\"page-product-box tab-pane active\" role=\"tabpanel\" aria-labelledby=\"idTab1\">\t\t\t\t\t\t<!-- full description -->\t\t\t\t\t\t<\/p>\n<div class=\"rte\">Hlad\u00edtko FESTA s durenem, z\u00e1kladna z kvalitn\u00edho plastu s ergonomickou rukojet\u00ed, rozm\u011br: 280 x 140 x 20 mm, pou\u017eit\u00ed: na srovn\u00e1n\u00ed jemn\u00e9 om\u00edtky, v\u0161eobecn\u011b k dokon\u010den\u00ed \u0161tukov\u00fdch om\u00edtek.<\/div>\n<\/section>\n<p>\t\t\t\t\t<!--end  More info -->\t\t\t\t\t\t\t\t\t\t\t\t\t\t\t\t\t\t\t\t\t\t\t\t\t\t\t\t\t\t\t<\/div>\n<\/p><\/div>\n<p><!--QTR Accessories --><\/p>\n","protected":false},"excerpt":{"rendered":"<p>Hlad\u00edtko FESTA s durenem, z\u00e1kladna z kvalitn\u00edho plastu s ergonomickou rukojet\u00ed, rozm\u011br: 280 x 140 x 20 mm, pou\u017eit\u00ed: na srovn\u00e1n\u00ed jemn\u00e9 om\u00edtky, v\u0161eobecn\u011b k dokon\u010den\u00ed \u0161tukov\u00fdch om\u00edtek.<\/p>\n","protected":false},"featured_media":46450,"comment_status":"open","ping_status":"open","template":"","meta":[],"product_brand":[],"product_cat":[153],"product_tag":[],"class_list":{"0":"post-46350","1":"product","2":"type-product","3":"status-publish","4":"has-post-thumbnail","6":"product_cat-n-aacute-rad-iacute","8":"first","9":"instock","10":"sale","11":"shipping-taxable","12":"purchasable","13":"product-type-simple"},"yoast_head":"<!-- This site is optimized with the Yoast SEO plugin v26.8 - https:\/\/yoast.com\/product\/yoast-seo-wordpress\/ -->\n<title>34407 | hlad&iacute;tko duren | 280x140x20 | plastov&aacute; ru&#269;ka | FESTA Top Prodej -<\/title>\n<meta name=\"robots\" content=\"index, follow, max-snippet:-1, max-image-preview:large, max-video-preview:-1\" \/>\n<link rel=\"canonical\" href=\"https:\/\/www.koupelnapro.com\/index.php\/produkt\/34407-hlad-iacute-tko-duren-280x140x20-plastov-aacute-ru-269-ka-festa-top-prodej-46350\/\" \/>\n<meta property=\"og:locale\" content=\"cs_CZ\" \/>\n<meta property=\"og:type\" content=\"article\" \/>\n<meta property=\"og:title\" content=\"34407 | hlad&iacute;tko duren | 280x140x20 | plastov&aacute; ru&#269;ka | FESTA Top Prodej -\" \/>\n<meta property=\"og:description\" content=\"Hlad\u00edtko FESTA s durenem, z\u00e1kladna z kvalitn\u00edho plastu s ergonomickou rukojet\u00ed, rozm\u011br: 280 x 140 x 20 mm, pou\u017eit\u00ed: na srovn\u00e1n\u00ed jemn\u00e9 om\u00edtky, v\u0161eobecn\u011b k dokon\u010den\u00ed \u0161tukov\u00fdch om\u00edtek.\" \/>\n<meta property=\"og:url\" content=\"https:\/\/www.koupelnapro.com\/index.php\/produkt\/34407-hlad-iacute-tko-duren-280x140x20-plastov-aacute-ru-269-ka-festa-top-prodej-46350\/\" \/>\n<meta property=\"og:image\" content=\"https:\/\/www.koupelnapro.com\/wp-content\/uploads\/2026\/SK0003086-CZ20260425-093107-0-1777080667-63687-large_default.webp\" \/>\n\t<meta property=\"og:image:width\" content=\"470\" \/>\n\t<meta property=\"og:image:height\" content=\"470\" \/>\n\t<meta property=\"og:image:type\" content=\"image\/webp\" \/>\n<meta name=\"twitter:card\" content=\"summary_large_image\" \/>\n<script type=\"application\/ld+json\" class=\"yoast-schema-graph\">{\"@context\":\"https:\/\/schema.org\",\"@graph\":[{\"@type\":\"WebPage\",\"@id\":\"https:\/\/www.koupelnapro.com\/index.php\/produkt\/34407-hlad-iacute-tko-duren-280x140x20-plastov-aacute-ru-269-ka-festa-top-prodej-46350\/\",\"url\":\"https:\/\/www.koupelnapro.com\/index.php\/produkt\/34407-hlad-iacute-tko-duren-280x140x20-plastov-aacute-ru-269-ka-festa-top-prodej-46350\/\",\"name\":\"34407 | hlad&iacute;tko duren | 280x140x20 | plastov&aacute; ru&#269;ka | FESTA Top Prodej -\",\"isPartOf\":{\"@id\":\"https:\/\/www.koupelnapro.com\/#website\"},\"primaryImageOfPage\":{\"@id\":\"https:\/\/www.koupelnapro.com\/index.php\/produkt\/34407-hlad-iacute-tko-duren-280x140x20-plastov-aacute-ru-269-ka-festa-top-prodej-46350\/#primaryimage\"},\"image\":{\"@id\":\"https:\/\/www.koupelnapro.com\/index.php\/produkt\/34407-hlad-iacute-tko-duren-280x140x20-plastov-aacute-ru-269-ka-festa-top-prodej-46350\/#primaryimage\"},\"thumbnailUrl\":\"https:\/\/www.koupelnapro.com\/wp-content\/uploads\/2026\/SK0003086-CZ20260425-093107-0-1777080667-63687-large_default.webp\",\"datePublished\":\"2026-04-26T09:16:27+00:00\",\"breadcrumb\":{\"@id\":\"https:\/\/www.koupelnapro.com\/index.php\/produkt\/34407-hlad-iacute-tko-duren-280x140x20-plastov-aacute-ru-269-ka-festa-top-prodej-46350\/#breadcrumb\"},\"inLanguage\":\"cs\",\"potentialAction\":[{\"@type\":\"ReadAction\",\"target\":[\"https:\/\/www.koupelnapro.com\/index.php\/produkt\/34407-hlad-iacute-tko-duren-280x140x20-plastov-aacute-ru-269-ka-festa-top-prodej-46350\/\"]}]},{\"@type\":\"ImageObject\",\"inLanguage\":\"cs\",\"@id\":\"https:\/\/www.koupelnapro.com\/index.php\/produkt\/34407-hlad-iacute-tko-duren-280x140x20-plastov-aacute-ru-269-ka-festa-top-prodej-46350\/#primaryimage\",\"url\":\"https:\/\/www.koupelnapro.com\/wp-content\/uploads\/2026\/SK0003086-CZ20260425-093107-0-1777080667-63687-large_default.webp\",\"contentUrl\":\"https:\/\/www.koupelnapro.com\/wp-content\/uploads\/2026\/SK0003086-CZ20260425-093107-0-1777080667-63687-large_default.webp\",\"width\":470,\"height\":470},{\"@type\":\"BreadcrumbList\",\"@id\":\"https:\/\/www.koupelnapro.com\/index.php\/produkt\/34407-hlad-iacute-tko-duren-280x140x20-plastov-aacute-ru-269-ka-festa-top-prodej-46350\/#breadcrumb\",\"itemListElement\":[{\"@type\":\"ListItem\",\"position\":1,\"name\":\"Home\",\"item\":\"https:\/\/www.koupelnapro.com\/\"},{\"@type\":\"ListItem\",\"position\":2,\"name\":\"Products\",\"item\":\"https:\/\/www.koupelnapro.com\/index.php\/products\/\"},{\"@type\":\"ListItem\",\"position\":3,\"name\":\"34407 | hlad&iacute;tko duren | 280x140x20 | plastov&aacute; ru&#269;ka | FESTA Top Prodej\"}]},{\"@type\":\"WebSite\",\"@id\":\"https:\/\/www.koupelnapro.com\/#website\",\"url\":\"https:\/\/www.koupelnapro.com\/\",\"name\":\"\",\"description\":\"\",\"potentialAction\":[{\"@type\":\"SearchAction\",\"target\":{\"@type\":\"EntryPoint\",\"urlTemplate\":\"https:\/\/www.koupelnapro.com\/?s={search_term_string}\"},\"query-input\":{\"@type\":\"PropertyValueSpecification\",\"valueRequired\":true,\"valueName\":\"search_term_string\"}}],\"inLanguage\":\"cs\"}]}<\/script>\n<!-- \/ Yoast SEO plugin. -->","yoast_head_json":{"title":"34407 | hlad&iacute;tko duren | 280x140x20 | plastov&aacute; ru&#269;ka | FESTA Top Prodej -","robots":{"index":"index","follow":"follow","max-snippet":"max-snippet:-1","max-image-preview":"max-image-preview:large","max-video-preview":"max-video-preview:-1"},"canonical":"https:\/\/www.koupelnapro.com\/index.php\/produkt\/34407-hlad-iacute-tko-duren-280x140x20-plastov-aacute-ru-269-ka-festa-top-prodej-46350\/","og_locale":"cs_CZ","og_type":"article","og_title":"34407 | hlad&iacute;tko duren | 280x140x20 | plastov&aacute; ru&#269;ka | FESTA Top Prodej -","og_description":"Hlad\u00edtko FESTA s durenem, z\u00e1kladna z kvalitn\u00edho plastu s ergonomickou rukojet\u00ed, rozm\u011br: 280 x 140 x 20 mm, pou\u017eit\u00ed: na srovn\u00e1n\u00ed jemn\u00e9 om\u00edtky, v\u0161eobecn\u011b k dokon\u010den\u00ed \u0161tukov\u00fdch om\u00edtek.","og_url":"https:\/\/www.koupelnapro.com\/index.php\/produkt\/34407-hlad-iacute-tko-duren-280x140x20-plastov-aacute-ru-269-ka-festa-top-prodej-46350\/","og_image":[{"width":470,"height":470,"url":"https:\/\/www.koupelnapro.com\/wp-content\/uploads\/2026\/SK0003086-CZ20260425-093107-0-1777080667-63687-large_default.webp","type":"image\/webp"}],"twitter_card":"summary_large_image","schema":{"@context":"https:\/\/schema.org","@graph":[{"@type":"WebPage","@id":"https:\/\/www.koupelnapro.com\/index.php\/produkt\/34407-hlad-iacute-tko-duren-280x140x20-plastov-aacute-ru-269-ka-festa-top-prodej-46350\/","url":"https:\/\/www.koupelnapro.com\/index.php\/produkt\/34407-hlad-iacute-tko-duren-280x140x20-plastov-aacute-ru-269-ka-festa-top-prodej-46350\/","name":"34407 | hlad&iacute;tko duren | 280x140x20 | plastov&aacute; ru&#269;ka | FESTA Top Prodej -","isPartOf":{"@id":"https:\/\/www.koupelnapro.com\/#website"},"primaryImageOfPage":{"@id":"https:\/\/www.koupelnapro.com\/index.php\/produkt\/34407-hlad-iacute-tko-duren-280x140x20-plastov-aacute-ru-269-ka-festa-top-prodej-46350\/#primaryimage"},"image":{"@id":"https:\/\/www.koupelnapro.com\/index.php\/produkt\/34407-hlad-iacute-tko-duren-280x140x20-plastov-aacute-ru-269-ka-festa-top-prodej-46350\/#primaryimage"},"thumbnailUrl":"https:\/\/www.koupelnapro.com\/wp-content\/uploads\/2026\/SK0003086-CZ20260425-093107-0-1777080667-63687-large_default.webp","datePublished":"2026-04-26T09:16:27+00:00","breadcrumb":{"@id":"https:\/\/www.koupelnapro.com\/index.php\/produkt\/34407-hlad-iacute-tko-duren-280x140x20-plastov-aacute-ru-269-ka-festa-top-prodej-46350\/#breadcrumb"},"inLanguage":"cs","potentialAction":[{"@type":"ReadAction","target":["https:\/\/www.koupelnapro.com\/index.php\/produkt\/34407-hlad-iacute-tko-duren-280x140x20-plastov-aacute-ru-269-ka-festa-top-prodej-46350\/"]}]},{"@type":"ImageObject","inLanguage":"cs","@id":"https:\/\/www.koupelnapro.com\/index.php\/produkt\/34407-hlad-iacute-tko-duren-280x140x20-plastov-aacute-ru-269-ka-festa-top-prodej-46350\/#primaryimage","url":"https:\/\/www.koupelnapro.com\/wp-content\/uploads\/2026\/SK0003086-CZ20260425-093107-0-1777080667-63687-large_default.webp","contentUrl":"https:\/\/www.koupelnapro.com\/wp-content\/uploads\/2026\/SK0003086-CZ20260425-093107-0-1777080667-63687-large_default.webp","width":470,"height":470},{"@type":"BreadcrumbList","@id":"https:\/\/www.koupelnapro.com\/index.php\/produkt\/34407-hlad-iacute-tko-duren-280x140x20-plastov-aacute-ru-269-ka-festa-top-prodej-46350\/#breadcrumb","itemListElement":[{"@type":"ListItem","position":1,"name":"Home","item":"https:\/\/www.koupelnapro.com\/"},{"@type":"ListItem","position":2,"name":"Products","item":"https:\/\/www.koupelnapro.com\/index.php\/products\/"},{"@type":"ListItem","position":3,"name":"34407 | hlad&iacute;tko duren | 280x140x20 | plastov&aacute; ru&#269;ka | FESTA Top Prodej"}]},{"@type":"WebSite","@id":"https:\/\/www.koupelnapro.com\/#website","url":"https:\/\/www.koupelnapro.com\/","name":"","description":"","potentialAction":[{"@type":"SearchAction","target":{"@type":"EntryPoint","urlTemplate":"https:\/\/www.koupelnapro.com\/?s={search_term_string}"},"query-input":{"@type":"PropertyValueSpecification","valueRequired":true,"valueName":"search_term_string"}}],"inLanguage":"cs"}]}},"_links":{"self":[{"href":"https:\/\/www.koupelnapro.com\/index.php\/wp-json\/wp\/v2\/product\/46350","targetHints":{"allow":["GET"]}}],"collection":[{"href":"https:\/\/www.koupelnapro.com\/index.php\/wp-json\/wp\/v2\/product"}],"about":[{"href":"https:\/\/www.koupelnapro.com\/index.php\/wp-json\/wp\/v2\/types\/product"}],"replies":[{"embeddable":true,"href":"https:\/\/www.koupelnapro.com\/index.php\/wp-json\/wp\/v2\/comments?post=46350"}],"wp:featuredmedia":[{"embeddable":true,"href":"https:\/\/www.koupelnapro.com\/index.php\/wp-json\/wp\/v2\/media\/46450"}],"wp:attachment":[{"href":"https:\/\/www.koupelnapro.com\/index.php\/wp-json\/wp\/v2\/media?parent=46350"}],"wp:term":[{"taxonomy":"product_brand","embeddable":true,"href":"https:\/\/www.koupelnapro.com\/index.php\/wp-json\/wp\/v2\/product_brand?post=46350"},{"taxonomy":"product_cat","embeddable":true,"href":"https:\/\/www.koupelnapro.com\/index.php\/wp-json\/wp\/v2\/product_cat?post=46350"},{"taxonomy":"product_tag","embeddable":true,"href":"https:\/\/www.koupelnapro.com\/index.php\/wp-json\/wp\/v2\/product_tag?post=46350"}],"curies":[{"name":"wp","href":"https:\/\/api.w.org\/{rel}","templated":true}]}}

<p><!-- More info -->					</p>
<section id="idTab1" class="page-product-box tab-pane active" role="tabpanel" aria-labelledby="idTab1">						<!-- full description -->						</p>
<div class="rte">Hladítko FESTA s durenem, základna z kvalitního plastu s ergonomickou rukojetí, rozměr: 280 x 140 x 20 mm, použití: na srovnání jemné omítky, všeobecně k dokončení štukových omítek.</div>
</section>
<p>					<!--end  More info -->																															</div>
</p></div>
<p><!--QTR Accessories --></p>

<p>Hladítko FESTA s durenem, základna z kvalitního plastu s ergonomickou rukojetí, rozměr: 280 x 140 x 20 mm, použití: na srovnání jemné omítky, všeobecně k dokončení štukových omítek.</p>

<!-- This site is optimized with the Yoast SEO plugin v26.8 - https://yoast.com/product/yoast-seo-wordpress/ -->
<title>34407 | hlad&iacute;tko duren | 280x140x20 | plastov&aacute; ru&#269;ka | FESTA Top Prodej -</title>
<meta name="robots" content="index, follow, max-snippet:-1, max-image-preview:large, max-video-preview:-1" />
<link rel="canonical" href="https://www.koupelnapro.com/index.php/produkt/34407-hlad-iacute-tko-duren-280x140x20-plastov-aacute-ru-269-ka-festa-top-prodej-46350/" />
<meta property="og:locale" content="cs_CZ" />
<meta property="og:type" content="article" />
<meta property="og:title" content="34407 | hlad&iacute;tko duren | 280x140x20 | plastov&aacute; ru&#269;ka | FESTA Top Prodej -" />
<meta property="og:description" content="Hladítko FESTA s durenem, základna z kvalitního plastu s ergonomickou rukojetí, rozměr: 280 x 140 x 20 mm, použití: na srovnání jemné omítky, všeobecně k dokončení štukových omítek." />
<meta property="og:url" content="https://www.koupelnapro.com/index.php/produkt/34407-hlad-iacute-tko-duren-280x140x20-plastov-aacute-ru-269-ka-festa-top-prodej-46350/" />
<meta property="og:image" content="https://www.koupelnapro.com/wp-content/uploads/2026/SK0003086-CZ20260425-093107-0-1777080667-63687-large_default.webp" />
	<meta property="og:image:width" content="470" />
	<meta property="og:image:height" content="470" />
	<meta property="og:image:type" content="image/webp" />
<meta name="twitter:card" content="summary_large_image" />
<script type="application/ld+json" class="yoast-schema-graph">{"@context":"https://schema.org","@graph":[{"@type":"WebPage","@id":"https://www.koupelnapro.com/index.php/produkt/34407-hlad-iacute-tko-duren-280x140x20-plastov-aacute-ru-269-ka-festa-top-prodej-46350/","url":"https://www.koupelnapro.com/index.php/produkt/34407-hlad-iacute-tko-duren-280x140x20-plastov-aacute-ru-269-ka-festa-top-prodej-46350/","name":"34407 | hlad&iacute;tko duren | 280x140x20 | plastov&aacute; ru&#269;ka | FESTA Top Prodej -","isPartOf":{"@id":"https://www.koupelnapro.com/#website"},"primaryImageOfPage":{"@id":"https://www.koupelnapro.com/index.php/produkt/34407-hlad-iacute-tko-duren-280x140x20-plastov-aacute-ru-269-ka-festa-top-prodej-46350/#primaryimage"},"image":{"@id":"https://www.koupelnapro.com/index.php/produkt/34407-hlad-iacute-tko-duren-280x140x20-plastov-aacute-ru-269-ka-festa-top-prodej-46350/#primaryimage"},"thumbnailUrl":"https://www.koupelnapro.com/wp-content/uploads/2026/SK0003086-CZ20260425-093107-0-1777080667-63687-large_default.webp","datePublished":"2026-04-26T09:16:27+00:00","breadcrumb":{"@id":"https://www.koupelnapro.com/index.php/produkt/34407-hlad-iacute-tko-duren-280x140x20-plastov-aacute-ru-269-ka-festa-top-prodej-46350/#breadcrumb"},"inLanguage":"cs","potentialAction":[{"@type":"ReadAction","target":["https://www.koupelnapro.com/index.php/produkt/34407-hlad-iacute-tko-duren-280x140x20-plastov-aacute-ru-269-ka-festa-top-prodej-46350/"]}]},{"@type":"ImageObject","inLanguage":"cs","@id":"https://www.koupelnapro.com/index.php/produkt/34407-hlad-iacute-tko-duren-280x140x20-plastov-aacute-ru-269-ka-festa-top-prodej-46350/#primaryimage","url":"https://www.koupelnapro.com/wp-content/uploads/2026/SK0003086-CZ20260425-093107-0-1777080667-63687-large_default.webp","contentUrl":"https://www.koupelnapro.com/wp-content/uploads/2026/SK0003086-CZ20260425-093107-0-1777080667-63687-large_default.webp","width":470,"height":470},{"@type":"BreadcrumbList","@id":"https://www.koupelnapro.com/index.php/produkt/34407-hlad-iacute-tko-duren-280x140x20-plastov-aacute-ru-269-ka-festa-top-prodej-46350/#breadcrumb","itemListElement":[{"@type":"ListItem","position":1,"name":"Home","item":"https://www.koupelnapro.com/"},{"@type":"ListItem","position":2,"name":"Products","item":"https://www.koupelnapro.com/index.php/products/"},{"@type":"ListItem","position":3,"name":"34407 | hlad&iacute;tko duren | 280x140x20 | plastov&aacute; ru&#269;ka | FESTA Top Prodej"}]},{"@type":"WebSite","@id":"https://www.koupelnapro.com/#website","url":"https://www.koupelnapro.com/","name":"","description":"","potentialAction":[{"@type":"SearchAction","target":{"@type":"EntryPoint","urlTemplate":"https://www.koupelnapro.com/?s={search_term_string}"},"query-input":{"@type":"PropertyValueSpecification","valueRequired":true,"valueName":"search_term_string"}}],"inLanguage":"cs"}]}</script>
<!-- / Yoast SEO plugin. -->

Hladítko FESTA s durenem, základna z kvalitního plastu s ergonomickou rukojetí, rozměr: 280 x 140 x 20 mm, použití: na srovnání jemné omítky, všeobecně k dokončení štukových omítek.
