{"id":46340,"date":"2026-04-26T09:16:27","date_gmt":"2026-04-26T09:16:27","guid":{"rendered":""},"modified":"2026-04-26T09:16:27","modified_gmt":"2026-04-26T09:16:27","slug":"35023-m-iacute-chadlo-s-kruhem-pr-120-6-hran-dl-50cm-pozink-festa-casove-omezene-46340","status":"publish","type":"product","link":"https:\/\/www.koupelnapro.com\/index.php\/produkt\/35023-m-iacute-chadlo-s-kruhem-pr-120-6-hran-dl-50cm-pozink-festa-casove-omezene-46340\/","title":{"rendered":"35023 | m&iacute;chadlo s kruhem | pr.120 | 6-hran | dl.50cm | pozink | FESTA \u010casov\u011b Omezen\u00e9"},"content":{"rendered":"<p><!-- More info -->\t\t\t\t\t<\/p>\n<section id=\"idTab1\" class=\"page-product-box tab-pane active\" role=\"tabpanel\" aria-labelledby=\"idTab1\">\t\t\t\t\t\t<!-- full description -->\t\t\t\t\t\t<\/p>\n<div class=\"rte\">M\u00edchadlo s kruhem (metla), pozinkovan\u00e9, rozm\u011br: 120 x 500 mm &#8211; \u0161estihran, pou\u017eit\u00ed: spir\u00e1lov\u00e1 metla se pou\u017e\u00edv\u00e1 pro d\u016fkladn\u00e9 rozm\u00edch\u00e1n\u00ed lepidel na obklady, sp\u00e1rovan\u00fdch hmot, lep\u00edc\u00edch malt, hotov\u00fdch om\u00edtek, mazaniny, st\u011brkovac\u00edch hmot, vyrovn\u00e1vac\u00edch hmot.<\/div>\n<\/section>\n<p>\t\t\t\t\t<!--end  More info -->\t\t\t\t\t\t\t\t\t\t\t\t\t\t\t\t\t\t\t\t\t\t\t\t\t\t\t\t\t\t\t<\/div>\n<\/p><\/div>\n<p><!--QTR Accessories --><\/p>\n","protected":false},"excerpt":{"rendered":"<p>M\u00edchadlo s kruhem (metla), pozinkovan\u00e9, rozm\u011br: 120 x 500 mm &#8211; \u0161estihran, pou\u017eit\u00ed: spir\u00e1lov\u00e1 metla se pou\u017e\u00edv\u00e1 pro d\u016fkladn\u00e9 rozm\u00edch\u00e1n\u00ed lepidel na obklady, sp\u00e1rovan\u00fdch hmot, lep\u00edc\u00edch malt, hotov\u00fdch om\u00edtek, mazaniny, st\u011brkovac\u00edch hmot, vyrovn\u00e1vac\u00edch hmot.<\/p>\n","protected":false},"featured_media":46440,"comment_status":"open","ping_status":"open","template":"","meta":[],"product_brand":[],"product_cat":[153],"product_tag":[],"class_list":{"0":"post-46340","1":"product","2":"type-product","3":"status-publish","4":"has-post-thumbnail","6":"product_cat-n-aacute-rad-iacute","8":"first","9":"instock","10":"sale","11":"shipping-taxable","12":"purchasable","13":"product-type-simple"},"yoast_head":"<!-- This site is optimized with the Yoast SEO plugin v26.8 - https:\/\/yoast.com\/product\/yoast-seo-wordpress\/ -->\n<title>35023 | m&iacute;chadlo s kruhem | pr.120 | 6-hran | dl.50cm | pozink | FESTA \u010casov\u011b Omezen\u00e9 -<\/title>\n<meta name=\"robots\" content=\"index, follow, max-snippet:-1, max-image-preview:large, max-video-preview:-1\" \/>\n<link rel=\"canonical\" href=\"https:\/\/www.koupelnapro.com\/index.php\/produkt\/35023-m-iacute-chadlo-s-kruhem-pr-120-6-hran-dl-50cm-pozink-festa-casove-omezene-46340\/\" \/>\n<meta property=\"og:locale\" content=\"cs_CZ\" \/>\n<meta property=\"og:type\" content=\"article\" \/>\n<meta property=\"og:title\" content=\"35023 | m&iacute;chadlo s kruhem | pr.120 | 6-hran | dl.50cm | pozink | FESTA \u010casov\u011b Omezen\u00e9 -\" \/>\n<meta property=\"og:description\" content=\"M\u00edchadlo s kruhem (metla), pozinkovan\u00e9, rozm\u011br: 120 x 500 mm &#8211; \u0161estihran, pou\u017eit\u00ed: spir\u00e1lov\u00e1 metla se pou\u017e\u00edv\u00e1 pro d\u016fkladn\u00e9 rozm\u00edch\u00e1n\u00ed lepidel na obklady, sp\u00e1rovan\u00fdch hmot, lep\u00edc\u00edch malt, hotov\u00fdch om\u00edtek, mazaniny, st\u011brkovac\u00edch hmot, vyrovn\u00e1vac\u00edch hmot.\" \/>\n<meta property=\"og:url\" content=\"https:\/\/www.koupelnapro.com\/index.php\/produkt\/35023-m-iacute-chadlo-s-kruhem-pr-120-6-hran-dl-50cm-pozink-festa-casove-omezene-46340\/\" \/>\n<meta property=\"og:image\" content=\"https:\/\/www.koupelnapro.com\/wp-content\/uploads\/2026\/SK0003069-CZ20260425-093107-0-1777080667-63668-large_default.webp\" \/>\n\t<meta property=\"og:image:width\" content=\"470\" \/>\n\t<meta property=\"og:image:height\" content=\"470\" \/>\n\t<meta property=\"og:image:type\" content=\"image\/webp\" \/>\n<meta name=\"twitter:card\" content=\"summary_large_image\" \/>\n<script type=\"application\/ld+json\" class=\"yoast-schema-graph\">{\"@context\":\"https:\/\/schema.org\",\"@graph\":[{\"@type\":\"WebPage\",\"@id\":\"https:\/\/www.koupelnapro.com\/index.php\/produkt\/35023-m-iacute-chadlo-s-kruhem-pr-120-6-hran-dl-50cm-pozink-festa-casove-omezene-46340\/\",\"url\":\"https:\/\/www.koupelnapro.com\/index.php\/produkt\/35023-m-iacute-chadlo-s-kruhem-pr-120-6-hran-dl-50cm-pozink-festa-casove-omezene-46340\/\",\"name\":\"35023 | m&iacute;chadlo s kruhem | pr.120 | 6-hran | dl.50cm | pozink | FESTA \u010casov\u011b Omezen\u00e9 -\",\"isPartOf\":{\"@id\":\"https:\/\/www.koupelnapro.com\/#website\"},\"primaryImageOfPage\":{\"@id\":\"https:\/\/www.koupelnapro.com\/index.php\/produkt\/35023-m-iacute-chadlo-s-kruhem-pr-120-6-hran-dl-50cm-pozink-festa-casove-omezene-46340\/#primaryimage\"},\"image\":{\"@id\":\"https:\/\/www.koupelnapro.com\/index.php\/produkt\/35023-m-iacute-chadlo-s-kruhem-pr-120-6-hran-dl-50cm-pozink-festa-casove-omezene-46340\/#primaryimage\"},\"thumbnailUrl\":\"https:\/\/www.koupelnapro.com\/wp-content\/uploads\/2026\/SK0003069-CZ20260425-093107-0-1777080667-63668-large_default.webp\",\"datePublished\":\"2026-04-26T09:16:27+00:00\",\"breadcrumb\":{\"@id\":\"https:\/\/www.koupelnapro.com\/index.php\/produkt\/35023-m-iacute-chadlo-s-kruhem-pr-120-6-hran-dl-50cm-pozink-festa-casove-omezene-46340\/#breadcrumb\"},\"inLanguage\":\"cs\",\"potentialAction\":[{\"@type\":\"ReadAction\",\"target\":[\"https:\/\/www.koupelnapro.com\/index.php\/produkt\/35023-m-iacute-chadlo-s-kruhem-pr-120-6-hran-dl-50cm-pozink-festa-casove-omezene-46340\/\"]}]},{\"@type\":\"ImageObject\",\"inLanguage\":\"cs\",\"@id\":\"https:\/\/www.koupelnapro.com\/index.php\/produkt\/35023-m-iacute-chadlo-s-kruhem-pr-120-6-hran-dl-50cm-pozink-festa-casove-omezene-46340\/#primaryimage\",\"url\":\"https:\/\/www.koupelnapro.com\/wp-content\/uploads\/2026\/SK0003069-CZ20260425-093107-0-1777080667-63668-large_default.webp\",\"contentUrl\":\"https:\/\/www.koupelnapro.com\/wp-content\/uploads\/2026\/SK0003069-CZ20260425-093107-0-1777080667-63668-large_default.webp\",\"width\":470,\"height\":470},{\"@type\":\"BreadcrumbList\",\"@id\":\"https:\/\/www.koupelnapro.com\/index.php\/produkt\/35023-m-iacute-chadlo-s-kruhem-pr-120-6-hran-dl-50cm-pozink-festa-casove-omezene-46340\/#breadcrumb\",\"itemListElement\":[{\"@type\":\"ListItem\",\"position\":1,\"name\":\"Home\",\"item\":\"https:\/\/www.koupelnapro.com\/\"},{\"@type\":\"ListItem\",\"position\":2,\"name\":\"Products\",\"item\":\"https:\/\/www.koupelnapro.com\/index.php\/products\/\"},{\"@type\":\"ListItem\",\"position\":3,\"name\":\"35023 | m&iacute;chadlo s kruhem | pr.120 | 6-hran | dl.50cm | pozink | FESTA \u010casov\u011b Omezen\u00e9\"}]},{\"@type\":\"WebSite\",\"@id\":\"https:\/\/www.koupelnapro.com\/#website\",\"url\":\"https:\/\/www.koupelnapro.com\/\",\"name\":\"\",\"description\":\"\",\"potentialAction\":[{\"@type\":\"SearchAction\",\"target\":{\"@type\":\"EntryPoint\",\"urlTemplate\":\"https:\/\/www.koupelnapro.com\/?s={search_term_string}\"},\"query-input\":{\"@type\":\"PropertyValueSpecification\",\"valueRequired\":true,\"valueName\":\"search_term_string\"}}],\"inLanguage\":\"cs\"}]}<\/script>\n<!-- \/ Yoast SEO plugin. -->","yoast_head_json":{"title":"35023 | m&iacute;chadlo s kruhem | pr.120 | 6-hran | dl.50cm | pozink | FESTA \u010casov\u011b Omezen\u00e9 -","robots":{"index":"index","follow":"follow","max-snippet":"max-snippet:-1","max-image-preview":"max-image-preview:large","max-video-preview":"max-video-preview:-1"},"canonical":"https:\/\/www.koupelnapro.com\/index.php\/produkt\/35023-m-iacute-chadlo-s-kruhem-pr-120-6-hran-dl-50cm-pozink-festa-casove-omezene-46340\/","og_locale":"cs_CZ","og_type":"article","og_title":"35023 | m&iacute;chadlo s kruhem | pr.120 | 6-hran | dl.50cm | pozink | FESTA \u010casov\u011b Omezen\u00e9 -","og_description":"M\u00edchadlo s kruhem (metla), pozinkovan\u00e9, rozm\u011br: 120 x 500 mm &#8211; \u0161estihran, pou\u017eit\u00ed: spir\u00e1lov\u00e1 metla se pou\u017e\u00edv\u00e1 pro d\u016fkladn\u00e9 rozm\u00edch\u00e1n\u00ed lepidel na obklady, sp\u00e1rovan\u00fdch hmot, lep\u00edc\u00edch malt, hotov\u00fdch om\u00edtek, mazaniny, st\u011brkovac\u00edch hmot, vyrovn\u00e1vac\u00edch hmot.","og_url":"https:\/\/www.koupelnapro.com\/index.php\/produkt\/35023-m-iacute-chadlo-s-kruhem-pr-120-6-hran-dl-50cm-pozink-festa-casove-omezene-46340\/","og_image":[{"width":470,"height":470,"url":"https:\/\/www.koupelnapro.com\/wp-content\/uploads\/2026\/SK0003069-CZ20260425-093107-0-1777080667-63668-large_default.webp","type":"image\/webp"}],"twitter_card":"summary_large_image","schema":{"@context":"https:\/\/schema.org","@graph":[{"@type":"WebPage","@id":"https:\/\/www.koupelnapro.com\/index.php\/produkt\/35023-m-iacute-chadlo-s-kruhem-pr-120-6-hran-dl-50cm-pozink-festa-casove-omezene-46340\/","url":"https:\/\/www.koupelnapro.com\/index.php\/produkt\/35023-m-iacute-chadlo-s-kruhem-pr-120-6-hran-dl-50cm-pozink-festa-casove-omezene-46340\/","name":"35023 | m&iacute;chadlo s kruhem | pr.120 | 6-hran | dl.50cm | pozink | FESTA \u010casov\u011b Omezen\u00e9 -","isPartOf":{"@id":"https:\/\/www.koupelnapro.com\/#website"},"primaryImageOfPage":{"@id":"https:\/\/www.koupelnapro.com\/index.php\/produkt\/35023-m-iacute-chadlo-s-kruhem-pr-120-6-hran-dl-50cm-pozink-festa-casove-omezene-46340\/#primaryimage"},"image":{"@id":"https:\/\/www.koupelnapro.com\/index.php\/produkt\/35023-m-iacute-chadlo-s-kruhem-pr-120-6-hran-dl-50cm-pozink-festa-casove-omezene-46340\/#primaryimage"},"thumbnailUrl":"https:\/\/www.koupelnapro.com\/wp-content\/uploads\/2026\/SK0003069-CZ20260425-093107-0-1777080667-63668-large_default.webp","datePublished":"2026-04-26T09:16:27+00:00","breadcrumb":{"@id":"https:\/\/www.koupelnapro.com\/index.php\/produkt\/35023-m-iacute-chadlo-s-kruhem-pr-120-6-hran-dl-50cm-pozink-festa-casove-omezene-46340\/#breadcrumb"},"inLanguage":"cs","potentialAction":[{"@type":"ReadAction","target":["https:\/\/www.koupelnapro.com\/index.php\/produkt\/35023-m-iacute-chadlo-s-kruhem-pr-120-6-hran-dl-50cm-pozink-festa-casove-omezene-46340\/"]}]},{"@type":"ImageObject","inLanguage":"cs","@id":"https:\/\/www.koupelnapro.com\/index.php\/produkt\/35023-m-iacute-chadlo-s-kruhem-pr-120-6-hran-dl-50cm-pozink-festa-casove-omezene-46340\/#primaryimage","url":"https:\/\/www.koupelnapro.com\/wp-content\/uploads\/2026\/SK0003069-CZ20260425-093107-0-1777080667-63668-large_default.webp","contentUrl":"https:\/\/www.koupelnapro.com\/wp-content\/uploads\/2026\/SK0003069-CZ20260425-093107-0-1777080667-63668-large_default.webp","width":470,"height":470},{"@type":"BreadcrumbList","@id":"https:\/\/www.koupelnapro.com\/index.php\/produkt\/35023-m-iacute-chadlo-s-kruhem-pr-120-6-hran-dl-50cm-pozink-festa-casove-omezene-46340\/#breadcrumb","itemListElement":[{"@type":"ListItem","position":1,"name":"Home","item":"https:\/\/www.koupelnapro.com\/"},{"@type":"ListItem","position":2,"name":"Products","item":"https:\/\/www.koupelnapro.com\/index.php\/products\/"},{"@type":"ListItem","position":3,"name":"35023 | m&iacute;chadlo s kruhem | pr.120 | 6-hran | dl.50cm | pozink | FESTA \u010casov\u011b Omezen\u00e9"}]},{"@type":"WebSite","@id":"https:\/\/www.koupelnapro.com\/#website","url":"https:\/\/www.koupelnapro.com\/","name":"","description":"","potentialAction":[{"@type":"SearchAction","target":{"@type":"EntryPoint","urlTemplate":"https:\/\/www.koupelnapro.com\/?s={search_term_string}"},"query-input":{"@type":"PropertyValueSpecification","valueRequired":true,"valueName":"search_term_string"}}],"inLanguage":"cs"}]}},"_links":{"self":[{"href":"https:\/\/www.koupelnapro.com\/index.php\/wp-json\/wp\/v2\/product\/46340","targetHints":{"allow":["GET"]}}],"collection":[{"href":"https:\/\/www.koupelnapro.com\/index.php\/wp-json\/wp\/v2\/product"}],"about":[{"href":"https:\/\/www.koupelnapro.com\/index.php\/wp-json\/wp\/v2\/types\/product"}],"replies":[{"embeddable":true,"href":"https:\/\/www.koupelnapro.com\/index.php\/wp-json\/wp\/v2\/comments?post=46340"}],"wp:featuredmedia":[{"embeddable":true,"href":"https:\/\/www.koupelnapro.com\/index.php\/wp-json\/wp\/v2\/media\/46440"}],"wp:attachment":[{"href":"https:\/\/www.koupelnapro.com\/index.php\/wp-json\/wp\/v2\/media?parent=46340"}],"wp:term":[{"taxonomy":"product_brand","embeddable":true,"href":"https:\/\/www.koupelnapro.com\/index.php\/wp-json\/wp\/v2\/product_brand?post=46340"},{"taxonomy":"product_cat","embeddable":true,"href":"https:\/\/www.koupelnapro.com\/index.php\/wp-json\/wp\/v2\/product_cat?post=46340"},{"taxonomy":"product_tag","embeddable":true,"href":"https:\/\/www.koupelnapro.com\/index.php\/wp-json\/wp\/v2\/product_tag?post=46340"}],"curies":[{"name":"wp","href":"https:\/\/api.w.org\/{rel}","templated":true}]}}

35023 | m&iacute;chadlo s kruhem | pr.120 | 6-hran | dl.50cm | pozink | FESTA Časově Omezené

<p><!-- More info -->					</p>
<section id="idTab1" class="page-product-box tab-pane active" role="tabpanel" aria-labelledby="idTab1">						<!-- full description -->						</p>
<div class="rte">Míchadlo s kruhem (metla), pozinkované, rozměr: 120 x 500 mm &#8211; šestihran, použití: spirálová metla se používá pro důkladné rozmíchání lepidel na obklady, spárovaných hmot, lepících malt, hotových omítek, mazaniny, stěrkovacích hmot, vyrovnávacích hmot.</div>
</section>
<p>					<!--end  More info -->																															</div>
</p></div>
<p><!--QTR Accessories --></p>

<p>Míchadlo s kruhem (metla), pozinkované, rozměr: 120 x 500 mm &#8211; šestihran, použití: spirálová metla se používá pro důkladné rozmíchání lepidel na obklady, spárovaných hmot, lepících malt, hotových omítek, mazaniny, stěrkovacích hmot, vyrovnávacích hmot.</p>

<!-- This site is optimized with the Yoast SEO plugin v26.8 - https://yoast.com/product/yoast-seo-wordpress/ -->
<title>35023 | m&iacute;chadlo s kruhem | pr.120 | 6-hran | dl.50cm | pozink | FESTA Časově Omezené -</title>
<meta name="robots" content="index, follow, max-snippet:-1, max-image-preview:large, max-video-preview:-1" />
<link rel="canonical" href="https://www.koupelnapro.com/index.php/produkt/35023-m-iacute-chadlo-s-kruhem-pr-120-6-hran-dl-50cm-pozink-festa-casove-omezene-46340/" />
<meta property="og:locale" content="cs_CZ" />
<meta property="og:type" content="article" />
<meta property="og:title" content="35023 | m&iacute;chadlo s kruhem | pr.120 | 6-hran | dl.50cm | pozink | FESTA Časově Omezené -" />
<meta property="og:description" content="Míchadlo s kruhem (metla), pozinkované, rozměr: 120 x 500 mm &#8211; šestihran, použití: spirálová metla se používá pro důkladné rozmíchání lepidel na obklady, spárovaných hmot, lepících malt, hotových omítek, mazaniny, stěrkovacích hmot, vyrovnávacích hmot." />
<meta property="og:url" content="https://www.koupelnapro.com/index.php/produkt/35023-m-iacute-chadlo-s-kruhem-pr-120-6-hran-dl-50cm-pozink-festa-casove-omezene-46340/" />
<meta property="og:image" content="https://www.koupelnapro.com/wp-content/uploads/2026/SK0003069-CZ20260425-093107-0-1777080667-63668-large_default.webp" />
	<meta property="og:image:width" content="470" />
	<meta property="og:image:height" content="470" />
	<meta property="og:image:type" content="image/webp" />
<meta name="twitter:card" content="summary_large_image" />
<script type="application/ld+json" class="yoast-schema-graph">{"@context":"https://schema.org","@graph":[{"@type":"WebPage","@id":"https://www.koupelnapro.com/index.php/produkt/35023-m-iacute-chadlo-s-kruhem-pr-120-6-hran-dl-50cm-pozink-festa-casove-omezene-46340/","url":"https://www.koupelnapro.com/index.php/produkt/35023-m-iacute-chadlo-s-kruhem-pr-120-6-hran-dl-50cm-pozink-festa-casove-omezene-46340/","name":"35023 | m&iacute;chadlo s kruhem | pr.120 | 6-hran | dl.50cm | pozink | FESTA Časově Omezené -","isPartOf":{"@id":"https://www.koupelnapro.com/#website"},"primaryImageOfPage":{"@id":"https://www.koupelnapro.com/index.php/produkt/35023-m-iacute-chadlo-s-kruhem-pr-120-6-hran-dl-50cm-pozink-festa-casove-omezene-46340/#primaryimage"},"image":{"@id":"https://www.koupelnapro.com/index.php/produkt/35023-m-iacute-chadlo-s-kruhem-pr-120-6-hran-dl-50cm-pozink-festa-casove-omezene-46340/#primaryimage"},"thumbnailUrl":"https://www.koupelnapro.com/wp-content/uploads/2026/SK0003069-CZ20260425-093107-0-1777080667-63668-large_default.webp","datePublished":"2026-04-26T09:16:27+00:00","breadcrumb":{"@id":"https://www.koupelnapro.com/index.php/produkt/35023-m-iacute-chadlo-s-kruhem-pr-120-6-hran-dl-50cm-pozink-festa-casove-omezene-46340/#breadcrumb"},"inLanguage":"cs","potentialAction":[{"@type":"ReadAction","target":["https://www.koupelnapro.com/index.php/produkt/35023-m-iacute-chadlo-s-kruhem-pr-120-6-hran-dl-50cm-pozink-festa-casove-omezene-46340/"]}]},{"@type":"ImageObject","inLanguage":"cs","@id":"https://www.koupelnapro.com/index.php/produkt/35023-m-iacute-chadlo-s-kruhem-pr-120-6-hran-dl-50cm-pozink-festa-casove-omezene-46340/#primaryimage","url":"https://www.koupelnapro.com/wp-content/uploads/2026/SK0003069-CZ20260425-093107-0-1777080667-63668-large_default.webp","contentUrl":"https://www.koupelnapro.com/wp-content/uploads/2026/SK0003069-CZ20260425-093107-0-1777080667-63668-large_default.webp","width":470,"height":470},{"@type":"BreadcrumbList","@id":"https://www.koupelnapro.com/index.php/produkt/35023-m-iacute-chadlo-s-kruhem-pr-120-6-hran-dl-50cm-pozink-festa-casove-omezene-46340/#breadcrumb","itemListElement":[{"@type":"ListItem","position":1,"name":"Home","item":"https://www.koupelnapro.com/"},{"@type":"ListItem","position":2,"name":"Products","item":"https://www.koupelnapro.com/index.php/products/"},{"@type":"ListItem","position":3,"name":"35023 | m&iacute;chadlo s kruhem | pr.120 | 6-hran | dl.50cm | pozink | FESTA Časově Omezené"}]},{"@type":"WebSite","@id":"https://www.koupelnapro.com/#website","url":"https://www.koupelnapro.com/","name":"","description":"","potentialAction":[{"@type":"SearchAction","target":{"@type":"EntryPoint","urlTemplate":"https://www.koupelnapro.com/?s={search_term_string}"},"query-input":{"@type":"PropertyValueSpecification","valueRequired":true,"valueName":"search_term_string"}}],"inLanguage":"cs"}]}</script>
<!-- / Yoast SEO plugin. -->

35023 | m&iacute;chadlo s kruhem | pr.120 | 6-hran | dl.50cm | pozink | FESTA Časově Omezené -

Míchadlo s kruhem (metla), pozinkované, rozměr: 120 x 500 mm &#8211; šestihran, použití: spirálová metla se používá pro důkladné rozmíchání lepidel na obklady, spárovaných hmot, lepících malt, hotových omítek, mazaniny, stěrkovacích hmot, vyrovnávacích hmot.
