{"id":45966,"date":"2026-04-26T09:16:25","date_gmt":"2026-04-26T09:16:25","guid":{"rendered":""},"modified":"2026-04-26T09:16:25","modified_gmt":"2026-04-26T09:16:25","slug":"19290-palice-gumov-aacute-269-ern-aacute-90mm-kovov-aacute-n-aacute-sada-festa-akcni-nabidka-45966","status":"publish","type":"product","link":"https:\/\/www.koupelnapro.com\/index.php\/produkt\/19290-palice-gumov-aacute-269-ern-aacute-90mm-kovov-aacute-n-aacute-sada-festa-akcni-nabidka-45966\/","title":{"rendered":"19290 | palice gumov&aacute; | &#269;ern&aacute; | 90mm | kovov&aacute; n&aacute;sada | FESTA Ak\u010dn\u00ed Nab\u00eddka"},"content":{"rendered":"<p><!-- More info -->\t\t\t\t\t<\/p>\n<section id=\"idTab1\" class=\"page-product-box tab-pane active\" role=\"tabpanel\" aria-labelledby=\"idTab1\">\t\t\t\t\t\t<!-- full description -->\t\t\t\t\t\t<\/p>\n<div class=\"rte\">Gumov\u00e1 palice FESTA 90 mm<\/p>\n<p>kovov\u00e1 n\u00e1sada s ergonomickou pogumovanou rukojet\u00ed<br \/>slo\u017een\u00ed gumov\u00e9 \u010d\u00e1sti obsahuje z 95% kau\u010duk a spl\u0148uje zdravotn\u00ed nez\u00e1vadnost dle REACH<br \/>k vyrovn\u00e1v\u00e1n\u00ed obklad\u016f a dla\u017eeb a dal\u0161\u00ed mechanick\u00e9 pr\u00e1ce<\/div>\n<\/section>\n<p>\t\t\t\t\t<!--end  More info -->\t\t\t\t\t\t\t\t\t\t\t\t\t\t\t\t\t\t\t\t\t\t\t\t\t\t\t\t\t\t\t<\/div>\n<\/p><\/div>\n<p><!--QTR Accessories --><\/p>\n","protected":false},"excerpt":{"rendered":"<p>Gumov\u00e1 palice FESTA 90 mm kovov\u00e1 n\u00e1sada s ergonomickou pogumovanou rukojet\u00edslo\u017een\u00ed gumov\u00e9 \u010d\u00e1sti obsahuje z 95% kau\u010duk a spl\u0148uje zdravotn\u00ed nez\u00e1vadnost dle REACHk vyrovn\u00e1v\u00e1n\u00ed obklad\u016f a dla\u017eeb a dal\u0161\u00ed mechanick\u00e9 pr\u00e1ce<\/p>\n","protected":false},"featured_media":46066,"comment_status":"open","ping_status":"open","template":"","meta":[],"product_brand":[],"product_cat":[153],"product_tag":[],"class_list":{"0":"post-45966","1":"product","2":"type-product","3":"status-publish","4":"has-post-thumbnail","6":"product_cat-n-aacute-rad-iacute","8":"first","9":"instock","10":"sale","11":"shipping-taxable","12":"purchasable","13":"product-type-simple"},"yoast_head":"<!-- This site is optimized with the Yoast SEO plugin v26.8 - https:\/\/yoast.com\/product\/yoast-seo-wordpress\/ -->\n<title>19290 | palice gumov&aacute; | &#269;ern&aacute; | 90mm | kovov&aacute; n&aacute;sada | FESTA Ak\u010dn\u00ed Nab\u00eddka -<\/title>\n<meta name=\"robots\" content=\"index, follow, max-snippet:-1, max-image-preview:large, max-video-preview:-1\" \/>\n<link rel=\"canonical\" href=\"https:\/\/www.koupelnapro.com\/index.php\/produkt\/19290-palice-gumov-aacute-269-ern-aacute-90mm-kovov-aacute-n-aacute-sada-festa-akcni-nabidka-45966\/\" \/>\n<meta property=\"og:locale\" content=\"cs_CZ\" \/>\n<meta property=\"og:type\" content=\"article\" \/>\n<meta property=\"og:title\" content=\"19290 | palice gumov&aacute; | &#269;ern&aacute; | 90mm | kovov&aacute; n&aacute;sada | FESTA Ak\u010dn\u00ed Nab\u00eddka -\" \/>\n<meta property=\"og:description\" content=\"Gumov\u00e1 palice FESTA 90 mm kovov\u00e1 n\u00e1sada s ergonomickou pogumovanou rukojet\u00edslo\u017een\u00ed gumov\u00e9 \u010d\u00e1sti obsahuje z 95% kau\u010duk a spl\u0148uje zdravotn\u00ed nez\u00e1vadnost dle REACHk vyrovn\u00e1v\u00e1n\u00ed obklad\u016f a dla\u017eeb a dal\u0161\u00ed mechanick\u00e9 pr\u00e1ce\" \/>\n<meta property=\"og:url\" content=\"https:\/\/www.koupelnapro.com\/index.php\/produkt\/19290-palice-gumov-aacute-269-ern-aacute-90mm-kovov-aacute-n-aacute-sada-festa-akcni-nabidka-45966\/\" \/>\n<meta property=\"og:image\" content=\"https:\/\/www.koupelnapro.com\/wp-content\/uploads\/2026\/SK0002779-CZ20260425-093107-0-1777080667-61553-large_default.webp\" \/>\n\t<meta property=\"og:image:width\" content=\"470\" \/>\n\t<meta property=\"og:image:height\" content=\"470\" \/>\n\t<meta property=\"og:image:type\" content=\"image\/webp\" \/>\n<meta name=\"twitter:card\" content=\"summary_large_image\" \/>\n<script type=\"application\/ld+json\" class=\"yoast-schema-graph\">{\"@context\":\"https:\/\/schema.org\",\"@graph\":[{\"@type\":\"WebPage\",\"@id\":\"https:\/\/www.koupelnapro.com\/index.php\/produkt\/19290-palice-gumov-aacute-269-ern-aacute-90mm-kovov-aacute-n-aacute-sada-festa-akcni-nabidka-45966\/\",\"url\":\"https:\/\/www.koupelnapro.com\/index.php\/produkt\/19290-palice-gumov-aacute-269-ern-aacute-90mm-kovov-aacute-n-aacute-sada-festa-akcni-nabidka-45966\/\",\"name\":\"19290 | palice gumov&aacute; | &#269;ern&aacute; | 90mm | kovov&aacute; n&aacute;sada | FESTA Ak\u010dn\u00ed Nab\u00eddka -\",\"isPartOf\":{\"@id\":\"https:\/\/www.koupelnapro.com\/#website\"},\"primaryImageOfPage\":{\"@id\":\"https:\/\/www.koupelnapro.com\/index.php\/produkt\/19290-palice-gumov-aacute-269-ern-aacute-90mm-kovov-aacute-n-aacute-sada-festa-akcni-nabidka-45966\/#primaryimage\"},\"image\":{\"@id\":\"https:\/\/www.koupelnapro.com\/index.php\/produkt\/19290-palice-gumov-aacute-269-ern-aacute-90mm-kovov-aacute-n-aacute-sada-festa-akcni-nabidka-45966\/#primaryimage\"},\"thumbnailUrl\":\"https:\/\/www.koupelnapro.com\/wp-content\/uploads\/2026\/SK0002779-CZ20260425-093107-0-1777080667-61553-large_default.webp\",\"datePublished\":\"2026-04-26T09:16:25+00:00\",\"breadcrumb\":{\"@id\":\"https:\/\/www.koupelnapro.com\/index.php\/produkt\/19290-palice-gumov-aacute-269-ern-aacute-90mm-kovov-aacute-n-aacute-sada-festa-akcni-nabidka-45966\/#breadcrumb\"},\"inLanguage\":\"cs\",\"potentialAction\":[{\"@type\":\"ReadAction\",\"target\":[\"https:\/\/www.koupelnapro.com\/index.php\/produkt\/19290-palice-gumov-aacute-269-ern-aacute-90mm-kovov-aacute-n-aacute-sada-festa-akcni-nabidka-45966\/\"]}]},{\"@type\":\"ImageObject\",\"inLanguage\":\"cs\",\"@id\":\"https:\/\/www.koupelnapro.com\/index.php\/produkt\/19290-palice-gumov-aacute-269-ern-aacute-90mm-kovov-aacute-n-aacute-sada-festa-akcni-nabidka-45966\/#primaryimage\",\"url\":\"https:\/\/www.koupelnapro.com\/wp-content\/uploads\/2026\/SK0002779-CZ20260425-093107-0-1777080667-61553-large_default.webp\",\"contentUrl\":\"https:\/\/www.koupelnapro.com\/wp-content\/uploads\/2026\/SK0002779-CZ20260425-093107-0-1777080667-61553-large_default.webp\",\"width\":470,\"height\":470},{\"@type\":\"BreadcrumbList\",\"@id\":\"https:\/\/www.koupelnapro.com\/index.php\/produkt\/19290-palice-gumov-aacute-269-ern-aacute-90mm-kovov-aacute-n-aacute-sada-festa-akcni-nabidka-45966\/#breadcrumb\",\"itemListElement\":[{\"@type\":\"ListItem\",\"position\":1,\"name\":\"Home\",\"item\":\"https:\/\/www.koupelnapro.com\/\"},{\"@type\":\"ListItem\",\"position\":2,\"name\":\"Products\",\"item\":\"https:\/\/www.koupelnapro.com\/index.php\/products\/\"},{\"@type\":\"ListItem\",\"position\":3,\"name\":\"19290 | palice gumov&aacute; | &#269;ern&aacute; | 90mm | kovov&aacute; n&aacute;sada | FESTA Ak\u010dn\u00ed Nab\u00eddka\"}]},{\"@type\":\"WebSite\",\"@id\":\"https:\/\/www.koupelnapro.com\/#website\",\"url\":\"https:\/\/www.koupelnapro.com\/\",\"name\":\"\",\"description\":\"\",\"potentialAction\":[{\"@type\":\"SearchAction\",\"target\":{\"@type\":\"EntryPoint\",\"urlTemplate\":\"https:\/\/www.koupelnapro.com\/?s={search_term_string}\"},\"query-input\":{\"@type\":\"PropertyValueSpecification\",\"valueRequired\":true,\"valueName\":\"search_term_string\"}}],\"inLanguage\":\"cs\"}]}<\/script>\n<!-- \/ Yoast SEO plugin. -->","yoast_head_json":{"title":"19290 | palice gumov&aacute; | &#269;ern&aacute; | 90mm | kovov&aacute; n&aacute;sada | FESTA Ak\u010dn\u00ed Nab\u00eddka -","robots":{"index":"index","follow":"follow","max-snippet":"max-snippet:-1","max-image-preview":"max-image-preview:large","max-video-preview":"max-video-preview:-1"},"canonical":"https:\/\/www.koupelnapro.com\/index.php\/produkt\/19290-palice-gumov-aacute-269-ern-aacute-90mm-kovov-aacute-n-aacute-sada-festa-akcni-nabidka-45966\/","og_locale":"cs_CZ","og_type":"article","og_title":"19290 | palice gumov&aacute; | &#269;ern&aacute; | 90mm | kovov&aacute; n&aacute;sada | FESTA Ak\u010dn\u00ed Nab\u00eddka -","og_description":"Gumov\u00e1 palice FESTA 90 mm kovov\u00e1 n\u00e1sada s ergonomickou pogumovanou rukojet\u00edslo\u017een\u00ed gumov\u00e9 \u010d\u00e1sti obsahuje z 95% kau\u010duk a spl\u0148uje zdravotn\u00ed nez\u00e1vadnost dle REACHk vyrovn\u00e1v\u00e1n\u00ed obklad\u016f a dla\u017eeb a dal\u0161\u00ed mechanick\u00e9 pr\u00e1ce","og_url":"https:\/\/www.koupelnapro.com\/index.php\/produkt\/19290-palice-gumov-aacute-269-ern-aacute-90mm-kovov-aacute-n-aacute-sada-festa-akcni-nabidka-45966\/","og_image":[{"width":470,"height":470,"url":"https:\/\/www.koupelnapro.com\/wp-content\/uploads\/2026\/SK0002779-CZ20260425-093107-0-1777080667-61553-large_default.webp","type":"image\/webp"}],"twitter_card":"summary_large_image","schema":{"@context":"https:\/\/schema.org","@graph":[{"@type":"WebPage","@id":"https:\/\/www.koupelnapro.com\/index.php\/produkt\/19290-palice-gumov-aacute-269-ern-aacute-90mm-kovov-aacute-n-aacute-sada-festa-akcni-nabidka-45966\/","url":"https:\/\/www.koupelnapro.com\/index.php\/produkt\/19290-palice-gumov-aacute-269-ern-aacute-90mm-kovov-aacute-n-aacute-sada-festa-akcni-nabidka-45966\/","name":"19290 | palice gumov&aacute; | &#269;ern&aacute; | 90mm | kovov&aacute; n&aacute;sada | FESTA Ak\u010dn\u00ed Nab\u00eddka -","isPartOf":{"@id":"https:\/\/www.koupelnapro.com\/#website"},"primaryImageOfPage":{"@id":"https:\/\/www.koupelnapro.com\/index.php\/produkt\/19290-palice-gumov-aacute-269-ern-aacute-90mm-kovov-aacute-n-aacute-sada-festa-akcni-nabidka-45966\/#primaryimage"},"image":{"@id":"https:\/\/www.koupelnapro.com\/index.php\/produkt\/19290-palice-gumov-aacute-269-ern-aacute-90mm-kovov-aacute-n-aacute-sada-festa-akcni-nabidka-45966\/#primaryimage"},"thumbnailUrl":"https:\/\/www.koupelnapro.com\/wp-content\/uploads\/2026\/SK0002779-CZ20260425-093107-0-1777080667-61553-large_default.webp","datePublished":"2026-04-26T09:16:25+00:00","breadcrumb":{"@id":"https:\/\/www.koupelnapro.com\/index.php\/produkt\/19290-palice-gumov-aacute-269-ern-aacute-90mm-kovov-aacute-n-aacute-sada-festa-akcni-nabidka-45966\/#breadcrumb"},"inLanguage":"cs","potentialAction":[{"@type":"ReadAction","target":["https:\/\/www.koupelnapro.com\/index.php\/produkt\/19290-palice-gumov-aacute-269-ern-aacute-90mm-kovov-aacute-n-aacute-sada-festa-akcni-nabidka-45966\/"]}]},{"@type":"ImageObject","inLanguage":"cs","@id":"https:\/\/www.koupelnapro.com\/index.php\/produkt\/19290-palice-gumov-aacute-269-ern-aacute-90mm-kovov-aacute-n-aacute-sada-festa-akcni-nabidka-45966\/#primaryimage","url":"https:\/\/www.koupelnapro.com\/wp-content\/uploads\/2026\/SK0002779-CZ20260425-093107-0-1777080667-61553-large_default.webp","contentUrl":"https:\/\/www.koupelnapro.com\/wp-content\/uploads\/2026\/SK0002779-CZ20260425-093107-0-1777080667-61553-large_default.webp","width":470,"height":470},{"@type":"BreadcrumbList","@id":"https:\/\/www.koupelnapro.com\/index.php\/produkt\/19290-palice-gumov-aacute-269-ern-aacute-90mm-kovov-aacute-n-aacute-sada-festa-akcni-nabidka-45966\/#breadcrumb","itemListElement":[{"@type":"ListItem","position":1,"name":"Home","item":"https:\/\/www.koupelnapro.com\/"},{"@type":"ListItem","position":2,"name":"Products","item":"https:\/\/www.koupelnapro.com\/index.php\/products\/"},{"@type":"ListItem","position":3,"name":"19290 | palice gumov&aacute; | &#269;ern&aacute; | 90mm | kovov&aacute; n&aacute;sada | FESTA Ak\u010dn\u00ed Nab\u00eddka"}]},{"@type":"WebSite","@id":"https:\/\/www.koupelnapro.com\/#website","url":"https:\/\/www.koupelnapro.com\/","name":"","description":"","potentialAction":[{"@type":"SearchAction","target":{"@type":"EntryPoint","urlTemplate":"https:\/\/www.koupelnapro.com\/?s={search_term_string}"},"query-input":{"@type":"PropertyValueSpecification","valueRequired":true,"valueName":"search_term_string"}}],"inLanguage":"cs"}]}},"_links":{"self":[{"href":"https:\/\/www.koupelnapro.com\/index.php\/wp-json\/wp\/v2\/product\/45966","targetHints":{"allow":["GET"]}}],"collection":[{"href":"https:\/\/www.koupelnapro.com\/index.php\/wp-json\/wp\/v2\/product"}],"about":[{"href":"https:\/\/www.koupelnapro.com\/index.php\/wp-json\/wp\/v2\/types\/product"}],"replies":[{"embeddable":true,"href":"https:\/\/www.koupelnapro.com\/index.php\/wp-json\/wp\/v2\/comments?post=45966"}],"wp:featuredmedia":[{"embeddable":true,"href":"https:\/\/www.koupelnapro.com\/index.php\/wp-json\/wp\/v2\/media\/46066"}],"wp:attachment":[{"href":"https:\/\/www.koupelnapro.com\/index.php\/wp-json\/wp\/v2\/media?parent=45966"}],"wp:term":[{"taxonomy":"product_brand","embeddable":true,"href":"https:\/\/www.koupelnapro.com\/index.php\/wp-json\/wp\/v2\/product_brand?post=45966"},{"taxonomy":"product_cat","embeddable":true,"href":"https:\/\/www.koupelnapro.com\/index.php\/wp-json\/wp\/v2\/product_cat?post=45966"},{"taxonomy":"product_tag","embeddable":true,"href":"https:\/\/www.koupelnapro.com\/index.php\/wp-json\/wp\/v2\/product_tag?post=45966"}],"curies":[{"name":"wp","href":"https:\/\/api.w.org\/{rel}","templated":true}]}}

19290 | palice gumov&aacute; | &#269;ern&aacute; | 90mm | kovov&aacute; n&aacute;sada | FESTA Akční Nabídka

<p><!-- More info -->					</p>
<section id="idTab1" class="page-product-box tab-pane active" role="tabpanel" aria-labelledby="idTab1">						<!-- full description -->						</p>
<div class="rte">Gumová palice FESTA 90 mm</p>
<p>kovová násada s ergonomickou pogumovanou rukojetí<br />složení gumové části obsahuje z 95% kaučuk a splňuje zdravotní nezávadnost dle REACH<br />k vyrovnávání obkladů a dlažeb a další mechanické práce</div>
</section>
<p>					<!--end  More info -->																															</div>
</p></div>
<p><!--QTR Accessories --></p>

<p>Gumová palice FESTA 90 mm kovová násada s ergonomickou pogumovanou rukojetísložení gumové části obsahuje z 95% kaučuk a splňuje zdravotní nezávadnost dle REACHk vyrovnávání obkladů a dlažeb a další mechanické práce</p>

<!-- This site is optimized with the Yoast SEO plugin v26.8 - https://yoast.com/product/yoast-seo-wordpress/ -->
<title>19290 | palice gumov&aacute; | &#269;ern&aacute; | 90mm | kovov&aacute; n&aacute;sada | FESTA Akční Nabídka -</title>
<meta name="robots" content="index, follow, max-snippet:-1, max-image-preview:large, max-video-preview:-1" />
<link rel="canonical" href="https://www.koupelnapro.com/index.php/produkt/19290-palice-gumov-aacute-269-ern-aacute-90mm-kovov-aacute-n-aacute-sada-festa-akcni-nabidka-45966/" />
<meta property="og:locale" content="cs_CZ" />
<meta property="og:type" content="article" />
<meta property="og:title" content="19290 | palice gumov&aacute; | &#269;ern&aacute; | 90mm | kovov&aacute; n&aacute;sada | FESTA Akční Nabídka -" />
<meta property="og:description" content="Gumová palice FESTA 90 mm kovová násada s ergonomickou pogumovanou rukojetísložení gumové části obsahuje z 95% kaučuk a splňuje zdravotní nezávadnost dle REACHk vyrovnávání obkladů a dlažeb a další mechanické práce" />
<meta property="og:url" content="https://www.koupelnapro.com/index.php/produkt/19290-palice-gumov-aacute-269-ern-aacute-90mm-kovov-aacute-n-aacute-sada-festa-akcni-nabidka-45966/" />
<meta property="og:image" content="https://www.koupelnapro.com/wp-content/uploads/2026/SK0002779-CZ20260425-093107-0-1777080667-61553-large_default.webp" />
	<meta property="og:image:width" content="470" />
	<meta property="og:image:height" content="470" />
	<meta property="og:image:type" content="image/webp" />
<meta name="twitter:card" content="summary_large_image" />
<script type="application/ld+json" class="yoast-schema-graph">{"@context":"https://schema.org","@graph":[{"@type":"WebPage","@id":"https://www.koupelnapro.com/index.php/produkt/19290-palice-gumov-aacute-269-ern-aacute-90mm-kovov-aacute-n-aacute-sada-festa-akcni-nabidka-45966/","url":"https://www.koupelnapro.com/index.php/produkt/19290-palice-gumov-aacute-269-ern-aacute-90mm-kovov-aacute-n-aacute-sada-festa-akcni-nabidka-45966/","name":"19290 | palice gumov&aacute; | &#269;ern&aacute; | 90mm | kovov&aacute; n&aacute;sada | FESTA Akční Nabídka -","isPartOf":{"@id":"https://www.koupelnapro.com/#website"},"primaryImageOfPage":{"@id":"https://www.koupelnapro.com/index.php/produkt/19290-palice-gumov-aacute-269-ern-aacute-90mm-kovov-aacute-n-aacute-sada-festa-akcni-nabidka-45966/#primaryimage"},"image":{"@id":"https://www.koupelnapro.com/index.php/produkt/19290-palice-gumov-aacute-269-ern-aacute-90mm-kovov-aacute-n-aacute-sada-festa-akcni-nabidka-45966/#primaryimage"},"thumbnailUrl":"https://www.koupelnapro.com/wp-content/uploads/2026/SK0002779-CZ20260425-093107-0-1777080667-61553-large_default.webp","datePublished":"2026-04-26T09:16:25+00:00","breadcrumb":{"@id":"https://www.koupelnapro.com/index.php/produkt/19290-palice-gumov-aacute-269-ern-aacute-90mm-kovov-aacute-n-aacute-sada-festa-akcni-nabidka-45966/#breadcrumb"},"inLanguage":"cs","potentialAction":[{"@type":"ReadAction","target":["https://www.koupelnapro.com/index.php/produkt/19290-palice-gumov-aacute-269-ern-aacute-90mm-kovov-aacute-n-aacute-sada-festa-akcni-nabidka-45966/"]}]},{"@type":"ImageObject","inLanguage":"cs","@id":"https://www.koupelnapro.com/index.php/produkt/19290-palice-gumov-aacute-269-ern-aacute-90mm-kovov-aacute-n-aacute-sada-festa-akcni-nabidka-45966/#primaryimage","url":"https://www.koupelnapro.com/wp-content/uploads/2026/SK0002779-CZ20260425-093107-0-1777080667-61553-large_default.webp","contentUrl":"https://www.koupelnapro.com/wp-content/uploads/2026/SK0002779-CZ20260425-093107-0-1777080667-61553-large_default.webp","width":470,"height":470},{"@type":"BreadcrumbList","@id":"https://www.koupelnapro.com/index.php/produkt/19290-palice-gumov-aacute-269-ern-aacute-90mm-kovov-aacute-n-aacute-sada-festa-akcni-nabidka-45966/#breadcrumb","itemListElement":[{"@type":"ListItem","position":1,"name":"Home","item":"https://www.koupelnapro.com/"},{"@type":"ListItem","position":2,"name":"Products","item":"https://www.koupelnapro.com/index.php/products/"},{"@type":"ListItem","position":3,"name":"19290 | palice gumov&aacute; | &#269;ern&aacute; | 90mm | kovov&aacute; n&aacute;sada | FESTA Akční Nabídka"}]},{"@type":"WebSite","@id":"https://www.koupelnapro.com/#website","url":"https://www.koupelnapro.com/","name":"","description":"","potentialAction":[{"@type":"SearchAction","target":{"@type":"EntryPoint","urlTemplate":"https://www.koupelnapro.com/?s={search_term_string}"},"query-input":{"@type":"PropertyValueSpecification","valueRequired":true,"valueName":"search_term_string"}}],"inLanguage":"cs"}]}</script>
<!-- / Yoast SEO plugin. -->

19290 | palice gumov&aacute; | &#269;ern&aacute; | 90mm | kovov&aacute; n&aacute;sada | FESTA Akční Nabídka -

Gumová palice FESTA 90 mm kovová násada s ergonomickou pogumovanou rukojetísložení gumové části obsahuje z 95% kaučuk a splňuje zdravotní nezávadnost dle REACHk vyrovnávání obkladů a dlažeb a další mechanické práce
