{"id":45910,"date":"2026-04-26T09:16:25","date_gmt":"2026-04-26T09:16:25","guid":{"rendered":""},"modified":"2026-04-26T09:16:25","modified_gmt":"2026-04-26T09:16:25","slug":"37006-269-isti-269-sp-aacute-r-scaron-krab-aacute-k-scaron-iacute-345-e-269-epele-30mm-bezpecna-platba-45910","status":"publish","type":"product","link":"https:\/\/www.koupelnapro.com\/index.php\/produkt\/37006-269-isti-269-sp-aacute-r-scaron-krab-aacute-k-scaron-iacute-345-e-269-epele-30mm-bezpecna-platba-45910\/","title":{"rendered":"37006 | &#269;isti&#269; sp&aacute;r\/&scaron;krab&aacute;k | &scaron;&iacute;&#345;e &#269;epele 30mm Bezpe\u010dn\u00e1 Platba"},"content":{"rendered":"<p><!-- More info -->\t\t\t\t\t<\/p>\n<section id=\"idTab1\" class=\"page-product-box tab-pane active\" role=\"tabpanel\" aria-labelledby=\"idTab1\">\t\t\t\t\t\t<!-- full description -->\t\t\t\t\t\t<\/p>\n<div class=\"rte\">\u010cisti\u010d sp\u00e1r, rozm\u011br: d\u00e9lka brous\u00edc\u00ed plan\u017eety 30 mm, brusn\u00e1 \u010d\u00e1st plan\u017eety &#8211; syntetick\u00fd diamant, pou\u017eit\u00ed: pro \u010di\u0161t\u011bn\u00ed sp\u00e1r obklad\u016f a dla\u017eeb p\u0159ed sp\u00e1rov\u00e1n\u00edm, nebo p\u0159i odstran\u011bn\u00ed star\u00e9 sp\u00e1rovac\u00ed hmoty, plastov\u00e1 ergonomick\u00e1 rukoje\u0165 pro p\u0159\u00edjemn\u00e9 a pevn\u00e9 dr\u017een\u00ed, plan\u017eeta uchycena pevn\u00fdm \u0161roubem &#8211; uvon\u011bn\u00ed odol\u00e1v\u00e1 i siln\u00e9mu mechanick\u00e9mu nam\u00e1h\u00e1n\u00ed.<\/div>\n<\/section>\n<p>\t\t\t\t\t<!--end  More info -->\t\t\t\t\t\t\t\t\t\t\t\t\t\t\t\t\t\t\t\t\t\t\t\t\t\t\t\t\t\t\t<\/div>\n<\/p><\/div>\n<p><!--QTR Accessories --><\/p>\n","protected":false},"excerpt":{"rendered":"<p>\u010cisti\u010d sp\u00e1r, rozm\u011br: d\u00e9lka brous\u00edc\u00ed plan\u017eety 30 mm, brusn\u00e1 \u010d\u00e1st plan\u017eety &#8211; syntetick\u00fd diamant, pou\u017eit\u00ed: pro \u010di\u0161t\u011bn\u00ed sp\u00e1r obklad\u016f a dla\u017eeb p\u0159ed sp\u00e1rov\u00e1n\u00edm, nebo p\u0159i odstran\u011bn\u00ed star\u00e9 sp\u00e1rovac\u00ed hmoty, plastov\u00e1 ergonomick\u00e1 rukoje\u0165 pro p\u0159\u00edjemn\u00e9 a pevn\u00e9 dr\u017een\u00ed, plan\u017eeta uchycena pevn\u00fdm \u0161roubem &#8211; uvon\u011bn\u00ed odol\u00e1v\u00e1 i siln\u00e9mu mechanick\u00e9mu nam\u00e1h\u00e1n\u00ed.<\/p>\n","protected":false},"featured_media":46010,"comment_status":"open","ping_status":"open","template":"","meta":[],"product_brand":[],"product_cat":[153],"product_tag":[],"class_list":{"0":"post-45910","1":"product","2":"type-product","3":"status-publish","4":"has-post-thumbnail","6":"product_cat-n-aacute-rad-iacute","8":"first","9":"instock","10":"sale","11":"shipping-taxable","12":"purchasable","13":"product-type-simple"},"yoast_head":"<!-- This site is optimized with the Yoast SEO plugin v26.8 - https:\/\/yoast.com\/product\/yoast-seo-wordpress\/ -->\n<title>37006 | &#269;isti&#269; sp&aacute;r\/&scaron;krab&aacute;k | &scaron;&iacute;&#345;e &#269;epele 30mm Bezpe\u010dn\u00e1 Platba -<\/title>\n<meta name=\"robots\" content=\"index, follow, max-snippet:-1, max-image-preview:large, max-video-preview:-1\" \/>\n<link rel=\"canonical\" href=\"https:\/\/www.koupelnapro.com\/index.php\/produkt\/37006-269-isti-269-sp-aacute-r-scaron-krab-aacute-k-scaron-iacute-345-e-269-epele-30mm-bezpecna-platba-45910\/\" \/>\n<meta property=\"og:locale\" content=\"cs_CZ\" \/>\n<meta property=\"og:type\" content=\"article\" \/>\n<meta property=\"og:title\" content=\"37006 | &#269;isti&#269; sp&aacute;r\/&scaron;krab&aacute;k | &scaron;&iacute;&#345;e &#269;epele 30mm Bezpe\u010dn\u00e1 Platba -\" \/>\n<meta property=\"og:description\" content=\"\u010cisti\u010d sp\u00e1r, rozm\u011br: d\u00e9lka brous\u00edc\u00ed plan\u017eety 30 mm, brusn\u00e1 \u010d\u00e1st plan\u017eety &#8211; syntetick\u00fd diamant, pou\u017eit\u00ed: pro \u010di\u0161t\u011bn\u00ed sp\u00e1r obklad\u016f a dla\u017eeb p\u0159ed sp\u00e1rov\u00e1n\u00edm, nebo p\u0159i odstran\u011bn\u00ed star\u00e9 sp\u00e1rovac\u00ed hmoty, plastov\u00e1 ergonomick\u00e1 rukoje\u0165 pro p\u0159\u00edjemn\u00e9 a pevn\u00e9 dr\u017een\u00ed, plan\u017eeta uchycena pevn\u00fdm \u0161roubem &#8211; uvon\u011bn\u00ed odol\u00e1v\u00e1 i siln\u00e9mu mechanick\u00e9mu nam\u00e1h\u00e1n\u00ed.\" \/>\n<meta property=\"og:url\" content=\"https:\/\/www.koupelnapro.com\/index.php\/produkt\/37006-269-isti-269-sp-aacute-r-scaron-krab-aacute-k-scaron-iacute-345-e-269-epele-30mm-bezpecna-platba-45910\/\" \/>\n<meta property=\"og:image\" content=\"https:\/\/www.koupelnapro.com\/wp-content\/uploads\/2026\/SK0002709-CZ20260425-093107-0-1777080667-61004-large_default.webp\" \/>\n\t<meta property=\"og:image:width\" content=\"470\" \/>\n\t<meta property=\"og:image:height\" content=\"470\" \/>\n\t<meta property=\"og:image:type\" content=\"image\/webp\" \/>\n<meta name=\"twitter:card\" content=\"summary_large_image\" \/>\n<script type=\"application\/ld+json\" class=\"yoast-schema-graph\">{\"@context\":\"https:\/\/schema.org\",\"@graph\":[{\"@type\":\"WebPage\",\"@id\":\"https:\/\/www.koupelnapro.com\/index.php\/produkt\/37006-269-isti-269-sp-aacute-r-scaron-krab-aacute-k-scaron-iacute-345-e-269-epele-30mm-bezpecna-platba-45910\/\",\"url\":\"https:\/\/www.koupelnapro.com\/index.php\/produkt\/37006-269-isti-269-sp-aacute-r-scaron-krab-aacute-k-scaron-iacute-345-e-269-epele-30mm-bezpecna-platba-45910\/\",\"name\":\"37006 | &#269;isti&#269; sp&aacute;r\/&scaron;krab&aacute;k | &scaron;&iacute;&#345;e &#269;epele 30mm Bezpe\u010dn\u00e1 Platba -\",\"isPartOf\":{\"@id\":\"https:\/\/www.koupelnapro.com\/#website\"},\"primaryImageOfPage\":{\"@id\":\"https:\/\/www.koupelnapro.com\/index.php\/produkt\/37006-269-isti-269-sp-aacute-r-scaron-krab-aacute-k-scaron-iacute-345-e-269-epele-30mm-bezpecna-platba-45910\/#primaryimage\"},\"image\":{\"@id\":\"https:\/\/www.koupelnapro.com\/index.php\/produkt\/37006-269-isti-269-sp-aacute-r-scaron-krab-aacute-k-scaron-iacute-345-e-269-epele-30mm-bezpecna-platba-45910\/#primaryimage\"},\"thumbnailUrl\":\"https:\/\/www.koupelnapro.com\/wp-content\/uploads\/2026\/SK0002709-CZ20260425-093107-0-1777080667-61004-large_default.webp\",\"datePublished\":\"2026-04-26T09:16:25+00:00\",\"breadcrumb\":{\"@id\":\"https:\/\/www.koupelnapro.com\/index.php\/produkt\/37006-269-isti-269-sp-aacute-r-scaron-krab-aacute-k-scaron-iacute-345-e-269-epele-30mm-bezpecna-platba-45910\/#breadcrumb\"},\"inLanguage\":\"cs\",\"potentialAction\":[{\"@type\":\"ReadAction\",\"target\":[\"https:\/\/www.koupelnapro.com\/index.php\/produkt\/37006-269-isti-269-sp-aacute-r-scaron-krab-aacute-k-scaron-iacute-345-e-269-epele-30mm-bezpecna-platba-45910\/\"]}]},{\"@type\":\"ImageObject\",\"inLanguage\":\"cs\",\"@id\":\"https:\/\/www.koupelnapro.com\/index.php\/produkt\/37006-269-isti-269-sp-aacute-r-scaron-krab-aacute-k-scaron-iacute-345-e-269-epele-30mm-bezpecna-platba-45910\/#primaryimage\",\"url\":\"https:\/\/www.koupelnapro.com\/wp-content\/uploads\/2026\/SK0002709-CZ20260425-093107-0-1777080667-61004-large_default.webp\",\"contentUrl\":\"https:\/\/www.koupelnapro.com\/wp-content\/uploads\/2026\/SK0002709-CZ20260425-093107-0-1777080667-61004-large_default.webp\",\"width\":470,\"height\":470},{\"@type\":\"BreadcrumbList\",\"@id\":\"https:\/\/www.koupelnapro.com\/index.php\/produkt\/37006-269-isti-269-sp-aacute-r-scaron-krab-aacute-k-scaron-iacute-345-e-269-epele-30mm-bezpecna-platba-45910\/#breadcrumb\",\"itemListElement\":[{\"@type\":\"ListItem\",\"position\":1,\"name\":\"Home\",\"item\":\"https:\/\/www.koupelnapro.com\/\"},{\"@type\":\"ListItem\",\"position\":2,\"name\":\"Products\",\"item\":\"https:\/\/www.koupelnapro.com\/index.php\/products\/\"},{\"@type\":\"ListItem\",\"position\":3,\"name\":\"37006 | &#269;isti&#269; sp&aacute;r\/&scaron;krab&aacute;k | &scaron;&iacute;&#345;e &#269;epele 30mm Bezpe\u010dn\u00e1 Platba\"}]},{\"@type\":\"WebSite\",\"@id\":\"https:\/\/www.koupelnapro.com\/#website\",\"url\":\"https:\/\/www.koupelnapro.com\/\",\"name\":\"\",\"description\":\"\",\"potentialAction\":[{\"@type\":\"SearchAction\",\"target\":{\"@type\":\"EntryPoint\",\"urlTemplate\":\"https:\/\/www.koupelnapro.com\/?s={search_term_string}\"},\"query-input\":{\"@type\":\"PropertyValueSpecification\",\"valueRequired\":true,\"valueName\":\"search_term_string\"}}],\"inLanguage\":\"cs\"}]}<\/script>\n<!-- \/ Yoast SEO plugin. -->","yoast_head_json":{"title":"37006 | &#269;isti&#269; sp&aacute;r\/&scaron;krab&aacute;k | &scaron;&iacute;&#345;e &#269;epele 30mm Bezpe\u010dn\u00e1 Platba -","robots":{"index":"index","follow":"follow","max-snippet":"max-snippet:-1","max-image-preview":"max-image-preview:large","max-video-preview":"max-video-preview:-1"},"canonical":"https:\/\/www.koupelnapro.com\/index.php\/produkt\/37006-269-isti-269-sp-aacute-r-scaron-krab-aacute-k-scaron-iacute-345-e-269-epele-30mm-bezpecna-platba-45910\/","og_locale":"cs_CZ","og_type":"article","og_title":"37006 | &#269;isti&#269; sp&aacute;r\/&scaron;krab&aacute;k | &scaron;&iacute;&#345;e &#269;epele 30mm Bezpe\u010dn\u00e1 Platba -","og_description":"\u010cisti\u010d sp\u00e1r, rozm\u011br: d\u00e9lka brous\u00edc\u00ed plan\u017eety 30 mm, brusn\u00e1 \u010d\u00e1st plan\u017eety &#8211; syntetick\u00fd diamant, pou\u017eit\u00ed: pro \u010di\u0161t\u011bn\u00ed sp\u00e1r obklad\u016f a dla\u017eeb p\u0159ed sp\u00e1rov\u00e1n\u00edm, nebo p\u0159i odstran\u011bn\u00ed star\u00e9 sp\u00e1rovac\u00ed hmoty, plastov\u00e1 ergonomick\u00e1 rukoje\u0165 pro p\u0159\u00edjemn\u00e9 a pevn\u00e9 dr\u017een\u00ed, plan\u017eeta uchycena pevn\u00fdm \u0161roubem &#8211; uvon\u011bn\u00ed odol\u00e1v\u00e1 i siln\u00e9mu mechanick\u00e9mu nam\u00e1h\u00e1n\u00ed.","og_url":"https:\/\/www.koupelnapro.com\/index.php\/produkt\/37006-269-isti-269-sp-aacute-r-scaron-krab-aacute-k-scaron-iacute-345-e-269-epele-30mm-bezpecna-platba-45910\/","og_image":[{"width":470,"height":470,"url":"https:\/\/www.koupelnapro.com\/wp-content\/uploads\/2026\/SK0002709-CZ20260425-093107-0-1777080667-61004-large_default.webp","type":"image\/webp"}],"twitter_card":"summary_large_image","schema":{"@context":"https:\/\/schema.org","@graph":[{"@type":"WebPage","@id":"https:\/\/www.koupelnapro.com\/index.php\/produkt\/37006-269-isti-269-sp-aacute-r-scaron-krab-aacute-k-scaron-iacute-345-e-269-epele-30mm-bezpecna-platba-45910\/","url":"https:\/\/www.koupelnapro.com\/index.php\/produkt\/37006-269-isti-269-sp-aacute-r-scaron-krab-aacute-k-scaron-iacute-345-e-269-epele-30mm-bezpecna-platba-45910\/","name":"37006 | &#269;isti&#269; sp&aacute;r\/&scaron;krab&aacute;k | &scaron;&iacute;&#345;e &#269;epele 30mm Bezpe\u010dn\u00e1 Platba -","isPartOf":{"@id":"https:\/\/www.koupelnapro.com\/#website"},"primaryImageOfPage":{"@id":"https:\/\/www.koupelnapro.com\/index.php\/produkt\/37006-269-isti-269-sp-aacute-r-scaron-krab-aacute-k-scaron-iacute-345-e-269-epele-30mm-bezpecna-platba-45910\/#primaryimage"},"image":{"@id":"https:\/\/www.koupelnapro.com\/index.php\/produkt\/37006-269-isti-269-sp-aacute-r-scaron-krab-aacute-k-scaron-iacute-345-e-269-epele-30mm-bezpecna-platba-45910\/#primaryimage"},"thumbnailUrl":"https:\/\/www.koupelnapro.com\/wp-content\/uploads\/2026\/SK0002709-CZ20260425-093107-0-1777080667-61004-large_default.webp","datePublished":"2026-04-26T09:16:25+00:00","breadcrumb":{"@id":"https:\/\/www.koupelnapro.com\/index.php\/produkt\/37006-269-isti-269-sp-aacute-r-scaron-krab-aacute-k-scaron-iacute-345-e-269-epele-30mm-bezpecna-platba-45910\/#breadcrumb"},"inLanguage":"cs","potentialAction":[{"@type":"ReadAction","target":["https:\/\/www.koupelnapro.com\/index.php\/produkt\/37006-269-isti-269-sp-aacute-r-scaron-krab-aacute-k-scaron-iacute-345-e-269-epele-30mm-bezpecna-platba-45910\/"]}]},{"@type":"ImageObject","inLanguage":"cs","@id":"https:\/\/www.koupelnapro.com\/index.php\/produkt\/37006-269-isti-269-sp-aacute-r-scaron-krab-aacute-k-scaron-iacute-345-e-269-epele-30mm-bezpecna-platba-45910\/#primaryimage","url":"https:\/\/www.koupelnapro.com\/wp-content\/uploads\/2026\/SK0002709-CZ20260425-093107-0-1777080667-61004-large_default.webp","contentUrl":"https:\/\/www.koupelnapro.com\/wp-content\/uploads\/2026\/SK0002709-CZ20260425-093107-0-1777080667-61004-large_default.webp","width":470,"height":470},{"@type":"BreadcrumbList","@id":"https:\/\/www.koupelnapro.com\/index.php\/produkt\/37006-269-isti-269-sp-aacute-r-scaron-krab-aacute-k-scaron-iacute-345-e-269-epele-30mm-bezpecna-platba-45910\/#breadcrumb","itemListElement":[{"@type":"ListItem","position":1,"name":"Home","item":"https:\/\/www.koupelnapro.com\/"},{"@type":"ListItem","position":2,"name":"Products","item":"https:\/\/www.koupelnapro.com\/index.php\/products\/"},{"@type":"ListItem","position":3,"name":"37006 | &#269;isti&#269; sp&aacute;r\/&scaron;krab&aacute;k | &scaron;&iacute;&#345;e &#269;epele 30mm Bezpe\u010dn\u00e1 Platba"}]},{"@type":"WebSite","@id":"https:\/\/www.koupelnapro.com\/#website","url":"https:\/\/www.koupelnapro.com\/","name":"","description":"","potentialAction":[{"@type":"SearchAction","target":{"@type":"EntryPoint","urlTemplate":"https:\/\/www.koupelnapro.com\/?s={search_term_string}"},"query-input":{"@type":"PropertyValueSpecification","valueRequired":true,"valueName":"search_term_string"}}],"inLanguage":"cs"}]}},"_links":{"self":[{"href":"https:\/\/www.koupelnapro.com\/index.php\/wp-json\/wp\/v2\/product\/45910","targetHints":{"allow":["GET"]}}],"collection":[{"href":"https:\/\/www.koupelnapro.com\/index.php\/wp-json\/wp\/v2\/product"}],"about":[{"href":"https:\/\/www.koupelnapro.com\/index.php\/wp-json\/wp\/v2\/types\/product"}],"replies":[{"embeddable":true,"href":"https:\/\/www.koupelnapro.com\/index.php\/wp-json\/wp\/v2\/comments?post=45910"}],"wp:featuredmedia":[{"embeddable":true,"href":"https:\/\/www.koupelnapro.com\/index.php\/wp-json\/wp\/v2\/media\/46010"}],"wp:attachment":[{"href":"https:\/\/www.koupelnapro.com\/index.php\/wp-json\/wp\/v2\/media?parent=45910"}],"wp:term":[{"taxonomy":"product_brand","embeddable":true,"href":"https:\/\/www.koupelnapro.com\/index.php\/wp-json\/wp\/v2\/product_brand?post=45910"},{"taxonomy":"product_cat","embeddable":true,"href":"https:\/\/www.koupelnapro.com\/index.php\/wp-json\/wp\/v2\/product_cat?post=45910"},{"taxonomy":"product_tag","embeddable":true,"href":"https:\/\/www.koupelnapro.com\/index.php\/wp-json\/wp\/v2\/product_tag?post=45910"}],"curies":[{"name":"wp","href":"https:\/\/api.w.org\/{rel}","templated":true}]}}