{"id":45905,"date":"2026-04-26T09:16:25","date_gmt":"2026-04-26T09:16:25","guid":{"rendered":""},"modified":"2026-04-26T09:16:25","modified_gmt":"2026-04-26T09:16:25","slug":"34401-hlad-iacute-tko-pls-357-269-ern-aacute-280x140x10-plastov-aacute-ru-269-ka-festa-pouze-dnes-45905","status":"publish","type":"product","link":"https:\/\/www.koupelnapro.com\/index.php\/produkt\/34401-hlad-iacute-tko-pls-357-269-ern-aacute-280x140x10-plastov-aacute-ru-269-ka-festa-pouze-dnes-45905\/","title":{"rendered":"34401 | hlad&iacute;tko pls&#357; &#269;ern&aacute; | 280x140x10 | plastov&aacute; ru&#269;ka | FESTA Pouze Dnes"},"content":{"rendered":"<p><!-- More info -->\t\t\t\t\t<\/p>\n<section id=\"idTab1\" class=\"page-product-box tab-pane active\" role=\"tabpanel\" aria-labelledby=\"idTab1\">\t\t\t\t\t\t<!-- full description -->\t\t\t\t\t\t<\/p>\n<div class=\"rte\">Hlad\u00edtko FESTA s \u010dernou plst\u00ed, z\u00e1kladna z kvalitn\u00edho plastu s ergonomickou rukojet\u00ed, rozmer: 280 x 140 x 10 mm, pou\u017eit\u00ed: na srovn\u00e1n\u00ed jemn\u00e9 om\u00edtky, na v\u011bt\u0161\u00ed zrno om\u00edtek.<\/p>\n<\/div>\n<\/section>\n<p>\t\t\t\t\t<!--end  More info -->\t\t\t\t\t\t\t\t\t\t\t\t\t\t\t\t\t\t\t\t\t\t\t\t\t\t\t\t\t\t\t<\/div>\n<\/p><\/div>\n<p><!--QTR Accessories --><\/p>\n","protected":false},"excerpt":{"rendered":"<p>Hlad\u00edtko FESTA s \u010dernou plst\u00ed, z\u00e1kladna z kvalitn\u00edho plastu s ergonomickou rukojet\u00ed, rozmer: 280 x 140 x 10 mm, pou\u017eit\u00ed: na srovn\u00e1n\u00ed jemn\u00e9 om\u00edtky, na v\u011bt\u0161\u00ed zrno om\u00edtek.<\/p>\n","protected":false},"featured_media":46005,"comment_status":"open","ping_status":"open","template":"","meta":[],"product_brand":[],"product_cat":[153],"product_tag":[],"class_list":{"0":"post-45905","1":"product","2":"type-product","3":"status-publish","4":"has-post-thumbnail","6":"product_cat-n-aacute-rad-iacute","8":"first","9":"instock","10":"sale","11":"shipping-taxable","12":"purchasable","13":"product-type-simple"},"yoast_head":"<!-- This site is optimized with the Yoast SEO plugin v26.8 - https:\/\/yoast.com\/product\/yoast-seo-wordpress\/ -->\n<title>34401 | hlad&iacute;tko pls&#357; &#269;ern&aacute; | 280x140x10 | plastov&aacute; ru&#269;ka | FESTA Pouze Dnes -<\/title>\n<meta name=\"robots\" content=\"index, follow, max-snippet:-1, max-image-preview:large, max-video-preview:-1\" \/>\n<link rel=\"canonical\" href=\"https:\/\/www.koupelnapro.com\/index.php\/produkt\/34401-hlad-iacute-tko-pls-357-269-ern-aacute-280x140x10-plastov-aacute-ru-269-ka-festa-pouze-dnes-45905\/\" \/>\n<meta property=\"og:locale\" content=\"cs_CZ\" \/>\n<meta property=\"og:type\" content=\"article\" \/>\n<meta property=\"og:title\" content=\"34401 | hlad&iacute;tko pls&#357; &#269;ern&aacute; | 280x140x10 | plastov&aacute; ru&#269;ka | FESTA Pouze Dnes -\" \/>\n<meta property=\"og:description\" content=\"Hlad\u00edtko FESTA s \u010dernou plst\u00ed, z\u00e1kladna z kvalitn\u00edho plastu s ergonomickou rukojet\u00ed, rozmer: 280 x 140 x 10 mm, pou\u017eit\u00ed: na srovn\u00e1n\u00ed jemn\u00e9 om\u00edtky, na v\u011bt\u0161\u00ed zrno om\u00edtek.\" \/>\n<meta property=\"og:url\" content=\"https:\/\/www.koupelnapro.com\/index.php\/produkt\/34401-hlad-iacute-tko-pls-357-269-ern-aacute-280x140x10-plastov-aacute-ru-269-ka-festa-pouze-dnes-45905\/\" \/>\n<meta property=\"og:image\" content=\"https:\/\/www.koupelnapro.com\/wp-content\/uploads\/2026\/SK0002704-CZ20260425-093107-0-1777080667-60748-large_default.webp\" \/>\n\t<meta property=\"og:image:width\" content=\"470\" \/>\n\t<meta property=\"og:image:height\" content=\"470\" \/>\n\t<meta property=\"og:image:type\" content=\"image\/webp\" \/>\n<meta name=\"twitter:card\" content=\"summary_large_image\" \/>\n<script type=\"application\/ld+json\" class=\"yoast-schema-graph\">{\"@context\":\"https:\/\/schema.org\",\"@graph\":[{\"@type\":\"WebPage\",\"@id\":\"https:\/\/www.koupelnapro.com\/index.php\/produkt\/34401-hlad-iacute-tko-pls-357-269-ern-aacute-280x140x10-plastov-aacute-ru-269-ka-festa-pouze-dnes-45905\/\",\"url\":\"https:\/\/www.koupelnapro.com\/index.php\/produkt\/34401-hlad-iacute-tko-pls-357-269-ern-aacute-280x140x10-plastov-aacute-ru-269-ka-festa-pouze-dnes-45905\/\",\"name\":\"34401 | hlad&iacute;tko pls&#357; &#269;ern&aacute; | 280x140x10 | plastov&aacute; ru&#269;ka | FESTA Pouze Dnes -\",\"isPartOf\":{\"@id\":\"https:\/\/www.koupelnapro.com\/#website\"},\"primaryImageOfPage\":{\"@id\":\"https:\/\/www.koupelnapro.com\/index.php\/produkt\/34401-hlad-iacute-tko-pls-357-269-ern-aacute-280x140x10-plastov-aacute-ru-269-ka-festa-pouze-dnes-45905\/#primaryimage\"},\"image\":{\"@id\":\"https:\/\/www.koupelnapro.com\/index.php\/produkt\/34401-hlad-iacute-tko-pls-357-269-ern-aacute-280x140x10-plastov-aacute-ru-269-ka-festa-pouze-dnes-45905\/#primaryimage\"},\"thumbnailUrl\":\"https:\/\/www.koupelnapro.com\/wp-content\/uploads\/2026\/SK0002704-CZ20260425-093107-0-1777080667-60748-large_default.webp\",\"datePublished\":\"2026-04-26T09:16:25+00:00\",\"breadcrumb\":{\"@id\":\"https:\/\/www.koupelnapro.com\/index.php\/produkt\/34401-hlad-iacute-tko-pls-357-269-ern-aacute-280x140x10-plastov-aacute-ru-269-ka-festa-pouze-dnes-45905\/#breadcrumb\"},\"inLanguage\":\"cs\",\"potentialAction\":[{\"@type\":\"ReadAction\",\"target\":[\"https:\/\/www.koupelnapro.com\/index.php\/produkt\/34401-hlad-iacute-tko-pls-357-269-ern-aacute-280x140x10-plastov-aacute-ru-269-ka-festa-pouze-dnes-45905\/\"]}]},{\"@type\":\"ImageObject\",\"inLanguage\":\"cs\",\"@id\":\"https:\/\/www.koupelnapro.com\/index.php\/produkt\/34401-hlad-iacute-tko-pls-357-269-ern-aacute-280x140x10-plastov-aacute-ru-269-ka-festa-pouze-dnes-45905\/#primaryimage\",\"url\":\"https:\/\/www.koupelnapro.com\/wp-content\/uploads\/2026\/SK0002704-CZ20260425-093107-0-1777080667-60748-large_default.webp\",\"contentUrl\":\"https:\/\/www.koupelnapro.com\/wp-content\/uploads\/2026\/SK0002704-CZ20260425-093107-0-1777080667-60748-large_default.webp\",\"width\":470,\"height\":470},{\"@type\":\"BreadcrumbList\",\"@id\":\"https:\/\/www.koupelnapro.com\/index.php\/produkt\/34401-hlad-iacute-tko-pls-357-269-ern-aacute-280x140x10-plastov-aacute-ru-269-ka-festa-pouze-dnes-45905\/#breadcrumb\",\"itemListElement\":[{\"@type\":\"ListItem\",\"position\":1,\"name\":\"Home\",\"item\":\"https:\/\/www.koupelnapro.com\/\"},{\"@type\":\"ListItem\",\"position\":2,\"name\":\"Products\",\"item\":\"https:\/\/www.koupelnapro.com\/index.php\/products\/\"},{\"@type\":\"ListItem\",\"position\":3,\"name\":\"34401 | hlad&iacute;tko pls&#357; &#269;ern&aacute; | 280x140x10 | plastov&aacute; ru&#269;ka | FESTA Pouze Dnes\"}]},{\"@type\":\"WebSite\",\"@id\":\"https:\/\/www.koupelnapro.com\/#website\",\"url\":\"https:\/\/www.koupelnapro.com\/\",\"name\":\"\",\"description\":\"\",\"potentialAction\":[{\"@type\":\"SearchAction\",\"target\":{\"@type\":\"EntryPoint\",\"urlTemplate\":\"https:\/\/www.koupelnapro.com\/?s={search_term_string}\"},\"query-input\":{\"@type\":\"PropertyValueSpecification\",\"valueRequired\":true,\"valueName\":\"search_term_string\"}}],\"inLanguage\":\"cs\"}]}<\/script>\n<!-- \/ Yoast SEO plugin. -->","yoast_head_json":{"title":"34401 | hlad&iacute;tko pls&#357; &#269;ern&aacute; | 280x140x10 | plastov&aacute; ru&#269;ka | FESTA Pouze Dnes -","robots":{"index":"index","follow":"follow","max-snippet":"max-snippet:-1","max-image-preview":"max-image-preview:large","max-video-preview":"max-video-preview:-1"},"canonical":"https:\/\/www.koupelnapro.com\/index.php\/produkt\/34401-hlad-iacute-tko-pls-357-269-ern-aacute-280x140x10-plastov-aacute-ru-269-ka-festa-pouze-dnes-45905\/","og_locale":"cs_CZ","og_type":"article","og_title":"34401 | hlad&iacute;tko pls&#357; &#269;ern&aacute; | 280x140x10 | plastov&aacute; ru&#269;ka | FESTA Pouze Dnes -","og_description":"Hlad\u00edtko FESTA s \u010dernou plst\u00ed, z\u00e1kladna z kvalitn\u00edho plastu s ergonomickou rukojet\u00ed, rozmer: 280 x 140 x 10 mm, pou\u017eit\u00ed: na srovn\u00e1n\u00ed jemn\u00e9 om\u00edtky, na v\u011bt\u0161\u00ed zrno om\u00edtek.","og_url":"https:\/\/www.koupelnapro.com\/index.php\/produkt\/34401-hlad-iacute-tko-pls-357-269-ern-aacute-280x140x10-plastov-aacute-ru-269-ka-festa-pouze-dnes-45905\/","og_image":[{"width":470,"height":470,"url":"https:\/\/www.koupelnapro.com\/wp-content\/uploads\/2026\/SK0002704-CZ20260425-093107-0-1777080667-60748-large_default.webp","type":"image\/webp"}],"twitter_card":"summary_large_image","schema":{"@context":"https:\/\/schema.org","@graph":[{"@type":"WebPage","@id":"https:\/\/www.koupelnapro.com\/index.php\/produkt\/34401-hlad-iacute-tko-pls-357-269-ern-aacute-280x140x10-plastov-aacute-ru-269-ka-festa-pouze-dnes-45905\/","url":"https:\/\/www.koupelnapro.com\/index.php\/produkt\/34401-hlad-iacute-tko-pls-357-269-ern-aacute-280x140x10-plastov-aacute-ru-269-ka-festa-pouze-dnes-45905\/","name":"34401 | hlad&iacute;tko pls&#357; &#269;ern&aacute; | 280x140x10 | plastov&aacute; ru&#269;ka | FESTA Pouze Dnes -","isPartOf":{"@id":"https:\/\/www.koupelnapro.com\/#website"},"primaryImageOfPage":{"@id":"https:\/\/www.koupelnapro.com\/index.php\/produkt\/34401-hlad-iacute-tko-pls-357-269-ern-aacute-280x140x10-plastov-aacute-ru-269-ka-festa-pouze-dnes-45905\/#primaryimage"},"image":{"@id":"https:\/\/www.koupelnapro.com\/index.php\/produkt\/34401-hlad-iacute-tko-pls-357-269-ern-aacute-280x140x10-plastov-aacute-ru-269-ka-festa-pouze-dnes-45905\/#primaryimage"},"thumbnailUrl":"https:\/\/www.koupelnapro.com\/wp-content\/uploads\/2026\/SK0002704-CZ20260425-093107-0-1777080667-60748-large_default.webp","datePublished":"2026-04-26T09:16:25+00:00","breadcrumb":{"@id":"https:\/\/www.koupelnapro.com\/index.php\/produkt\/34401-hlad-iacute-tko-pls-357-269-ern-aacute-280x140x10-plastov-aacute-ru-269-ka-festa-pouze-dnes-45905\/#breadcrumb"},"inLanguage":"cs","potentialAction":[{"@type":"ReadAction","target":["https:\/\/www.koupelnapro.com\/index.php\/produkt\/34401-hlad-iacute-tko-pls-357-269-ern-aacute-280x140x10-plastov-aacute-ru-269-ka-festa-pouze-dnes-45905\/"]}]},{"@type":"ImageObject","inLanguage":"cs","@id":"https:\/\/www.koupelnapro.com\/index.php\/produkt\/34401-hlad-iacute-tko-pls-357-269-ern-aacute-280x140x10-plastov-aacute-ru-269-ka-festa-pouze-dnes-45905\/#primaryimage","url":"https:\/\/www.koupelnapro.com\/wp-content\/uploads\/2026\/SK0002704-CZ20260425-093107-0-1777080667-60748-large_default.webp","contentUrl":"https:\/\/www.koupelnapro.com\/wp-content\/uploads\/2026\/SK0002704-CZ20260425-093107-0-1777080667-60748-large_default.webp","width":470,"height":470},{"@type":"BreadcrumbList","@id":"https:\/\/www.koupelnapro.com\/index.php\/produkt\/34401-hlad-iacute-tko-pls-357-269-ern-aacute-280x140x10-plastov-aacute-ru-269-ka-festa-pouze-dnes-45905\/#breadcrumb","itemListElement":[{"@type":"ListItem","position":1,"name":"Home","item":"https:\/\/www.koupelnapro.com\/"},{"@type":"ListItem","position":2,"name":"Products","item":"https:\/\/www.koupelnapro.com\/index.php\/products\/"},{"@type":"ListItem","position":3,"name":"34401 | hlad&iacute;tko pls&#357; &#269;ern&aacute; | 280x140x10 | plastov&aacute; ru&#269;ka | FESTA Pouze Dnes"}]},{"@type":"WebSite","@id":"https:\/\/www.koupelnapro.com\/#website","url":"https:\/\/www.koupelnapro.com\/","name":"","description":"","potentialAction":[{"@type":"SearchAction","target":{"@type":"EntryPoint","urlTemplate":"https:\/\/www.koupelnapro.com\/?s={search_term_string}"},"query-input":{"@type":"PropertyValueSpecification","valueRequired":true,"valueName":"search_term_string"}}],"inLanguage":"cs"}]}},"_links":{"self":[{"href":"https:\/\/www.koupelnapro.com\/index.php\/wp-json\/wp\/v2\/product\/45905","targetHints":{"allow":["GET"]}}],"collection":[{"href":"https:\/\/www.koupelnapro.com\/index.php\/wp-json\/wp\/v2\/product"}],"about":[{"href":"https:\/\/www.koupelnapro.com\/index.php\/wp-json\/wp\/v2\/types\/product"}],"replies":[{"embeddable":true,"href":"https:\/\/www.koupelnapro.com\/index.php\/wp-json\/wp\/v2\/comments?post=45905"}],"wp:featuredmedia":[{"embeddable":true,"href":"https:\/\/www.koupelnapro.com\/index.php\/wp-json\/wp\/v2\/media\/46005"}],"wp:attachment":[{"href":"https:\/\/www.koupelnapro.com\/index.php\/wp-json\/wp\/v2\/media?parent=45905"}],"wp:term":[{"taxonomy":"product_brand","embeddable":true,"href":"https:\/\/www.koupelnapro.com\/index.php\/wp-json\/wp\/v2\/product_brand?post=45905"},{"taxonomy":"product_cat","embeddable":true,"href":"https:\/\/www.koupelnapro.com\/index.php\/wp-json\/wp\/v2\/product_cat?post=45905"},{"taxonomy":"product_tag","embeddable":true,"href":"https:\/\/www.koupelnapro.com\/index.php\/wp-json\/wp\/v2\/product_tag?post=45905"}],"curies":[{"name":"wp","href":"https:\/\/api.w.org\/{rel}","templated":true}]}}

<p><!-- More info -->					</p>
<section id="idTab1" class="page-product-box tab-pane active" role="tabpanel" aria-labelledby="idTab1">						<!-- full description -->						</p>
<div class="rte">Hladítko FESTA s černou plstí, základna z kvalitního plastu s ergonomickou rukojetí, rozmer: 280 x 140 x 10 mm, použití: na srovnání jemné omítky, na větší zrno omítek.</p>
</div>
</section>
<p>					<!--end  More info -->																															</div>
</p></div>
<p><!--QTR Accessories --></p>

<p>Hladítko FESTA s černou plstí, základna z kvalitního plastu s ergonomickou rukojetí, rozmer: 280 x 140 x 10 mm, použití: na srovnání jemné omítky, na větší zrno omítek.</p>

<!-- This site is optimized with the Yoast SEO plugin v26.8 - https://yoast.com/product/yoast-seo-wordpress/ -->
<title>34401 | hlad&iacute;tko pls&#357; &#269;ern&aacute; | 280x140x10 | plastov&aacute; ru&#269;ka | FESTA Pouze Dnes -</title>
<meta name="robots" content="index, follow, max-snippet:-1, max-image-preview:large, max-video-preview:-1" />
<link rel="canonical" href="https://www.koupelnapro.com/index.php/produkt/34401-hlad-iacute-tko-pls-357-269-ern-aacute-280x140x10-plastov-aacute-ru-269-ka-festa-pouze-dnes-45905/" />
<meta property="og:locale" content="cs_CZ" />
<meta property="og:type" content="article" />
<meta property="og:title" content="34401 | hlad&iacute;tko pls&#357; &#269;ern&aacute; | 280x140x10 | plastov&aacute; ru&#269;ka | FESTA Pouze Dnes -" />
<meta property="og:description" content="Hladítko FESTA s černou plstí, základna z kvalitního plastu s ergonomickou rukojetí, rozmer: 280 x 140 x 10 mm, použití: na srovnání jemné omítky, na větší zrno omítek." />
<meta property="og:url" content="https://www.koupelnapro.com/index.php/produkt/34401-hlad-iacute-tko-pls-357-269-ern-aacute-280x140x10-plastov-aacute-ru-269-ka-festa-pouze-dnes-45905/" />
<meta property="og:image" content="https://www.koupelnapro.com/wp-content/uploads/2026/SK0002704-CZ20260425-093107-0-1777080667-60748-large_default.webp" />
	<meta property="og:image:width" content="470" />
	<meta property="og:image:height" content="470" />
	<meta property="og:image:type" content="image/webp" />
<meta name="twitter:card" content="summary_large_image" />
<script type="application/ld+json" class="yoast-schema-graph">{"@context":"https://schema.org","@graph":[{"@type":"WebPage","@id":"https://www.koupelnapro.com/index.php/produkt/34401-hlad-iacute-tko-pls-357-269-ern-aacute-280x140x10-plastov-aacute-ru-269-ka-festa-pouze-dnes-45905/","url":"https://www.koupelnapro.com/index.php/produkt/34401-hlad-iacute-tko-pls-357-269-ern-aacute-280x140x10-plastov-aacute-ru-269-ka-festa-pouze-dnes-45905/","name":"34401 | hlad&iacute;tko pls&#357; &#269;ern&aacute; | 280x140x10 | plastov&aacute; ru&#269;ka | FESTA Pouze Dnes -","isPartOf":{"@id":"https://www.koupelnapro.com/#website"},"primaryImageOfPage":{"@id":"https://www.koupelnapro.com/index.php/produkt/34401-hlad-iacute-tko-pls-357-269-ern-aacute-280x140x10-plastov-aacute-ru-269-ka-festa-pouze-dnes-45905/#primaryimage"},"image":{"@id":"https://www.koupelnapro.com/index.php/produkt/34401-hlad-iacute-tko-pls-357-269-ern-aacute-280x140x10-plastov-aacute-ru-269-ka-festa-pouze-dnes-45905/#primaryimage"},"thumbnailUrl":"https://www.koupelnapro.com/wp-content/uploads/2026/SK0002704-CZ20260425-093107-0-1777080667-60748-large_default.webp","datePublished":"2026-04-26T09:16:25+00:00","breadcrumb":{"@id":"https://www.koupelnapro.com/index.php/produkt/34401-hlad-iacute-tko-pls-357-269-ern-aacute-280x140x10-plastov-aacute-ru-269-ka-festa-pouze-dnes-45905/#breadcrumb"},"inLanguage":"cs","potentialAction":[{"@type":"ReadAction","target":["https://www.koupelnapro.com/index.php/produkt/34401-hlad-iacute-tko-pls-357-269-ern-aacute-280x140x10-plastov-aacute-ru-269-ka-festa-pouze-dnes-45905/"]}]},{"@type":"ImageObject","inLanguage":"cs","@id":"https://www.koupelnapro.com/index.php/produkt/34401-hlad-iacute-tko-pls-357-269-ern-aacute-280x140x10-plastov-aacute-ru-269-ka-festa-pouze-dnes-45905/#primaryimage","url":"https://www.koupelnapro.com/wp-content/uploads/2026/SK0002704-CZ20260425-093107-0-1777080667-60748-large_default.webp","contentUrl":"https://www.koupelnapro.com/wp-content/uploads/2026/SK0002704-CZ20260425-093107-0-1777080667-60748-large_default.webp","width":470,"height":470},{"@type":"BreadcrumbList","@id":"https://www.koupelnapro.com/index.php/produkt/34401-hlad-iacute-tko-pls-357-269-ern-aacute-280x140x10-plastov-aacute-ru-269-ka-festa-pouze-dnes-45905/#breadcrumb","itemListElement":[{"@type":"ListItem","position":1,"name":"Home","item":"https://www.koupelnapro.com/"},{"@type":"ListItem","position":2,"name":"Products","item":"https://www.koupelnapro.com/index.php/products/"},{"@type":"ListItem","position":3,"name":"34401 | hlad&iacute;tko pls&#357; &#269;ern&aacute; | 280x140x10 | plastov&aacute; ru&#269;ka | FESTA Pouze Dnes"}]},{"@type":"WebSite","@id":"https://www.koupelnapro.com/#website","url":"https://www.koupelnapro.com/","name":"","description":"","potentialAction":[{"@type":"SearchAction","target":{"@type":"EntryPoint","urlTemplate":"https://www.koupelnapro.com/?s={search_term_string}"},"query-input":{"@type":"PropertyValueSpecification","valueRequired":true,"valueName":"search_term_string"}}],"inLanguage":"cs"}]}</script>
<!-- / Yoast SEO plugin. -->

Hladítko FESTA s černou plstí, základna z kvalitního plastu s ergonomickou rukojetí, rozmer: 280 x 140 x 10 mm, použití: na srovnání jemné omítky, na větší zrno omítek.
