{"id":4337,"date":"2026-04-26T09:13:08","date_gmt":"2026-04-26T09:13:08","guid":{"rendered":""},"modified":"2026-04-26T09:13:08","modified_gmt":"2026-04-26T09:13:08","slug":"znackovy-oko-kabelove-prilozkove-95-12-7585-12-prurez-vodice-x-sroub-4337","status":"publish","type":"product","link":"https:\/\/www.koupelnapro.com\/index.php\/produkt\/znackovy-oko-kabelove-prilozkove-95-12-7585-12-prurez-vodice-x-sroub-4337\/","title":{"rendered":"Zna\u010dkov\u00fd oko kabelov\u00e9 p\u0159\u00edlo\u017ekov\u00e9 95\/12 7585-12 (pr\u016f\u0159ez vodi\u010de x \u0161roub)"},"content":{"rendered":"<div id=\"e9171539\" class=\"pages\">\n<div id=\"PDDescription\" class=\"UserContentView userContent v1a v1 bs-view dcon dc150 PDDescription\" >\n<h2><span style=\"color: #007980;\">\u00a0Oko kabelov\u00e9 p\u0159\u00edlo\u017ekov\u00e9 95\/12 7585-12 (pr\u016f\u0159ez vodi\u010de x \u0161roub)<\/span><\/h2>\n<p>\u00a0<\/p>\n<p>Kabelov\u00e9 oko se pomoc\u00ed vhodn\u00e9ho n\u00e1stroje nalisuje na kabel odpov\u00eddaj\u00edc\u00edho pr\u016f\u0159ezu. Otvor v kabelov\u00e9m oku slou\u017e\u00ed k p\u0159ipojen\u00ed kabelu do ukon\u010dovac\u00edho prvku (pod \u0161roub s podlo\u017ekou). Kabelov\u00e1 oka se pou\u017e\u00edvaj\u00ed pro p\u0159ipojen\u00ed k zemn\u00edc\u00edm sv\u011brk\u00e1m, dr\u017e\u00e1k\u016fm elektrod, dr\u00e1\u017ekovac\u00edm kle\u0161t\u00edm apod.<\/p>\n<div><span style=\"color: #007980;\">Parametry:<\/span><\/div>\n<div>\u00a0<\/div>\n<div>Jmenovit\u00fd pr\u016f\u0159ez m\u011b\u010f, RM:95 mm2<\/div>\n<div>\n<div>Jmenovit\u00fd pr\u016f\u0159ez m\u011b\u010f, RE:95 mm2<\/div>\n<\/div>\n<div>\n<div>Rozm\u011br metrick\u00e9ho p\u0159ipojovac\u00edho z\u00e1vitu:10<\/div>\n<\/div>\n<div>\n<div>Materi\u00e1l vodi\u010de:M\u011b\u010f<\/div>\n<\/div>\n<div>\n<div>Povrchov\u00e1 ochrana:C\u00ednovan\u00e9<\/div>\n<\/div>\n<div>\n<div>S trhac\u00ed hlavou:Ne<\/div>\n<div>\u00a0<\/div>\n<div>\n<div>\n<div>\u0160\u00ed\u0159ka:32 MM<\/div>\n<\/div>\n<div>\n<div>D\u00e9lka:62 MM<\/div>\n<\/div>\n<div>\n<div>V\u00fd\u0161ka:20 MM<\/div>\n<\/div>\n<div>\n<div>Hmotnost:128 G<\/div>\n<\/div>\n<\/div>\n<\/div>\n<div id=\"PDTable3\" class=\"ProductDetailTableView v3a v3 bs-view dcon dc175 PDTable3\" >\n<table>\n<thead><\/thead>\n<tbody>\n<tr class=\"attribute attr_bsshop_maker\">\n<td class=\"caption\">V\u00fdrobce<\/td>\n<td class=\"value\">SEZ DK<\/td>\n<\/tr>\n<\/tbody>\n<\/table><\/div>\n<\/div>\n<\/div>\n<div id=\"e9171540\" class=\"tabs\">\n","protected":false},"excerpt":{"rendered":"<p>\u00a0Oko kabelov\u00e9 p\u0159\u00edlo\u017ekov\u00e9 95\/12 7585-12 (pr\u016f\u0159ez vodi\u010de x \u0161roub) \u00a0 Kabelov\u00e9 oko se pomoc\u00ed vhodn\u00e9ho n\u00e1stroje nalisuje na kabel odpov\u00eddaj\u00edc\u00edho pr\u016f\u0159ezu. Otvor v kabelov\u00e9m oku slou\u017e\u00ed k p\u0159ipojen\u00ed kabelu do ukon\u010dovac\u00edho prvku (pod \u0161roub s podlo\u017ekou). Kabelov\u00e1 oka se pou\u017e\u00edvaj\u00ed pro p\u0159ipojen\u00ed k zemn\u00edc\u00edm sv\u011brk\u00e1m, dr\u017e\u00e1k\u016fm elektrod, dr\u00e1\u017ekovac\u00edm kle\u0161t\u00edm apod. Parametry: \u00a0 Jmenovit\u00fd pr\u016f\u0159ez m\u011b\u010f, [&hellip;]<\/p>\n","protected":false},"featured_media":4437,"comment_status":"open","ping_status":"open","template":"","meta":[],"product_brand":[],"product_cat":[38],"product_tag":[],"class_list":{"0":"post-4337","1":"product","2":"type-product","3":"status-publish","4":"has-post-thumbnail","6":"product_cat-elektromateri-225-l","8":"first","9":"instock","10":"sale","11":"shipping-taxable","12":"purchasable","13":"product-type-simple"},"yoast_head":"<!-- This site is optimized with the Yoast SEO plugin v26.8 - https:\/\/yoast.com\/product\/yoast-seo-wordpress\/ -->\n<title>Zna\u010dkov\u00fd oko kabelov\u00e9 p\u0159\u00edlo\u017ekov\u00e9 95\/12 7585-12 (pr\u016f\u0159ez vodi\u010de x \u0161roub) -<\/title>\n<meta name=\"robots\" content=\"index, follow, max-snippet:-1, max-image-preview:large, max-video-preview:-1\" \/>\n<link rel=\"canonical\" href=\"https:\/\/www.koupelnapro.com\/index.php\/produkt\/znackovy-oko-kabelove-prilozkove-95-12-7585-12-prurez-vodice-x-sroub-4337\/\" \/>\n<meta property=\"og:locale\" content=\"cs_CZ\" \/>\n<meta property=\"og:type\" content=\"article\" \/>\n<meta property=\"og:title\" content=\"Zna\u010dkov\u00fd oko kabelov\u00e9 p\u0159\u00edlo\u017ekov\u00e9 95\/12 7585-12 (pr\u016f\u0159ez vodi\u010de x \u0161roub) -\" \/>\n<meta property=\"og:description\" content=\"\u00a0Oko kabelov\u00e9 p\u0159\u00edlo\u017ekov\u00e9 95\/12 7585-12 (pr\u016f\u0159ez vodi\u010de x \u0161roub) \u00a0 Kabelov\u00e9 oko se pomoc\u00ed vhodn\u00e9ho n\u00e1stroje nalisuje na kabel odpov\u00eddaj\u00edc\u00edho pr\u016f\u0159ezu. Otvor v kabelov\u00e9m oku slou\u017e\u00ed k p\u0159ipojen\u00ed kabelu do ukon\u010dovac\u00edho prvku (pod \u0161roub s podlo\u017ekou). Kabelov\u00e1 oka se pou\u017e\u00edvaj\u00ed pro p\u0159ipojen\u00ed k zemn\u00edc\u00edm sv\u011brk\u00e1m, dr\u017e\u00e1k\u016fm elektrod, dr\u00e1\u017ekovac\u00edm kle\u0161t\u00edm apod. Parametry: \u00a0 Jmenovit\u00fd pr\u016f\u0159ez m\u011b\u010f, [&hellip;]\" \/>\n<meta property=\"og:url\" content=\"https:\/\/www.koupelnapro.com\/index.php\/produkt\/znackovy-oko-kabelove-prilozkove-95-12-7585-12-prurez-vodice-x-sroub-4337\/\" \/>\n<meta property=\"og:image\" content=\"https:\/\/www.koupelnapro.com\/wp-content\/uploads\/2026\/SK0003408-CZ20260425-091623-0-1777079785-oko-kabelove-prilozkove-95-12-7585-12-prurez-vodice-x-sroub.webp\" \/>\n\t<meta property=\"og:image:width\" content=\"1000\" \/>\n\t<meta property=\"og:image:height\" content=\"525\" \/>\n\t<meta property=\"og:image:type\" content=\"image\/webp\" \/>\n<meta name=\"twitter:card\" content=\"summary_large_image\" \/>\n<meta name=\"twitter:label1\" content=\"Odhadovan\u00e1 doba \u010dten\u00ed\" \/>\n\t<meta name=\"twitter:data1\" content=\"1 minuta\" \/>\n<script type=\"application\/ld+json\" class=\"yoast-schema-graph\">{\"@context\":\"https:\/\/schema.org\",\"@graph\":[{\"@type\":\"WebPage\",\"@id\":\"https:\/\/www.koupelnapro.com\/index.php\/produkt\/znackovy-oko-kabelove-prilozkove-95-12-7585-12-prurez-vodice-x-sroub-4337\/\",\"url\":\"https:\/\/www.koupelnapro.com\/index.php\/produkt\/znackovy-oko-kabelove-prilozkove-95-12-7585-12-prurez-vodice-x-sroub-4337\/\",\"name\":\"Zna\u010dkov\u00fd oko kabelov\u00e9 p\u0159\u00edlo\u017ekov\u00e9 95\/12 7585-12 (pr\u016f\u0159ez vodi\u010de x \u0161roub) -\",\"isPartOf\":{\"@id\":\"https:\/\/www.koupelnapro.com\/#website\"},\"primaryImageOfPage\":{\"@id\":\"https:\/\/www.koupelnapro.com\/index.php\/produkt\/znackovy-oko-kabelove-prilozkove-95-12-7585-12-prurez-vodice-x-sroub-4337\/#primaryimage\"},\"image\":{\"@id\":\"https:\/\/www.koupelnapro.com\/index.php\/produkt\/znackovy-oko-kabelove-prilozkove-95-12-7585-12-prurez-vodice-x-sroub-4337\/#primaryimage\"},\"thumbnailUrl\":\"https:\/\/www.koupelnapro.com\/wp-content\/uploads\/2026\/SK0003408-CZ20260425-091623-0-1777079785-oko-kabelove-prilozkove-95-12-7585-12-prurez-vodice-x-sroub.webp\",\"datePublished\":\"2026-04-26T09:13:08+00:00\",\"breadcrumb\":{\"@id\":\"https:\/\/www.koupelnapro.com\/index.php\/produkt\/znackovy-oko-kabelove-prilozkove-95-12-7585-12-prurez-vodice-x-sroub-4337\/#breadcrumb\"},\"inLanguage\":\"cs\",\"potentialAction\":[{\"@type\":\"ReadAction\",\"target\":[\"https:\/\/www.koupelnapro.com\/index.php\/produkt\/znackovy-oko-kabelove-prilozkove-95-12-7585-12-prurez-vodice-x-sroub-4337\/\"]}]},{\"@type\":\"ImageObject\",\"inLanguage\":\"cs\",\"@id\":\"https:\/\/www.koupelnapro.com\/index.php\/produkt\/znackovy-oko-kabelove-prilozkove-95-12-7585-12-prurez-vodice-x-sroub-4337\/#primaryimage\",\"url\":\"https:\/\/www.koupelnapro.com\/wp-content\/uploads\/2026\/SK0003408-CZ20260425-091623-0-1777079785-oko-kabelove-prilozkove-95-12-7585-12-prurez-vodice-x-sroub.webp\",\"contentUrl\":\"https:\/\/www.koupelnapro.com\/wp-content\/uploads\/2026\/SK0003408-CZ20260425-091623-0-1777079785-oko-kabelove-prilozkove-95-12-7585-12-prurez-vodice-x-sroub.webp\",\"width\":1000,\"height\":525},{\"@type\":\"BreadcrumbList\",\"@id\":\"https:\/\/www.koupelnapro.com\/index.php\/produkt\/znackovy-oko-kabelove-prilozkove-95-12-7585-12-prurez-vodice-x-sroub-4337\/#breadcrumb\",\"itemListElement\":[{\"@type\":\"ListItem\",\"position\":1,\"name\":\"Home\",\"item\":\"https:\/\/www.koupelnapro.com\/\"},{\"@type\":\"ListItem\",\"position\":2,\"name\":\"Products\",\"item\":\"https:\/\/www.koupelnapro.com\/index.php\/products\/\"},{\"@type\":\"ListItem\",\"position\":3,\"name\":\"Zna\u010dkov\u00fd oko kabelov\u00e9 p\u0159\u00edlo\u017ekov\u00e9 95\/12 7585-12 (pr\u016f\u0159ez vodi\u010de x \u0161roub)\"}]},{\"@type\":\"WebSite\",\"@id\":\"https:\/\/www.koupelnapro.com\/#website\",\"url\":\"https:\/\/www.koupelnapro.com\/\",\"name\":\"\",\"description\":\"\",\"potentialAction\":[{\"@type\":\"SearchAction\",\"target\":{\"@type\":\"EntryPoint\",\"urlTemplate\":\"https:\/\/www.koupelnapro.com\/?s={search_term_string}\"},\"query-input\":{\"@type\":\"PropertyValueSpecification\",\"valueRequired\":true,\"valueName\":\"search_term_string\"}}],\"inLanguage\":\"cs\"}]}<\/script>\n<!-- \/ Yoast SEO plugin. -->","yoast_head_json":{"title":"Zna\u010dkov\u00fd oko kabelov\u00e9 p\u0159\u00edlo\u017ekov\u00e9 95\/12 7585-12 (pr\u016f\u0159ez vodi\u010de x \u0161roub) -","robots":{"index":"index","follow":"follow","max-snippet":"max-snippet:-1","max-image-preview":"max-image-preview:large","max-video-preview":"max-video-preview:-1"},"canonical":"https:\/\/www.koupelnapro.com\/index.php\/produkt\/znackovy-oko-kabelove-prilozkove-95-12-7585-12-prurez-vodice-x-sroub-4337\/","og_locale":"cs_CZ","og_type":"article","og_title":"Zna\u010dkov\u00fd oko kabelov\u00e9 p\u0159\u00edlo\u017ekov\u00e9 95\/12 7585-12 (pr\u016f\u0159ez vodi\u010de x \u0161roub) -","og_description":"\u00a0Oko kabelov\u00e9 p\u0159\u00edlo\u017ekov\u00e9 95\/12 7585-12 (pr\u016f\u0159ez vodi\u010de x \u0161roub) \u00a0 Kabelov\u00e9 oko se pomoc\u00ed vhodn\u00e9ho n\u00e1stroje nalisuje na kabel odpov\u00eddaj\u00edc\u00edho pr\u016f\u0159ezu. Otvor v kabelov\u00e9m oku slou\u017e\u00ed k p\u0159ipojen\u00ed kabelu do ukon\u010dovac\u00edho prvku (pod \u0161roub s podlo\u017ekou). Kabelov\u00e1 oka se pou\u017e\u00edvaj\u00ed pro p\u0159ipojen\u00ed k zemn\u00edc\u00edm sv\u011brk\u00e1m, dr\u017e\u00e1k\u016fm elektrod, dr\u00e1\u017ekovac\u00edm kle\u0161t\u00edm apod. Parametry: \u00a0 Jmenovit\u00fd pr\u016f\u0159ez m\u011b\u010f, [&hellip;]","og_url":"https:\/\/www.koupelnapro.com\/index.php\/produkt\/znackovy-oko-kabelove-prilozkove-95-12-7585-12-prurez-vodice-x-sroub-4337\/","og_image":[{"width":1000,"height":525,"url":"https:\/\/www.koupelnapro.com\/wp-content\/uploads\/2026\/SK0003408-CZ20260425-091623-0-1777079785-oko-kabelove-prilozkove-95-12-7585-12-prurez-vodice-x-sroub.webp","type":"image\/webp"}],"twitter_card":"summary_large_image","twitter_misc":{"Odhadovan\u00e1 doba \u010dten\u00ed":"1 minuta"},"schema":{"@context":"https:\/\/schema.org","@graph":[{"@type":"WebPage","@id":"https:\/\/www.koupelnapro.com\/index.php\/produkt\/znackovy-oko-kabelove-prilozkove-95-12-7585-12-prurez-vodice-x-sroub-4337\/","url":"https:\/\/www.koupelnapro.com\/index.php\/produkt\/znackovy-oko-kabelove-prilozkove-95-12-7585-12-prurez-vodice-x-sroub-4337\/","name":"Zna\u010dkov\u00fd oko kabelov\u00e9 p\u0159\u00edlo\u017ekov\u00e9 95\/12 7585-12 (pr\u016f\u0159ez vodi\u010de x \u0161roub) -","isPartOf":{"@id":"https:\/\/www.koupelnapro.com\/#website"},"primaryImageOfPage":{"@id":"https:\/\/www.koupelnapro.com\/index.php\/produkt\/znackovy-oko-kabelove-prilozkove-95-12-7585-12-prurez-vodice-x-sroub-4337\/#primaryimage"},"image":{"@id":"https:\/\/www.koupelnapro.com\/index.php\/produkt\/znackovy-oko-kabelove-prilozkove-95-12-7585-12-prurez-vodice-x-sroub-4337\/#primaryimage"},"thumbnailUrl":"https:\/\/www.koupelnapro.com\/wp-content\/uploads\/2026\/SK0003408-CZ20260425-091623-0-1777079785-oko-kabelove-prilozkove-95-12-7585-12-prurez-vodice-x-sroub.webp","datePublished":"2026-04-26T09:13:08+00:00","breadcrumb":{"@id":"https:\/\/www.koupelnapro.com\/index.php\/produkt\/znackovy-oko-kabelove-prilozkove-95-12-7585-12-prurez-vodice-x-sroub-4337\/#breadcrumb"},"inLanguage":"cs","potentialAction":[{"@type":"ReadAction","target":["https:\/\/www.koupelnapro.com\/index.php\/produkt\/znackovy-oko-kabelove-prilozkove-95-12-7585-12-prurez-vodice-x-sroub-4337\/"]}]},{"@type":"ImageObject","inLanguage":"cs","@id":"https:\/\/www.koupelnapro.com\/index.php\/produkt\/znackovy-oko-kabelove-prilozkove-95-12-7585-12-prurez-vodice-x-sroub-4337\/#primaryimage","url":"https:\/\/www.koupelnapro.com\/wp-content\/uploads\/2026\/SK0003408-CZ20260425-091623-0-1777079785-oko-kabelove-prilozkove-95-12-7585-12-prurez-vodice-x-sroub.webp","contentUrl":"https:\/\/www.koupelnapro.com\/wp-content\/uploads\/2026\/SK0003408-CZ20260425-091623-0-1777079785-oko-kabelove-prilozkove-95-12-7585-12-prurez-vodice-x-sroub.webp","width":1000,"height":525},{"@type":"BreadcrumbList","@id":"https:\/\/www.koupelnapro.com\/index.php\/produkt\/znackovy-oko-kabelove-prilozkove-95-12-7585-12-prurez-vodice-x-sroub-4337\/#breadcrumb","itemListElement":[{"@type":"ListItem","position":1,"name":"Home","item":"https:\/\/www.koupelnapro.com\/"},{"@type":"ListItem","position":2,"name":"Products","item":"https:\/\/www.koupelnapro.com\/index.php\/products\/"},{"@type":"ListItem","position":3,"name":"Zna\u010dkov\u00fd oko kabelov\u00e9 p\u0159\u00edlo\u017ekov\u00e9 95\/12 7585-12 (pr\u016f\u0159ez vodi\u010de x \u0161roub)"}]},{"@type":"WebSite","@id":"https:\/\/www.koupelnapro.com\/#website","url":"https:\/\/www.koupelnapro.com\/","name":"","description":"","potentialAction":[{"@type":"SearchAction","target":{"@type":"EntryPoint","urlTemplate":"https:\/\/www.koupelnapro.com\/?s={search_term_string}"},"query-input":{"@type":"PropertyValueSpecification","valueRequired":true,"valueName":"search_term_string"}}],"inLanguage":"cs"}]}},"_links":{"self":[{"href":"https:\/\/www.koupelnapro.com\/index.php\/wp-json\/wp\/v2\/product\/4337","targetHints":{"allow":["GET"]}}],"collection":[{"href":"https:\/\/www.koupelnapro.com\/index.php\/wp-json\/wp\/v2\/product"}],"about":[{"href":"https:\/\/www.koupelnapro.com\/index.php\/wp-json\/wp\/v2\/types\/product"}],"replies":[{"embeddable":true,"href":"https:\/\/www.koupelnapro.com\/index.php\/wp-json\/wp\/v2\/comments?post=4337"}],"wp:featuredmedia":[{"embeddable":true,"href":"https:\/\/www.koupelnapro.com\/index.php\/wp-json\/wp\/v2\/media\/4437"}],"wp:attachment":[{"href":"https:\/\/www.koupelnapro.com\/index.php\/wp-json\/wp\/v2\/media?parent=4337"}],"wp:term":[{"taxonomy":"product_brand","embeddable":true,"href":"https:\/\/www.koupelnapro.com\/index.php\/wp-json\/wp\/v2\/product_brand?post=4337"},{"taxonomy":"product_cat","embeddable":true,"href":"https:\/\/www.koupelnapro.com\/index.php\/wp-json\/wp\/v2\/product_cat?post=4337"},{"taxonomy":"product_tag","embeddable":true,"href":"https:\/\/www.koupelnapro.com\/index.php\/wp-json\/wp\/v2\/product_tag?post=4337"}],"curies":[{"name":"wp","href":"https:\/\/api.w.org\/{rel}","templated":true}]}}