{"id":43177,"date":"2026-04-26T09:16:12","date_gmt":"2026-04-26T09:16:12","guid":{"rendered":""},"modified":"2026-04-26T09:16:12","modified_gmt":"2026-04-26T09:16:12","slug":"ctvrtkruhova-sprchova-vanicka-z-liteho-mramoru-kermen-90x90-cm-nakupujte-hned-43177","status":"publish","type":"product","link":"https:\/\/www.koupelnapro.com\/index.php\/produkt\/ctvrtkruhova-sprchova-vanicka-z-liteho-mramoru-kermen-90x90-cm-nakupujte-hned-43177\/","title":{"rendered":"\u010ctvrtkruhov\u00e1 sprchov\u00e1 vani\u010dka z lit\u00e9ho mramoru KERMEN 90&#215;90 cm Nakupujte Hned"},"content":{"rendered":"<div class=\"tabs__content-outer\" id=\"tab_description\" data-hash=\"description\" data-tabindex=\"-1\">\n<div class=\"tabs__content toggle_description\" id=\"content_description\">\n<div class=\"wysiwyg-content\">\n<div class=\"product__tab product__description full-width\">\n<div class=\"container\">\n<div >\n<h3>\u010ctvrtkruhov\u00e1 sprchov\u00e1 vani\u010dka z lit\u00e9ho mramoru KERMEN 90&#215;90 cm<\/h3>\n<p>Exkluzivn\u00ed <strong>\u010dtvrtkruhov\u00e1 sprchov\u00e1 vani\u010dka KERMEN<\/strong> z lit\u00e9ho mramoru. Sprchov\u00e1 vani\u010dka je neodd\u011blitelnou sou\u010d\u00e1st\u00ed sprchov\u00e9ho koutu. Jej\u00ed vzhled, funk\u010dnost a dlouh\u00e1 \u017eivotnost jsou d\u016fle\u017eit\u00fdmi faktory pro V\u00e1\u0161 komfort sprchov\u00e1n\u00ed.\u00a0<strong>Mramorov\u00e1 vani\u010dka<\/strong> je dostupn\u00e1 v klasick\u00e9m <strong>rozm\u011bru 90 \u00d7 90 cm s r\u00e1diusem R550<\/strong>, d\u00edky skv\u011bl\u00fdm vlastnostem materi\u00e1lu je vani\u010dka pouze <strong>2.5 cm vysok\u00e1<\/strong>.<\/p>\n<p>Pr\u00e9miov\u00fdm\u00a0materi\u00e1lem, kter\u00fd se pou\u017e\u00edv\u00e1 pro v\u00fdrobu\u00a0<strong>sprchov\u00fdch vani\u010dek<\/strong>\u00a0a jeho\u017e obliba roste, je\u00a0<strong>lit\u00fd mramor<\/strong>. Je tvo\u0159en sm\u011bs\u00ed p\u0159\u00edrodn\u00edho mlet\u00e9ho dolomitu a polyesterov\u00e9 prysky\u0159ice. Pro lit\u00fd mramor je charakteristick\u00e1 rovnost povrchu, vysok\u00e1 pevnost a stabilita a minim\u00e1ln\u00ed p\u0159enos zvuku.\u00a0<strong>No\u017ei\u010dky a sif\u00f3n nejsou sou\u010d\u00e1st\u00ed balen\u00ed.<\/strong><strong>\u00a0<\/strong><\/p>\n<h3><span style=\"font-size: 12pt;\"><strong>Lit\u00fd mramor<\/strong><\/span><\/h3>\n<p>V\u00fdrobky vytvo\u0159en\u00e9 technologi\u00ed lit\u00fd mramor jsou opat\u0159eny extr\u00e9mn\u011b odoln\u00fdm gelcoatov\u00fdm povlakem. D\u00edky tomuto \u0159e\u0161en\u00ed maj\u00ed vany a sprchov\u00e9 vani\u010dky velmi dobr\u00e9 u\u017eitn\u00e9 a estetick\u00e9 vlastnosti. V\u00fdrobky vyroben\u00e9 z miner\u00e1ln\u00edho odlitku, kter\u00fd je sm\u011bs\u00ed p\u0159\u00edrodn\u00edch kamen\u016f, jako je mramor nebo dolomit, a prysky\u0159ice, maj\u00ed dokonale hladk\u00fd nepor\u00e9zn\u00ed povrch s velmi vysokou trvanlivost\u00ed a odolnost\u00ed v\u016f\u010di zabarven\u00ed. Antibakteri\u00e1ln\u00ed vlastnosti vrstvy Gelcoat pom\u00e1haj\u00ed udr\u017eovat produkt v \u010distot\u011b a zabra\u0148uj\u00ed v\u00fdvoji bakteri\u00ed, kter\u00e9 jsou zdrav\u00ed \u0161kodliv\u00e9, co\u017e je v koupeln\u011b \u010dasto velk\u00fd probl\u00e9m.<\/p>\n<p><strong>POVRCH<\/strong><\/p>\n<p>Povrch vani\u010dky Gelcoat je antibakteri\u00e1ln\u00ed. Vani\u010dka spolu s krytkou jsou nepor\u00e9zn\u00ed, odoln\u00e9 v\u016f\u010di barv\u011b na vlasy a dlouhodob\u011b barevn\u011b st\u00e1l\u00e9.\u00a0<\/p>\n<p><strong>BEZPE\u010c\u00cd<\/strong><\/p>\n<p>Povrch Gelcoat v\u00fdrobku je vodoodpudiv\u00fd s protiskluzov\u00fdmi vlastnostmi i p\u0159es hladk\u00fd povrch.<\/p>\n<p><strong>INSTALACE<\/strong><\/p>\n<p>Tlou\u0161\u0165ka v\u00fdrobku jen 2,5cm a ost\u0159ej\u0161\u00ed zaoblen\u00ed hran p\u0159edur\u010duje tyto vani\u010dky pro bezbari\u00e9rovou instalaci do podlahy. Tuto s\u00e9rii vani\u010dek lze instalovat i na mont\u00e1\u017en\u00ed no\u017ei\u010dky a obezd\u00edt, p\u0159\u00edpadn\u011b s pou\u017eit\u00edm \u010deln\u00edho panelu.<\/p>\n<h3><strong>P\u0159ednosti\u00a0\u010dtvrtkruhov\u00e9 mramorov\u00e9 sprchov\u00e9\u00a0vani\u010dky KERMEN:<\/strong><\/h3>\n<ul>\n<li><strong>Materi\u00e1l:\u00a0<\/strong>lit\u00fd mramor<\/li>\n<li><strong>Pr\u016fm\u011br otvoru\u00a0<\/strong>pro\u00a0sifon\u00a0&#8211; 90 mm<\/li>\n<li><strong>Tlou\u0161\u0165ka pouze 2,5 cm<\/strong><\/li>\n<li><strong>Vysok\u00e1<\/strong>\u00a0odolnost<\/li>\n<li><strong>Luxusn\u00ed\u00a0elegantn\u00ed vzhled<\/strong><\/li>\n<li><strong>Designov\u00e1 krytka sifonu sou\u010d\u00e1st\u00ed vani\u010dky<\/strong><\/li>\n<li><strong>Nosnost 300 kg<\/strong><\/li>\n<li><strong>Z\u00e1ruka 5 let<\/strong><\/li>\n<\/ul>\n<h3><strong>Rozm\u011bry vani\u010dky:\u00a0<\/strong><\/h3>\n<ul>\n<li>90 \u00d7 90 \u00d7 2.5 cm (v), R550<\/li>\n<\/ul>\n<h3>\u00a0<\/h3>\n<p><b>Vlastnosti<\/b><\/p>\n<ul>\n<li><span>Materi\u00e1l:<\/span> Lit\u00fd mramor &#8211; Mineral Durabe<\/li>\n<li><span>Barva:<\/span> B\u00edl\u00e1<\/li>\n<li><span>R\u00e1dius:<\/span> R 550<\/li>\n<li><span>Rozm\u011br_C:<\/span> 2.5 cm<\/li>\n<li><span>\u00d8_Sifonu:<\/span> 9 cm<\/li>\n<li><span>Rozm\u011br_A:<\/span> 90 cm<\/li>\n<li><span>Rozm\u011br_B:<\/span> 90 cm<\/li>\n<li><span>Skupina_artiklu:<\/span> S06C<\/li>\n<li><span>Katalog:<\/span> HOPA Koupelny<\/li>\n<li><span>Rozm\u011br C:<\/span> Bez no\u017ei\u010dek, 90 cm, 90 cm, 2.5 cm<\/li>\n<\/ul>\n<\/div><\/div>\n<\/p><\/div>\n<\/p><\/div>\n<\/p><\/div>\n","protected":false},"excerpt":{"rendered":"<p>\u010ctvrtkruhov\u00e1 sprchov\u00e1 vani\u010dka z lit\u00e9ho mramoru KERMEN 90&#215;90 cm Exkluzivn\u00ed \u010dtvrtkruhov\u00e1 sprchov\u00e1 vani\u010dka KERMEN z lit\u00e9ho mramoru. Sprchov\u00e1 vani\u010dka je neodd\u011blitelnou sou\u010d\u00e1st\u00ed sprchov\u00e9ho koutu. Jej\u00ed vzhled, funk\u010dnost a dlouh\u00e1 \u017eivotnost jsou d\u016fle\u017eit\u00fdmi faktory pro V\u00e1\u0161 komfort sprchov\u00e1n\u00ed.\u00a0Mramorov\u00e1 vani\u010dka je dostupn\u00e1 v klasick\u00e9m rozm\u011bru 90 \u00d7 90 cm s r\u00e1diusem R550, d\u00edky skv\u011bl\u00fdm vlastnostem materi\u00e1lu je [&hellip;]<\/p>\n","protected":false},"featured_media":43277,"comment_status":"open","ping_status":"open","template":"","meta":[],"product_brand":[],"product_cat":[152],"product_tag":[],"class_list":{"0":"post-43177","1":"product","2":"type-product","3":"status-publish","4":"has-post-thumbnail","6":"product_cat-koupelna","8":"first","9":"instock","10":"sale","11":"shipping-taxable","12":"purchasable","13":"product-type-simple"},"yoast_head":"<!-- This site is optimized with the Yoast SEO plugin v26.8 - https:\/\/yoast.com\/product\/yoast-seo-wordpress\/ -->\n<title>\u010ctvrtkruhov\u00e1 sprchov\u00e1 vani\u010dka z lit\u00e9ho mramoru KERMEN 90x90 cm Nakupujte Hned -<\/title>\n<meta name=\"robots\" content=\"index, follow, max-snippet:-1, max-image-preview:large, max-video-preview:-1\" \/>\n<link rel=\"canonical\" href=\"https:\/\/www.koupelnapro.com\/index.php\/produkt\/ctvrtkruhova-sprchova-vanicka-z-liteho-mramoru-kermen-90x90-cm-nakupujte-hned-43177\/\" \/>\n<meta property=\"og:locale\" content=\"cs_CZ\" \/>\n<meta property=\"og:type\" content=\"article\" \/>\n<meta property=\"og:title\" content=\"\u010ctvrtkruhov\u00e1 sprchov\u00e1 vani\u010dka z lit\u00e9ho mramoru KERMEN 90x90 cm Nakupujte Hned -\" \/>\n<meta property=\"og:description\" content=\"\u010ctvrtkruhov\u00e1 sprchov\u00e1 vani\u010dka z lit\u00e9ho mramoru KERMEN 90&#215;90 cm Exkluzivn\u00ed \u010dtvrtkruhov\u00e1 sprchov\u00e1 vani\u010dka KERMEN z lit\u00e9ho mramoru. Sprchov\u00e1 vani\u010dka je neodd\u011blitelnou sou\u010d\u00e1st\u00ed sprchov\u00e9ho koutu. Jej\u00ed vzhled, funk\u010dnost a dlouh\u00e1 \u017eivotnost jsou d\u016fle\u017eit\u00fdmi faktory pro V\u00e1\u0161 komfort sprchov\u00e1n\u00ed.\u00a0Mramorov\u00e1 vani\u010dka je dostupn\u00e1 v klasick\u00e9m rozm\u011bru 90 \u00d7 90 cm s r\u00e1diusem R550, d\u00edky skv\u011bl\u00fdm vlastnostem materi\u00e1lu je [&hellip;]\" \/>\n<meta property=\"og:url\" content=\"https:\/\/www.koupelnapro.com\/index.php\/produkt\/ctvrtkruhova-sprchova-vanicka-z-liteho-mramoru-kermen-90x90-cm-nakupujte-hned-43177\/\" \/>\n<meta property=\"og:image\" content=\"https:\/\/www.koupelnapro.com\/wp-content\/uploads\/2026\/SK0002700-CZ20260425-093041-0-1777080643-306a6fcc78f652ba5d5c95c083a75245.webp\" \/>\n\t<meta property=\"og:image:width\" content=\"494\" \/>\n\t<meta property=\"og:image:height\" content=\"320\" \/>\n\t<meta property=\"og:image:type\" content=\"image\/webp\" \/>\n<meta name=\"twitter:card\" content=\"summary_large_image\" \/>\n<meta name=\"twitter:label1\" content=\"Odhadovan\u00e1 doba \u010dten\u00ed\" \/>\n\t<meta name=\"twitter:data1\" content=\"2 minuty\" \/>\n<script type=\"application\/ld+json\" class=\"yoast-schema-graph\">{\"@context\":\"https:\/\/schema.org\",\"@graph\":[{\"@type\":\"WebPage\",\"@id\":\"https:\/\/www.koupelnapro.com\/index.php\/produkt\/ctvrtkruhova-sprchova-vanicka-z-liteho-mramoru-kermen-90x90-cm-nakupujte-hned-43177\/\",\"url\":\"https:\/\/www.koupelnapro.com\/index.php\/produkt\/ctvrtkruhova-sprchova-vanicka-z-liteho-mramoru-kermen-90x90-cm-nakupujte-hned-43177\/\",\"name\":\"\u010ctvrtkruhov\u00e1 sprchov\u00e1 vani\u010dka z lit\u00e9ho mramoru KERMEN 90x90 cm Nakupujte Hned -\",\"isPartOf\":{\"@id\":\"https:\/\/www.koupelnapro.com\/#website\"},\"primaryImageOfPage\":{\"@id\":\"https:\/\/www.koupelnapro.com\/index.php\/produkt\/ctvrtkruhova-sprchova-vanicka-z-liteho-mramoru-kermen-90x90-cm-nakupujte-hned-43177\/#primaryimage\"},\"image\":{\"@id\":\"https:\/\/www.koupelnapro.com\/index.php\/produkt\/ctvrtkruhova-sprchova-vanicka-z-liteho-mramoru-kermen-90x90-cm-nakupujte-hned-43177\/#primaryimage\"},\"thumbnailUrl\":\"https:\/\/www.koupelnapro.com\/wp-content\/uploads\/2026\/SK0002700-CZ20260425-093041-0-1777080643-306a6fcc78f652ba5d5c95c083a75245.webp\",\"datePublished\":\"2026-04-26T09:16:12+00:00\",\"breadcrumb\":{\"@id\":\"https:\/\/www.koupelnapro.com\/index.php\/produkt\/ctvrtkruhova-sprchova-vanicka-z-liteho-mramoru-kermen-90x90-cm-nakupujte-hned-43177\/#breadcrumb\"},\"inLanguage\":\"cs\",\"potentialAction\":[{\"@type\":\"ReadAction\",\"target\":[\"https:\/\/www.koupelnapro.com\/index.php\/produkt\/ctvrtkruhova-sprchova-vanicka-z-liteho-mramoru-kermen-90x90-cm-nakupujte-hned-43177\/\"]}]},{\"@type\":\"ImageObject\",\"inLanguage\":\"cs\",\"@id\":\"https:\/\/www.koupelnapro.com\/index.php\/produkt\/ctvrtkruhova-sprchova-vanicka-z-liteho-mramoru-kermen-90x90-cm-nakupujte-hned-43177\/#primaryimage\",\"url\":\"https:\/\/www.koupelnapro.com\/wp-content\/uploads\/2026\/SK0002700-CZ20260425-093041-0-1777080643-306a6fcc78f652ba5d5c95c083a75245.webp\",\"contentUrl\":\"https:\/\/www.koupelnapro.com\/wp-content\/uploads\/2026\/SK0002700-CZ20260425-093041-0-1777080643-306a6fcc78f652ba5d5c95c083a75245.webp\",\"width\":494,\"height\":320},{\"@type\":\"BreadcrumbList\",\"@id\":\"https:\/\/www.koupelnapro.com\/index.php\/produkt\/ctvrtkruhova-sprchova-vanicka-z-liteho-mramoru-kermen-90x90-cm-nakupujte-hned-43177\/#breadcrumb\",\"itemListElement\":[{\"@type\":\"ListItem\",\"position\":1,\"name\":\"Home\",\"item\":\"https:\/\/www.koupelnapro.com\/\"},{\"@type\":\"ListItem\",\"position\":2,\"name\":\"Products\",\"item\":\"https:\/\/www.koupelnapro.com\/index.php\/products\/\"},{\"@type\":\"ListItem\",\"position\":3,\"name\":\"\u010ctvrtkruhov\u00e1 sprchov\u00e1 vani\u010dka z lit\u00e9ho mramoru KERMEN 90&#215;90 cm Nakupujte Hned\"}]},{\"@type\":\"WebSite\",\"@id\":\"https:\/\/www.koupelnapro.com\/#website\",\"url\":\"https:\/\/www.koupelnapro.com\/\",\"name\":\"\",\"description\":\"\",\"potentialAction\":[{\"@type\":\"SearchAction\",\"target\":{\"@type\":\"EntryPoint\",\"urlTemplate\":\"https:\/\/www.koupelnapro.com\/?s={search_term_string}\"},\"query-input\":{\"@type\":\"PropertyValueSpecification\",\"valueRequired\":true,\"valueName\":\"search_term_string\"}}],\"inLanguage\":\"cs\"}]}<\/script>\n<!-- \/ Yoast SEO plugin. -->","yoast_head_json":{"title":"\u010ctvrtkruhov\u00e1 sprchov\u00e1 vani\u010dka z lit\u00e9ho mramoru KERMEN 90x90 cm Nakupujte Hned -","robots":{"index":"index","follow":"follow","max-snippet":"max-snippet:-1","max-image-preview":"max-image-preview:large","max-video-preview":"max-video-preview:-1"},"canonical":"https:\/\/www.koupelnapro.com\/index.php\/produkt\/ctvrtkruhova-sprchova-vanicka-z-liteho-mramoru-kermen-90x90-cm-nakupujte-hned-43177\/","og_locale":"cs_CZ","og_type":"article","og_title":"\u010ctvrtkruhov\u00e1 sprchov\u00e1 vani\u010dka z lit\u00e9ho mramoru KERMEN 90x90 cm Nakupujte Hned -","og_description":"\u010ctvrtkruhov\u00e1 sprchov\u00e1 vani\u010dka z lit\u00e9ho mramoru KERMEN 90&#215;90 cm Exkluzivn\u00ed \u010dtvrtkruhov\u00e1 sprchov\u00e1 vani\u010dka KERMEN z lit\u00e9ho mramoru. Sprchov\u00e1 vani\u010dka je neodd\u011blitelnou sou\u010d\u00e1st\u00ed sprchov\u00e9ho koutu. Jej\u00ed vzhled, funk\u010dnost a dlouh\u00e1 \u017eivotnost jsou d\u016fle\u017eit\u00fdmi faktory pro V\u00e1\u0161 komfort sprchov\u00e1n\u00ed.\u00a0Mramorov\u00e1 vani\u010dka je dostupn\u00e1 v klasick\u00e9m rozm\u011bru 90 \u00d7 90 cm s r\u00e1diusem R550, d\u00edky skv\u011bl\u00fdm vlastnostem materi\u00e1lu je [&hellip;]","og_url":"https:\/\/www.koupelnapro.com\/index.php\/produkt\/ctvrtkruhova-sprchova-vanicka-z-liteho-mramoru-kermen-90x90-cm-nakupujte-hned-43177\/","og_image":[{"width":494,"height":320,"url":"https:\/\/www.koupelnapro.com\/wp-content\/uploads\/2026\/SK0002700-CZ20260425-093041-0-1777080643-306a6fcc78f652ba5d5c95c083a75245.webp","type":"image\/webp"}],"twitter_card":"summary_large_image","twitter_misc":{"Odhadovan\u00e1 doba \u010dten\u00ed":"2 minuty"},"schema":{"@context":"https:\/\/schema.org","@graph":[{"@type":"WebPage","@id":"https:\/\/www.koupelnapro.com\/index.php\/produkt\/ctvrtkruhova-sprchova-vanicka-z-liteho-mramoru-kermen-90x90-cm-nakupujte-hned-43177\/","url":"https:\/\/www.koupelnapro.com\/index.php\/produkt\/ctvrtkruhova-sprchova-vanicka-z-liteho-mramoru-kermen-90x90-cm-nakupujte-hned-43177\/","name":"\u010ctvrtkruhov\u00e1 sprchov\u00e1 vani\u010dka z lit\u00e9ho mramoru KERMEN 90x90 cm Nakupujte Hned -","isPartOf":{"@id":"https:\/\/www.koupelnapro.com\/#website"},"primaryImageOfPage":{"@id":"https:\/\/www.koupelnapro.com\/index.php\/produkt\/ctvrtkruhova-sprchova-vanicka-z-liteho-mramoru-kermen-90x90-cm-nakupujte-hned-43177\/#primaryimage"},"image":{"@id":"https:\/\/www.koupelnapro.com\/index.php\/produkt\/ctvrtkruhova-sprchova-vanicka-z-liteho-mramoru-kermen-90x90-cm-nakupujte-hned-43177\/#primaryimage"},"thumbnailUrl":"https:\/\/www.koupelnapro.com\/wp-content\/uploads\/2026\/SK0002700-CZ20260425-093041-0-1777080643-306a6fcc78f652ba5d5c95c083a75245.webp","datePublished":"2026-04-26T09:16:12+00:00","breadcrumb":{"@id":"https:\/\/www.koupelnapro.com\/index.php\/produkt\/ctvrtkruhova-sprchova-vanicka-z-liteho-mramoru-kermen-90x90-cm-nakupujte-hned-43177\/#breadcrumb"},"inLanguage":"cs","potentialAction":[{"@type":"ReadAction","target":["https:\/\/www.koupelnapro.com\/index.php\/produkt\/ctvrtkruhova-sprchova-vanicka-z-liteho-mramoru-kermen-90x90-cm-nakupujte-hned-43177\/"]}]},{"@type":"ImageObject","inLanguage":"cs","@id":"https:\/\/www.koupelnapro.com\/index.php\/produkt\/ctvrtkruhova-sprchova-vanicka-z-liteho-mramoru-kermen-90x90-cm-nakupujte-hned-43177\/#primaryimage","url":"https:\/\/www.koupelnapro.com\/wp-content\/uploads\/2026\/SK0002700-CZ20260425-093041-0-1777080643-306a6fcc78f652ba5d5c95c083a75245.webp","contentUrl":"https:\/\/www.koupelnapro.com\/wp-content\/uploads\/2026\/SK0002700-CZ20260425-093041-0-1777080643-306a6fcc78f652ba5d5c95c083a75245.webp","width":494,"height":320},{"@type":"BreadcrumbList","@id":"https:\/\/www.koupelnapro.com\/index.php\/produkt\/ctvrtkruhova-sprchova-vanicka-z-liteho-mramoru-kermen-90x90-cm-nakupujte-hned-43177\/#breadcrumb","itemListElement":[{"@type":"ListItem","position":1,"name":"Home","item":"https:\/\/www.koupelnapro.com\/"},{"@type":"ListItem","position":2,"name":"Products","item":"https:\/\/www.koupelnapro.com\/index.php\/products\/"},{"@type":"ListItem","position":3,"name":"\u010ctvrtkruhov\u00e1 sprchov\u00e1 vani\u010dka z lit\u00e9ho mramoru KERMEN 90&#215;90 cm Nakupujte Hned"}]},{"@type":"WebSite","@id":"https:\/\/www.koupelnapro.com\/#website","url":"https:\/\/www.koupelnapro.com\/","name":"","description":"","potentialAction":[{"@type":"SearchAction","target":{"@type":"EntryPoint","urlTemplate":"https:\/\/www.koupelnapro.com\/?s={search_term_string}"},"query-input":{"@type":"PropertyValueSpecification","valueRequired":true,"valueName":"search_term_string"}}],"inLanguage":"cs"}]}},"_links":{"self":[{"href":"https:\/\/www.koupelnapro.com\/index.php\/wp-json\/wp\/v2\/product\/43177","targetHints":{"allow":["GET"]}}],"collection":[{"href":"https:\/\/www.koupelnapro.com\/index.php\/wp-json\/wp\/v2\/product"}],"about":[{"href":"https:\/\/www.koupelnapro.com\/index.php\/wp-json\/wp\/v2\/types\/product"}],"replies":[{"embeddable":true,"href":"https:\/\/www.koupelnapro.com\/index.php\/wp-json\/wp\/v2\/comments?post=43177"}],"wp:featuredmedia":[{"embeddable":true,"href":"https:\/\/www.koupelnapro.com\/index.php\/wp-json\/wp\/v2\/media\/43277"}],"wp:attachment":[{"href":"https:\/\/www.koupelnapro.com\/index.php\/wp-json\/wp\/v2\/media?parent=43177"}],"wp:term":[{"taxonomy":"product_brand","embeddable":true,"href":"https:\/\/www.koupelnapro.com\/index.php\/wp-json\/wp\/v2\/product_brand?post=43177"},{"taxonomy":"product_cat","embeddable":true,"href":"https:\/\/www.koupelnapro.com\/index.php\/wp-json\/wp\/v2\/product_cat?post=43177"},{"taxonomy":"product_tag","embeddable":true,"href":"https:\/\/www.koupelnapro.com\/index.php\/wp-json\/wp\/v2\/product_tag?post=43177"}],"curies":[{"name":"wp","href":"https:\/\/api.w.org\/{rel}","templated":true}]}}