{"id":43169,"date":"2026-04-26T09:16:12","date_gmt":"2026-04-26T09:16:12","guid":{"rendered":""},"modified":"2026-04-26T09:16:12","modified_gmt":"2026-04-26T09:16:12","slug":"levny-odtokovy-sprchovy-zlab-rea-neox-pro-2v1-cerny-matny-43169","status":"publish","type":"product","link":"https:\/\/www.koupelnapro.com\/index.php\/produkt\/levny-odtokovy-sprchovy-zlab-rea-neox-pro-2v1-cerny-matny-43169\/","title":{"rendered":"Levn\u00fd Odtokov\u00fd sprchov\u00fd \u017elab REA NEOX PRO 2v1 &#8211; \u010dern\u00fd matn\u00fd"},"content":{"rendered":"<div class=\"tabs__content-outer\" id=\"tab_description\" data-hash=\"description\" data-tabindex=\"-1\">\n<div class=\"tabs__content toggle_description\" id=\"content_description\">\n<div class=\"wysiwyg-content\">\n<div class=\"product__tab product__description full-width\">\n<div class=\"container\">\n<div >\n<h3>Odtokov\u00fd sprchov\u00fd \u017elab REA NEOX PRO 2v1 &#8211; \u010dern\u00fd matn\u00fd<\/h3>\n<p><span>Odtokov\u00fd sprchov\u00fd \u017elab <strong>Neox 2v1<\/strong>\u00a0<strong>PRO<\/strong> je vyroben <strong>z nerezov\u00e9 oceli<\/strong>\u00a0AISI304 o tlou\u0161\u0165ce 1,2 mm s kryc\u00edm ro\u0161tem o s\u00edle 1,5 mm s \u010dernou matnou povrchovou \u00fapravou a nab\u00edz\u00ed <strong>dv\u011b mo\u017enosti jeho\u00a0<\/strong><\/span><span><strong>zabudov\u00e1n\u00ed<\/strong>: do \u017elabu snadno zabudujete dla\u017ebu, nebo m\u016f\u017eete svrchn\u00ed m\u0159\u00ed\u017eku oto\u010dit a z\u00edskat tak dekora\u010dn\u00ed ro\u0161t v \u010dern\u00e9m matn\u00e9m proveden\u00ed. <strong>Vynikaj\u00edc\u00ed \u0159e\u0161en\u00ed 2v1!<\/strong><\/span><\/p>\n<p><span><strong>Hlavn\u00ed p\u0159ednost\u00ed tohoto typu \u017elabu je jeho oto\u010dn\u00fd v\u00fdvod vody, kter\u00fd d\u00edky sv\u00e9 p\u0159izp\u016fsobivosti umo\u017e\u0148uje snaz\u0161\u00ed instalaci dle Va\u0161\u00ed pot\u0159eby.\u00a0<\/strong><\/span><\/p>\n<p><span>Kvalitn\u00ed materi\u00e1l zaru\u010duje pevnost konstrukce i p\u0159i velk\u00e9m zat\u00ed\u017een\u00ed. V\u00fdhodou na\u0161ich odtokov\u00fdch \u017elab\u016f je, \u017ee je lze namontovat do prostoru stejn\u011b jako ke zdi sprchov\u00e9ho koutu.<\/span><\/p>\n<p><span>Odtokov\u00e9 potrub\u00ed o pr\u016fm\u011bru 40\/50 mm s propustnost\u00ed sifonu 0,45 l\/s. Sifon je vybaven odn\u00edmateln\u00fdm filtrem na lap\u00e1n\u00ed ne\u010distot <span>a protiz\u00e1pachovou p\u0159ep\u00e1\u017ekou<\/span>. D\u00edky pou\u017eit\u00ed odtokov\u00e9ho sprchov\u00e9ho \u017elabu doc\u00edl\u00edte rychl\u00e9ho a hlavn\u011b elegantn\u00edho zp\u016fsobu odvodu vody z prostoru sprchov\u00e9ho koutu.<br \/><\/span><\/p>\n<div><span>\u0160\u00ed\u0159ka \u017elabu:\u00a070 mm<\/span><\/div>\n<div><span>\u0160\u00ed\u0159ka kryc\u00ed li\u0161ty: 50 mm<br \/>Mont\u00e1\u017en\u00ed hloubka: 55 &#8211; 65 mm<br \/>D\u00e9lka \u017elabu: dle v\u00fdb\u011bru<\/span> <\/div>\n<p>\u00a0<\/p>\n<p><strong>Obsah balen\u00ed:\u00a0<\/strong><\/p>\n<ul>\n<li>kryc\u00ed ro\u0161t 2v1\u00a0<\/li>\n<li>vymezovac\u00ed no\u017ei\u010dky ro\u0161tu\u00a0<\/li>\n<li>t\u011blo \u017elabu\u00a0<\/li>\n<li>oto\u010dn\u00fd sifon s filtrem ne\u010distot\u00a0<\/li>\n<li>redukce z 40mm v\u00fdtoku na 50mm trubku odpadu\u00a0<\/li>\n<li>v\u00fd\u0161kov\u011b staviteln\u00e9 no\u017ei\u010dky\u00a0<\/li>\n<li>hydroizola\u010dn\u00ed l\u00e1tka\u00a0<\/li>\n<li><span>n\u00e1vod k instalaci<\/span><\/li>\n<\/ul>\n<p>\u00a0<\/p>\n<\/div><\/div>\n<\/p><\/div>\n<\/p><\/div>\n<\/p><\/div>\n","protected":false},"excerpt":{"rendered":"<p>Odtokov\u00fd sprchov\u00fd \u017elab REA NEOX PRO 2v1 &#8211; \u010dern\u00fd matn\u00fd Odtokov\u00fd sprchov\u00fd \u017elab Neox 2v1\u00a0PRO je vyroben z nerezov\u00e9 oceli\u00a0AISI304 o tlou\u0161\u0165ce 1,2 mm s kryc\u00edm ro\u0161tem o s\u00edle 1,5 mm s \u010dernou matnou povrchovou \u00fapravou a nab\u00edz\u00ed dv\u011b mo\u017enosti jeho\u00a0zabudov\u00e1n\u00ed: do \u017elabu snadno zabudujete dla\u017ebu, nebo m\u016f\u017eete svrchn\u00ed m\u0159\u00ed\u017eku oto\u010dit a z\u00edskat tak dekora\u010dn\u00ed [&hellip;]<\/p>\n","protected":false},"featured_media":43269,"comment_status":"open","ping_status":"open","template":"","meta":[],"product_brand":[],"product_cat":[152],"product_tag":[],"class_list":{"0":"post-43169","1":"product","2":"type-product","3":"status-publish","4":"has-post-thumbnail","6":"product_cat-koupelna","8":"first","9":"instock","10":"sale","11":"shipping-taxable","12":"purchasable","13":"product-type-simple"},"yoast_head":"<!-- This site is optimized with the Yoast SEO plugin v26.8 - https:\/\/yoast.com\/product\/yoast-seo-wordpress\/ -->\n<title>Levn\u00fd Odtokov\u00fd sprchov\u00fd \u017elab REA NEOX PRO 2v1 - \u010dern\u00fd matn\u00fd -<\/title>\n<meta name=\"robots\" content=\"index, follow, max-snippet:-1, max-image-preview:large, max-video-preview:-1\" \/>\n<link rel=\"canonical\" href=\"https:\/\/www.koupelnapro.com\/index.php\/produkt\/levny-odtokovy-sprchovy-zlab-rea-neox-pro-2v1-cerny-matny-43169\/\" \/>\n<meta property=\"og:locale\" content=\"cs_CZ\" \/>\n<meta property=\"og:type\" content=\"article\" \/>\n<meta property=\"og:title\" content=\"Levn\u00fd Odtokov\u00fd sprchov\u00fd \u017elab REA NEOX PRO 2v1 - \u010dern\u00fd matn\u00fd -\" \/>\n<meta property=\"og:description\" content=\"Odtokov\u00fd sprchov\u00fd \u017elab REA NEOX PRO 2v1 &#8211; \u010dern\u00fd matn\u00fd Odtokov\u00fd sprchov\u00fd \u017elab Neox 2v1\u00a0PRO je vyroben z nerezov\u00e9 oceli\u00a0AISI304 o tlou\u0161\u0165ce 1,2 mm s kryc\u00edm ro\u0161tem o s\u00edle 1,5 mm s \u010dernou matnou povrchovou \u00fapravou a nab\u00edz\u00ed dv\u011b mo\u017enosti jeho\u00a0zabudov\u00e1n\u00ed: do \u017elabu snadno zabudujete dla\u017ebu, nebo m\u016f\u017eete svrchn\u00ed m\u0159\u00ed\u017eku oto\u010dit a z\u00edskat tak dekora\u010dn\u00ed [&hellip;]\" \/>\n<meta property=\"og:url\" content=\"https:\/\/www.koupelnapro.com\/index.php\/produkt\/levny-odtokovy-sprchovy-zlab-rea-neox-pro-2v1-cerny-matny-43169\/\" \/>\n<meta property=\"og:image\" content=\"https:\/\/www.koupelnapro.com\/wp-content\/uploads\/2026\/SK0002692-CZ20260425-093041-0-1777080643-odtokovy-sprchovy-zlab-rea-neox-pro-2v1-cerny-matny.webp\" \/>\n\t<meta property=\"og:image:width\" content=\"800\" \/>\n\t<meta property=\"og:image:height\" content=\"800\" \/>\n\t<meta property=\"og:image:type\" content=\"image\/webp\" \/>\n<meta name=\"twitter:card\" content=\"summary_large_image\" \/>\n<meta name=\"twitter:label1\" content=\"Odhadovan\u00e1 doba \u010dten\u00ed\" \/>\n\t<meta name=\"twitter:data1\" content=\"1 minuta\" \/>\n<script type=\"application\/ld+json\" class=\"yoast-schema-graph\">{\"@context\":\"https:\/\/schema.org\",\"@graph\":[{\"@type\":\"WebPage\",\"@id\":\"https:\/\/www.koupelnapro.com\/index.php\/produkt\/levny-odtokovy-sprchovy-zlab-rea-neox-pro-2v1-cerny-matny-43169\/\",\"url\":\"https:\/\/www.koupelnapro.com\/index.php\/produkt\/levny-odtokovy-sprchovy-zlab-rea-neox-pro-2v1-cerny-matny-43169\/\",\"name\":\"Levn\u00fd Odtokov\u00fd sprchov\u00fd \u017elab REA NEOX PRO 2v1 - \u010dern\u00fd matn\u00fd -\",\"isPartOf\":{\"@id\":\"https:\/\/www.koupelnapro.com\/#website\"},\"primaryImageOfPage\":{\"@id\":\"https:\/\/www.koupelnapro.com\/index.php\/produkt\/levny-odtokovy-sprchovy-zlab-rea-neox-pro-2v1-cerny-matny-43169\/#primaryimage\"},\"image\":{\"@id\":\"https:\/\/www.koupelnapro.com\/index.php\/produkt\/levny-odtokovy-sprchovy-zlab-rea-neox-pro-2v1-cerny-matny-43169\/#primaryimage\"},\"thumbnailUrl\":\"https:\/\/www.koupelnapro.com\/wp-content\/uploads\/2026\/SK0002692-CZ20260425-093041-0-1777080643-odtokovy-sprchovy-zlab-rea-neox-pro-2v1-cerny-matny.webp\",\"datePublished\":\"2026-04-26T09:16:12+00:00\",\"breadcrumb\":{\"@id\":\"https:\/\/www.koupelnapro.com\/index.php\/produkt\/levny-odtokovy-sprchovy-zlab-rea-neox-pro-2v1-cerny-matny-43169\/#breadcrumb\"},\"inLanguage\":\"cs\",\"potentialAction\":[{\"@type\":\"ReadAction\",\"target\":[\"https:\/\/www.koupelnapro.com\/index.php\/produkt\/levny-odtokovy-sprchovy-zlab-rea-neox-pro-2v1-cerny-matny-43169\/\"]}]},{\"@type\":\"ImageObject\",\"inLanguage\":\"cs\",\"@id\":\"https:\/\/www.koupelnapro.com\/index.php\/produkt\/levny-odtokovy-sprchovy-zlab-rea-neox-pro-2v1-cerny-matny-43169\/#primaryimage\",\"url\":\"https:\/\/www.koupelnapro.com\/wp-content\/uploads\/2026\/SK0002692-CZ20260425-093041-0-1777080643-odtokovy-sprchovy-zlab-rea-neox-pro-2v1-cerny-matny.webp\",\"contentUrl\":\"https:\/\/www.koupelnapro.com\/wp-content\/uploads\/2026\/SK0002692-CZ20260425-093041-0-1777080643-odtokovy-sprchovy-zlab-rea-neox-pro-2v1-cerny-matny.webp\",\"width\":800,\"height\":800},{\"@type\":\"BreadcrumbList\",\"@id\":\"https:\/\/www.koupelnapro.com\/index.php\/produkt\/levny-odtokovy-sprchovy-zlab-rea-neox-pro-2v1-cerny-matny-43169\/#breadcrumb\",\"itemListElement\":[{\"@type\":\"ListItem\",\"position\":1,\"name\":\"Home\",\"item\":\"https:\/\/www.koupelnapro.com\/\"},{\"@type\":\"ListItem\",\"position\":2,\"name\":\"Products\",\"item\":\"https:\/\/www.koupelnapro.com\/index.php\/products\/\"},{\"@type\":\"ListItem\",\"position\":3,\"name\":\"Levn\u00fd Odtokov\u00fd sprchov\u00fd \u017elab REA NEOX PRO 2v1 &#8211; \u010dern\u00fd matn\u00fd\"}]},{\"@type\":\"WebSite\",\"@id\":\"https:\/\/www.koupelnapro.com\/#website\",\"url\":\"https:\/\/www.koupelnapro.com\/\",\"name\":\"\",\"description\":\"\",\"potentialAction\":[{\"@type\":\"SearchAction\",\"target\":{\"@type\":\"EntryPoint\",\"urlTemplate\":\"https:\/\/www.koupelnapro.com\/?s={search_term_string}\"},\"query-input\":{\"@type\":\"PropertyValueSpecification\",\"valueRequired\":true,\"valueName\":\"search_term_string\"}}],\"inLanguage\":\"cs\"}]}<\/script>\n<!-- \/ Yoast SEO plugin. -->","yoast_head_json":{"title":"Levn\u00fd Odtokov\u00fd sprchov\u00fd \u017elab REA NEOX PRO 2v1 - \u010dern\u00fd matn\u00fd -","robots":{"index":"index","follow":"follow","max-snippet":"max-snippet:-1","max-image-preview":"max-image-preview:large","max-video-preview":"max-video-preview:-1"},"canonical":"https:\/\/www.koupelnapro.com\/index.php\/produkt\/levny-odtokovy-sprchovy-zlab-rea-neox-pro-2v1-cerny-matny-43169\/","og_locale":"cs_CZ","og_type":"article","og_title":"Levn\u00fd Odtokov\u00fd sprchov\u00fd \u017elab REA NEOX PRO 2v1 - \u010dern\u00fd matn\u00fd -","og_description":"Odtokov\u00fd sprchov\u00fd \u017elab REA NEOX PRO 2v1 &#8211; \u010dern\u00fd matn\u00fd Odtokov\u00fd sprchov\u00fd \u017elab Neox 2v1\u00a0PRO je vyroben z nerezov\u00e9 oceli\u00a0AISI304 o tlou\u0161\u0165ce 1,2 mm s kryc\u00edm ro\u0161tem o s\u00edle 1,5 mm s \u010dernou matnou povrchovou \u00fapravou a nab\u00edz\u00ed dv\u011b mo\u017enosti jeho\u00a0zabudov\u00e1n\u00ed: do \u017elabu snadno zabudujete dla\u017ebu, nebo m\u016f\u017eete svrchn\u00ed m\u0159\u00ed\u017eku oto\u010dit a z\u00edskat tak dekora\u010dn\u00ed [&hellip;]","og_url":"https:\/\/www.koupelnapro.com\/index.php\/produkt\/levny-odtokovy-sprchovy-zlab-rea-neox-pro-2v1-cerny-matny-43169\/","og_image":[{"width":800,"height":800,"url":"https:\/\/www.koupelnapro.com\/wp-content\/uploads\/2026\/SK0002692-CZ20260425-093041-0-1777080643-odtokovy-sprchovy-zlab-rea-neox-pro-2v1-cerny-matny.webp","type":"image\/webp"}],"twitter_card":"summary_large_image","twitter_misc":{"Odhadovan\u00e1 doba \u010dten\u00ed":"1 minuta"},"schema":{"@context":"https:\/\/schema.org","@graph":[{"@type":"WebPage","@id":"https:\/\/www.koupelnapro.com\/index.php\/produkt\/levny-odtokovy-sprchovy-zlab-rea-neox-pro-2v1-cerny-matny-43169\/","url":"https:\/\/www.koupelnapro.com\/index.php\/produkt\/levny-odtokovy-sprchovy-zlab-rea-neox-pro-2v1-cerny-matny-43169\/","name":"Levn\u00fd Odtokov\u00fd sprchov\u00fd \u017elab REA NEOX PRO 2v1 - \u010dern\u00fd matn\u00fd -","isPartOf":{"@id":"https:\/\/www.koupelnapro.com\/#website"},"primaryImageOfPage":{"@id":"https:\/\/www.koupelnapro.com\/index.php\/produkt\/levny-odtokovy-sprchovy-zlab-rea-neox-pro-2v1-cerny-matny-43169\/#primaryimage"},"image":{"@id":"https:\/\/www.koupelnapro.com\/index.php\/produkt\/levny-odtokovy-sprchovy-zlab-rea-neox-pro-2v1-cerny-matny-43169\/#primaryimage"},"thumbnailUrl":"https:\/\/www.koupelnapro.com\/wp-content\/uploads\/2026\/SK0002692-CZ20260425-093041-0-1777080643-odtokovy-sprchovy-zlab-rea-neox-pro-2v1-cerny-matny.webp","datePublished":"2026-04-26T09:16:12+00:00","breadcrumb":{"@id":"https:\/\/www.koupelnapro.com\/index.php\/produkt\/levny-odtokovy-sprchovy-zlab-rea-neox-pro-2v1-cerny-matny-43169\/#breadcrumb"},"inLanguage":"cs","potentialAction":[{"@type":"ReadAction","target":["https:\/\/www.koupelnapro.com\/index.php\/produkt\/levny-odtokovy-sprchovy-zlab-rea-neox-pro-2v1-cerny-matny-43169\/"]}]},{"@type":"ImageObject","inLanguage":"cs","@id":"https:\/\/www.koupelnapro.com\/index.php\/produkt\/levny-odtokovy-sprchovy-zlab-rea-neox-pro-2v1-cerny-matny-43169\/#primaryimage","url":"https:\/\/www.koupelnapro.com\/wp-content\/uploads\/2026\/SK0002692-CZ20260425-093041-0-1777080643-odtokovy-sprchovy-zlab-rea-neox-pro-2v1-cerny-matny.webp","contentUrl":"https:\/\/www.koupelnapro.com\/wp-content\/uploads\/2026\/SK0002692-CZ20260425-093041-0-1777080643-odtokovy-sprchovy-zlab-rea-neox-pro-2v1-cerny-matny.webp","width":800,"height":800},{"@type":"BreadcrumbList","@id":"https:\/\/www.koupelnapro.com\/index.php\/produkt\/levny-odtokovy-sprchovy-zlab-rea-neox-pro-2v1-cerny-matny-43169\/#breadcrumb","itemListElement":[{"@type":"ListItem","position":1,"name":"Home","item":"https:\/\/www.koupelnapro.com\/"},{"@type":"ListItem","position":2,"name":"Products","item":"https:\/\/www.koupelnapro.com\/index.php\/products\/"},{"@type":"ListItem","position":3,"name":"Levn\u00fd Odtokov\u00fd sprchov\u00fd \u017elab REA NEOX PRO 2v1 &#8211; \u010dern\u00fd matn\u00fd"}]},{"@type":"WebSite","@id":"https:\/\/www.koupelnapro.com\/#website","url":"https:\/\/www.koupelnapro.com\/","name":"","description":"","potentialAction":[{"@type":"SearchAction","target":{"@type":"EntryPoint","urlTemplate":"https:\/\/www.koupelnapro.com\/?s={search_term_string}"},"query-input":{"@type":"PropertyValueSpecification","valueRequired":true,"valueName":"search_term_string"}}],"inLanguage":"cs"}]}},"_links":{"self":[{"href":"https:\/\/www.koupelnapro.com\/index.php\/wp-json\/wp\/v2\/product\/43169","targetHints":{"allow":["GET"]}}],"collection":[{"href":"https:\/\/www.koupelnapro.com\/index.php\/wp-json\/wp\/v2\/product"}],"about":[{"href":"https:\/\/www.koupelnapro.com\/index.php\/wp-json\/wp\/v2\/types\/product"}],"replies":[{"embeddable":true,"href":"https:\/\/www.koupelnapro.com\/index.php\/wp-json\/wp\/v2\/comments?post=43169"}],"wp:featuredmedia":[{"embeddable":true,"href":"https:\/\/www.koupelnapro.com\/index.php\/wp-json\/wp\/v2\/media\/43269"}],"wp:attachment":[{"href":"https:\/\/www.koupelnapro.com\/index.php\/wp-json\/wp\/v2\/media?parent=43169"}],"wp:term":[{"taxonomy":"product_brand","embeddable":true,"href":"https:\/\/www.koupelnapro.com\/index.php\/wp-json\/wp\/v2\/product_brand?post=43169"},{"taxonomy":"product_cat","embeddable":true,"href":"https:\/\/www.koupelnapro.com\/index.php\/wp-json\/wp\/v2\/product_cat?post=43169"},{"taxonomy":"product_tag","embeddable":true,"href":"https:\/\/www.koupelnapro.com\/index.php\/wp-json\/wp\/v2\/product_tag?post=43169"}],"curies":[{"name":"wp","href":"https:\/\/api.w.org\/{rel}","templated":true}]}}