{"id":43163,"date":"2026-04-26T09:16:12","date_gmt":"2026-04-26T09:16:12","guid":{"rendered":""},"modified":"2026-04-26T09:16:12","modified_gmt":"2026-04-26T09:16:12","slug":"sprchova-kovova-tyc-s-drzakem-na-rucni-sprchu-destovou-hlavici-a-mydlo-mexen-x-95-cm-chromova-hadice-150-cm-79391-00-sezonni-sleva-43163","status":"publish","type":"product","link":"https:\/\/www.koupelnapro.com\/index.php\/produkt\/sprchova-kovova-tyc-s-drzakem-na-rucni-sprchu-destovou-hlavici-a-mydlo-mexen-x-95-cm-chromova-hadice-150-cm-79391-00-sezonni-sleva-43163\/","title":{"rendered":"Sprchov\u00e1 kovov\u00e1 ty\u010d s dr\u017e\u00e1kem na ru\u010dn\u00ed sprchu, de\u0161\u0165ovou hlavici a m\u00fddlo MEXEN X &#8211; 95 cm &#8211; chromov\u00e1 + hadice 150 cm, 79391-00 Sez\u00f3nn\u00ed Sleva"},"content":{"rendered":"<div class=\"tabs__content-outer\" id=\"tab_description\" data-hash=\"description\" data-tabindex=\"-1\">\n<div class=\"tabs__content toggle_description\" id=\"content_description\">\n<div class=\"wysiwyg-content\">\n<div class=\"product__tab product__description full-width\">\n<div class=\"container\">\n<div >\n<h3>Sprchov\u00e1 kovov\u00e1 ty\u010d s dr\u017e\u00e1kem na ru\u010dn\u00ed sprchu, de\u0161\u0165ovou hlavici a m\u00fddlo X &#8211; 95 cm &#8211; chromov\u00e1 + hadice 150 cm<\/h3>\n<p>Praktick\u00e1 a odoln\u00e1 sprchov\u00e1 ty\u010d X je vyrobena z kvalitn\u00ed nerezov\u00e9 oceli s posuvn\u00fdm dr\u017e\u00e1kem ru\u010dn\u00ed sprchy a dr\u017e\u00e1kem na m\u00fddlo z odoln\u00e9ho a st\u00e1l\u00e9ho ABS plastu. Konec sprchov\u00e9 ty\u010de je vybaven 1\/2&#8243; z\u00e1vitem na p\u0159ipevn\u011bn\u00ed de\u0161\u0165ov\u00e9 sprchy. Sou\u010d\u00e1st\u00ed balen\u00ed je 150cm hladk\u00e1 hadice s 1\/2&#8243; koncovkami pro p\u0159ipojen\u00ed vody.\u00a0<\/p>\n<p><span><strong>Parametry:<\/strong><\/span><\/p>\n<ul>\n<li>Materi\u00e1l: nerezov\u00e1 ocel, ABS plast<\/li>\n<li>Barva: chrom\u00a0<\/li>\n<li>V\u00fd\u0161ka: 95 cm\u00a0<\/li>\n<li>\u0160\u00ed\u0159ka ty\u010de: 22 mm\u00a0<\/li>\n<li>Vzd\u00e1lenost od st\u011bny: 40 cm\u00a0<\/li>\n<\/ul>\n<\/div><\/div>\n<\/p><\/div>\n<\/p><\/div>\n<\/p><\/div>\n","protected":false},"excerpt":{"rendered":"<p>Sprchov\u00e1 kovov\u00e1 ty\u010d s dr\u017e\u00e1kem na ru\u010dn\u00ed sprchu, de\u0161\u0165ovou hlavici a m\u00fddlo X &#8211; 95 cm &#8211; chromov\u00e1 + hadice 150 cm Praktick\u00e1 a odoln\u00e1 sprchov\u00e1 ty\u010d X je vyrobena z kvalitn\u00ed nerezov\u00e9 oceli s posuvn\u00fdm dr\u017e\u00e1kem ru\u010dn\u00ed sprchy a dr\u017e\u00e1kem na m\u00fddlo z odoln\u00e9ho a st\u00e1l\u00e9ho ABS plastu. Konec sprchov\u00e9 ty\u010de je vybaven 1\/2&#8243; [&hellip;]<\/p>\n","protected":false},"featured_media":43263,"comment_status":"open","ping_status":"open","template":"","meta":[],"product_brand":[],"product_cat":[152],"product_tag":[],"class_list":{"0":"post-43163","1":"product","2":"type-product","3":"status-publish","4":"has-post-thumbnail","6":"product_cat-koupelna","8":"first","9":"instock","10":"sale","11":"shipping-taxable","12":"purchasable","13":"product-type-simple"},"yoast_head":"<!-- This site is optimized with the Yoast SEO plugin v26.8 - https:\/\/yoast.com\/product\/yoast-seo-wordpress\/ -->\n<title>Sprchov\u00e1 kovov\u00e1 ty\u010d s dr\u017e\u00e1kem na ru\u010dn\u00ed sprchu, de\u0161\u0165ovou hlavici a m\u00fddlo MEXEN X - 95 cm - chromov\u00e1 + hadice 150 cm, 79391-00 Sez\u00f3nn\u00ed Sleva -<\/title>\n<meta name=\"robots\" content=\"index, follow, max-snippet:-1, max-image-preview:large, max-video-preview:-1\" \/>\n<link rel=\"canonical\" href=\"https:\/\/www.koupelnapro.com\/index.php\/produkt\/sprchova-kovova-tyc-s-drzakem-na-rucni-sprchu-destovou-hlavici-a-mydlo-mexen-x-95-cm-chromova-hadice-150-cm-79391-00-sezonni-sleva-43163\/\" \/>\n<meta property=\"og:locale\" content=\"cs_CZ\" \/>\n<meta property=\"og:type\" content=\"article\" \/>\n<meta property=\"og:title\" content=\"Sprchov\u00e1 kovov\u00e1 ty\u010d s dr\u017e\u00e1kem na ru\u010dn\u00ed sprchu, de\u0161\u0165ovou hlavici a m\u00fddlo MEXEN X - 95 cm - chromov\u00e1 + hadice 150 cm, 79391-00 Sez\u00f3nn\u00ed Sleva -\" \/>\n<meta property=\"og:description\" content=\"Sprchov\u00e1 kovov\u00e1 ty\u010d s dr\u017e\u00e1kem na ru\u010dn\u00ed sprchu, de\u0161\u0165ovou hlavici a m\u00fddlo X &#8211; 95 cm &#8211; chromov\u00e1 + hadice 150 cm Praktick\u00e1 a odoln\u00e1 sprchov\u00e1 ty\u010d X je vyrobena z kvalitn\u00ed nerezov\u00e9 oceli s posuvn\u00fdm dr\u017e\u00e1kem ru\u010dn\u00ed sprchy a dr\u017e\u00e1kem na m\u00fddlo z odoln\u00e9ho a st\u00e1l\u00e9ho ABS plastu. Konec sprchov\u00e9 ty\u010de je vybaven 1\/2&#8243; [&hellip;]\" \/>\n<meta property=\"og:url\" content=\"https:\/\/www.koupelnapro.com\/index.php\/produkt\/sprchova-kovova-tyc-s-drzakem-na-rucni-sprchu-destovou-hlavici-a-mydlo-mexen-x-95-cm-chromova-hadice-150-cm-79391-00-sezonni-sleva-43163\/\" \/>\n<meta property=\"og:image\" content=\"https:\/\/www.koupelnapro.com\/wp-content\/uploads\/2026\/SK0002686-CZ20260425-093041-0-1777080643-sprchova-kovova-tyc-s-drzakem-na-rucni-sprchu-destovou-hlav.webp\" \/>\n\t<meta property=\"og:image:width\" content=\"240\" \/>\n\t<meta property=\"og:image:height\" content=\"800\" \/>\n\t<meta property=\"og:image:type\" content=\"image\/webp\" \/>\n<meta name=\"twitter:card\" content=\"summary_large_image\" \/>\n<meta name=\"twitter:label1\" content=\"Odhadovan\u00e1 doba \u010dten\u00ed\" \/>\n\t<meta name=\"twitter:data1\" content=\"1 minuta\" \/>\n<script type=\"application\/ld+json\" class=\"yoast-schema-graph\">{\"@context\":\"https:\/\/schema.org\",\"@graph\":[{\"@type\":\"WebPage\",\"@id\":\"https:\/\/www.koupelnapro.com\/index.php\/produkt\/sprchova-kovova-tyc-s-drzakem-na-rucni-sprchu-destovou-hlavici-a-mydlo-mexen-x-95-cm-chromova-hadice-150-cm-79391-00-sezonni-sleva-43163\/\",\"url\":\"https:\/\/www.koupelnapro.com\/index.php\/produkt\/sprchova-kovova-tyc-s-drzakem-na-rucni-sprchu-destovou-hlavici-a-mydlo-mexen-x-95-cm-chromova-hadice-150-cm-79391-00-sezonni-sleva-43163\/\",\"name\":\"Sprchov\u00e1 kovov\u00e1 ty\u010d s dr\u017e\u00e1kem na ru\u010dn\u00ed sprchu, de\u0161\u0165ovou hlavici a m\u00fddlo MEXEN X - 95 cm - chromov\u00e1 + hadice 150 cm, 79391-00 Sez\u00f3nn\u00ed Sleva -\",\"isPartOf\":{\"@id\":\"https:\/\/www.koupelnapro.com\/#website\"},\"primaryImageOfPage\":{\"@id\":\"https:\/\/www.koupelnapro.com\/index.php\/produkt\/sprchova-kovova-tyc-s-drzakem-na-rucni-sprchu-destovou-hlavici-a-mydlo-mexen-x-95-cm-chromova-hadice-150-cm-79391-00-sezonni-sleva-43163\/#primaryimage\"},\"image\":{\"@id\":\"https:\/\/www.koupelnapro.com\/index.php\/produkt\/sprchova-kovova-tyc-s-drzakem-na-rucni-sprchu-destovou-hlavici-a-mydlo-mexen-x-95-cm-chromova-hadice-150-cm-79391-00-sezonni-sleva-43163\/#primaryimage\"},\"thumbnailUrl\":\"https:\/\/www.koupelnapro.com\/wp-content\/uploads\/2026\/SK0002686-CZ20260425-093041-0-1777080643-sprchova-kovova-tyc-s-drzakem-na-rucni-sprchu-destovou-hlav.webp\",\"datePublished\":\"2026-04-26T09:16:12+00:00\",\"breadcrumb\":{\"@id\":\"https:\/\/www.koupelnapro.com\/index.php\/produkt\/sprchova-kovova-tyc-s-drzakem-na-rucni-sprchu-destovou-hlavici-a-mydlo-mexen-x-95-cm-chromova-hadice-150-cm-79391-00-sezonni-sleva-43163\/#breadcrumb\"},\"inLanguage\":\"cs\",\"potentialAction\":[{\"@type\":\"ReadAction\",\"target\":[\"https:\/\/www.koupelnapro.com\/index.php\/produkt\/sprchova-kovova-tyc-s-drzakem-na-rucni-sprchu-destovou-hlavici-a-mydlo-mexen-x-95-cm-chromova-hadice-150-cm-79391-00-sezonni-sleva-43163\/\"]}]},{\"@type\":\"ImageObject\",\"inLanguage\":\"cs\",\"@id\":\"https:\/\/www.koupelnapro.com\/index.php\/produkt\/sprchova-kovova-tyc-s-drzakem-na-rucni-sprchu-destovou-hlavici-a-mydlo-mexen-x-95-cm-chromova-hadice-150-cm-79391-00-sezonni-sleva-43163\/#primaryimage\",\"url\":\"https:\/\/www.koupelnapro.com\/wp-content\/uploads\/2026\/SK0002686-CZ20260425-093041-0-1777080643-sprchova-kovova-tyc-s-drzakem-na-rucni-sprchu-destovou-hlav.webp\",\"contentUrl\":\"https:\/\/www.koupelnapro.com\/wp-content\/uploads\/2026\/SK0002686-CZ20260425-093041-0-1777080643-sprchova-kovova-tyc-s-drzakem-na-rucni-sprchu-destovou-hlav.webp\",\"width\":240,\"height\":800},{\"@type\":\"BreadcrumbList\",\"@id\":\"https:\/\/www.koupelnapro.com\/index.php\/produkt\/sprchova-kovova-tyc-s-drzakem-na-rucni-sprchu-destovou-hlavici-a-mydlo-mexen-x-95-cm-chromova-hadice-150-cm-79391-00-sezonni-sleva-43163\/#breadcrumb\",\"itemListElement\":[{\"@type\":\"ListItem\",\"position\":1,\"name\":\"Home\",\"item\":\"https:\/\/www.koupelnapro.com\/\"},{\"@type\":\"ListItem\",\"position\":2,\"name\":\"Products\",\"item\":\"https:\/\/www.koupelnapro.com\/index.php\/products\/\"},{\"@type\":\"ListItem\",\"position\":3,\"name\":\"Sprchov\u00e1 kovov\u00e1 ty\u010d s dr\u017e\u00e1kem na ru\u010dn\u00ed sprchu, de\u0161\u0165ovou hlavici a m\u00fddlo MEXEN X &#8211; 95 cm &#8211; chromov\u00e1 + hadice 150 cm, 79391-00 Sez\u00f3nn\u00ed Sleva\"}]},{\"@type\":\"WebSite\",\"@id\":\"https:\/\/www.koupelnapro.com\/#website\",\"url\":\"https:\/\/www.koupelnapro.com\/\",\"name\":\"\",\"description\":\"\",\"potentialAction\":[{\"@type\":\"SearchAction\",\"target\":{\"@type\":\"EntryPoint\",\"urlTemplate\":\"https:\/\/www.koupelnapro.com\/?s={search_term_string}\"},\"query-input\":{\"@type\":\"PropertyValueSpecification\",\"valueRequired\":true,\"valueName\":\"search_term_string\"}}],\"inLanguage\":\"cs\"}]}<\/script>\n<!-- \/ Yoast SEO plugin. -->","yoast_head_json":{"title":"Sprchov\u00e1 kovov\u00e1 ty\u010d s dr\u017e\u00e1kem na ru\u010dn\u00ed sprchu, de\u0161\u0165ovou hlavici a m\u00fddlo MEXEN X - 95 cm - chromov\u00e1 + hadice 150 cm, 79391-00 Sez\u00f3nn\u00ed Sleva -","robots":{"index":"index","follow":"follow","max-snippet":"max-snippet:-1","max-image-preview":"max-image-preview:large","max-video-preview":"max-video-preview:-1"},"canonical":"https:\/\/www.koupelnapro.com\/index.php\/produkt\/sprchova-kovova-tyc-s-drzakem-na-rucni-sprchu-destovou-hlavici-a-mydlo-mexen-x-95-cm-chromova-hadice-150-cm-79391-00-sezonni-sleva-43163\/","og_locale":"cs_CZ","og_type":"article","og_title":"Sprchov\u00e1 kovov\u00e1 ty\u010d s dr\u017e\u00e1kem na ru\u010dn\u00ed sprchu, de\u0161\u0165ovou hlavici a m\u00fddlo MEXEN X - 95 cm - chromov\u00e1 + hadice 150 cm, 79391-00 Sez\u00f3nn\u00ed Sleva -","og_description":"Sprchov\u00e1 kovov\u00e1 ty\u010d s dr\u017e\u00e1kem na ru\u010dn\u00ed sprchu, de\u0161\u0165ovou hlavici a m\u00fddlo X &#8211; 95 cm &#8211; chromov\u00e1 + hadice 150 cm Praktick\u00e1 a odoln\u00e1 sprchov\u00e1 ty\u010d X je vyrobena z kvalitn\u00ed nerezov\u00e9 oceli s posuvn\u00fdm dr\u017e\u00e1kem ru\u010dn\u00ed sprchy a dr\u017e\u00e1kem na m\u00fddlo z odoln\u00e9ho a st\u00e1l\u00e9ho ABS plastu. Konec sprchov\u00e9 ty\u010de je vybaven 1\/2&#8243; [&hellip;]","og_url":"https:\/\/www.koupelnapro.com\/index.php\/produkt\/sprchova-kovova-tyc-s-drzakem-na-rucni-sprchu-destovou-hlavici-a-mydlo-mexen-x-95-cm-chromova-hadice-150-cm-79391-00-sezonni-sleva-43163\/","og_image":[{"width":240,"height":800,"url":"https:\/\/www.koupelnapro.com\/wp-content\/uploads\/2026\/SK0002686-CZ20260425-093041-0-1777080643-sprchova-kovova-tyc-s-drzakem-na-rucni-sprchu-destovou-hlav.webp","type":"image\/webp"}],"twitter_card":"summary_large_image","twitter_misc":{"Odhadovan\u00e1 doba \u010dten\u00ed":"1 minuta"},"schema":{"@context":"https:\/\/schema.org","@graph":[{"@type":"WebPage","@id":"https:\/\/www.koupelnapro.com\/index.php\/produkt\/sprchova-kovova-tyc-s-drzakem-na-rucni-sprchu-destovou-hlavici-a-mydlo-mexen-x-95-cm-chromova-hadice-150-cm-79391-00-sezonni-sleva-43163\/","url":"https:\/\/www.koupelnapro.com\/index.php\/produkt\/sprchova-kovova-tyc-s-drzakem-na-rucni-sprchu-destovou-hlavici-a-mydlo-mexen-x-95-cm-chromova-hadice-150-cm-79391-00-sezonni-sleva-43163\/","name":"Sprchov\u00e1 kovov\u00e1 ty\u010d s dr\u017e\u00e1kem na ru\u010dn\u00ed sprchu, de\u0161\u0165ovou hlavici a m\u00fddlo MEXEN X - 95 cm - chromov\u00e1 + hadice 150 cm, 79391-00 Sez\u00f3nn\u00ed Sleva -","isPartOf":{"@id":"https:\/\/www.koupelnapro.com\/#website"},"primaryImageOfPage":{"@id":"https:\/\/www.koupelnapro.com\/index.php\/produkt\/sprchova-kovova-tyc-s-drzakem-na-rucni-sprchu-destovou-hlavici-a-mydlo-mexen-x-95-cm-chromova-hadice-150-cm-79391-00-sezonni-sleva-43163\/#primaryimage"},"image":{"@id":"https:\/\/www.koupelnapro.com\/index.php\/produkt\/sprchova-kovova-tyc-s-drzakem-na-rucni-sprchu-destovou-hlavici-a-mydlo-mexen-x-95-cm-chromova-hadice-150-cm-79391-00-sezonni-sleva-43163\/#primaryimage"},"thumbnailUrl":"https:\/\/www.koupelnapro.com\/wp-content\/uploads\/2026\/SK0002686-CZ20260425-093041-0-1777080643-sprchova-kovova-tyc-s-drzakem-na-rucni-sprchu-destovou-hlav.webp","datePublished":"2026-04-26T09:16:12+00:00","breadcrumb":{"@id":"https:\/\/www.koupelnapro.com\/index.php\/produkt\/sprchova-kovova-tyc-s-drzakem-na-rucni-sprchu-destovou-hlavici-a-mydlo-mexen-x-95-cm-chromova-hadice-150-cm-79391-00-sezonni-sleva-43163\/#breadcrumb"},"inLanguage":"cs","potentialAction":[{"@type":"ReadAction","target":["https:\/\/www.koupelnapro.com\/index.php\/produkt\/sprchova-kovova-tyc-s-drzakem-na-rucni-sprchu-destovou-hlavici-a-mydlo-mexen-x-95-cm-chromova-hadice-150-cm-79391-00-sezonni-sleva-43163\/"]}]},{"@type":"ImageObject","inLanguage":"cs","@id":"https:\/\/www.koupelnapro.com\/index.php\/produkt\/sprchova-kovova-tyc-s-drzakem-na-rucni-sprchu-destovou-hlavici-a-mydlo-mexen-x-95-cm-chromova-hadice-150-cm-79391-00-sezonni-sleva-43163\/#primaryimage","url":"https:\/\/www.koupelnapro.com\/wp-content\/uploads\/2026\/SK0002686-CZ20260425-093041-0-1777080643-sprchova-kovova-tyc-s-drzakem-na-rucni-sprchu-destovou-hlav.webp","contentUrl":"https:\/\/www.koupelnapro.com\/wp-content\/uploads\/2026\/SK0002686-CZ20260425-093041-0-1777080643-sprchova-kovova-tyc-s-drzakem-na-rucni-sprchu-destovou-hlav.webp","width":240,"height":800},{"@type":"BreadcrumbList","@id":"https:\/\/www.koupelnapro.com\/index.php\/produkt\/sprchova-kovova-tyc-s-drzakem-na-rucni-sprchu-destovou-hlavici-a-mydlo-mexen-x-95-cm-chromova-hadice-150-cm-79391-00-sezonni-sleva-43163\/#breadcrumb","itemListElement":[{"@type":"ListItem","position":1,"name":"Home","item":"https:\/\/www.koupelnapro.com\/"},{"@type":"ListItem","position":2,"name":"Products","item":"https:\/\/www.koupelnapro.com\/index.php\/products\/"},{"@type":"ListItem","position":3,"name":"Sprchov\u00e1 kovov\u00e1 ty\u010d s dr\u017e\u00e1kem na ru\u010dn\u00ed sprchu, de\u0161\u0165ovou hlavici a m\u00fddlo MEXEN X &#8211; 95 cm &#8211; chromov\u00e1 + hadice 150 cm, 79391-00 Sez\u00f3nn\u00ed Sleva"}]},{"@type":"WebSite","@id":"https:\/\/www.koupelnapro.com\/#website","url":"https:\/\/www.koupelnapro.com\/","name":"","description":"","potentialAction":[{"@type":"SearchAction","target":{"@type":"EntryPoint","urlTemplate":"https:\/\/www.koupelnapro.com\/?s={search_term_string}"},"query-input":{"@type":"PropertyValueSpecification","valueRequired":true,"valueName":"search_term_string"}}],"inLanguage":"cs"}]}},"_links":{"self":[{"href":"https:\/\/www.koupelnapro.com\/index.php\/wp-json\/wp\/v2\/product\/43163","targetHints":{"allow":["GET"]}}],"collection":[{"href":"https:\/\/www.koupelnapro.com\/index.php\/wp-json\/wp\/v2\/product"}],"about":[{"href":"https:\/\/www.koupelnapro.com\/index.php\/wp-json\/wp\/v2\/types\/product"}],"replies":[{"embeddable":true,"href":"https:\/\/www.koupelnapro.com\/index.php\/wp-json\/wp\/v2\/comments?post=43163"}],"wp:featuredmedia":[{"embeddable":true,"href":"https:\/\/www.koupelnapro.com\/index.php\/wp-json\/wp\/v2\/media\/43263"}],"wp:attachment":[{"href":"https:\/\/www.koupelnapro.com\/index.php\/wp-json\/wp\/v2\/media?parent=43163"}],"wp:term":[{"taxonomy":"product_brand","embeddable":true,"href":"https:\/\/www.koupelnapro.com\/index.php\/wp-json\/wp\/v2\/product_brand?post=43163"},{"taxonomy":"product_cat","embeddable":true,"href":"https:\/\/www.koupelnapro.com\/index.php\/wp-json\/wp\/v2\/product_cat?post=43163"},{"taxonomy":"product_tag","embeddable":true,"href":"https:\/\/www.koupelnapro.com\/index.php\/wp-json\/wp\/v2\/product_tag?post=43163"}],"curies":[{"name":"wp","href":"https:\/\/api.w.org\/{rel}","templated":true}]}}