{"id":42584,"date":"2026-04-26T09:16:09","date_gmt":"2026-04-26T09:16:09","guid":{"rendered":""},"modified":"2026-04-26T09:16:09","modified_gmt":"2026-04-26T09:16:09","slug":"aktualni-topna-tyc-burgh2-elektricka-topna-tyc-600w-chrom-krouceny-kabel-42584","status":"publish","type":"product","link":"https:\/\/www.koupelnapro.com\/index.php\/produkt\/aktualni-topna-tyc-burgh2-elektricka-topna-tyc-600w-chrom-krouceny-kabel-42584\/","title":{"rendered":"Aktu\u00e1ln\u00ed Topn\u00e1 ty\u010d BURGH2 &#8211; elektrick\u00e1 topn\u00e1 ty\u010d, 600W, chrom, kroucen\u00fd kabel"},"content":{"rendered":"<div class=\"tab-pane\" id=\"popis\" role=\"tabpanel\">\n<div class=\"description-box\">\n<h3><strong>BURGH1<\/strong><\/h3>\n<p>V\u00fdjime\u010dn\u00fd design pro Va\u0161i koupelnu nab\u00edz\u00ed elektrick\u00e1 ty\u010d se skryt\u00fdm p\u0159ipojen\u00edm <strong>BURGH1<\/strong>.<\/p>\n<p>Ojedin\u011bl\u00e9 je spojen\u00ed el. kabelu p\u0159\u00edmo na konstrukci ty\u010de, kter\u00e9 je elegantn\u011b zakryt\u00e9 rozetou a\u017e ke zdi.<\/p>\n<p>D\u00edky skryt\u00e9mu kabelu el. topn\u00e1 ty\u010d BURGH1 nenaru\u0161uje celkov\u00fd design m\u00edstnosti.<\/p>\n<p>Nedoporu\u010dujeme pou\u017e\u00edt elektrickou ty\u010d BURGH1 do horizont\u00e1ln\u00edch radi\u00e1tor\u016f.\u00a0<\/p>\n<h3><strong>BURGH2<\/strong><\/h3>\n<p>Topn\u00e1 ty\u010d BURGH2 m\u00e1 kroucen\u00fd p\u0159ipojovac\u00ed kabel, kter\u00fd je ukon\u010den\u00fd z\u00e1str\u010dkou.<\/p>\n<p>Nedoporu\u010dujeme pou\u017e\u00edt elektrickou ty\u010d BURGH2 do horizont\u00e1ln\u00edch radi\u00e1tor\u016f.\u00a0<\/p>\n<p>Nelze zkracovat elektrick\u00fd kabel.\u00a0<\/p>\n<h3>BURGH2RK<\/h3>\n<p>Topn\u00e1 ty\u010d BURGH2RK m\u00e1 rovn\u00fd p\u0159ipojovac\u00ed kabel, kter\u00fd NEN\u00cd ukon\u010den\u00fd z\u00e1str\u010dkou.<\/p>\n<p>Nedoporu\u010dujeme pou\u017e\u00edt elektrickou ty\u010d BURGH2RK do horizont\u00e1ln\u00edch radi\u00e1tor\u016f.\u00a0<\/p>\n<p>Elektrick\u00e1 topn\u00e1 ty\u010d m\u00e1 rovn\u00fd kabel, kter\u00fd m\u016f\u017eete zkracovat. Kabel lze instalovat p\u0159\u00edmo do zdi nebo do z\u00e1suvky, pokud ho dokompletujete z\u00e1str\u010dkou, kter\u00e1 nen\u00ed sou\u010d\u00e1st\u00ed dod\u00e1vky.<\/p>\n<\/p>\n<h3><strong>Funkce elektrick\u00e9 topn\u00e9 ty\u010de BURGH<\/strong><\/h3>\n<ul>\n<li>reaguje na teplotu topn\u00e9ho m\u00e9dia v radi\u00e1toru, regulace 30-60 \u00b0C<\/li>\n<li>inteligentn\u00ed elektronika sni\u017euje spot\u0159ebu energie<\/li>\n<li>ANTIFREEZE zabra\u0148uje zamrznut\u00ed topn\u00e9ho m\u00e9dia<\/li>\n<li>2h \u010dasova\u010d I\u00a0 \u00a0\u2013 provoz na maxim\u00e1ln\u00ed v\u00fdkon ty\u010de po dobu 2 hodin s automatick\u00fdm vypnut\u00edm<\/li>\n<li>2h \u010dasova\u010d II &#8211; provoz na maxim\u00e1ln\u00ed v\u00fdkon ty\u010de po dobu 2 hodin s automatick\u00fdm vr\u00e1cen\u00edm na p\u016fvodn\u00ed nastaven\u00ed<\/li>\n<li>IPx44\u00a0<\/li>\n<\/ul>\n<h3><strong>Z\u00e1ruka 2 roky<\/strong><\/h3>\n<\/p>\n<\/div><\/div>\n<div class=\"tab-pane parameter-52444F4854323630303032263D30263D53543031\" id=\"parametry\" role=\"tabpanel\">\n","protected":false},"excerpt":{"rendered":"<p>BURGH1 V\u00fdjime\u010dn\u00fd design pro Va\u0161i koupelnu nab\u00edz\u00ed elektrick\u00e1 ty\u010d se skryt\u00fdm p\u0159ipojen\u00edm BURGH1. Ojedin\u011bl\u00e9 je spojen\u00ed el. kabelu p\u0159\u00edmo na konstrukci ty\u010de, kter\u00e9 je elegantn\u011b zakryt\u00e9 rozetou a\u017e ke zdi. D\u00edky skryt\u00e9mu kabelu el. topn\u00e1 ty\u010d BURGH1 nenaru\u0161uje celkov\u00fd design m\u00edstnosti. Nedoporu\u010dujeme pou\u017e\u00edt elektrickou ty\u010d BURGH1 do horizont\u00e1ln\u00edch radi\u00e1tor\u016f.\u00a0 BURGH2 Topn\u00e1 ty\u010d BURGH2 m\u00e1 kroucen\u00fd [&hellip;]<\/p>\n","protected":false},"featured_media":42684,"comment_status":"open","ping_status":"open","template":"","meta":[],"product_brand":[],"product_cat":[151],"product_tag":[],"class_list":{"0":"post-42584","1":"product","2":"type-product","3":"status-publish","4":"has-post-thumbnail","6":"product_cat-prislusenstvi-k-radiatorum","8":"first","9":"instock","10":"sale","11":"shipping-taxable","12":"purchasable","13":"product-type-simple"},"yoast_head":"<!-- This site is optimized with the Yoast SEO plugin v26.8 - https:\/\/yoast.com\/product\/yoast-seo-wordpress\/ -->\n<title>Aktu\u00e1ln\u00ed Topn\u00e1 ty\u010d BURGH2 - elektrick\u00e1 topn\u00e1 ty\u010d, 600W, chrom, kroucen\u00fd kabel -<\/title>\n<meta name=\"robots\" content=\"index, follow, max-snippet:-1, max-image-preview:large, max-video-preview:-1\" \/>\n<link rel=\"canonical\" href=\"https:\/\/www.koupelnapro.com\/index.php\/produkt\/aktualni-topna-tyc-burgh2-elektricka-topna-tyc-600w-chrom-krouceny-kabel-42584\/\" \/>\n<meta property=\"og:locale\" content=\"cs_CZ\" \/>\n<meta property=\"og:type\" content=\"article\" \/>\n<meta property=\"og:title\" content=\"Aktu\u00e1ln\u00ed Topn\u00e1 ty\u010d BURGH2 - elektrick\u00e1 topn\u00e1 ty\u010d, 600W, chrom, kroucen\u00fd kabel -\" \/>\n<meta property=\"og:description\" content=\"BURGH1 V\u00fdjime\u010dn\u00fd design pro Va\u0161i koupelnu nab\u00edz\u00ed elektrick\u00e1 ty\u010d se skryt\u00fdm p\u0159ipojen\u00edm BURGH1. Ojedin\u011bl\u00e9 je spojen\u00ed el. kabelu p\u0159\u00edmo na konstrukci ty\u010de, kter\u00e9 je elegantn\u011b zakryt\u00e9 rozetou a\u017e ke zdi. D\u00edky skryt\u00e9mu kabelu el. topn\u00e1 ty\u010d BURGH1 nenaru\u0161uje celkov\u00fd design m\u00edstnosti. Nedoporu\u010dujeme pou\u017e\u00edt elektrickou ty\u010d BURGH1 do horizont\u00e1ln\u00edch radi\u00e1tor\u016f.\u00a0 BURGH2 Topn\u00e1 ty\u010d BURGH2 m\u00e1 kroucen\u00fd [&hellip;]\" \/>\n<meta property=\"og:url\" content=\"https:\/\/www.koupelnapro.com\/index.php\/produkt\/aktualni-topna-tyc-burgh2-elektricka-topna-tyc-600w-chrom-krouceny-kabel-42584\/\" \/>\n<meta property=\"og:image\" content=\"https:\/\/www.koupelnapro.com\/wp-content\/uploads\/2026\/SK0004643-CZ20260425-092706-0-1777080427-c4581756da4b75581a106ef00e9bb643_1_1024x768.webp\" \/>\n\t<meta property=\"og:image:width\" content=\"1000\" \/>\n\t<meta property=\"og:image:height\" content=\"750\" \/>\n\t<meta property=\"og:image:type\" content=\"image\/webp\" \/>\n<meta name=\"twitter:card\" content=\"summary_large_image\" \/>\n<meta name=\"twitter:label1\" content=\"Odhadovan\u00e1 doba \u010dten\u00ed\" \/>\n\t<meta name=\"twitter:data1\" content=\"1 minuta\" \/>\n<script type=\"application\/ld+json\" class=\"yoast-schema-graph\">{\"@context\":\"https:\/\/schema.org\",\"@graph\":[{\"@type\":\"WebPage\",\"@id\":\"https:\/\/www.koupelnapro.com\/index.php\/produkt\/aktualni-topna-tyc-burgh2-elektricka-topna-tyc-600w-chrom-krouceny-kabel-42584\/\",\"url\":\"https:\/\/www.koupelnapro.com\/index.php\/produkt\/aktualni-topna-tyc-burgh2-elektricka-topna-tyc-600w-chrom-krouceny-kabel-42584\/\",\"name\":\"Aktu\u00e1ln\u00ed Topn\u00e1 ty\u010d BURGH2 - elektrick\u00e1 topn\u00e1 ty\u010d, 600W, chrom, kroucen\u00fd kabel -\",\"isPartOf\":{\"@id\":\"https:\/\/www.koupelnapro.com\/#website\"},\"primaryImageOfPage\":{\"@id\":\"https:\/\/www.koupelnapro.com\/index.php\/produkt\/aktualni-topna-tyc-burgh2-elektricka-topna-tyc-600w-chrom-krouceny-kabel-42584\/#primaryimage\"},\"image\":{\"@id\":\"https:\/\/www.koupelnapro.com\/index.php\/produkt\/aktualni-topna-tyc-burgh2-elektricka-topna-tyc-600w-chrom-krouceny-kabel-42584\/#primaryimage\"},\"thumbnailUrl\":\"https:\/\/www.koupelnapro.com\/wp-content\/uploads\/2026\/SK0004643-CZ20260425-092706-0-1777080427-c4581756da4b75581a106ef00e9bb643_1_1024x768.webp\",\"datePublished\":\"2026-04-26T09:16:09+00:00\",\"breadcrumb\":{\"@id\":\"https:\/\/www.koupelnapro.com\/index.php\/produkt\/aktualni-topna-tyc-burgh2-elektricka-topna-tyc-600w-chrom-krouceny-kabel-42584\/#breadcrumb\"},\"inLanguage\":\"cs\",\"potentialAction\":[{\"@type\":\"ReadAction\",\"target\":[\"https:\/\/www.koupelnapro.com\/index.php\/produkt\/aktualni-topna-tyc-burgh2-elektricka-topna-tyc-600w-chrom-krouceny-kabel-42584\/\"]}]},{\"@type\":\"ImageObject\",\"inLanguage\":\"cs\",\"@id\":\"https:\/\/www.koupelnapro.com\/index.php\/produkt\/aktualni-topna-tyc-burgh2-elektricka-topna-tyc-600w-chrom-krouceny-kabel-42584\/#primaryimage\",\"url\":\"https:\/\/www.koupelnapro.com\/wp-content\/uploads\/2026\/SK0004643-CZ20260425-092706-0-1777080427-c4581756da4b75581a106ef00e9bb643_1_1024x768.webp\",\"contentUrl\":\"https:\/\/www.koupelnapro.com\/wp-content\/uploads\/2026\/SK0004643-CZ20260425-092706-0-1777080427-c4581756da4b75581a106ef00e9bb643_1_1024x768.webp\",\"width\":1000,\"height\":750},{\"@type\":\"BreadcrumbList\",\"@id\":\"https:\/\/www.koupelnapro.com\/index.php\/produkt\/aktualni-topna-tyc-burgh2-elektricka-topna-tyc-600w-chrom-krouceny-kabel-42584\/#breadcrumb\",\"itemListElement\":[{\"@type\":\"ListItem\",\"position\":1,\"name\":\"Home\",\"item\":\"https:\/\/www.koupelnapro.com\/\"},{\"@type\":\"ListItem\",\"position\":2,\"name\":\"Products\",\"item\":\"https:\/\/www.koupelnapro.com\/index.php\/products\/\"},{\"@type\":\"ListItem\",\"position\":3,\"name\":\"Aktu\u00e1ln\u00ed Topn\u00e1 ty\u010d BURGH2 &#8211; elektrick\u00e1 topn\u00e1 ty\u010d, 600W, chrom, kroucen\u00fd kabel\"}]},{\"@type\":\"WebSite\",\"@id\":\"https:\/\/www.koupelnapro.com\/#website\",\"url\":\"https:\/\/www.koupelnapro.com\/\",\"name\":\"\",\"description\":\"\",\"potentialAction\":[{\"@type\":\"SearchAction\",\"target\":{\"@type\":\"EntryPoint\",\"urlTemplate\":\"https:\/\/www.koupelnapro.com\/?s={search_term_string}\"},\"query-input\":{\"@type\":\"PropertyValueSpecification\",\"valueRequired\":true,\"valueName\":\"search_term_string\"}}],\"inLanguage\":\"cs\"}]}<\/script>\n<!-- \/ Yoast SEO plugin. -->","yoast_head_json":{"title":"Aktu\u00e1ln\u00ed Topn\u00e1 ty\u010d BURGH2 - elektrick\u00e1 topn\u00e1 ty\u010d, 600W, chrom, kroucen\u00fd kabel -","robots":{"index":"index","follow":"follow","max-snippet":"max-snippet:-1","max-image-preview":"max-image-preview:large","max-video-preview":"max-video-preview:-1"},"canonical":"https:\/\/www.koupelnapro.com\/index.php\/produkt\/aktualni-topna-tyc-burgh2-elektricka-topna-tyc-600w-chrom-krouceny-kabel-42584\/","og_locale":"cs_CZ","og_type":"article","og_title":"Aktu\u00e1ln\u00ed Topn\u00e1 ty\u010d BURGH2 - elektrick\u00e1 topn\u00e1 ty\u010d, 600W, chrom, kroucen\u00fd kabel -","og_description":"BURGH1 V\u00fdjime\u010dn\u00fd design pro Va\u0161i koupelnu nab\u00edz\u00ed elektrick\u00e1 ty\u010d se skryt\u00fdm p\u0159ipojen\u00edm BURGH1. Ojedin\u011bl\u00e9 je spojen\u00ed el. kabelu p\u0159\u00edmo na konstrukci ty\u010de, kter\u00e9 je elegantn\u011b zakryt\u00e9 rozetou a\u017e ke zdi. D\u00edky skryt\u00e9mu kabelu el. topn\u00e1 ty\u010d BURGH1 nenaru\u0161uje celkov\u00fd design m\u00edstnosti. Nedoporu\u010dujeme pou\u017e\u00edt elektrickou ty\u010d BURGH1 do horizont\u00e1ln\u00edch radi\u00e1tor\u016f.\u00a0 BURGH2 Topn\u00e1 ty\u010d BURGH2 m\u00e1 kroucen\u00fd [&hellip;]","og_url":"https:\/\/www.koupelnapro.com\/index.php\/produkt\/aktualni-topna-tyc-burgh2-elektricka-topna-tyc-600w-chrom-krouceny-kabel-42584\/","og_image":[{"width":1000,"height":750,"url":"https:\/\/www.koupelnapro.com\/wp-content\/uploads\/2026\/SK0004643-CZ20260425-092706-0-1777080427-c4581756da4b75581a106ef00e9bb643_1_1024x768.webp","type":"image\/webp"}],"twitter_card":"summary_large_image","twitter_misc":{"Odhadovan\u00e1 doba \u010dten\u00ed":"1 minuta"},"schema":{"@context":"https:\/\/schema.org","@graph":[{"@type":"WebPage","@id":"https:\/\/www.koupelnapro.com\/index.php\/produkt\/aktualni-topna-tyc-burgh2-elektricka-topna-tyc-600w-chrom-krouceny-kabel-42584\/","url":"https:\/\/www.koupelnapro.com\/index.php\/produkt\/aktualni-topna-tyc-burgh2-elektricka-topna-tyc-600w-chrom-krouceny-kabel-42584\/","name":"Aktu\u00e1ln\u00ed Topn\u00e1 ty\u010d BURGH2 - elektrick\u00e1 topn\u00e1 ty\u010d, 600W, chrom, kroucen\u00fd kabel -","isPartOf":{"@id":"https:\/\/www.koupelnapro.com\/#website"},"primaryImageOfPage":{"@id":"https:\/\/www.koupelnapro.com\/index.php\/produkt\/aktualni-topna-tyc-burgh2-elektricka-topna-tyc-600w-chrom-krouceny-kabel-42584\/#primaryimage"},"image":{"@id":"https:\/\/www.koupelnapro.com\/index.php\/produkt\/aktualni-topna-tyc-burgh2-elektricka-topna-tyc-600w-chrom-krouceny-kabel-42584\/#primaryimage"},"thumbnailUrl":"https:\/\/www.koupelnapro.com\/wp-content\/uploads\/2026\/SK0004643-CZ20260425-092706-0-1777080427-c4581756da4b75581a106ef00e9bb643_1_1024x768.webp","datePublished":"2026-04-26T09:16:09+00:00","breadcrumb":{"@id":"https:\/\/www.koupelnapro.com\/index.php\/produkt\/aktualni-topna-tyc-burgh2-elektricka-topna-tyc-600w-chrom-krouceny-kabel-42584\/#breadcrumb"},"inLanguage":"cs","potentialAction":[{"@type":"ReadAction","target":["https:\/\/www.koupelnapro.com\/index.php\/produkt\/aktualni-topna-tyc-burgh2-elektricka-topna-tyc-600w-chrom-krouceny-kabel-42584\/"]}]},{"@type":"ImageObject","inLanguage":"cs","@id":"https:\/\/www.koupelnapro.com\/index.php\/produkt\/aktualni-topna-tyc-burgh2-elektricka-topna-tyc-600w-chrom-krouceny-kabel-42584\/#primaryimage","url":"https:\/\/www.koupelnapro.com\/wp-content\/uploads\/2026\/SK0004643-CZ20260425-092706-0-1777080427-c4581756da4b75581a106ef00e9bb643_1_1024x768.webp","contentUrl":"https:\/\/www.koupelnapro.com\/wp-content\/uploads\/2026\/SK0004643-CZ20260425-092706-0-1777080427-c4581756da4b75581a106ef00e9bb643_1_1024x768.webp","width":1000,"height":750},{"@type":"BreadcrumbList","@id":"https:\/\/www.koupelnapro.com\/index.php\/produkt\/aktualni-topna-tyc-burgh2-elektricka-topna-tyc-600w-chrom-krouceny-kabel-42584\/#breadcrumb","itemListElement":[{"@type":"ListItem","position":1,"name":"Home","item":"https:\/\/www.koupelnapro.com\/"},{"@type":"ListItem","position":2,"name":"Products","item":"https:\/\/www.koupelnapro.com\/index.php\/products\/"},{"@type":"ListItem","position":3,"name":"Aktu\u00e1ln\u00ed Topn\u00e1 ty\u010d BURGH2 &#8211; elektrick\u00e1 topn\u00e1 ty\u010d, 600W, chrom, kroucen\u00fd kabel"}]},{"@type":"WebSite","@id":"https:\/\/www.koupelnapro.com\/#website","url":"https:\/\/www.koupelnapro.com\/","name":"","description":"","potentialAction":[{"@type":"SearchAction","target":{"@type":"EntryPoint","urlTemplate":"https:\/\/www.koupelnapro.com\/?s={search_term_string}"},"query-input":{"@type":"PropertyValueSpecification","valueRequired":true,"valueName":"search_term_string"}}],"inLanguage":"cs"}]}},"_links":{"self":[{"href":"https:\/\/www.koupelnapro.com\/index.php\/wp-json\/wp\/v2\/product\/42584","targetHints":{"allow":["GET"]}}],"collection":[{"href":"https:\/\/www.koupelnapro.com\/index.php\/wp-json\/wp\/v2\/product"}],"about":[{"href":"https:\/\/www.koupelnapro.com\/index.php\/wp-json\/wp\/v2\/types\/product"}],"replies":[{"embeddable":true,"href":"https:\/\/www.koupelnapro.com\/index.php\/wp-json\/wp\/v2\/comments?post=42584"}],"wp:featuredmedia":[{"embeddable":true,"href":"https:\/\/www.koupelnapro.com\/index.php\/wp-json\/wp\/v2\/media\/42684"}],"wp:attachment":[{"href":"https:\/\/www.koupelnapro.com\/index.php\/wp-json\/wp\/v2\/media?parent=42584"}],"wp:term":[{"taxonomy":"product_brand","embeddable":true,"href":"https:\/\/www.koupelnapro.com\/index.php\/wp-json\/wp\/v2\/product_brand?post=42584"},{"taxonomy":"product_cat","embeddable":true,"href":"https:\/\/www.koupelnapro.com\/index.php\/wp-json\/wp\/v2\/product_cat?post=42584"},{"taxonomy":"product_tag","embeddable":true,"href":"https:\/\/www.koupelnapro.com\/index.php\/wp-json\/wp\/v2\/product_tag?post=42584"}],"curies":[{"name":"wp","href":"https:\/\/api.w.org\/{rel}","templated":true}]}}