{"id":39783,"date":"2026-04-26T09:15:55","date_gmt":"2026-04-26T09:15:55","guid":{"rendered":""},"modified":"2026-04-26T09:15:55","modified_gmt":"2026-04-26T09:15:55","slug":"novaservis-metalia-55-vanova-panelakova-baterie-100-mm-chrom-55075-0-vraceni-zdarma-39783","status":"publish","type":"product","link":"https:\/\/www.koupelnapro.com\/index.php\/produkt\/novaservis-metalia-55-vanova-panelakova-baterie-100-mm-chrom-55075-0-vraceni-zdarma-39783\/","title":{"rendered":"Novaservis Metalia 55 Vanov\u00e1 panel\u00e1kov\u00e1 baterie 100 mm chrom 55075,0 Vr\u00e1cen\u00ed Zdarma"},"content":{"rendered":"<div class=\"ProductDetail-content NoFixImageContainer\" id=\"productDescription\">\n<div class=\"Heading\">\n<h2 class=\"Heading-title\">Popis produktu <span class=''>Novaservis Metalia 55 Vanov\u00e1 panel\u00e1kov\u00e1 baterie 100 mm chrom 55075,0<\/span><\/h2>\n<\/p><\/div>\n<div class=\"ProductDetailContent\">                                                                    <\/div>\n<div class=\"ProductDetailContent\">\n<div class=\"ProductDetailContent-item\">                                            Kvalitn\u00ed a odoln\u00e1 keramick\u00e1 kartu\u0161e KEROX 35 mm <b>s\u00a0prodlou\u017eenou z\u00e1rukou\u00a07\u00a0let<\/b>. Prvot\u0159\u00eddn\u00ed chromov\u00e9 proveden\u00ed. Panel\u00e1kov\u00e1 n\u00e1st\u011bnn\u00e1 vanov\u00e1 baterie s rozte\u010d\u00ed 100 mm s areta\u010dn\u00edm p\u0159ep\u00edna\u010dem a v\u00fdtokov\u00fdm ram\u00ednkem v d\u00e9lce a\u017e 330 mm. Sou\u010d\u00e1st\u00ed balen\u00ed je kovov\u00e1 sprchov\u00e1 v\u00edcez\u00e1mkov\u00e1 hadice 150 cm (pevn\u011bj\u0161\u00ed a odoln\u011bj\u0161\u00ed), kloubov\u00fd dr\u017e\u00e1k sprchy a samo\u010distic\u00ed ru\u010dn\u00ed sprcha.                                        <\/div>\n<div class=\"ProductDetailContent-item\">\n<ul>\n<li>Hloubka krabice [mm]: <strong>415 mm<\/strong><\/li>\n<li>\u0160\u00ed\u0159ka krabice [mm]: <strong>205 mm<\/strong><\/li>\n<li>V\u00fd\u0161ka krabice [mm]: <strong>76 mm<\/strong><\/li>\n<li>Proveden\u00ed: <strong>chrom<\/strong><\/li>\n<li>V\u00fd\u0161ka [mm]: <strong>310 mm<\/strong><\/li>\n<li>\u0160\u00ed\u0159ka [mm]: <strong>130 mm<\/strong><\/li>\n<li>Hloubka [mm]: <strong>360 mm<\/strong><\/li>\n<li>Z\u00e1ruka na t\u011bsnost kartu\u0161e [rok]: <strong>7 rok<\/strong><\/li>\n<li>Rozte\u010d baterie [mm]: <strong>100 mm<\/strong><\/li>\n<li>Typ kartu\u0161e: <strong>35 mm<\/strong><\/li>\n<li>Typ ramene: <strong>oto\u010dn\u00e9<\/strong><\/li>\n<li>P\u0159\u00edslu\u0161enstv\u00ed: <strong>kompletn\u00ed<\/strong><\/li>\n<li>Typ p\u0159ipojen\u00ed: <strong>3\/4&#8243;<\/strong><\/li>\n<\/ul><\/div>\n<div class=\"ProductDetailContent-item\">                                            Jedna z dlouhodob\u011b nejobl\u00edben\u011bj\u0161\u00edch \u0159ad vodovodn\u00edch bateri\u00ed v jednoduch\u00e9m a nad\u010dasov\u00e9m designu si najde sv\u00e9 m\u00edsto v jak\u00e9mkoliv interi\u00e9ru. S\u00e9rie METALIA 55 v\u00e1m nab\u00edz\u00ed mno\u017estv\u00ed variabilit jak pro koupelny, tak pro kuchyn\u011b v zaru\u010den\u00e9 kvalit\u011b a vysok\u00e9m u\u017eivatelsk\u00e9m komfortu. <b>Nejprod\u00e1van\u011bj\u0161\u00ed \u010desk\u00e9 vodovodn\u00ed baterie METALIA<\/b>. Tuto zna\u010dku rozhodn\u011b vystihuje &#8211; vysok\u00e1 kvalita, modern\u00ed design, funk\u010dnost a u\u017eivatelsk\u00fd komfort. <\/p><\/div>\n<\/p><\/div>\n<\/p><\/div>\n<\/p><\/div>\n<\/p><\/div>\n","protected":false},"excerpt":{"rendered":"<p>Popis produktu Novaservis Metalia 55 Vanov\u00e1 panel\u00e1kov\u00e1 baterie 100 mm chrom 55075,0 Kvalitn\u00ed a odoln\u00e1 keramick\u00e1 kartu\u0161e KEROX 35 mm s\u00a0prodlou\u017eenou z\u00e1rukou\u00a07\u00a0let. Prvot\u0159\u00eddn\u00ed chromov\u00e9 proveden\u00ed. Panel\u00e1kov\u00e1 n\u00e1st\u011bnn\u00e1 vanov\u00e1 baterie s rozte\u010d\u00ed 100 mm s areta\u010dn\u00edm p\u0159ep\u00edna\u010dem a v\u00fdtokov\u00fdm ram\u00ednkem v d\u00e9lce a\u017e 330 mm. Sou\u010d\u00e1st\u00ed balen\u00ed je kovov\u00e1 sprchov\u00e1 v\u00edcez\u00e1mkov\u00e1 hadice 150 cm (pevn\u011bj\u0161\u00ed a [&hellip;]<\/p>\n","protected":false},"featured_media":39883,"comment_status":"open","ping_status":"open","template":"","meta":[],"product_brand":[],"product_cat":[145],"product_tag":[],"class_list":{"0":"post-39783","1":"product","2":"type-product","3":"status-publish","4":"has-post-thumbnail","6":"product_cat-koupelny","8":"first","9":"instock","10":"sale","11":"shipping-taxable","12":"purchasable","13":"product-type-simple"},"yoast_head":"<!-- This site is optimized with the Yoast SEO plugin v26.8 - https:\/\/yoast.com\/product\/yoast-seo-wordpress\/ -->\n<title>Novaservis Metalia 55 Vanov\u00e1 panel\u00e1kov\u00e1 baterie 100 mm chrom 55075,0 Vr\u00e1cen\u00ed Zdarma -<\/title>\n<meta name=\"robots\" content=\"index, follow, max-snippet:-1, max-image-preview:large, max-video-preview:-1\" \/>\n<link rel=\"canonical\" href=\"https:\/\/www.koupelnapro.com\/index.php\/produkt\/novaservis-metalia-55-vanova-panelakova-baterie-100-mm-chrom-55075-0-vraceni-zdarma-39783\/\" \/>\n<meta property=\"og:locale\" content=\"cs_CZ\" \/>\n<meta property=\"og:type\" content=\"article\" \/>\n<meta property=\"og:title\" content=\"Novaservis Metalia 55 Vanov\u00e1 panel\u00e1kov\u00e1 baterie 100 mm chrom 55075,0 Vr\u00e1cen\u00ed Zdarma -\" \/>\n<meta property=\"og:description\" content=\"Popis produktu Novaservis Metalia 55 Vanov\u00e1 panel\u00e1kov\u00e1 baterie 100 mm chrom 55075,0 Kvalitn\u00ed a odoln\u00e1 keramick\u00e1 kartu\u0161e KEROX 35 mm s\u00a0prodlou\u017eenou z\u00e1rukou\u00a07\u00a0let. Prvot\u0159\u00eddn\u00ed chromov\u00e9 proveden\u00ed. Panel\u00e1kov\u00e1 n\u00e1st\u011bnn\u00e1 vanov\u00e1 baterie s rozte\u010d\u00ed 100 mm s areta\u010dn\u00edm p\u0159ep\u00edna\u010dem a v\u00fdtokov\u00fdm ram\u00ednkem v d\u00e9lce a\u017e 330 mm. Sou\u010d\u00e1st\u00ed balen\u00ed je kovov\u00e1 sprchov\u00e1 v\u00edcez\u00e1mkov\u00e1 hadice 150 cm (pevn\u011bj\u0161\u00ed a [&hellip;]\" \/>\n<meta property=\"og:url\" content=\"https:\/\/www.koupelnapro.com\/index.php\/produkt\/novaservis-metalia-55-vanova-panelakova-baterie-100-mm-chrom-55075-0-vraceni-zdarma-39783\/\" \/>\n<meta property=\"og:image\" content=\"https:\/\/www.koupelnapro.com\/wp-content\/uploads\/2026\/SK0003472-CZ20260425-092632-0-1777080397-novaservis-metalia-55-vanova-panelakova-baterie-100-mm-chro.webp\" \/>\n\t<meta property=\"og:image:width\" content=\"400\" \/>\n\t<meta property=\"og:image:height\" content=\"296\" \/>\n\t<meta property=\"og:image:type\" content=\"image\/webp\" \/>\n<meta name=\"twitter:card\" content=\"summary_large_image\" \/>\n<meta name=\"twitter:label1\" content=\"Odhadovan\u00e1 doba \u010dten\u00ed\" \/>\n\t<meta name=\"twitter:data1\" content=\"1 minuta\" \/>\n<script type=\"application\/ld+json\" class=\"yoast-schema-graph\">{\"@context\":\"https:\/\/schema.org\",\"@graph\":[{\"@type\":\"WebPage\",\"@id\":\"https:\/\/www.koupelnapro.com\/index.php\/produkt\/novaservis-metalia-55-vanova-panelakova-baterie-100-mm-chrom-55075-0-vraceni-zdarma-39783\/\",\"url\":\"https:\/\/www.koupelnapro.com\/index.php\/produkt\/novaservis-metalia-55-vanova-panelakova-baterie-100-mm-chrom-55075-0-vraceni-zdarma-39783\/\",\"name\":\"Novaservis Metalia 55 Vanov\u00e1 panel\u00e1kov\u00e1 baterie 100 mm chrom 55075,0 Vr\u00e1cen\u00ed Zdarma -\",\"isPartOf\":{\"@id\":\"https:\/\/www.koupelnapro.com\/#website\"},\"primaryImageOfPage\":{\"@id\":\"https:\/\/www.koupelnapro.com\/index.php\/produkt\/novaservis-metalia-55-vanova-panelakova-baterie-100-mm-chrom-55075-0-vraceni-zdarma-39783\/#primaryimage\"},\"image\":{\"@id\":\"https:\/\/www.koupelnapro.com\/index.php\/produkt\/novaservis-metalia-55-vanova-panelakova-baterie-100-mm-chrom-55075-0-vraceni-zdarma-39783\/#primaryimage\"},\"thumbnailUrl\":\"https:\/\/www.koupelnapro.com\/wp-content\/uploads\/2026\/SK0003472-CZ20260425-092632-0-1777080397-novaservis-metalia-55-vanova-panelakova-baterie-100-mm-chro.webp\",\"datePublished\":\"2026-04-26T09:15:55+00:00\",\"breadcrumb\":{\"@id\":\"https:\/\/www.koupelnapro.com\/index.php\/produkt\/novaservis-metalia-55-vanova-panelakova-baterie-100-mm-chrom-55075-0-vraceni-zdarma-39783\/#breadcrumb\"},\"inLanguage\":\"cs\",\"potentialAction\":[{\"@type\":\"ReadAction\",\"target\":[\"https:\/\/www.koupelnapro.com\/index.php\/produkt\/novaservis-metalia-55-vanova-panelakova-baterie-100-mm-chrom-55075-0-vraceni-zdarma-39783\/\"]}]},{\"@type\":\"ImageObject\",\"inLanguage\":\"cs\",\"@id\":\"https:\/\/www.koupelnapro.com\/index.php\/produkt\/novaservis-metalia-55-vanova-panelakova-baterie-100-mm-chrom-55075-0-vraceni-zdarma-39783\/#primaryimage\",\"url\":\"https:\/\/www.koupelnapro.com\/wp-content\/uploads\/2026\/SK0003472-CZ20260425-092632-0-1777080397-novaservis-metalia-55-vanova-panelakova-baterie-100-mm-chro.webp\",\"contentUrl\":\"https:\/\/www.koupelnapro.com\/wp-content\/uploads\/2026\/SK0003472-CZ20260425-092632-0-1777080397-novaservis-metalia-55-vanova-panelakova-baterie-100-mm-chro.webp\",\"width\":400,\"height\":296},{\"@type\":\"BreadcrumbList\",\"@id\":\"https:\/\/www.koupelnapro.com\/index.php\/produkt\/novaservis-metalia-55-vanova-panelakova-baterie-100-mm-chrom-55075-0-vraceni-zdarma-39783\/#breadcrumb\",\"itemListElement\":[{\"@type\":\"ListItem\",\"position\":1,\"name\":\"Home\",\"item\":\"https:\/\/www.koupelnapro.com\/\"},{\"@type\":\"ListItem\",\"position\":2,\"name\":\"Products\",\"item\":\"https:\/\/www.koupelnapro.com\/index.php\/products\/\"},{\"@type\":\"ListItem\",\"position\":3,\"name\":\"Novaservis Metalia 55 Vanov\u00e1 panel\u00e1kov\u00e1 baterie 100 mm chrom 55075,0 Vr\u00e1cen\u00ed Zdarma\"}]},{\"@type\":\"WebSite\",\"@id\":\"https:\/\/www.koupelnapro.com\/#website\",\"url\":\"https:\/\/www.koupelnapro.com\/\",\"name\":\"\",\"description\":\"\",\"potentialAction\":[{\"@type\":\"SearchAction\",\"target\":{\"@type\":\"EntryPoint\",\"urlTemplate\":\"https:\/\/www.koupelnapro.com\/?s={search_term_string}\"},\"query-input\":{\"@type\":\"PropertyValueSpecification\",\"valueRequired\":true,\"valueName\":\"search_term_string\"}}],\"inLanguage\":\"cs\"}]}<\/script>\n<!-- \/ Yoast SEO plugin. -->","yoast_head_json":{"title":"Novaservis Metalia 55 Vanov\u00e1 panel\u00e1kov\u00e1 baterie 100 mm chrom 55075,0 Vr\u00e1cen\u00ed Zdarma -","robots":{"index":"index","follow":"follow","max-snippet":"max-snippet:-1","max-image-preview":"max-image-preview:large","max-video-preview":"max-video-preview:-1"},"canonical":"https:\/\/www.koupelnapro.com\/index.php\/produkt\/novaservis-metalia-55-vanova-panelakova-baterie-100-mm-chrom-55075-0-vraceni-zdarma-39783\/","og_locale":"cs_CZ","og_type":"article","og_title":"Novaservis Metalia 55 Vanov\u00e1 panel\u00e1kov\u00e1 baterie 100 mm chrom 55075,0 Vr\u00e1cen\u00ed Zdarma -","og_description":"Popis produktu Novaservis Metalia 55 Vanov\u00e1 panel\u00e1kov\u00e1 baterie 100 mm chrom 55075,0 Kvalitn\u00ed a odoln\u00e1 keramick\u00e1 kartu\u0161e KEROX 35 mm s\u00a0prodlou\u017eenou z\u00e1rukou\u00a07\u00a0let. Prvot\u0159\u00eddn\u00ed chromov\u00e9 proveden\u00ed. Panel\u00e1kov\u00e1 n\u00e1st\u011bnn\u00e1 vanov\u00e1 baterie s rozte\u010d\u00ed 100 mm s areta\u010dn\u00edm p\u0159ep\u00edna\u010dem a v\u00fdtokov\u00fdm ram\u00ednkem v d\u00e9lce a\u017e 330 mm. Sou\u010d\u00e1st\u00ed balen\u00ed je kovov\u00e1 sprchov\u00e1 v\u00edcez\u00e1mkov\u00e1 hadice 150 cm (pevn\u011bj\u0161\u00ed a [&hellip;]","og_url":"https:\/\/www.koupelnapro.com\/index.php\/produkt\/novaservis-metalia-55-vanova-panelakova-baterie-100-mm-chrom-55075-0-vraceni-zdarma-39783\/","og_image":[{"width":400,"height":296,"url":"https:\/\/www.koupelnapro.com\/wp-content\/uploads\/2026\/SK0003472-CZ20260425-092632-0-1777080397-novaservis-metalia-55-vanova-panelakova-baterie-100-mm-chro.webp","type":"image\/webp"}],"twitter_card":"summary_large_image","twitter_misc":{"Odhadovan\u00e1 doba \u010dten\u00ed":"1 minuta"},"schema":{"@context":"https:\/\/schema.org","@graph":[{"@type":"WebPage","@id":"https:\/\/www.koupelnapro.com\/index.php\/produkt\/novaservis-metalia-55-vanova-panelakova-baterie-100-mm-chrom-55075-0-vraceni-zdarma-39783\/","url":"https:\/\/www.koupelnapro.com\/index.php\/produkt\/novaservis-metalia-55-vanova-panelakova-baterie-100-mm-chrom-55075-0-vraceni-zdarma-39783\/","name":"Novaservis Metalia 55 Vanov\u00e1 panel\u00e1kov\u00e1 baterie 100 mm chrom 55075,0 Vr\u00e1cen\u00ed Zdarma -","isPartOf":{"@id":"https:\/\/www.koupelnapro.com\/#website"},"primaryImageOfPage":{"@id":"https:\/\/www.koupelnapro.com\/index.php\/produkt\/novaservis-metalia-55-vanova-panelakova-baterie-100-mm-chrom-55075-0-vraceni-zdarma-39783\/#primaryimage"},"image":{"@id":"https:\/\/www.koupelnapro.com\/index.php\/produkt\/novaservis-metalia-55-vanova-panelakova-baterie-100-mm-chrom-55075-0-vraceni-zdarma-39783\/#primaryimage"},"thumbnailUrl":"https:\/\/www.koupelnapro.com\/wp-content\/uploads\/2026\/SK0003472-CZ20260425-092632-0-1777080397-novaservis-metalia-55-vanova-panelakova-baterie-100-mm-chro.webp","datePublished":"2026-04-26T09:15:55+00:00","breadcrumb":{"@id":"https:\/\/www.koupelnapro.com\/index.php\/produkt\/novaservis-metalia-55-vanova-panelakova-baterie-100-mm-chrom-55075-0-vraceni-zdarma-39783\/#breadcrumb"},"inLanguage":"cs","potentialAction":[{"@type":"ReadAction","target":["https:\/\/www.koupelnapro.com\/index.php\/produkt\/novaservis-metalia-55-vanova-panelakova-baterie-100-mm-chrom-55075-0-vraceni-zdarma-39783\/"]}]},{"@type":"ImageObject","inLanguage":"cs","@id":"https:\/\/www.koupelnapro.com\/index.php\/produkt\/novaservis-metalia-55-vanova-panelakova-baterie-100-mm-chrom-55075-0-vraceni-zdarma-39783\/#primaryimage","url":"https:\/\/www.koupelnapro.com\/wp-content\/uploads\/2026\/SK0003472-CZ20260425-092632-0-1777080397-novaservis-metalia-55-vanova-panelakova-baterie-100-mm-chro.webp","contentUrl":"https:\/\/www.koupelnapro.com\/wp-content\/uploads\/2026\/SK0003472-CZ20260425-092632-0-1777080397-novaservis-metalia-55-vanova-panelakova-baterie-100-mm-chro.webp","width":400,"height":296},{"@type":"BreadcrumbList","@id":"https:\/\/www.koupelnapro.com\/index.php\/produkt\/novaservis-metalia-55-vanova-panelakova-baterie-100-mm-chrom-55075-0-vraceni-zdarma-39783\/#breadcrumb","itemListElement":[{"@type":"ListItem","position":1,"name":"Home","item":"https:\/\/www.koupelnapro.com\/"},{"@type":"ListItem","position":2,"name":"Products","item":"https:\/\/www.koupelnapro.com\/index.php\/products\/"},{"@type":"ListItem","position":3,"name":"Novaservis Metalia 55 Vanov\u00e1 panel\u00e1kov\u00e1 baterie 100 mm chrom 55075,0 Vr\u00e1cen\u00ed Zdarma"}]},{"@type":"WebSite","@id":"https:\/\/www.koupelnapro.com\/#website","url":"https:\/\/www.koupelnapro.com\/","name":"","description":"","potentialAction":[{"@type":"SearchAction","target":{"@type":"EntryPoint","urlTemplate":"https:\/\/www.koupelnapro.com\/?s={search_term_string}"},"query-input":{"@type":"PropertyValueSpecification","valueRequired":true,"valueName":"search_term_string"}}],"inLanguage":"cs"}]}},"_links":{"self":[{"href":"https:\/\/www.koupelnapro.com\/index.php\/wp-json\/wp\/v2\/product\/39783","targetHints":{"allow":["GET"]}}],"collection":[{"href":"https:\/\/www.koupelnapro.com\/index.php\/wp-json\/wp\/v2\/product"}],"about":[{"href":"https:\/\/www.koupelnapro.com\/index.php\/wp-json\/wp\/v2\/types\/product"}],"replies":[{"embeddable":true,"href":"https:\/\/www.koupelnapro.com\/index.php\/wp-json\/wp\/v2\/comments?post=39783"}],"wp:featuredmedia":[{"embeddable":true,"href":"https:\/\/www.koupelnapro.com\/index.php\/wp-json\/wp\/v2\/media\/39883"}],"wp:attachment":[{"href":"https:\/\/www.koupelnapro.com\/index.php\/wp-json\/wp\/v2\/media?parent=39783"}],"wp:term":[{"taxonomy":"product_brand","embeddable":true,"href":"https:\/\/www.koupelnapro.com\/index.php\/wp-json\/wp\/v2\/product_brand?post=39783"},{"taxonomy":"product_cat","embeddable":true,"href":"https:\/\/www.koupelnapro.com\/index.php\/wp-json\/wp\/v2\/product_cat?post=39783"},{"taxonomy":"product_tag","embeddable":true,"href":"https:\/\/www.koupelnapro.com\/index.php\/wp-json\/wp\/v2\/product_tag?post=39783"}],"curies":[{"name":"wp","href":"https:\/\/api.w.org\/{rel}","templated":true}]}}