{"id":38557,"date":"2026-04-26T09:15:50","date_gmt":"2026-04-26T09:15:50","guid":{"rendered":""},"modified":"2026-04-26T09:15:50","modified_gmt":"2026-04-26T09:15:50","slug":"kermi-radiator-therm-x2-profil-kompakt-22-900x600-zlevneny-38557","status":"publish","type":"product","link":"https:\/\/www.koupelnapro.com\/index.php\/produkt\/kermi-radiator-therm-x2-profil-kompakt-22-900x600-zlevneny-38557\/","title":{"rendered":"KERMI Radi\u00e1tor Therm x2 Profil Kompakt 22-900&#215;600 Zlevn\u011bn\u00fd"},"content":{"rendered":"<div class=\"ProductDetail-content NoFixImageContainer\" id=\"productDescription\">\n<div class=\"Heading\">\n<h2 class=\"Heading-title\">Popis produktu <span class=''>KERMI Radi\u00e1tor Therm x2 Profil Kompakt 22-900&#215;600<\/span><\/h2>\n<\/p><\/div>\n<div class=\"ProductDetailContent\">\n<p><strong>Dvoudeskov\u00fd radi\u00e1tor, dv\u011b p\u0159estupn\u00e9 plochy, se zakrytov\u00e1n\u00edm<\/strong><\/p>\n<ul>\n<li>stavebn\u00ed v\u00fd\u0161ka (SV): 900 mm<\/li>\n<li>stavebn\u00ed d\u00e9lka (SD): 600 mm<\/li>\n<li>stavebn\u00ed hloubka (SH): 100 mm<\/li>\n<li>v\u00fdkon (75\/65 C): 1377 W<\/li>\n<\/ul><\/div>\n<div class=\"ProductDetailContent\">\n<div class=\"ProductDetailContent-item\">\n<h3>Otopn\u00e1 t\u011blesa therm x2 Profil Kompakt<\/h3>\n<p><strong>Elegantn\u00ed, \u00fasporn\u00e1 a praktick\u00e1 \u2013 deskov\u00e1 otopn\u00e1 t\u011blesa therm-x2<\/strong> zaujmou ve v\u0161ech sm\u011brech. D\u00edky patentovan\u00e9 technologii x2 v\u00fdrazn\u011b <strong>sni\u017euj\u00ed n\u00e1klady na vyt\u00e1p\u011bn\u00ed<\/strong> a d\u00edky rychl\u00e9mu n\u00e1b\u011bhu teploty <strong>zaji\u0161\u0165uj\u00ed okam\u017eit\u00fd tepeln\u00fd komfort<\/strong>. Nav\u00edc se snadno \u010dist\u00ed, co\u017e z nich \u010din\u00ed ide\u00e1ln\u00ed volbu pro modern\u00ed interi\u00e9ry.<\/p>\n<p><strong>Technologie therm-x2<\/strong> pracuje na zcela nov\u00e9m principu s\u00e9riov\u00e9ho pr\u016ftoku. U&nbsp;dosavadn\u00edch deskov\u00fdch otopn\u00fdch t\u011bles se v\u0161echny desky zah\u0159\u00edvaly sou\u010dasn\u011b, zat\u00edmco zde je proud\u011bn\u00ed sm\u011brov\u00e1no nejd\u0159\u00edve do p\u0159edn\u00ed desky. V\u00fdsledkem je a\u017e <strong>11&nbsp;% \u00faspora<\/strong> oproti b\u011b\u017en\u00fdm deskov\u00fdm otopn\u00fdm t\u011bles\u016fm.<\/p>\n<div class=\"col m-6 text-column xs-12\">\n<div class=\"copy-content-container\">\n<div class=\"copy-text\">\n<h4>V\u00fdhody<\/h4>\n<ul>\n<li>S energeticky \u00faspornou technologi\u00ed x2<\/li>\n<li>Ve t\u0159ech proveden\u00edch p\u0159edn\u00ed desky<\/li>\n<li>\u0160irok\u00e9 spektrum rozm\u011br\u016f a&nbsp;barev<\/li>\n<li>Rovn\u011b\u017e ve stavebn\u00ed v\u00fd\u0161ce 200&nbsp;mm<\/li>\n<li>Horn\u00ed m\u0159\u00ed\u017eka a&nbsp;bo\u010dn\u00ed kryty standardn\u011b sou\u010d\u00e1st\u00ed<\/li>\n<li>Pro v\u0161echny zdroje tepla: tepeln\u00e9 \u010derpadlo,&nbsp;olejov\u00e9, plynov\u00e9 nebo d\u00e1lkov\u00e9 vyt\u00e1p\u011bn\u00ed, vyt\u00e1p\u011bn\u00ed na sol\u00e1rn\u00ed energii&nbsp;nebo kondenza\u010dn\u00ed kotle<\/li>\n<li>Vhodn\u00e9 pro novostavby i&nbsp;rekonstrukce<\/li>\n<li>Vhodn\u00e9 pro mont\u00e1\u017e pom\u011brov\u00fdch m\u011b\u0159i\u010d\u016f tepla<\/li>\n<li>Kompletn\u00ed sortiment s&nbsp;kr\u00e1tk\u00fdmi dodac\u00edmi lh\u016ftami<\/li>\n<\/ul>\n<\/div>\n<\/div>\n<\/div>\n<div class=\"PStandard\" id=\"elem461006\" style=\"color:#46464b; font-family:FrutigerNextW01-Condens,'Arial W02 Narrow','Arial W10 Narrow',Arial,Helvetica,Verdana,sans-serif; font-size:14px; line-height:19px; margin-bottom:0; margin-left:0; margin-right:0; margin-top:0; padding:0px\">\n<p><span style=\"font-size:16px\"><strong>Obsah dod\u00e1vky<\/strong><\/span><\/p>\n<ul>\n<li><span style=\"font-size:16px\">Otopn\u00e1 t\u011blesa Profil s&nbsp;\u00fachyty, opat\u0159en\u00e1 z\u00e1kladov\u00fdm lakov\u00e1n\u00edm a pr\u00e1\u0161kov\u00fdm lakem<\/span><\/li>\n<li><span style=\"font-size:16px\">Horn\u00ed a bo\u010dn\u00ed kryt, krom\u011b typu&nbsp;10 (lze sejmout p\u0159i \u010di\u0161t\u011bn\u00ed)<\/span><\/li>\n<li><span style=\"font-size:16px\">Z\u00e1vrtn\u00e9 konzoly, distan\u010dn\u00ed rozp\u011brky, pojistka proti vyra\u017een\u00ed, odvzdu\u0161\u0148ovac\u00ed z\u00e1tky jsou sou\u010d\u00e1st\u00ed dod\u00e1vky bez p\u0159\u00edplatku, zaslepovac\u00ed z\u00e1tky jsou za\u0161roubovan\u00e9.<\/span><\/li>\n<\/ul>\n<div class=\"PStandard\" id=\"elem460506\" style=\"color:#46464b; font-family:FrutigerNextW01-Condens,'Arial W02 Narrow','Arial W10 Narrow',Arial,Helvetica,Verdana,sans-serif; font-size:14px; line-height:19px; margin-bottom:0; margin-left:0; margin-right:0; margin-top:0; padding:0px\">\n<p><span style=\"font-size:16px\"><strong>Upevn\u011bn\u00ed<\/strong><\/span><\/p>\n<ul>\n<li><span style=\"font-size:16px\">Upevn\u011bn\u00ed pomoc\u00ed 4&nbsp;\u00fachyt\u016f do stavebn\u00ed d\u00e9lky 1600&nbsp;mm a 6&nbsp;\u00fachyt\u016f od stavebn\u00ed d\u00e9lky 1800&nbsp;mm, v&nbsp;namontovan\u00e9m stavu je mo\u017en\u00e9 vodorovn\u00e9 i svisl\u00e9 vyrovn\u00e1n\u00ed<\/span><\/li>\n<\/ul>\n<p><span style=\"font-size:16px\"><strong>Lak<\/strong><\/span><\/p>\n<ul>\n<li><span style=\"font-size:16px\">Leskl\u00fd dvouvrstv\u00fd lak, bez emis\u00ed a ekologick\u00fd, bez kapek<\/span><\/li>\n<li><span style=\"font-size:16px\">V&nbsp;souladu s&nbsp;DIN 55900-FWA: zbaveno mastnoty, fosf\u00e1tov\u00e1no \u017eelezem, opat\u0159eno z\u00e1kladov\u00fdm lakov\u00e1n\u00edm pomoc\u00ed elektroforetick\u00e9ho lakov\u00e1n\u00ed (ETL) a pr\u00e1\u0161kov\u00fdm lakem (EPS)<\/span><\/li>\n<li><span style=\"font-size:16px\">Standard: Kermi b\u00edl\u00e1 (podobn\u00e1 RAL 9016)<\/span><\/li>\n<li><span style=\"font-size:16px\">Barevn\u00fd lak vy\u017e\u00e1d\u00e1n\u00ed<\/span><\/li>\n<\/ul>\n<p><span style=\"font-size:16px\"><strong>Kvalita<\/strong><\/span><\/p>\n<ul>\n<li><span style=\"font-size:16px\">Atest RAL<\/span><\/li>\n<li><span style=\"font-size:16px\">U v\u0161ech otopn\u00fdch t\u011bles se testuje t\u011bsnost<\/span><\/li>\n<li><span style=\"font-size:16px\">Zku\u0161ebn\u00ed tlak: 13,0 bar<\/span><\/li>\n<li><span style=\"font-size:16px\">max. provozn\u00ed tlak: 10,0 bar<\/span><\/li>\n<li><span style=\"font-size:16px\">max. provozn\u00ed teplota: 110\u00b0 C<\/span><\/li>\n<li><span style=\"font-size:16px\">Certifikace podle DIN EN ISO 9001:2000<\/span><\/li>\n<li><span style=\"font-size:16px\">Stavebn\u00ed proveden\u00ed spl\u0148uje p\u016fvodn\u00ed sm\u011brnice BAGUV, krom\u011b typu 10<\/span><\/li>\n<\/ul>\n<p><span style=\"font-size:16px\"><strong>P\u0159ipojen\u00ed<\/strong><\/span><\/p>\n<ul>\n<li><span style=\"font-size:16px\">4 x bo\u010dn\u00ed vnit\u0159n\u00ed z\u00e1vit G 1\/2&#8243;<\/span><\/li>\n<\/ul>\n<\/div>\n<\/div><\/div>\n<\/p><\/div>\n<\/p><\/div>\n<\/p><\/div>\n<\/p><\/div>\n","protected":false},"excerpt":{"rendered":"<p>Popis produktu KERMI Radi\u00e1tor Therm x2 Profil Kompakt 22-900&#215;600 Dvoudeskov\u00fd radi\u00e1tor, dv\u011b p\u0159estupn\u00e9 plochy, se zakrytov\u00e1n\u00edm stavebn\u00ed v\u00fd\u0161ka (SV): 900 mm stavebn\u00ed d\u00e9lka (SD): 600 mm stavebn\u00ed hloubka (SH): 100 mm v\u00fdkon (75\/65 C): 1377 W Otopn\u00e1 t\u011blesa therm x2 Profil Kompakt Elegantn\u00ed, \u00fasporn\u00e1 a praktick\u00e1 \u2013 deskov\u00e1 otopn\u00e1 t\u011blesa therm-x2 zaujmou ve v\u0161ech sm\u011brech. [&hellip;]<\/p>\n","protected":false},"featured_media":38657,"comment_status":"open","ping_status":"open","template":"","meta":[],"product_brand":[],"product_cat":[144],"product_tag":[],"class_list":{"0":"post-38557","1":"product","2":"type-product","3":"status-publish","4":"has-post-thumbnail","6":"product_cat-topeni","8":"first","9":"instock","10":"sale","11":"shipping-taxable","12":"purchasable","13":"product-type-simple"},"yoast_head":"<!-- This site is optimized with the Yoast SEO plugin v26.8 - https:\/\/yoast.com\/product\/yoast-seo-wordpress\/ -->\n<title>KERMI Radi\u00e1tor Therm x2 Profil Kompakt 22-900x600 Zlevn\u011bn\u00fd -<\/title>\n<meta name=\"robots\" content=\"index, follow, max-snippet:-1, max-image-preview:large, max-video-preview:-1\" \/>\n<link rel=\"canonical\" href=\"https:\/\/www.koupelnapro.com\/index.php\/produkt\/kermi-radiator-therm-x2-profil-kompakt-22-900x600-zlevneny-38557\/\" \/>\n<meta property=\"og:locale\" content=\"cs_CZ\" \/>\n<meta property=\"og:type\" content=\"article\" \/>\n<meta property=\"og:title\" content=\"KERMI Radi\u00e1tor Therm x2 Profil Kompakt 22-900x600 Zlevn\u011bn\u00fd -\" \/>\n<meta property=\"og:description\" content=\"Popis produktu KERMI Radi\u00e1tor Therm x2 Profil Kompakt 22-900&#215;600 Dvoudeskov\u00fd radi\u00e1tor, dv\u011b p\u0159estupn\u00e9 plochy, se zakrytov\u00e1n\u00edm stavebn\u00ed v\u00fd\u0161ka (SV): 900 mm stavebn\u00ed d\u00e9lka (SD): 600 mm stavebn\u00ed hloubka (SH): 100 mm v\u00fdkon (75\/65 C): 1377 W Otopn\u00e1 t\u011blesa therm x2 Profil Kompakt Elegantn\u00ed, \u00fasporn\u00e1 a praktick\u00e1 \u2013 deskov\u00e1 otopn\u00e1 t\u011blesa therm-x2 zaujmou ve v\u0161ech sm\u011brech. [&hellip;]\" \/>\n<meta property=\"og:url\" content=\"https:\/\/www.koupelnapro.com\/index.php\/produkt\/kermi-radiator-therm-x2-profil-kompakt-22-900x600-zlevneny-38557\/\" \/>\n<meta property=\"og:image\" content=\"https:\/\/www.koupelnapro.com\/wp-content\/uploads\/2026\/SK0002844-CZ20260425-092632-0-1777080397-kermi-radiator-therm-x2-profil-kompakt-22-900x600-50262.webp\" \/>\n\t<meta property=\"og:image:width\" content=\"482\" \/>\n\t<meta property=\"og:image:height\" content=\"330\" \/>\n\t<meta property=\"og:image:type\" content=\"image\/webp\" \/>\n<meta name=\"twitter:card\" content=\"summary_large_image\" \/>\n<meta name=\"twitter:label1\" content=\"Odhadovan\u00e1 doba \u010dten\u00ed\" \/>\n\t<meta name=\"twitter:data1\" content=\"2 minuty\" \/>\n<script type=\"application\/ld+json\" class=\"yoast-schema-graph\">{\"@context\":\"https:\/\/schema.org\",\"@graph\":[{\"@type\":\"WebPage\",\"@id\":\"https:\/\/www.koupelnapro.com\/index.php\/produkt\/kermi-radiator-therm-x2-profil-kompakt-22-900x600-zlevneny-38557\/\",\"url\":\"https:\/\/www.koupelnapro.com\/index.php\/produkt\/kermi-radiator-therm-x2-profil-kompakt-22-900x600-zlevneny-38557\/\",\"name\":\"KERMI Radi\u00e1tor Therm x2 Profil Kompakt 22-900x600 Zlevn\u011bn\u00fd -\",\"isPartOf\":{\"@id\":\"https:\/\/www.koupelnapro.com\/#website\"},\"primaryImageOfPage\":{\"@id\":\"https:\/\/www.koupelnapro.com\/index.php\/produkt\/kermi-radiator-therm-x2-profil-kompakt-22-900x600-zlevneny-38557\/#primaryimage\"},\"image\":{\"@id\":\"https:\/\/www.koupelnapro.com\/index.php\/produkt\/kermi-radiator-therm-x2-profil-kompakt-22-900x600-zlevneny-38557\/#primaryimage\"},\"thumbnailUrl\":\"https:\/\/www.koupelnapro.com\/wp-content\/uploads\/2026\/SK0002844-CZ20260425-092632-0-1777080397-kermi-radiator-therm-x2-profil-kompakt-22-900x600-50262.webp\",\"datePublished\":\"2026-04-26T09:15:50+00:00\",\"breadcrumb\":{\"@id\":\"https:\/\/www.koupelnapro.com\/index.php\/produkt\/kermi-radiator-therm-x2-profil-kompakt-22-900x600-zlevneny-38557\/#breadcrumb\"},\"inLanguage\":\"cs\",\"potentialAction\":[{\"@type\":\"ReadAction\",\"target\":[\"https:\/\/www.koupelnapro.com\/index.php\/produkt\/kermi-radiator-therm-x2-profil-kompakt-22-900x600-zlevneny-38557\/\"]}]},{\"@type\":\"ImageObject\",\"inLanguage\":\"cs\",\"@id\":\"https:\/\/www.koupelnapro.com\/index.php\/produkt\/kermi-radiator-therm-x2-profil-kompakt-22-900x600-zlevneny-38557\/#primaryimage\",\"url\":\"https:\/\/www.koupelnapro.com\/wp-content\/uploads\/2026\/SK0002844-CZ20260425-092632-0-1777080397-kermi-radiator-therm-x2-profil-kompakt-22-900x600-50262.webp\",\"contentUrl\":\"https:\/\/www.koupelnapro.com\/wp-content\/uploads\/2026\/SK0002844-CZ20260425-092632-0-1777080397-kermi-radiator-therm-x2-profil-kompakt-22-900x600-50262.webp\",\"width\":482,\"height\":330},{\"@type\":\"BreadcrumbList\",\"@id\":\"https:\/\/www.koupelnapro.com\/index.php\/produkt\/kermi-radiator-therm-x2-profil-kompakt-22-900x600-zlevneny-38557\/#breadcrumb\",\"itemListElement\":[{\"@type\":\"ListItem\",\"position\":1,\"name\":\"Home\",\"item\":\"https:\/\/www.koupelnapro.com\/\"},{\"@type\":\"ListItem\",\"position\":2,\"name\":\"Products\",\"item\":\"https:\/\/www.koupelnapro.com\/index.php\/products\/\"},{\"@type\":\"ListItem\",\"position\":3,\"name\":\"KERMI Radi\u00e1tor Therm x2 Profil Kompakt 22-900&#215;600 Zlevn\u011bn\u00fd\"}]},{\"@type\":\"WebSite\",\"@id\":\"https:\/\/www.koupelnapro.com\/#website\",\"url\":\"https:\/\/www.koupelnapro.com\/\",\"name\":\"\",\"description\":\"\",\"potentialAction\":[{\"@type\":\"SearchAction\",\"target\":{\"@type\":\"EntryPoint\",\"urlTemplate\":\"https:\/\/www.koupelnapro.com\/?s={search_term_string}\"},\"query-input\":{\"@type\":\"PropertyValueSpecification\",\"valueRequired\":true,\"valueName\":\"search_term_string\"}}],\"inLanguage\":\"cs\"}]}<\/script>\n<!-- \/ Yoast SEO plugin. -->","yoast_head_json":{"title":"KERMI Radi\u00e1tor Therm x2 Profil Kompakt 22-900x600 Zlevn\u011bn\u00fd -","robots":{"index":"index","follow":"follow","max-snippet":"max-snippet:-1","max-image-preview":"max-image-preview:large","max-video-preview":"max-video-preview:-1"},"canonical":"https:\/\/www.koupelnapro.com\/index.php\/produkt\/kermi-radiator-therm-x2-profil-kompakt-22-900x600-zlevneny-38557\/","og_locale":"cs_CZ","og_type":"article","og_title":"KERMI Radi\u00e1tor Therm x2 Profil Kompakt 22-900x600 Zlevn\u011bn\u00fd -","og_description":"Popis produktu KERMI Radi\u00e1tor Therm x2 Profil Kompakt 22-900&#215;600 Dvoudeskov\u00fd radi\u00e1tor, dv\u011b p\u0159estupn\u00e9 plochy, se zakrytov\u00e1n\u00edm stavebn\u00ed v\u00fd\u0161ka (SV): 900 mm stavebn\u00ed d\u00e9lka (SD): 600 mm stavebn\u00ed hloubka (SH): 100 mm v\u00fdkon (75\/65 C): 1377 W Otopn\u00e1 t\u011blesa therm x2 Profil Kompakt Elegantn\u00ed, \u00fasporn\u00e1 a praktick\u00e1 \u2013 deskov\u00e1 otopn\u00e1 t\u011blesa therm-x2 zaujmou ve v\u0161ech sm\u011brech. [&hellip;]","og_url":"https:\/\/www.koupelnapro.com\/index.php\/produkt\/kermi-radiator-therm-x2-profil-kompakt-22-900x600-zlevneny-38557\/","og_image":[{"width":482,"height":330,"url":"https:\/\/www.koupelnapro.com\/wp-content\/uploads\/2026\/SK0002844-CZ20260425-092632-0-1777080397-kermi-radiator-therm-x2-profil-kompakt-22-900x600-50262.webp","type":"image\/webp"}],"twitter_card":"summary_large_image","twitter_misc":{"Odhadovan\u00e1 doba \u010dten\u00ed":"2 minuty"},"schema":{"@context":"https:\/\/schema.org","@graph":[{"@type":"WebPage","@id":"https:\/\/www.koupelnapro.com\/index.php\/produkt\/kermi-radiator-therm-x2-profil-kompakt-22-900x600-zlevneny-38557\/","url":"https:\/\/www.koupelnapro.com\/index.php\/produkt\/kermi-radiator-therm-x2-profil-kompakt-22-900x600-zlevneny-38557\/","name":"KERMI Radi\u00e1tor Therm x2 Profil Kompakt 22-900x600 Zlevn\u011bn\u00fd -","isPartOf":{"@id":"https:\/\/www.koupelnapro.com\/#website"},"primaryImageOfPage":{"@id":"https:\/\/www.koupelnapro.com\/index.php\/produkt\/kermi-radiator-therm-x2-profil-kompakt-22-900x600-zlevneny-38557\/#primaryimage"},"image":{"@id":"https:\/\/www.koupelnapro.com\/index.php\/produkt\/kermi-radiator-therm-x2-profil-kompakt-22-900x600-zlevneny-38557\/#primaryimage"},"thumbnailUrl":"https:\/\/www.koupelnapro.com\/wp-content\/uploads\/2026\/SK0002844-CZ20260425-092632-0-1777080397-kermi-radiator-therm-x2-profil-kompakt-22-900x600-50262.webp","datePublished":"2026-04-26T09:15:50+00:00","breadcrumb":{"@id":"https:\/\/www.koupelnapro.com\/index.php\/produkt\/kermi-radiator-therm-x2-profil-kompakt-22-900x600-zlevneny-38557\/#breadcrumb"},"inLanguage":"cs","potentialAction":[{"@type":"ReadAction","target":["https:\/\/www.koupelnapro.com\/index.php\/produkt\/kermi-radiator-therm-x2-profil-kompakt-22-900x600-zlevneny-38557\/"]}]},{"@type":"ImageObject","inLanguage":"cs","@id":"https:\/\/www.koupelnapro.com\/index.php\/produkt\/kermi-radiator-therm-x2-profil-kompakt-22-900x600-zlevneny-38557\/#primaryimage","url":"https:\/\/www.koupelnapro.com\/wp-content\/uploads\/2026\/SK0002844-CZ20260425-092632-0-1777080397-kermi-radiator-therm-x2-profil-kompakt-22-900x600-50262.webp","contentUrl":"https:\/\/www.koupelnapro.com\/wp-content\/uploads\/2026\/SK0002844-CZ20260425-092632-0-1777080397-kermi-radiator-therm-x2-profil-kompakt-22-900x600-50262.webp","width":482,"height":330},{"@type":"BreadcrumbList","@id":"https:\/\/www.koupelnapro.com\/index.php\/produkt\/kermi-radiator-therm-x2-profil-kompakt-22-900x600-zlevneny-38557\/#breadcrumb","itemListElement":[{"@type":"ListItem","position":1,"name":"Home","item":"https:\/\/www.koupelnapro.com\/"},{"@type":"ListItem","position":2,"name":"Products","item":"https:\/\/www.koupelnapro.com\/index.php\/products\/"},{"@type":"ListItem","position":3,"name":"KERMI Radi\u00e1tor Therm x2 Profil Kompakt 22-900&#215;600 Zlevn\u011bn\u00fd"}]},{"@type":"WebSite","@id":"https:\/\/www.koupelnapro.com\/#website","url":"https:\/\/www.koupelnapro.com\/","name":"","description":"","potentialAction":[{"@type":"SearchAction","target":{"@type":"EntryPoint","urlTemplate":"https:\/\/www.koupelnapro.com\/?s={search_term_string}"},"query-input":{"@type":"PropertyValueSpecification","valueRequired":true,"valueName":"search_term_string"}}],"inLanguage":"cs"}]}},"_links":{"self":[{"href":"https:\/\/www.koupelnapro.com\/index.php\/wp-json\/wp\/v2\/product\/38557","targetHints":{"allow":["GET"]}}],"collection":[{"href":"https:\/\/www.koupelnapro.com\/index.php\/wp-json\/wp\/v2\/product"}],"about":[{"href":"https:\/\/www.koupelnapro.com\/index.php\/wp-json\/wp\/v2\/types\/product"}],"replies":[{"embeddable":true,"href":"https:\/\/www.koupelnapro.com\/index.php\/wp-json\/wp\/v2\/comments?post=38557"}],"wp:featuredmedia":[{"embeddable":true,"href":"https:\/\/www.koupelnapro.com\/index.php\/wp-json\/wp\/v2\/media\/38657"}],"wp:attachment":[{"href":"https:\/\/www.koupelnapro.com\/index.php\/wp-json\/wp\/v2\/media?parent=38557"}],"wp:term":[{"taxonomy":"product_brand","embeddable":true,"href":"https:\/\/www.koupelnapro.com\/index.php\/wp-json\/wp\/v2\/product_brand?post=38557"},{"taxonomy":"product_cat","embeddable":true,"href":"https:\/\/www.koupelnapro.com\/index.php\/wp-json\/wp\/v2\/product_cat?post=38557"},{"taxonomy":"product_tag","embeddable":true,"href":"https:\/\/www.koupelnapro.com\/index.php\/wp-json\/wp\/v2\/product_tag?post=38557"}],"curies":[{"name":"wp","href":"https:\/\/api.w.org\/{rel}","templated":true}]}}