{"id":37909,"date":"2026-04-26T09:15:47","date_gmt":"2026-04-26T09:15:47","guid":{"rendered":""},"modified":"2026-04-26T09:15:47","modified_gmt":"2026-04-26T09:15:47","slug":"odeslani-ihned-kosmeticke-zrcatko-hranate-zavesne-150x205mm-chrom-37909","status":"publish","type":"product","link":"https:\/\/www.koupelnapro.com\/index.php\/produkt\/odeslani-ihned-kosmeticke-zrcatko-hranate-zavesne-150x205mm-chrom-37909\/","title":{"rendered":"Odesl\u00e1n\u00ed Ihned Kosmetick\u00e9 zrc\u00e1tko hranat\u00e9 z\u00e1v\u011bsn\u00e9,150x205mm, chrom"},"content":{"rendered":"<div class=\"basic-description\">\n<h3>Detailn\u00ed popis produktu<\/h3>\n<ul>\n<li>Z jedn\u00e9 strany 3x zoom<\/li>\n<\/ul><\/div>\n<div class=\"extended-description\">\n<h3>Dopl\u0148kov\u00e9 parametry<\/h3>\n<table class=\"detail-parameters\">\n<tbody>\n<tr>\n<th>        <span class=\"row-header-label\">            Kategorie<span class=\"row-header-label-colon\">:<\/span>        <\/span>    <\/th>\n<td>            <\/td>\n<\/tr>\n<tr>\n<th>            <span class=\"row-header-label\">                Z\u00e1ruka<span class=\"row-header-label-colon\">:<\/span>            <\/span>        <\/th>\n<td>            24        <\/td>\n<\/tr>\n<tr>\n<th>            <span class=\"row-header-label\">                Hmotnost<span class=\"row-header-label-colon\">:<\/span>            <\/span>        <\/th>\n<td>            1.2 kg        <\/td>\n<\/tr>\n<tr class=\"productEan\">\n<th>          <span class=\"row-header-label productEan__label\">              EAN<span class=\"row-header-label-colon\">:<\/span>          <\/span>      <\/th>\n<td>          <span class=\"productEan__value\">8590913126260<\/span>      <\/td>\n<\/tr>\n<tr>\n<th>                <span class=\"row-header-label\">                                            Balen\u00ed<span class=\"row-header-label-colon\">:<\/span>                                    <\/span>            <\/th>\n<td>                                                            1 ks                                                <\/td>\n<\/tr>\n<tr>\n<th>                <span class=\"row-header-label\">                                            Barva<span class=\"row-header-label-colon\">:<\/span>                                    <\/span>            <\/th>\n<td>                                                            Chrom                                                <\/td>\n<\/tr>\n<tr>\n<th>                <span class=\"row-header-label\">                                            D\u00e9lka<span class=\"row-header-label-colon\">:<\/span>                                    <\/span>            <\/th>\n<td>                                                            300 mm                                                <\/td>\n<\/tr>\n<tr>\n<th>                <span class=\"row-header-label\">                                            Dostupnost<span class=\"row-header-label-colon\">:<\/span>                                    <\/span>            <\/th>\n<td>                                                            Dod\u00e1n\u00ed do m\u011bs\u00edce                                                <\/td>\n<\/tr>\n<tr>\n<th>                <span class=\"row-header-label\">                                            Druh<span class=\"row-header-label-colon\">:<\/span>                                    <\/span>            <\/th>\n<td>                                                            Kosmetick\u00e9 zrc\u00e1tko                                                <\/td>\n<\/tr>\n<tr>\n<th>                <span class=\"row-header-label\">                                            Hloubka<span class=\"row-header-label-colon\">:<\/span>                                    <\/span>            <\/th>\n<td>                                                            390 mm                                                <\/td>\n<\/tr>\n<tr>\n<th>                <span class=\"row-header-label\">                                            Instalace<span class=\"row-header-label-colon\">:<\/span>                                    <\/span>            <\/th>\n<td>                                                            Vrt\u00e1n\u00ed                                                <\/td>\n<\/tr>\n<tr>\n<th>                <span class=\"row-header-label\">                                            Materi\u00e1l<span class=\"row-header-label-colon\">:<\/span>                                    <\/span>            <\/th>\n<td>                                                            Mosaz                                                <\/td>\n<\/tr>\n<tr>\n<th>                <span class=\"row-header-label\">                                            Rozm\u011br<span class=\"row-header-label-colon\">:<\/span>                                    <\/span>            <\/th>\n<td>                                                            195x320x390 mm                                                <\/td>\n<\/tr>\n<tr>\n<th>                <span class=\"row-header-label\">                                            \u0160\u00ed\u0159ka<span class=\"row-header-label-colon\">:<\/span>                                    <\/span>            <\/th>\n<td>                                                            195 mm                                                <\/td>\n<\/tr>\n<tr>\n<th>                <span class=\"row-header-label\">                                            Tvar<span class=\"row-header-label-colon\">:<\/span>                                    <\/span>            <\/th>\n<td>                                                            Hranat\u00e9                                                <\/td>\n<\/tr>\n<tr>\n<th>                <span class=\"row-header-label\">                                            V\u00fd\u0161ka<span class=\"row-header-label-colon\">:<\/span>                                    <\/span>            <\/th>\n<td>                                                            320 mm                                                <\/td>\n<\/tr>\n<tr>\n<th>                <span class=\"row-header-label\">                                            Z\u00e1ruka<span class=\"row-header-label-colon\">:<\/span>                                    <\/span>            <\/th>\n<td>                                                            2 roky                                                <\/td>\n<\/tr>\n<\/tbody>\n<\/table><\/div>\n<\/p><\/div>\n<\/p><\/div>\n","protected":false},"excerpt":{"rendered":"<p>Detailn\u00ed popis produktu Z jedn\u00e9 strany 3x zoom Dopl\u0148kov\u00e9 parametry Kategorie: Z\u00e1ruka: 24 Hmotnost: 1.2 kg EAN: 8590913126260 Balen\u00ed: 1 ks Barva: Chrom D\u00e9lka: 300 mm Dostupnost: Dod\u00e1n\u00ed do m\u011bs\u00edce Druh: Kosmetick\u00e9 zrc\u00e1tko Hloubka: 390 mm Instalace: Vrt\u00e1n\u00ed Materi\u00e1l: Mosaz Rozm\u011br: 195x320x390 mm \u0160\u00ed\u0159ka: 195 mm Tvar: Hranat\u00e9 V\u00fd\u0161ka: 320 mm Z\u00e1ruka: 2 roky<\/p>\n","protected":false},"featured_media":38009,"comment_status":"open","ping_status":"open","template":"","meta":[],"product_brand":[],"product_cat":[132],"product_tag":[],"class_list":{"0":"post-37909","1":"product","2":"type-product","3":"status-publish","4":"has-post-thumbnail","6":"product_cat-zrcadla","8":"first","9":"instock","10":"sale","11":"shipping-taxable","12":"purchasable","13":"product-type-simple"},"yoast_head":"<!-- This site is optimized with the Yoast SEO plugin v26.8 - https:\/\/yoast.com\/product\/yoast-seo-wordpress\/ -->\n<title>Odesl\u00e1n\u00ed Ihned Kosmetick\u00e9 zrc\u00e1tko hranat\u00e9 z\u00e1v\u011bsn\u00e9,150x205mm, chrom -<\/title>\n<meta name=\"robots\" content=\"index, follow, max-snippet:-1, max-image-preview:large, max-video-preview:-1\" \/>\n<link rel=\"canonical\" href=\"https:\/\/www.koupelnapro.com\/index.php\/produkt\/odeslani-ihned-kosmeticke-zrcatko-hranate-zavesne-150x205mm-chrom-37909\/\" \/>\n<meta property=\"og:locale\" content=\"cs_CZ\" \/>\n<meta property=\"og:type\" content=\"article\" \/>\n<meta property=\"og:title\" content=\"Odesl\u00e1n\u00ed Ihned Kosmetick\u00e9 zrc\u00e1tko hranat\u00e9 z\u00e1v\u011bsn\u00e9,150x205mm, chrom -\" \/>\n<meta property=\"og:description\" content=\"Detailn\u00ed popis produktu Z jedn\u00e9 strany 3x zoom Dopl\u0148kov\u00e9 parametry Kategorie: Z\u00e1ruka: 24 Hmotnost: 1.2 kg EAN: 8590913126260 Balen\u00ed: 1 ks Barva: Chrom D\u00e9lka: 300 mm Dostupnost: Dod\u00e1n\u00ed do m\u011bs\u00edce Druh: Kosmetick\u00e9 zrc\u00e1tko Hloubka: 390 mm Instalace: Vrt\u00e1n\u00ed Materi\u00e1l: Mosaz Rozm\u011br: 195x320x390 mm \u0160\u00ed\u0159ka: 195 mm Tvar: Hranat\u00e9 V\u00fd\u0161ka: 320 mm Z\u00e1ruka: 2 roky\" \/>\n<meta property=\"og:url\" content=\"https:\/\/www.koupelnapro.com\/index.php\/produkt\/odeslani-ihned-kosmeticke-zrcatko-hranate-zavesne-150x205mm-chrom-37909\/\" \/>\n<meta property=\"og:image\" content=\"https:\/\/www.koupelnapro.com\/wp-content\/uploads\/2026\/SK0003852-CZ20260425-092556-0-1777080363-62196-1_xp059-176931177759558.webp\" \/>\n\t<meta property=\"og:image:width\" content=\"1000\" \/>\n\t<meta property=\"og:image:height\" content=\"750\" \/>\n\t<meta property=\"og:image:type\" content=\"image\/webp\" \/>\n<meta name=\"twitter:card\" content=\"summary_large_image\" \/>\n<script type=\"application\/ld+json\" class=\"yoast-schema-graph\">{\"@context\":\"https:\/\/schema.org\",\"@graph\":[{\"@type\":\"WebPage\",\"@id\":\"https:\/\/www.koupelnapro.com\/index.php\/produkt\/odeslani-ihned-kosmeticke-zrcatko-hranate-zavesne-150x205mm-chrom-37909\/\",\"url\":\"https:\/\/www.koupelnapro.com\/index.php\/produkt\/odeslani-ihned-kosmeticke-zrcatko-hranate-zavesne-150x205mm-chrom-37909\/\",\"name\":\"Odesl\u00e1n\u00ed Ihned Kosmetick\u00e9 zrc\u00e1tko hranat\u00e9 z\u00e1v\u011bsn\u00e9,150x205mm, chrom -\",\"isPartOf\":{\"@id\":\"https:\/\/www.koupelnapro.com\/#website\"},\"primaryImageOfPage\":{\"@id\":\"https:\/\/www.koupelnapro.com\/index.php\/produkt\/odeslani-ihned-kosmeticke-zrcatko-hranate-zavesne-150x205mm-chrom-37909\/#primaryimage\"},\"image\":{\"@id\":\"https:\/\/www.koupelnapro.com\/index.php\/produkt\/odeslani-ihned-kosmeticke-zrcatko-hranate-zavesne-150x205mm-chrom-37909\/#primaryimage\"},\"thumbnailUrl\":\"https:\/\/www.koupelnapro.com\/wp-content\/uploads\/2026\/SK0003852-CZ20260425-092556-0-1777080363-62196-1_xp059-176931177759558.webp\",\"datePublished\":\"2026-04-26T09:15:47+00:00\",\"breadcrumb\":{\"@id\":\"https:\/\/www.koupelnapro.com\/index.php\/produkt\/odeslani-ihned-kosmeticke-zrcatko-hranate-zavesne-150x205mm-chrom-37909\/#breadcrumb\"},\"inLanguage\":\"cs\",\"potentialAction\":[{\"@type\":\"ReadAction\",\"target\":[\"https:\/\/www.koupelnapro.com\/index.php\/produkt\/odeslani-ihned-kosmeticke-zrcatko-hranate-zavesne-150x205mm-chrom-37909\/\"]}]},{\"@type\":\"ImageObject\",\"inLanguage\":\"cs\",\"@id\":\"https:\/\/www.koupelnapro.com\/index.php\/produkt\/odeslani-ihned-kosmeticke-zrcatko-hranate-zavesne-150x205mm-chrom-37909\/#primaryimage\",\"url\":\"https:\/\/www.koupelnapro.com\/wp-content\/uploads\/2026\/SK0003852-CZ20260425-092556-0-1777080363-62196-1_xp059-176931177759558.webp\",\"contentUrl\":\"https:\/\/www.koupelnapro.com\/wp-content\/uploads\/2026\/SK0003852-CZ20260425-092556-0-1777080363-62196-1_xp059-176931177759558.webp\",\"width\":1000,\"height\":750},{\"@type\":\"BreadcrumbList\",\"@id\":\"https:\/\/www.koupelnapro.com\/index.php\/produkt\/odeslani-ihned-kosmeticke-zrcatko-hranate-zavesne-150x205mm-chrom-37909\/#breadcrumb\",\"itemListElement\":[{\"@type\":\"ListItem\",\"position\":1,\"name\":\"Home\",\"item\":\"https:\/\/www.koupelnapro.com\/\"},{\"@type\":\"ListItem\",\"position\":2,\"name\":\"Products\",\"item\":\"https:\/\/www.koupelnapro.com\/index.php\/products\/\"},{\"@type\":\"ListItem\",\"position\":3,\"name\":\"Odesl\u00e1n\u00ed Ihned Kosmetick\u00e9 zrc\u00e1tko hranat\u00e9 z\u00e1v\u011bsn\u00e9,150x205mm, chrom\"}]},{\"@type\":\"WebSite\",\"@id\":\"https:\/\/www.koupelnapro.com\/#website\",\"url\":\"https:\/\/www.koupelnapro.com\/\",\"name\":\"\",\"description\":\"\",\"potentialAction\":[{\"@type\":\"SearchAction\",\"target\":{\"@type\":\"EntryPoint\",\"urlTemplate\":\"https:\/\/www.koupelnapro.com\/?s={search_term_string}\"},\"query-input\":{\"@type\":\"PropertyValueSpecification\",\"valueRequired\":true,\"valueName\":\"search_term_string\"}}],\"inLanguage\":\"cs\"}]}<\/script>\n<!-- \/ Yoast SEO plugin. -->","yoast_head_json":{"title":"Odesl\u00e1n\u00ed Ihned Kosmetick\u00e9 zrc\u00e1tko hranat\u00e9 z\u00e1v\u011bsn\u00e9,150x205mm, chrom -","robots":{"index":"index","follow":"follow","max-snippet":"max-snippet:-1","max-image-preview":"max-image-preview:large","max-video-preview":"max-video-preview:-1"},"canonical":"https:\/\/www.koupelnapro.com\/index.php\/produkt\/odeslani-ihned-kosmeticke-zrcatko-hranate-zavesne-150x205mm-chrom-37909\/","og_locale":"cs_CZ","og_type":"article","og_title":"Odesl\u00e1n\u00ed Ihned Kosmetick\u00e9 zrc\u00e1tko hranat\u00e9 z\u00e1v\u011bsn\u00e9,150x205mm, chrom -","og_description":"Detailn\u00ed popis produktu Z jedn\u00e9 strany 3x zoom Dopl\u0148kov\u00e9 parametry Kategorie: Z\u00e1ruka: 24 Hmotnost: 1.2 kg EAN: 8590913126260 Balen\u00ed: 1 ks Barva: Chrom D\u00e9lka: 300 mm Dostupnost: Dod\u00e1n\u00ed do m\u011bs\u00edce Druh: Kosmetick\u00e9 zrc\u00e1tko Hloubka: 390 mm Instalace: Vrt\u00e1n\u00ed Materi\u00e1l: Mosaz Rozm\u011br: 195x320x390 mm \u0160\u00ed\u0159ka: 195 mm Tvar: Hranat\u00e9 V\u00fd\u0161ka: 320 mm Z\u00e1ruka: 2 roky","og_url":"https:\/\/www.koupelnapro.com\/index.php\/produkt\/odeslani-ihned-kosmeticke-zrcatko-hranate-zavesne-150x205mm-chrom-37909\/","og_image":[{"width":1000,"height":750,"url":"https:\/\/www.koupelnapro.com\/wp-content\/uploads\/2026\/SK0003852-CZ20260425-092556-0-1777080363-62196-1_xp059-176931177759558.webp","type":"image\/webp"}],"twitter_card":"summary_large_image","schema":{"@context":"https:\/\/schema.org","@graph":[{"@type":"WebPage","@id":"https:\/\/www.koupelnapro.com\/index.php\/produkt\/odeslani-ihned-kosmeticke-zrcatko-hranate-zavesne-150x205mm-chrom-37909\/","url":"https:\/\/www.koupelnapro.com\/index.php\/produkt\/odeslani-ihned-kosmeticke-zrcatko-hranate-zavesne-150x205mm-chrom-37909\/","name":"Odesl\u00e1n\u00ed Ihned Kosmetick\u00e9 zrc\u00e1tko hranat\u00e9 z\u00e1v\u011bsn\u00e9,150x205mm, chrom -","isPartOf":{"@id":"https:\/\/www.koupelnapro.com\/#website"},"primaryImageOfPage":{"@id":"https:\/\/www.koupelnapro.com\/index.php\/produkt\/odeslani-ihned-kosmeticke-zrcatko-hranate-zavesne-150x205mm-chrom-37909\/#primaryimage"},"image":{"@id":"https:\/\/www.koupelnapro.com\/index.php\/produkt\/odeslani-ihned-kosmeticke-zrcatko-hranate-zavesne-150x205mm-chrom-37909\/#primaryimage"},"thumbnailUrl":"https:\/\/www.koupelnapro.com\/wp-content\/uploads\/2026\/SK0003852-CZ20260425-092556-0-1777080363-62196-1_xp059-176931177759558.webp","datePublished":"2026-04-26T09:15:47+00:00","breadcrumb":{"@id":"https:\/\/www.koupelnapro.com\/index.php\/produkt\/odeslani-ihned-kosmeticke-zrcatko-hranate-zavesne-150x205mm-chrom-37909\/#breadcrumb"},"inLanguage":"cs","potentialAction":[{"@type":"ReadAction","target":["https:\/\/www.koupelnapro.com\/index.php\/produkt\/odeslani-ihned-kosmeticke-zrcatko-hranate-zavesne-150x205mm-chrom-37909\/"]}]},{"@type":"ImageObject","inLanguage":"cs","@id":"https:\/\/www.koupelnapro.com\/index.php\/produkt\/odeslani-ihned-kosmeticke-zrcatko-hranate-zavesne-150x205mm-chrom-37909\/#primaryimage","url":"https:\/\/www.koupelnapro.com\/wp-content\/uploads\/2026\/SK0003852-CZ20260425-092556-0-1777080363-62196-1_xp059-176931177759558.webp","contentUrl":"https:\/\/www.koupelnapro.com\/wp-content\/uploads\/2026\/SK0003852-CZ20260425-092556-0-1777080363-62196-1_xp059-176931177759558.webp","width":1000,"height":750},{"@type":"BreadcrumbList","@id":"https:\/\/www.koupelnapro.com\/index.php\/produkt\/odeslani-ihned-kosmeticke-zrcatko-hranate-zavesne-150x205mm-chrom-37909\/#breadcrumb","itemListElement":[{"@type":"ListItem","position":1,"name":"Home","item":"https:\/\/www.koupelnapro.com\/"},{"@type":"ListItem","position":2,"name":"Products","item":"https:\/\/www.koupelnapro.com\/index.php\/products\/"},{"@type":"ListItem","position":3,"name":"Odesl\u00e1n\u00ed Ihned Kosmetick\u00e9 zrc\u00e1tko hranat\u00e9 z\u00e1v\u011bsn\u00e9,150x205mm, chrom"}]},{"@type":"WebSite","@id":"https:\/\/www.koupelnapro.com\/#website","url":"https:\/\/www.koupelnapro.com\/","name":"","description":"","potentialAction":[{"@type":"SearchAction","target":{"@type":"EntryPoint","urlTemplate":"https:\/\/www.koupelnapro.com\/?s={search_term_string}"},"query-input":{"@type":"PropertyValueSpecification","valueRequired":true,"valueName":"search_term_string"}}],"inLanguage":"cs"}]}},"_links":{"self":[{"href":"https:\/\/www.koupelnapro.com\/index.php\/wp-json\/wp\/v2\/product\/37909","targetHints":{"allow":["GET"]}}],"collection":[{"href":"https:\/\/www.koupelnapro.com\/index.php\/wp-json\/wp\/v2\/product"}],"about":[{"href":"https:\/\/www.koupelnapro.com\/index.php\/wp-json\/wp\/v2\/types\/product"}],"replies":[{"embeddable":true,"href":"https:\/\/www.koupelnapro.com\/index.php\/wp-json\/wp\/v2\/comments?post=37909"}],"wp:featuredmedia":[{"embeddable":true,"href":"https:\/\/www.koupelnapro.com\/index.php\/wp-json\/wp\/v2\/media\/38009"}],"wp:attachment":[{"href":"https:\/\/www.koupelnapro.com\/index.php\/wp-json\/wp\/v2\/media?parent=37909"}],"wp:term":[{"taxonomy":"product_brand","embeddable":true,"href":"https:\/\/www.koupelnapro.com\/index.php\/wp-json\/wp\/v2\/product_brand?post=37909"},{"taxonomy":"product_cat","embeddable":true,"href":"https:\/\/www.koupelnapro.com\/index.php\/wp-json\/wp\/v2\/product_cat?post=37909"},{"taxonomy":"product_tag","embeddable":true,"href":"https:\/\/www.koupelnapro.com\/index.php\/wp-json\/wp\/v2\/product_tag?post=37909"}],"curies":[{"name":"wp","href":"https:\/\/api.w.org\/{rel}","templated":true}]}}